2a03:4000:59:e65:94e2:deff:fe0e:57ac - - [28/Jul/2026:01:51:12 +0200] "GET /wp-json/arni-tracking/v1/pages?from=2026-06-29&to=2026-07-28&limit=100 HTTP/2.0" 200 18257 "-" "ArNi-CRM/1.0"
2a03:4000:59:e65:94e2:deff:fe0e:57ac - - [28/Jul/2026:01:51:12 +0200] "GET /wp-json/arni-tracking/v1/referrers?from=2026-06-29&to=2026-07-28&limit=100 HTTP/2.0" 200 947 "-" "ArNi-CRM/1.0"
2a03:4000:59:e65:94e2:deff:fe0e:57ac - - [28/Jul/2026:01:51:12 +0200] "GET /wp-json/arni-tracking/v1/campaigns?from=2026-06-29&to=2026-07-28&limit=100 HTTP/2.0" 200 78 "-" "ArNi-CRM/1.0"
2a03:4000:59:e65:94e2:deff:fe0e:57ac - - [28/Jul/2026:01:51:12 +0200] "GET /wp-json/arni-tracking/v1/conversions?from=2026-06-29&to=2026-07-28&limit=1000&page=1 HTTP/2.0" 200 44904 "-" "ArNi-CRM/1.0"
2a03:4000:59:e65:94e2:deff:fe0e:57ac - - [28/Jul/2026:01:51:12 +0200] "GET /wp-json/arni-tracking/v1/sessions?from=2026-06-29&to=2026-07-28&limit=500&page=1 HTTP/2.0" 200 200761 "-" "ArNi-CRM/1.0"
107.21.62.197 - - [28/Jul/2026:01:51:13 +0200] "GET /live-cam/annedavis-cam-11467081/ HTTP/2.0" 200 25287 "-" "Mozilla/5.0 AppleWebKit/537.36 (KHTML, like Gecko; compatible; Amzn-SearchBot/0.1) Chrome/119.0.6045.214 Safari/537.36"
52.206.188.45 - - [28/Jul/2026:01:51:16 +0200] "GET /?p=216046 HTTP/2.0" 301 0 "-" "Mozilla/5.0 AppleWebKit/537.36 (KHTML, like Gecko; compatible; Amzn-SearchBot/0.1) Chrome/119.0.6045.214 Safari/537.36"
54.162.54.187 - - [28/Jul/2026:01:51:20 +0200] "GET /live-cam/beautycora-cam-16529164/ HTTP/2.0" 200 25878 "-" "Mozilla/5.0 AppleWebKit/537.36 (KHTML, like Gecko; compatible; Amzn-SearchBot/0.1) Chrome/119.0.6045.214 Safari/537.36"
41.87.200.131 - - [28/Jul/2026:01:51:37 +0200] "GET /cam/out/juyjhg234-cam-11375390 HTTP/2.0" 301 0 "https://www.taschenmuschi-kaufen.de/" "Mozilla/5.0 (Windows NT 10.0; Win64; x64) AppleWebKit/537.36 (KHTML, like Gecko) Chrome/135.0.0.0 Safari/537.36"
113.163.71.0 - - [28/Jul/2026:01:51:50 +0200] "GET /cam/out/longdicksabrina-cam-11254058 HTTP/2.0" 301 0 "https://www.taschenmuschi-kaufen.de/" "Mozilla/5.0 (Windows NT 10.0; Win64; x64) AppleWebKit/537.36 (KHTML, like Gecko) Chrome/135.0.0.0 Safari/537.36"
129.226.174.80 - - [28/Jul/2026:01:54:05 +0200] "GET /live-cams/frauen/schwarz/ HTTP/2.0" 200 74444 "-" "Mozilla/5.0 (iPhone; CPU iPhone OS 13_2_3 like Mac OS X) AppleWebKit/605.1.15 (KHTML, like Gecko) Version/13.0.3 Mobile/15E148 Safari/604.1"
2a03:4000:59:e65:94e2:deff:fe0e:57ac - - [28/Jul/2026:01:54:11 +0200] "GET /wp-json/arni-tracking/v1/stats?from=2026-07-26&to=2026-07-26 HTTP/2.0" 200 277 "-" "ArNi-CRM/1.0"
2a03:4000:59:e65:94e2:deff:fe0e:57ac - - [28/Jul/2026:01:54:11 +0200] "GET /wp-json/arni-tracking/v1/stats?from=2026-07-27&to=2026-07-27 HTTP/2.0" 200 307 "-" "ArNi-CRM/1.0"
2a03:4000:59:e65:94e2:deff:fe0e:57ac - - [28/Jul/2026:01:54:11 +0200] "GET /wp-json/arni-tracking/v1/stats?from=2026-07-28&to=2026-07-28 HTTP/2.0" 200 266 "-" "ArNi-CRM/1.0"
2a03:4000:59:e65:94e2:deff:fe0e:57ac - - [28/Jul/2026:01:54:12 +0200] "GET /wp-json/arni-tracking/v1/stats?from=2026-06-29&to=2026-07-28 HTTP/2.0" 200 317 "-" "ArNi-CRM/1.0"
2a03:4000:59:e65:94e2:deff:fe0e:57ac - - [28/Jul/2026:01:54:12 +0200] "GET /wp-json/arni-tracking/v1/pages?from=2026-06-29&to=2026-07-28&limit=100 HTTP/2.0" 200 18257 "-" "ArNi-CRM/1.0"
2a03:4000:59:e65:94e2:deff:fe0e:57ac - - [28/Jul/2026:01:54:12 +0200] "GET /wp-json/arni-tracking/v1/referrers?from=2026-06-29&to=2026-07-28&limit=100 HTTP/2.0" 200 947 "-" "ArNi-CRM/1.0"
2a03:4000:59:e65:94e2:deff:fe0e:57ac - - [28/Jul/2026:01:54:12 +0200] "GET /wp-json/arni-tracking/v1/campaigns?from=2026-06-29&to=2026-07-28&limit=100 HTTP/2.0" 200 78 "-" "ArNi-CRM/1.0"
2a03:4000:59:e65:94e2:deff:fe0e:57ac - - [28/Jul/2026:01:54:13 +0200] "GET /wp-json/arni-tracking/v1/conversions?from=2026-06-29&to=2026-07-28&limit=1000&page=1 HTTP/2.0" 200 44904 "-" "ArNi-CRM/1.0"
2a03:4000:59:e65:94e2:deff:fe0e:57ac - - [28/Jul/2026:01:54:13 +0200] "GET /wp-json/arni-tracking/v1/sessions?from=2026-06-29&to=2026-07-28&limit=500&page=1 HTTP/2.0" 200 200674 "-" "ArNi-CRM/1.0"
62.138.3.52 - - [28/Jul/2026:01:56:17 +0200] "GET /wp-content/uploads/2026/06/29683029_640-150x150.jpg HTTP/2.0" 200 5564 "https://www.taschenmuschi-kaufen.de/live-cam/pasiontits-cam-18558241/" "Mozilla/5.0 (Macintosh; Intel Mac OS X 10.15; rv:103.0) Gecko/20100101 Firefox/103.0"
52.167.144.174 - - [28/Jul/2026:01:56:45 +0200] "GET /cam/out/jessi-perv-cam-11101139 HTTP/2.0" 301 0 "-" "Mozilla/5.0 AppleWebKit/537.36 (KHTML, like Gecko; compatible; bingbot/2.0; +http://www.bing.com/bingbot.htm) Chrome/116.0.1938.76 Safari/537.36"
2a03:4000:59:e65:94e2:deff:fe0e:57ac - - [28/Jul/2026:01:57:11 +0200] "GET /wp-json/arni-tracking/v1/stats?from=2026-07-26&to=2026-07-26 HTTP/2.0" 200 277 "-" "ArNi-CRM/1.0"
2a03:4000:59:e65:94e2:deff:fe0e:57ac - - [28/Jul/2026:01:57:12 +0200] "GET /wp-json/arni-tracking/v1/stats?from=2026-07-27&to=2026-07-27 HTTP/2.0" 200 307 "-" "ArNi-CRM/1.0"
2a03:4000:59:e65:94e2:deff:fe0e:57ac - - [28/Jul/2026:01:57:12 +0200] "GET /wp-json/arni-tracking/v1/stats?from=2026-07-28&to=2026-07-28 HTTP/2.0" 200 266 "-" "ArNi-CRM/1.0"
2a03:4000:59:e65:94e2:deff:fe0e:57ac - - [28/Jul/2026:01:57:12 +0200] "GET /wp-json/arni-tracking/v1/stats?from=2026-06-29&to=2026-07-28 HTTP/2.0" 200 317 "-" "ArNi-CRM/1.0"
2a03:4000:59:e65:94e2:deff:fe0e:57ac - - [28/Jul/2026:01:57:12 +0200] "GET /wp-json/arni-tracking/v1/pages?from=2026-06-29&to=2026-07-28&limit=100 HTTP/2.0" 200 18257 "-" "ArNi-CRM/1.0"
2a03:4000:59:e65:94e2:deff:fe0e:57ac - - [28/Jul/2026:01:57:13 +0200] "GET /wp-json/arni-tracking/v1/referrers?from=2026-06-29&to=2026-07-28&limit=100 HTTP/2.0" 200 947 "-" "ArNi-CRM/1.0"
2a03:4000:59:e65:94e2:deff:fe0e:57ac - - [28/Jul/2026:01:57:13 +0200] "GET /wp-json/arni-tracking/v1/campaigns?from=2026-06-29&to=2026-07-28&limit=100 HTTP/2.0" 200 78 "-" "ArNi-CRM/1.0"
2a03:4000:59:e65:94e2:deff:fe0e:57ac - - [28/Jul/2026:01:57:13 +0200] "GET /wp-json/arni-tracking/v1/conversions?from=2026-06-29&to=2026-07-28&limit=1000&page=1 HTTP/2.0" 200 44904 "-" "ArNi-CRM/1.0"
2a03:4000:59:e65:94e2:deff:fe0e:57ac - - [28/Jul/2026:01:57:13 +0200] "GET /wp-json/arni-tracking/v1/sessions?from=2026-06-29&to=2026-07-28&limit=500&page=1 HTTP/2.0" 200 200674 "-" "ArNi-CRM/1.0"
2a03:4000:59:e65:94e2:deff:fe0e:57ac - - [28/Jul/2026:02:00:15 +0200] "GET /wp-json/arni-tracking/v1/stats?from=2026-07-26&to=2026-07-26 HTTP/2.0" 200 277 "-" "ArNi-CRM/1.0"
2a03:4000:59:e65:94e2:deff:fe0e:57ac - - [28/Jul/2026:02:00:15 +0200] "GET /wp-json/arni-tracking/v1/stats?from=2026-07-27&to=2026-07-27 HTTP/2.0" 200 307 "-" "ArNi-CRM/1.0"
2a03:4000:59:e65:94e2:deff:fe0e:57ac - - [28/Jul/2026:02:00:15 +0200] "GET /wp-json/arni-tracking/v1/stats?from=2026-07-28&to=2026-07-28 HTTP/2.0" 200 266 "-" "ArNi-CRM/1.0"
2a03:4000:59:e65:94e2:deff:fe0e:57ac - - [28/Jul/2026:02:00:15 +0200] "GET /wp-json/arni-tracking/v1/stats?from=2026-06-29&to=2026-07-28 HTTP/2.0" 200 317 "-" "ArNi-CRM/1.0"
2a03:4000:59:e65:94e2:deff:fe0e:57ac - - [28/Jul/2026:02:00:16 +0200] "GET /wp-json/arni-tracking/v1/pages?from=2026-06-29&to=2026-07-28&limit=100 HTTP/2.0" 200 18257 "-" "ArNi-CRM/1.0"
2a03:4000:59:e65:94e2:deff:fe0e:57ac - - [28/Jul/2026:02:00:16 +0200] "GET /wp-json/arni-tracking/v1/referrers?from=2026-06-29&to=2026-07-28&limit=100 HTTP/2.0" 200 947 "-" "ArNi-CRM/1.0"
2a03:4000:59:e65:94e2:deff:fe0e:57ac - - [28/Jul/2026:02:00:16 +0200] "GET /wp-json/arni-tracking/v1/campaigns?from=2026-06-29&to=2026-07-28&limit=100 HTTP/2.0" 200 78 "-" "ArNi-CRM/1.0"
2a03:4000:59:e65:94e2:deff:fe0e:57ac - - [28/Jul/2026:02:00:16 +0200] "GET /wp-json/arni-tracking/v1/conversions?from=2026-06-29&to=2026-07-28&limit=1000&page=1 HTTP/2.0" 200 44904 "-" "ArNi-CRM/1.0"
2a03:4000:59:e65:94e2:deff:fe0e:57ac - - [28/Jul/2026:02:00:16 +0200] "GET /wp-json/arni-tracking/v1/sessions?from=2026-06-29&to=2026-07-28&limit=500&page=1 HTTP/2.0" 200 200674 "-" "ArNi-CRM/1.0"
40.77.167.23 - - [28/Jul/2026:02:01:51 +0200] "GET /cam/out/goddessangel24-cam-11008304 HTTP/2.0" 500 2756 "-" "Mozilla/5.0 AppleWebKit/537.36 (KHTML, like Gecko; compatible; bingbot/2.0; +http://www.bing.com/bingbot.htm) Chrome/116.0.1938.76 Safari/537.36"
62.138.3.52 - - [28/Jul/2026:02:02:56 +0200] "GET /wp-content/uploads/2026/06/13695450_640-300x300.jpg HTTP/2.0" 200 21412 "https://www.taschenmuschi-kaufen.de/live-cams/frauen/schwarz/" "Mozilla/5.0 (Macintosh; Intel Mac OS X 10.15; rv:103.0) Gecko/20100101 Firefox/103.0"
2a03:4000:59:e65:94e2:deff:fe0e:57ac - - [28/Jul/2026:02:03:11 +0200] "GET /wp-json/arni-tracking/v1/stats?from=2026-07-26&to=2026-07-26 HTTP/2.0" 200 277 "-" "ArNi-CRM/1.0"
2a03:4000:59:e65:94e2:deff:fe0e:57ac - - [28/Jul/2026:02:03:11 +0200] "GET /wp-json/arni-tracking/v1/stats?from=2026-07-27&to=2026-07-27 HTTP/2.0" 200 307 "-" "ArNi-CRM/1.0"
2a03:4000:59:e65:94e2:deff:fe0e:57ac - - [28/Jul/2026:02:03:11 +0200] "GET /wp-json/arni-tracking/v1/stats?from=2026-07-28&to=2026-07-28 HTTP/2.0" 200 266 "-" "ArNi-CRM/1.0"
2a03:4000:59:e65:94e2:deff:fe0e:57ac - - [28/Jul/2026:02:03:12 +0200] "GET /wp-json/arni-tracking/v1/stats?from=2026-06-29&to=2026-07-28 HTTP/2.0" 200 317 "-" "ArNi-CRM/1.0"
2a03:4000:59:e65:94e2:deff:fe0e:57ac - - [28/Jul/2026:02:03:12 +0200] "GET /wp-json/arni-tracking/v1/pages?from=2026-06-29&to=2026-07-28&limit=100 HTTP/2.0" 200 18257 "-" "ArNi-CRM/1.0"
2a03:4000:59:e65:94e2:deff:fe0e:57ac - - [28/Jul/2026:02:03:12 +0200] "GET /wp-json/arni-tracking/v1/referrers?from=2026-06-29&to=2026-07-28&limit=100 HTTP/2.0" 200 947 "-" "ArNi-CRM/1.0"
2a03:4000:59:e65:94e2:deff:fe0e:57ac - - [28/Jul/2026:02:03:12 +0200] "GET /wp-json/arni-tracking/v1/campaigns?from=2026-06-29&to=2026-07-28&limit=100 HTTP/2.0" 200 78 "-" "ArNi-CRM/1.0"
2a03:4000:59:e65:94e2:deff:fe0e:57ac - - [28/Jul/2026:02:03:12 +0200] "GET /wp-json/arni-tracking/v1/conversions?from=2026-06-29&to=2026-07-28&limit=1000&page=1 HTTP/2.0" 200 44904 "-" "ArNi-CRM/1.0"
2a03:4000:59:e65:94e2:deff:fe0e:57ac - - [28/Jul/2026:02:03:13 +0200] "GET /wp-json/arni-tracking/v1/sessions?from=2026-06-29&to=2026-07-28&limit=500&page=1 HTTP/2.0" 200 200674 "-" "ArNi-CRM/1.0"
43.130.228.73 - - [28/Jul/2026:02:04:27 +0200] "GET /produkt/analtoys-plugs/triple-analplug-silikon-rends-mush-plug/ HTTP/2.0" 200 25270 "-" "Mozilla/5.0 (iPhone; CPU iPhone OS 13_2_3 like Mac OS X) AppleWebKit/605.1.15 (KHTML, like Gecko) Version/13.0.3 Mobile/15E148 Safari/604.1"
66.249.76.203 - - [28/Jul/2026:02:05:18 +0200] "GET /wp-content/uploads/2026/06/taschenmuschi-selber-bauen-1024x576.jpg HTTP/2.0" 200 78189 "-" "Googlebot-Image/1.0"
2a03:4000:59:e65:94e2:deff:fe0e:57ac - - [28/Jul/2026:02:06:12 +0200] "GET /wp-json/arni-tracking/v1/stats?from=2026-07-26&to=2026-07-26 HTTP/2.0" 200 277 "-" "ArNi-CRM/1.0"
2a03:4000:59:e65:94e2:deff:fe0e:57ac - - [28/Jul/2026:02:06:13 +0200] "GET /wp-json/arni-tracking/v1/stats?from=2026-07-27&to=2026-07-27 HTTP/2.0" 200 307 "-" "ArNi-CRM/1.0"
2a03:4000:59:e65:94e2:deff:fe0e:57ac - - [28/Jul/2026:02:06:13 +0200] "GET /wp-json/arni-tracking/v1/stats?from=2026-07-28&to=2026-07-28 HTTP/2.0" 200 266 "-" "ArNi-CRM/1.0"
2a03:4000:59:e65:94e2:deff:fe0e:57ac - - [28/Jul/2026:02:06:13 +0200] "GET /wp-json/arni-tracking/v1/stats?from=2026-06-29&to=2026-07-28 HTTP/2.0" 200 317 "-" "ArNi-CRM/1.0"
2a03:4000:59:e65:94e2:deff:fe0e:57ac - - [28/Jul/2026:02:06:13 +0200] "GET /wp-json/arni-tracking/v1/pages?from=2026-06-29&to=2026-07-28&limit=100 HTTP/2.0" 200 18257 "-" "ArNi-CRM/1.0"
2a03:4000:59:e65:94e2:deff:fe0e:57ac - - [28/Jul/2026:02:06:14 +0200] "GET /wp-json/arni-tracking/v1/referrers?from=2026-06-29&to=2026-07-28&limit=100 HTTP/2.0" 200 947 "-" "ArNi-CRM/1.0"
2a03:4000:59:e65:94e2:deff:fe0e:57ac - - [28/Jul/2026:02:06:14 +0200] "GET /wp-json/arni-tracking/v1/campaigns?from=2026-06-29&to=2026-07-28&limit=100 HTTP/2.0" 200 78 "-" "ArNi-CRM/1.0"
2a03:4000:59:e65:94e2:deff:fe0e:57ac - - [28/Jul/2026:02:06:14 +0200] "GET /wp-json/arni-tracking/v1/conversions?from=2026-06-29&to=2026-07-28&limit=1000&page=1 HTTP/2.0" 200 44904 "-" "ArNi-CRM/1.0"
2a03:4000:59:e65:94e2:deff:fe0e:57ac - - [28/Jul/2026:02:06:14 +0200] "GET /wp-json/arni-tracking/v1/sessions?from=2026-06-29&to=2026-07-28&limit=500&page=1 HTTP/2.0" 200 200770 "-" "ArNi-CRM/1.0"
62.138.2.14 - - [28/Jul/2026:02:06:26 +0200] "GET /produkt/vibratoren/kiwami-ten-rotore-vibro-bullet-aus-japan/ HTTP/2.0" 200 25481 "https://www.taschenmuschi-kaufen.de/produkt/vibratoren/kiwami-ten-rotore-vibro-bullet-aus-japan/" "Mozilla/5.0 (Macintosh; Intel Mac OS X 10.15; rv:103.0) Gecko/20100101 Firefox/103.0"
44.194.47.12 - - [28/Jul/2026:02:06:57 +0200] "GET /wp-content/uploads/2026/06/15181949_1280-1024x768.jpg HTTP/2.0" 200 112712 "-" "Mozilla/5.0 AppleWebKit/537.36 (KHTML, like Gecko; compatible; Amzn-SearchBot/0.1) Chrome/119.0.6045.214 Safari/537.36"
54.165.95.216 - - [28/Jul/2026:02:07:07 +0200] "GET /wp-content/uploads/2026/05/30870105_1280.jpg HTTP/2.0" 200 63760 "-" "Mozilla/5.0 AppleWebKit/537.36 (KHTML, like Gecko; compatible; Amzn-SearchBot/0.1) Chrome/119.0.6045.214 Safari/537.36"
54.157.89.253 - - [28/Jul/2026:02:07:17 +0200] "GET /wp-content/uploads/2026/05/30577213_1280-5.jpg HTTP/2.0" 200 37582 "-" "Mozilla/5.0 AppleWebKit/537.36 (KHTML, like Gecko; compatible; Amzn-SearchBot/0.1) Chrome/119.0.6045.214 Safari/537.36"
23.22.4.24 - - [28/Jul/2026:02:07:27 +0200] "GET /wp-content/uploads/2026/05/6407695_1280.jpg HTTP/2.0" 200 33339 "-" "Mozilla/5.0 AppleWebKit/537.36 (KHTML, like Gecko; compatible; Amzn-SearchBot/0.1) Chrome/119.0.6045.214 Safari/537.36"
52.7.227.80 - - [28/Jul/2026:02:07:37 +0200] "GET /wp-content/uploads/2026/05/14053824_1280-7-1024x768.jpg HTTP/2.0" 200 221234 "-" "Mozilla/5.0 AppleWebKit/537.36 (KHTML, like Gecko; compatible; Amzn-SearchBot/0.1) Chrome/119.0.6045.214 Safari/537.36"
54.159.237.70 - - [28/Jul/2026:02:07:47 +0200] "GET /wp-content/uploads/2026/05/31009727_1280-17-1024x768.jpg HTTP/2.0" 200 72282 "-" "Mozilla/5.0 AppleWebKit/537.36 (KHTML, like Gecko; compatible; Amzn-SearchBot/0.1) Chrome/119.0.6045.214 Safari/537.36"
98.88.146.174 - - [28/Jul/2026:02:07:57 +0200] "GET /wp-json/oembed/1.0/embed?url=https://www.taschenmuschi-kaufen.de/live-cam/deadlygorgeous-cam-10610667/ HTTP/2.0" 200 2444 "-" "Mozilla/5.0 AppleWebKit/537.36 (KHTML, like Gecko; compatible; Amzn-SearchBot/0.1) Chrome/119.0.6045.214 Safari/537.36"
216.73.216.19 - - [28/Jul/2026:02:08:02 +0200] "GET /robots.txt HTTP/1.1" 301 169 "-" "Mozilla/5.0 AppleWebKit/537.36 (KHTML, like Gecko; compatible; ClaudeBot/1.0; +claudebot@anthropic.com)"
2a03:4000:59:e65:94e2:deff:fe0e:57ac - - [28/Jul/2026:02:09:15 +0200] "GET /wp-json/arni-tracking/v1/stats?from=2026-07-26&to=2026-07-26 HTTP/2.0" 200 277 "-" "ArNi-CRM/1.0"
2a03:4000:59:e65:94e2:deff:fe0e:57ac - - [28/Jul/2026:02:09:15 +0200] "GET /wp-json/arni-tracking/v1/stats?from=2026-07-27&to=2026-07-27 HTTP/2.0" 200 307 "-" "ArNi-CRM/1.0"
2a03:4000:59:e65:94e2:deff:fe0e:57ac - - [28/Jul/2026:02:09:15 +0200] "GET /wp-json/arni-tracking/v1/stats?from=2026-07-28&to=2026-07-28 HTTP/2.0" 200 266 "-" "ArNi-CRM/1.0"
2a03:4000:59:e65:94e2:deff:fe0e:57ac - - [28/Jul/2026:02:09:16 +0200] "GET /wp-json/arni-tracking/v1/stats?from=2026-06-29&to=2026-07-28 HTTP/2.0" 200 317 "-" "ArNi-CRM/1.0"
2a03:4000:59:e65:94e2:deff:fe0e:57ac - - [28/Jul/2026:02:09:16 +0200] "GET /wp-json/arni-tracking/v1/pages?from=2026-06-29&to=2026-07-28&limit=100 HTTP/2.0" 200 18257 "-" "ArNi-CRM/1.0"
2a03:4000:59:e65:94e2:deff:fe0e:57ac - - [28/Jul/2026:02:09:16 +0200] "GET /wp-json/arni-tracking/v1/referrers?from=2026-06-29&to=2026-07-28&limit=100 HTTP/2.0" 200 947 "-" "ArNi-CRM/1.0"
2a03:4000:59:e65:94e2:deff:fe0e:57ac - - [28/Jul/2026:02:09:17 +0200] "GET /wp-json/arni-tracking/v1/campaigns?from=2026-06-29&to=2026-07-28&limit=100 HTTP/2.0" 200 78 "-" "ArNi-CRM/1.0"
2a03:4000:59:e65:94e2:deff:fe0e:57ac - - [28/Jul/2026:02:09:17 +0200] "GET /wp-json/arni-tracking/v1/conversions?from=2026-06-29&to=2026-07-28&limit=1000&page=1 HTTP/2.0" 200 44904 "-" "ArNi-CRM/1.0"
2a03:4000:59:e65:94e2:deff:fe0e:57ac - - [28/Jul/2026:02:09:17 +0200] "GET /wp-json/arni-tracking/v1/sessions?from=2026-06-29&to=2026-07-28&limit=500&page=1 HTTP/2.0" 200 200856 "-" "ArNi-CRM/1.0"
2a03:4000:59:e65:94e2:deff:fe0e:57ac - - [28/Jul/2026:02:12:10 +0200] "GET /wp-json/arni-tracking/v1/stats?from=2026-07-26&to=2026-07-26 HTTP/2.0" 200 277 "-" "ArNi-CRM/1.0"
2a03:4000:59:e65:94e2:deff:fe0e:57ac - - [28/Jul/2026:02:12:10 +0200] "GET /wp-json/arni-tracking/v1/stats?from=2026-07-27&to=2026-07-27 HTTP/2.0" 200 307 "-" "ArNi-CRM/1.0"
2a03:4000:59:e65:94e2:deff:fe0e:57ac - - [28/Jul/2026:02:12:10 +0200] "GET /wp-json/arni-tracking/v1/stats?from=2026-07-28&to=2026-07-28 HTTP/2.0" 200 266 "-" "ArNi-CRM/1.0"
2a03:4000:59:e65:94e2:deff:fe0e:57ac - - [28/Jul/2026:02:12:12 +0200] "GET /wp-json/arni-tracking/v1/stats?from=2026-06-29&to=2026-07-28 HTTP/2.0" 200 317 "-" "ArNi-CRM/1.0"
2a03:4000:59:e65:94e2:deff:fe0e:57ac - - [28/Jul/2026:02:12:13 +0200] "GET /wp-json/arni-tracking/v1/pages?from=2026-06-29&to=2026-07-28&limit=100 HTTP/2.0" 200 18257 "-" "ArNi-CRM/1.0"
2a03:4000:59:e65:94e2:deff:fe0e:57ac - - [28/Jul/2026:02:12:13 +0200] "GET /wp-json/arni-tracking/v1/referrers?from=2026-06-29&to=2026-07-28&limit=100 HTTP/2.0" 200 947 "-" "ArNi-CRM/1.0"
2a03:4000:59:e65:94e2:deff:fe0e:57ac - - [28/Jul/2026:02:12:13 +0200] "GET /wp-json/arni-tracking/v1/campaigns?from=2026-06-29&to=2026-07-28&limit=100 HTTP/2.0" 200 78 "-" "ArNi-CRM/1.0"
2a03:4000:59:e65:94e2:deff:fe0e:57ac - - [28/Jul/2026:02:12:13 +0200] "GET /wp-json/arni-tracking/v1/conversions?from=2026-06-29&to=2026-07-28&limit=1000&page=1 HTTP/2.0" 200 44904 "-" "ArNi-CRM/1.0"
2a03:4000:59:e65:94e2:deff:fe0e:57ac - - [28/Jul/2026:02:12:14 +0200] "GET /wp-json/arni-tracking/v1/sessions?from=2026-06-29&to=2026-07-28&limit=500&page=1 HTTP/2.0" 200 200856 "-" "ArNi-CRM/1.0"
43.153.86.78 - - [28/Jul/2026:02:14:41 +0200] "GET /produkt/analtoys-plugs/triple-analplug-silikon-rends-mush-plug/ HTTP/2.0" 200 25270 "-" "Mozilla/5.0 (iPhone; CPU iPhone OS 13_2_3 like Mac OS X) AppleWebKit/605.1.15 (KHTML, like Gecko) Version/13.0.3 Mobile/15E148 Safari/604.1"
2a03:4000:59:e65:94e2:deff:fe0e:57ac - - [28/Jul/2026:02:15:12 +0200] "GET /wp-json/arni-tracking/v1/stats?from=2026-07-26&to=2026-07-26 HTTP/2.0" 200 277 "-" "ArNi-CRM/1.0"
2a03:4000:59:e65:94e2:deff:fe0e:57ac - - [28/Jul/2026:02:15:12 +0200] "GET /wp-json/arni-tracking/v1/stats?from=2026-07-27&to=2026-07-27 HTTP/2.0" 200 307 "-" "ArNi-CRM/1.0"
2a03:4000:59:e65:94e2:deff:fe0e:57ac - - [28/Jul/2026:02:15:12 +0200] "GET /wp-json/arni-tracking/v1/stats?from=2026-07-28&to=2026-07-28 HTTP/2.0" 200 266 "-" "ArNi-CRM/1.0"
2a03:4000:59:e65:94e2:deff:fe0e:57ac - - [28/Jul/2026:02:15:13 +0200] "GET /wp-json/arni-tracking/v1/stats?from=2026-06-29&to=2026-07-28 HTTP/2.0" 200 317 "-" "ArNi-CRM/1.0"
2a03:4000:59:e65:94e2:deff:fe0e:57ac - - [28/Jul/2026:02:15:13 +0200] "GET /wp-json/arni-tracking/v1/pages?from=2026-06-29&to=2026-07-28&limit=100 HTTP/2.0" 200 18257 "-" "ArNi-CRM/1.0"
2a03:4000:59:e65:94e2:deff:fe0e:57ac - - [28/Jul/2026:02:15:13 +0200] "GET /wp-json/arni-tracking/v1/referrers?from=2026-06-29&to=2026-07-28&limit=100 HTTP/2.0" 200 947 "-" "ArNi-CRM/1.0"
2a03:4000:59:e65:94e2:deff:fe0e:57ac - - [28/Jul/2026:02:15:13 +0200] "GET /wp-json/arni-tracking/v1/campaigns?from=2026-06-29&to=2026-07-28&limit=100 HTTP/2.0" 200 78 "-" "ArNi-CRM/1.0"
2a03:4000:59:e65:94e2:deff:fe0e:57ac - - [28/Jul/2026:02:15:14 +0200] "GET /wp-json/arni-tracking/v1/conversions?from=2026-06-29&to=2026-07-28&limit=1000&page=1 HTTP/2.0" 200 44904 "-" "ArNi-CRM/1.0"
2a03:4000:59:e65:94e2:deff:fe0e:57ac - - [28/Jul/2026:02:15:14 +0200] "GET /wp-json/arni-tracking/v1/sessions?from=2026-06-29&to=2026-07-28&limit=500&page=1 HTTP/2.0" 200 200856 "-" "ArNi-CRM/1.0"
62.138.2.214 - - [28/Jul/2026:02:15:30 +0200] "GET /wp-content/uploads/2026/06/30983330_1280-150x150.jpg HTTP/2.0" 200 6035 "https://www.taschenmuschi-kaufen.de/live-cam/rubyvalentine-cam-12298526/" "Mozilla/5.0 (Macintosh; Intel Mac OS X 10.15; rv:103.0) Gecko/20100101 Firefox/103.0"
62.138.2.214 - - [28/Jul/2026:02:18:11 +0200] "GET /wp-content/uploads/2026/05/8078530_1280-150x150.jpg HTTP/2.0" 200 5148 "https://www.taschenmuschi-kaufen.de/live-cam/leastern-cam-8014430/" "Mozilla/5.0 (Macintosh; Intel Mac OS X 10.15; rv:103.0) Gecko/20100101 Firefox/103.0"
2a03:4000:59:e65:94e2:deff:fe0e:57ac - - [28/Jul/2026:02:18:12 +0200] "GET /wp-json/arni-tracking/v1/stats?from=2026-07-26&to=2026-07-26 HTTP/2.0" 200 277 "-" "ArNi-CRM/1.0"
2a03:4000:59:e65:94e2:deff:fe0e:57ac - - [28/Jul/2026:02:18:12 +0200] "GET /wp-json/arni-tracking/v1/stats?from=2026-07-27&to=2026-07-27 HTTP/2.0" 200 307 "-" "ArNi-CRM/1.0"
2a03:4000:59:e65:94e2:deff:fe0e:57ac - - [28/Jul/2026:02:18:12 +0200] "GET /wp-json/arni-tracking/v1/stats?from=2026-07-28&to=2026-07-28 HTTP/2.0" 200 266 "-" "ArNi-CRM/1.0"
2a03:4000:59:e65:94e2:deff:fe0e:57ac - - [28/Jul/2026:02:18:13 +0200] "GET /wp-json/arni-tracking/v1/stats?from=2026-06-29&to=2026-07-28 HTTP/2.0" 200 317 "-" "ArNi-CRM/1.0"
2a03:4000:59:e65:94e2:deff:fe0e:57ac - - [28/Jul/2026:02:18:13 +0200] "GET /wp-json/arni-tracking/v1/pages?from=2026-06-29&to=2026-07-28&limit=100 HTTP/2.0" 200 18257 "-" "ArNi-CRM/1.0"
2a03:4000:59:e65:94e2:deff:fe0e:57ac - - [28/Jul/2026:02:18:13 +0200] "GET /wp-json/arni-tracking/v1/referrers?from=2026-06-29&to=2026-07-28&limit=100 HTTP/2.0" 200 947 "-" "ArNi-CRM/1.0"
2a03:4000:59:e65:94e2:deff:fe0e:57ac - - [28/Jul/2026:02:18:14 +0200] "GET /wp-json/arni-tracking/v1/campaigns?from=2026-06-29&to=2026-07-28&limit=100 HTTP/2.0" 200 78 "-" "ArNi-CRM/1.0"
2a03:4000:59:e65:94e2:deff:fe0e:57ac - - [28/Jul/2026:02:18:14 +0200] "GET /wp-json/arni-tracking/v1/conversions?from=2026-06-29&to=2026-07-28&limit=1000&page=1 HTTP/2.0" 200 44904 "-" "ArNi-CRM/1.0"
2a03:4000:59:e65:94e2:deff:fe0e:57ac - - [28/Jul/2026:02:18:14 +0200] "GET /wp-json/arni-tracking/v1/sessions?from=2026-06-29&to=2026-07-28&limit=500&page=1 HTTP/2.0" 200 200856 "-" "ArNi-CRM/1.0"
62.138.2.14 - - [28/Jul/2026:02:19:26 +0200] "GET /wp-content/uploads/2026/05/17927008_640.jpg HTTP/2.0" 200 51552 "https://www.taschenmuschi-kaufen.de/live-cams/maenner/dunkelblond/" "Mozilla/5.0 (Macintosh; Intel Mac OS X 10.15; rv:103.0) Gecko/20100101 Firefox/103.0"
216.244.66.234 - - [28/Jul/2026:02:19:52 +0200] "GET /robots.txt HTTP/1.1" 301 169 "-" "Mozilla/5.0 (compatible; DotBot/1.2; +https://opensiteexplorer.org/dotbot; help@moz.com)"
2a03:4000:59:e65:94e2:deff:fe0e:57ac - - [28/Jul/2026:02:21:10 +0200] "GET /wp-json/arni-tracking/v1/stats?from=2026-07-26&to=2026-07-26 HTTP/2.0" 200 277 "-" "ArNi-CRM/1.0"
2a03:4000:59:e65:94e2:deff:fe0e:57ac - - [28/Jul/2026:02:21:11 +0200] "GET /wp-json/arni-tracking/v1/stats?from=2026-07-27&to=2026-07-27 HTTP/2.0" 200 307 "-" "ArNi-CRM/1.0"
2a03:4000:59:e65:94e2:deff:fe0e:57ac - - [28/Jul/2026:02:21:11 +0200] "GET /wp-json/arni-tracking/v1/stats?from=2026-07-28&to=2026-07-28 HTTP/2.0" 200 266 "-" "ArNi-CRM/1.0"
2a03:4000:59:e65:94e2:deff:fe0e:57ac - - [28/Jul/2026:02:21:11 +0200] "GET /wp-json/arni-tracking/v1/stats?from=2026-06-29&to=2026-07-28 HTTP/2.0" 200 317 "-" "ArNi-CRM/1.0"
2a03:4000:59:e65:94e2:deff:fe0e:57ac - - [28/Jul/2026:02:21:11 +0200] "GET /wp-json/arni-tracking/v1/pages?from=2026-06-29&to=2026-07-28&limit=100 HTTP/2.0" 200 18257 "-" "ArNi-CRM/1.0"
2a03:4000:59:e65:94e2:deff:fe0e:57ac - - [28/Jul/2026:02:21:12 +0200] "GET /wp-json/arni-tracking/v1/referrers?from=2026-06-29&to=2026-07-28&limit=100 HTTP/2.0" 200 947 "-" "ArNi-CRM/1.0"
2a03:4000:59:e65:94e2:deff:fe0e:57ac - - [28/Jul/2026:02:21:12 +0200] "GET /wp-json/arni-tracking/v1/campaigns?from=2026-06-29&to=2026-07-28&limit=100 HTTP/2.0" 200 78 "-" "ArNi-CRM/1.0"
2a03:4000:59:e65:94e2:deff:fe0e:57ac - - [28/Jul/2026:02:21:12 +0200] "GET /wp-json/arni-tracking/v1/conversions?from=2026-06-29&to=2026-07-28&limit=1000&page=1 HTTP/2.0" 200 44904 "-" "ArNi-CRM/1.0"
2a03:4000:59:e65:94e2:deff:fe0e:57ac - - [28/Jul/2026:02:21:12 +0200] "GET /wp-json/arni-tracking/v1/sessions?from=2026-06-29&to=2026-07-28&limit=500&page=1 HTTP/2.0" 200 200856 "-" "ArNi-CRM/1.0"
62.138.18.60 - - [28/Jul/2026:02:21:53 +0200] "GET /wp-content/uploads/2026/05/31204481_1280-3-150x150.jpg HTTP/2.0" 200 8706 "https://www.taschenmuschi-kaufen.de/live-cam/miahase-cam-18063314/" "Mozilla/5.0 (Macintosh; Intel Mac OS X 10.15; rv:103.0) Gecko/20100101 Firefox/103.0"
216.244.66.234 - - [28/Jul/2026:02:23:09 +0200] "GET / HTTP/1.1" 301 169 "-" "Mozilla/5.0 (compatible; DotBot/1.2; +https://opensiteexplorer.org/dotbot; help@moz.com)"
216.244.66.234 - - [28/Jul/2026:02:23:27 +0200] "GET /profile/babsiboo/ HTTP/1.1" 301 169 "-" "Mozilla/5.0 (compatible; DotBot/1.2; +https://opensiteexplorer.org/dotbot; help@moz.com)"
216.244.66.234 - - [28/Jul/2026:02:23:32 +0200] "GET /profile/behaartemuschi/ HTTP/1.1" 301 169 "-" "Mozilla/5.0 (compatible; DotBot/1.2; +https://opensiteexplorer.org/dotbot; help@moz.com)"
216.244.66.234 - - [28/Jul/2026:02:23:35 +0200] "GET /profile/geileshirley/ HTTP/1.1" 301 169 "-" "Mozilla/5.0 (compatible; DotBot/1.2; +https://opensiteexplorer.org/dotbot; help@moz.com)"
43.166.226.57 - - [28/Jul/2026:02:23:36 +0200] "GET /wp-json/oembed/1.0/embed?url=https%3A%2F%2Fwww.taschenmuschi-kaufen.de%2Fprodukt%2Fanaltoys-plugs%2Ftriple-analplug-silikon-rends-mush-plug%2F HTTP/2.0" 200 2602 "-" "Mozilla/5.0 (iPhone; CPU iPhone OS 13_2_3 like Mac OS X) AppleWebKit/605.1.15 (KHTML, like Gecko) Version/13.0.3 Mobile/15E148 Safari/604.1"
216.244.66.234 - - [28/Jul/2026:02:23:38 +0200] "GET /profile/soraya1978/ HTTP/1.1" 301 169 "-" "Mozilla/5.0 (compatible; DotBot/1.2; +https://opensiteexplorer.org/dotbot; help@moz.com)"
216.244.66.234 - - [28/Jul/2026:02:23:40 +0200] "GET /2020/03/corona-quarantaene-lexy-roxx-im-skandal-porno/ HTTP/1.1" 301 169 "-" "Mozilla/5.0 (compatible; DotBot/1.2; +https://opensiteexplorer.org/dotbot; help@moz.com)"
2a03:4000:59:e65:94e2:deff:fe0e:57ac - - [28/Jul/2026:02:24:11 +0200] "GET /wp-json/arni-tracking/v1/stats?from=2026-07-26&to=2026-07-26 HTTP/2.0" 200 277 "-" "ArNi-CRM/1.0"
2a03:4000:59:e65:94e2:deff:fe0e:57ac - - [28/Jul/2026:02:24:11 +0200] "GET /wp-json/arni-tracking/v1/stats?from=2026-07-27&to=2026-07-27 HTTP/2.0" 200 307 "-" "ArNi-CRM/1.0"
2a03:4000:59:e65:94e2:deff:fe0e:57ac - - [28/Jul/2026:02:24:11 +0200] "GET /wp-json/arni-tracking/v1/stats?from=2026-07-28&to=2026-07-28 HTTP/2.0" 200 266 "-" "ArNi-CRM/1.0"
2a03:4000:59:e65:94e2:deff:fe0e:57ac - - [28/Jul/2026:02:24:12 +0200] "GET /wp-json/arni-tracking/v1/stats?from=2026-06-29&to=2026-07-28 HTTP/2.0" 200 317 "-" "ArNi-CRM/1.0"
2a03:4000:59:e65:94e2:deff:fe0e:57ac - - [28/Jul/2026:02:24:12 +0200] "GET /wp-json/arni-tracking/v1/pages?from=2026-06-29&to=2026-07-28&limit=100 HTTP/2.0" 200 18257 "-" "ArNi-CRM/1.0"
2a03:4000:59:e65:94e2:deff:fe0e:57ac - - [28/Jul/2026:02:24:12 +0200] "GET /wp-json/arni-tracking/v1/referrers?from=2026-06-29&to=2026-07-28&limit=100 HTTP/2.0" 200 947 "-" "ArNi-CRM/1.0"
2a03:4000:59:e65:94e2:deff:fe0e:57ac - - [28/Jul/2026:02:24:12 +0200] "GET /wp-json/arni-tracking/v1/campaigns?from=2026-06-29&to=2026-07-28&limit=100 HTTP/2.0" 200 78 "-" "ArNi-CRM/1.0"
2a03:4000:59:e65:94e2:deff:fe0e:57ac - - [28/Jul/2026:02:24:12 +0200] "GET /wp-json/arni-tracking/v1/conversions?from=2026-06-29&to=2026-07-28&limit=1000&page=1 HTTP/2.0" 200 44904 "-" "ArNi-CRM/1.0"
2a03:4000:59:e65:94e2:deff:fe0e:57ac - - [28/Jul/2026:02:24:12 +0200] "GET /wp-json/arni-tracking/v1/sessions?from=2026-06-29&to=2026-07-28&limit=500&page=1 HTTP/2.0" 200 200856 "-" "ArNi-CRM/1.0"
216.73.216.236 - - [28/Jul/2026:02:25:18 +0200] "GET /sitemap.xml HTTP/1.1" 301 169 "-" "Mozilla/5.0 AppleWebKit/537.36 (KHTML, like Gecko; compatible; Claude-SearchBot/1.0; +searchbot@anthropic.com)"
216.73.216.236 - - [28/Jul/2026:02:25:22 +0200] "GET /sitemap.xml HTTP/2.0" 301 0 "http://www.taschenmuschi-kaufen.de/sitemap.xml" "Mozilla/5.0 AppleWebKit/537.36 (KHTML, like Gecko; compatible; Claude-SearchBot/1.0; +searchbot@anthropic.com)"
216.73.216.236 - - [28/Jul/2026:02:25:22 +0200] "GET /wp-sitemap.xml HTTP/2.0" 200 1031 "https://www.taschenmuschi-kaufen.de/sitemap.xml" "Mozilla/5.0 AppleWebKit/537.36 (KHTML, like Gecko; compatible; Claude-SearchBot/1.0; +searchbot@anthropic.com)"
2a03:4000:59:e65:94e2:deff:fe0e:57ac - - [28/Jul/2026:02:27:11 +0200] "GET /wp-json/arni-tracking/v1/stats?from=2026-07-26&to=2026-07-26 HTTP/2.0" 200 277 "-" "ArNi-CRM/1.0"
2a03:4000:59:e65:94e2:deff:fe0e:57ac - - [28/Jul/2026:02:27:11 +0200] "GET /wp-json/arni-tracking/v1/stats?from=2026-07-27&to=2026-07-27 HTTP/2.0" 200 307 "-" "ArNi-CRM/1.0"
2a03:4000:59:e65:94e2:deff:fe0e:57ac - - [28/Jul/2026:02:27:11 +0200] "GET /wp-json/arni-tracking/v1/stats?from=2026-07-28&to=2026-07-28 HTTP/2.0" 200 266 "-" "ArNi-CRM/1.0"
2a03:4000:59:e65:94e2:deff:fe0e:57ac - - [28/Jul/2026:02:27:12 +0200] "GET /wp-json/arni-tracking/v1/stats?from=2026-06-29&to=2026-07-28 HTTP/2.0" 200 317 "-" "ArNi-CRM/1.0"
2a03:4000:59:e65:94e2:deff:fe0e:57ac - - [28/Jul/2026:02:27:12 +0200] "GET /wp-json/arni-tracking/v1/pages?from=2026-06-29&to=2026-07-28&limit=100 HTTP/2.0" 200 18257 "-" "ArNi-CRM/1.0"
2a03:4000:59:e65:94e2:deff:fe0e:57ac - - [28/Jul/2026:02:27:12 +0200] "GET /wp-json/arni-tracking/v1/referrers?from=2026-06-29&to=2026-07-28&limit=100 HTTP/2.0" 200 947 "-" "ArNi-CRM/1.0"
2a03:4000:59:e65:94e2:deff:fe0e:57ac - - [28/Jul/2026:02:27:12 +0200] "GET /wp-json/arni-tracking/v1/campaigns?from=2026-06-29&to=2026-07-28&limit=100 HTTP/2.0" 200 78 "-" "ArNi-CRM/1.0"
2a03:4000:59:e65:94e2:deff:fe0e:57ac - - [28/Jul/2026:02:27:13 +0200] "GET /wp-json/arni-tracking/v1/conversions?from=2026-06-29&to=2026-07-28&limit=1000&page=1 HTTP/2.0" 200 44904 "-" "ArNi-CRM/1.0"
2a03:4000:59:e65:94e2:deff:fe0e:57ac - - [28/Jul/2026:02:27:13 +0200] "GET /wp-json/arni-tracking/v1/sessions?from=2026-06-29&to=2026-07-28&limit=500&page=1 HTTP/2.0" 200 200856 "-" "ArNi-CRM/1.0"
62.138.2.14 - - [28/Jul/2026:02:27:22 +0200] "GET /wp-content/uploads/2026/06/13891551_1280-150x150.jpg HTTP/2.0" 200 10314 "https://www.taschenmuschi-kaufen.de/live-cam/crystalblair-cam-11496657/" "Mozilla/5.0 (Macintosh; Intel Mac OS X 10.15; rv:103.0) Gecko/20100101 Firefox/103.0"
52.167.144.161 - - [28/Jul/2026:02:29:18 +0200] "GET /live-cam/miramore-cam-10781085/ HTTP/2.0" 200 25199 "-" "Mozilla/5.0 AppleWebKit/537.36 (KHTML, like Gecko; compatible; bingbot/2.0; +http://www.bing.com/bingbot.htm) Chrome/116.0.1938.76 Safari/537.36"
157.55.39.61 - - [28/Jul/2026:02:29:18 +0200] "GET /live-cam/gina902-cam-11554002/ HTTP/2.0" 200 23091 "-" "Mozilla/5.0 AppleWebKit/537.36 (KHTML, like Gecko; compatible; bingbot/2.0; +http://www.bing.com/bingbot.htm) Chrome/116.0.1938.76 Safari/537.36"
98.91.120.100 - - [28/Jul/2026:02:29:27 +0200] "GET /wp-content/uploads/2026/06/31297618_1280-1024x768.jpg HTTP/2.0" 200 73005 "-" "Mozilla/5.0 AppleWebKit/537.36 (KHTML, like Gecko; compatible; Amzn-SearchBot/0.1) Chrome/119.0.6045.214 Safari/537.36"
18.209.178.202 - - [28/Jul/2026:02:29:37 +0200] "GET /wp-content/uploads/2026/05/30416265_1280-1024x768.jpg HTTP/2.0" 200 149200 "-" "Mozilla/5.0 AppleWebKit/537.36 (KHTML, like Gecko; compatible; Amzn-SearchBot/0.1) Chrome/119.0.6045.214 Safari/537.36"
44.194.47.12 - - [28/Jul/2026:02:29:46 +0200] "GET /wp-content/uploads/2026/07/30805513_1280.jpg HTTP/2.0" 200 25860 "-" "Mozilla/5.0 AppleWebKit/537.36 (KHTML, like Gecko; compatible; Amzn-SearchBot/0.1) Chrome/119.0.6045.214 Safari/537.36"
54.159.237.70 - - [28/Jul/2026:02:29:57 +0200] "GET /wp-content/uploads/2026/05/30626031_1280-4.jpg HTTP/2.0" 200 43115 "-" "Mozilla/5.0 AppleWebKit/537.36 (KHTML, like Gecko; compatible; Amzn-SearchBot/0.1) Chrome/119.0.6045.214 Safari/537.36"
44.195.217.176 - - [28/Jul/2026:02:30:07 +0200] "GET /wp-json/oembed/1.0/embed?format=xml&url=https://www.taschenmuschi-kaufen.de/live-cam/asianbianca-cam-10939351/ HTTP/2.0" 200 2617 "-" "Mozilla/5.0 AppleWebKit/537.36 (KHTML, like Gecko; compatible; Amzn-SearchBot/0.1) Chrome/119.0.6045.214 Safari/537.36"
2a03:4000:59:e65:94e2:deff:fe0e:57ac - - [28/Jul/2026:02:30:12 +0200] "GET /wp-json/arni-tracking/v1/stats?from=2026-07-26&to=2026-07-26 HTTP/2.0" 200 277 "-" "ArNi-CRM/1.0"
2a03:4000:59:e65:94e2:deff:fe0e:57ac - - [28/Jul/2026:02:30:12 +0200] "GET /wp-json/arni-tracking/v1/stats?from=2026-07-27&to=2026-07-27 HTTP/2.0" 200 307 "-" "ArNi-CRM/1.0"
2a03:4000:59:e65:94e2:deff:fe0e:57ac - - [28/Jul/2026:02:30:13 +0200] "GET /wp-json/arni-tracking/v1/stats?from=2026-07-28&to=2026-07-28 HTTP/2.0" 200 266 "-" "ArNi-CRM/1.0"
2a03:4000:59:e65:94e2:deff:fe0e:57ac - - [28/Jul/2026:02:30:13 +0200] "GET /wp-json/arni-tracking/v1/stats?from=2026-06-29&to=2026-07-28 HTTP/2.0" 200 317 "-" "ArNi-CRM/1.0"
2a03:4000:59:e65:94e2:deff:fe0e:57ac - - [28/Jul/2026:02:30:13 +0200] "GET /wp-json/arni-tracking/v1/pages?from=2026-06-29&to=2026-07-28&limit=100 HTTP/2.0" 200 18257 "-" "ArNi-CRM/1.0"
2a03:4000:59:e65:94e2:deff:fe0e:57ac - - [28/Jul/2026:02:30:14 +0200] "GET /wp-json/arni-tracking/v1/referrers?from=2026-06-29&to=2026-07-28&limit=100 HTTP/2.0" 200 947 "-" "ArNi-CRM/1.0"
2a03:4000:59:e65:94e2:deff:fe0e:57ac - - [28/Jul/2026:02:30:14 +0200] "GET /wp-json/arni-tracking/v1/campaigns?from=2026-06-29&to=2026-07-28&limit=100 HTTP/2.0" 200 78 "-" "ArNi-CRM/1.0"
2a03:4000:59:e65:94e2:deff:fe0e:57ac - - [28/Jul/2026:02:30:14 +0200] "GET /wp-json/arni-tracking/v1/conversions?from=2026-06-29&to=2026-07-28&limit=1000&page=1 HTTP/2.0" 200 44904 "-" "ArNi-CRM/1.0"
2a03:4000:59:e65:94e2:deff:fe0e:57ac - - [28/Jul/2026:02:30:14 +0200] "GET /wp-json/arni-tracking/v1/sessions?from=2026-06-29&to=2026-07-28&limit=500&page=1 HTTP/2.0" 200 200856 "-" "ArNi-CRM/1.0"
52.167.144.161 - - [28/Jul/2026:02:30:56 +0200] "GET /live-cam/mellegirl37-cam-10902114/ HTTP/2.0" 200 25717 "-" "Mozilla/5.0 AppleWebKit/537.36 (KHTML, like Gecko; compatible; bingbot/2.0; +http://www.bing.com/bingbot.htm) Chrome/116.0.1938.76 Safari/537.36"
157.55.39.61 - - [28/Jul/2026:02:30:59 +0200] "GET /live-cam/hugemaika-cam-11167442/ HTTP/2.0" 200 24530 "-" "Mozilla/5.0 AppleWebKit/537.36 (KHTML, like Gecko; compatible; bingbot/2.0; +http://www.bing.com/bingbot.htm) Chrome/116.0.1938.76 Safari/537.36"
157.55.39.61 - - [28/Jul/2026:02:31:02 +0200] "GET /live-cam/luciana-caroline-cam-11016722/ HTTP/2.0" 200 24897 "-" "Mozilla/5.0 AppleWebKit/537.36 (KHTML, like Gecko; compatible; bingbot/2.0; +http://www.bing.com/bingbot.htm) Chrome/116.0.1938.76 Safari/537.36"
43.153.67.21 - - [28/Jul/2026:02:31:34 +0200] "GET / HTTP/1.1" 301 169 "-" "Mozilla/5.0 (iPhone; CPU iPhone OS 13_2_3 like Mac OS X) AppleWebKit/605.1.15 (KHTML, like Gecko) Version/13.0.3 Mobile/15E148 Safari/604.1"
43.153.67.21 - - [28/Jul/2026:02:31:43 +0200] "GET / HTTP/2.0" 200 23813 "http://www.taschenmuschi-kaufen.de" "Mozilla/5.0 (iPhone; CPU iPhone OS 13_2_3 like Mac OS X) AppleWebKit/605.1.15 (KHTML, like Gecko) Version/13.0.3 Mobile/15E148 Safari/604.1"
100.29.157.182 - - [28/Jul/2026:02:31:57 +0200] "GET /?p=213119 HTTP/2.0" 301 0 "-" "Mozilla/5.0 AppleWebKit/537.36 (KHTML, like Gecko; compatible; Amzn-SearchBot/0.1) Chrome/119.0.6045.214 Safari/537.36"
54.166.70.223 - - [28/Jul/2026:02:32:01 +0200] "GET /live-cam/tabatamorel-cam-11339535/ HTTP/2.0" 200 25696 "-" "Mozilla/5.0 AppleWebKit/537.36 (KHTML, like Gecko; compatible; Amzn-SearchBot/0.1) Chrome/119.0.6045.214 Safari/537.36"
2a03:4000:59:e65:94e2:deff:fe0e:57ac - - [28/Jul/2026:02:33:11 +0200] "GET /wp-json/arni-tracking/v1/stats?from=2026-07-26&to=2026-07-26 HTTP/2.0" 200 277 "-" "ArNi-CRM/1.0"
2a03:4000:59:e65:94e2:deff:fe0e:57ac - - [28/Jul/2026:02:33:11 +0200] "GET /wp-json/arni-tracking/v1/stats?from=2026-07-27&to=2026-07-27 HTTP/2.0" 200 307 "-" "ArNi-CRM/1.0"
2a03:4000:59:e65:94e2:deff:fe0e:57ac - - [28/Jul/2026:02:33:11 +0200] "GET /wp-json/arni-tracking/v1/stats?from=2026-07-28&to=2026-07-28 HTTP/2.0" 200 266 "-" "ArNi-CRM/1.0"
2a03:4000:59:e65:94e2:deff:fe0e:57ac - - [28/Jul/2026:02:33:12 +0200] "GET /wp-json/arni-tracking/v1/stats?from=2026-06-29&to=2026-07-28 HTTP/2.0" 200 317 "-" "ArNi-CRM/1.0"
2a03:4000:59:e65:94e2:deff:fe0e:57ac - - [28/Jul/2026:02:33:12 +0200] "GET /wp-json/arni-tracking/v1/pages?from=2026-06-29&to=2026-07-28&limit=100 HTTP/2.0" 200 18257 "-" "ArNi-CRM/1.0"
2a03:4000:59:e65:94e2:deff:fe0e:57ac - - [28/Jul/2026:02:33:12 +0200] "GET /wp-json/arni-tracking/v1/referrers?from=2026-06-29&to=2026-07-28&limit=100 HTTP/2.0" 200 947 "-" "ArNi-CRM/1.0"
2a03:4000:59:e65:94e2:deff:fe0e:57ac - - [28/Jul/2026:02:33:12 +0200] "GET /wp-json/arni-tracking/v1/campaigns?from=2026-06-29&to=2026-07-28&limit=100 HTTP/2.0" 200 78 "-" "ArNi-CRM/1.0"
2a03:4000:59:e65:94e2:deff:fe0e:57ac - - [28/Jul/2026:02:33:12 +0200] "GET /wp-json/arni-tracking/v1/conversions?from=2026-06-29&to=2026-07-28&limit=1000&page=1 HTTP/2.0" 200 44904 "-" "ArNi-CRM/1.0"
2a03:4000:59:e65:94e2:deff:fe0e:57ac - - [28/Jul/2026:02:33:13 +0200] "GET /wp-json/arni-tracking/v1/sessions?from=2026-06-29&to=2026-07-28&limit=500&page=1 HTTP/2.0" 200 200748 "-" "ArNi-CRM/1.0"
52.167.144.174 - - [28/Jul/2026:02:33:22 +0200] "GET /live-cam/lorenjanhet-cam-10704920/ HTTP/2.0" 200 25893 "-" "Mozilla/5.0 AppleWebKit/537.36 (KHTML, like Gecko; compatible; bingbot/2.0; +http://www.bing.com/bingbot.htm) Chrome/116.0.1938.76 Safari/537.36"
52.167.144.187 - - [28/Jul/2026:02:33:24 +0200] "GET /live-cam/dakotajohnson-cam-17063910/ HTTP/2.0" 200 25494 "-" "Mozilla/5.0 AppleWebKit/537.36 (KHTML, like Gecko; compatible; bingbot/2.0; +http://www.bing.com/bingbot.htm) Chrome/116.0.1938.76 Safari/537.36"
23.21.254.26 - - [28/Jul/2026:02:33:27 +0200] "GET /?p=186574 HTTP/2.0" 301 0 "-" "Mozilla/5.0 AppleWebKit/537.36 (KHTML, like Gecko; compatible; Amzn-SearchBot/0.1) Chrome/119.0.6045.214 Safari/537.36"
52.167.144.187 - - [28/Jul/2026:02:33:28 +0200] "GET /live-cam/bellahiltonn-cam-10865068/ HTTP/2.0" 200 25952 "-" "Mozilla/5.0 AppleWebKit/537.36 (KHTML, like Gecko; compatible; bingbot/2.0; +http://www.bing.com/bingbot.htm) Chrome/116.0.1938.76 Safari/537.36"
52.167.144.187 - - [28/Jul/2026:02:33:28 +0200] "GET /live-cam/visantini-cam-11413503/ HTTP/2.0" 200 25402 "-" "Mozilla/5.0 AppleWebKit/537.36 (KHTML, like Gecko; compatible; bingbot/2.0; +http://www.bing.com/bingbot.htm) Chrome/116.0.1938.76 Safari/537.36"
13.216.187.148 - - [28/Jul/2026:02:33:30 +0200] "GET /live-cam/cindystrawberry-cam-8348173/ HTTP/2.0" 200 25923 "-" "Mozilla/5.0 AppleWebKit/537.36 (KHTML, like Gecko; compatible; Amzn-SearchBot/0.1) Chrome/119.0.6045.214 Safari/537.36"
52.167.144.187 - - [28/Jul/2026:02:33:30 +0200] "GET /live-cam/lenababyxx-cam-10696738/ HTTP/2.0" 200 26991 "-" "Mozilla/5.0 AppleWebKit/537.36 (KHTML, like Gecko; compatible; bingbot/2.0; +http://www.bing.com/bingbot.htm) Chrome/116.0.1938.76 Safari/537.36"
52.167.144.187 - - [28/Jul/2026:02:33:30 +0200] "GET /live-cam/dirtylily69-cam-12057005/ HTTP/2.0" 200 26021 "-" "Mozilla/5.0 AppleWebKit/537.36 (KHTML, like Gecko; compatible; bingbot/2.0; +http://www.bing.com/bingbot.htm) Chrome/116.0.1938.76 Safari/537.36"
52.167.144.187 - - [28/Jul/2026:02:33:33 +0200] "GET /live-cam/noahot-cam-9536150/ HTTP/2.0" 200 24770 "-" "Mozilla/5.0 AppleWebKit/537.36 (KHTML, like Gecko; compatible; bingbot/2.0; +http://www.bing.com/bingbot.htm) Chrome/116.0.1938.76 Safari/537.36"
43.159.148.221 - - [28/Jul/2026:02:33:42 +0200] "GET /cam/out/tahiyaa-cam-18394372 HTTP/2.0" 301 0 "-" "Mozilla/5.0 (iPhone; CPU iPhone OS 13_2_3 like Mac OS X) AppleWebKit/605.1.15 (KHTML, like Gecko) Version/13.0.3 Mobile/15E148 Safari/604.1"
52.167.144.187 - - [28/Jul/2026:02:35:31 +0200] "GET /live-cam/meganroberts-cam-10687366/ HTTP/2.0" 200 26978 "-" "Mozilla/5.0 AppleWebKit/537.36 (KHTML, like Gecko; compatible; bingbot/2.0; +http://www.bing.com/bingbot.htm) Chrome/116.0.1938.76 Safari/537.36"
157.55.39.61 - - [28/Jul/2026:02:35:37 +0200] "GET /live-cam/graceblue-cam-8510792/ HTTP/2.0" 200 25745 "-" "Mozilla/5.0 AppleWebKit/537.36 (KHTML, like Gecko; compatible; bingbot/2.0; +http://www.bing.com/bingbot.htm) Chrome/116.0.1938.76 Safari/537.36"
52.167.144.179 - - [28/Jul/2026:02:35:40 +0200] "GET /produkte/maenner/masturbatoren/onaholes/ HTTP/2.0" 200 24032 "-" "Mozilla/5.0 AppleWebKit/537.36 (KHTML, like Gecko; compatible; bingbot/2.0; +http://www.bing.com/bingbot.htm) Chrome/116.0.1938.76 Safari/537.36"
52.167.144.179 - - [28/Jul/2026:02:35:40 +0200] "GET /produkt/torso-masturbatoren/realbody-enchanting-anya-kiryan-g000105/ HTTP/2.0" 200 25702 "-" "Mozilla/5.0 AppleWebKit/537.36 (KHTML, like Gecko; compatible; bingbot/2.0; +http://www.bing.com/bingbot.htm) Chrome/116.0.1938.76 Safari/537.36"
2a03:4000:59:e65:94e2:deff:fe0e:57ac - - [28/Jul/2026:02:36:13 +0200] "GET /wp-json/arni-tracking/v1/stats?from=2026-07-26&to=2026-07-26 HTTP/2.0" 200 277 "-" "ArNi-CRM/1.0"
2a03:4000:59:e65:94e2:deff:fe0e:57ac - - [28/Jul/2026:02:36:13 +0200] "GET /wp-json/arni-tracking/v1/stats?from=2026-07-27&to=2026-07-27 HTTP/2.0" 200 307 "-" "ArNi-CRM/1.0"
2a03:4000:59:e65:94e2:deff:fe0e:57ac - - [28/Jul/2026:02:36:13 +0200] "GET /wp-json/arni-tracking/v1/stats?from=2026-07-28&to=2026-07-28 HTTP/2.0" 200 266 "-" "ArNi-CRM/1.0"
2a03:4000:59:e65:94e2:deff:fe0e:57ac - - [28/Jul/2026:02:36:14 +0200] "GET /wp-json/arni-tracking/v1/stats?from=2026-06-29&to=2026-07-28 HTTP/2.0" 200 317 "-" "ArNi-CRM/1.0"
2a03:4000:59:e65:94e2:deff:fe0e:57ac - - [28/Jul/2026:02:36:14 +0200] "GET /wp-json/arni-tracking/v1/pages?from=2026-06-29&to=2026-07-28&limit=100 HTTP/2.0" 200 18257 "-" "ArNi-CRM/1.0"
2a03:4000:59:e65:94e2:deff:fe0e:57ac - - [28/Jul/2026:02:36:14 +0200] "GET /wp-json/arni-tracking/v1/referrers?from=2026-06-29&to=2026-07-28&limit=100 HTTP/2.0" 200 947 "-" "ArNi-CRM/1.0"
2a03:4000:59:e65:94e2:deff:fe0e:57ac - - [28/Jul/2026:02:36:14 +0200] "GET /wp-json/arni-tracking/v1/campaigns?from=2026-06-29&to=2026-07-28&limit=100 HTTP/2.0" 200 78 "-" "ArNi-CRM/1.0"
2a03:4000:59:e65:94e2:deff:fe0e:57ac - - [28/Jul/2026:02:36:15 +0200] "GET /wp-json/arni-tracking/v1/conversions?from=2026-06-29&to=2026-07-28&limit=1000&page=1 HTTP/2.0" 200 44904 "-" "ArNi-CRM/1.0"
2a03:4000:59:e65:94e2:deff:fe0e:57ac - - [28/Jul/2026:02:36:15 +0200] "GET /wp-json/arni-tracking/v1/sessions?from=2026-06-29&to=2026-07-28&limit=500&page=1 HTTP/2.0" 200 200591 "-" "ArNi-CRM/1.0"
44.198.66.156 - - [28/Jul/2026:02:36:17 +0200] "GET /?p=212770 HTTP/2.0" 301 0 "-" "Mozilla/5.0 AppleWebKit/537.36 (KHTML, like Gecko; compatible; Amzn-SearchBot/0.1) Chrome/119.0.6045.214 Safari/537.36"
98.95.100.253 - - [28/Jul/2026:02:36:23 +0200] "GET /live-cam/finnundjenny-cam-11303565/ HTTP/2.0" 200 25932 "-" "Mozilla/5.0 AppleWebKit/537.36 (KHTML, like Gecko; compatible; Amzn-SearchBot/0.1) Chrome/119.0.6045.214 Safari/537.36"
157.55.39.61 - - [28/Jul/2026:02:36:24 +0200] "GET /cam/out/amaja-cam-19013247 HTTP/2.0" 301 0 "-" "Mozilla/5.0 AppleWebKit/537.36 (KHTML, like Gecko; compatible; bingbot/2.0; +http://www.bing.com/bingbot.htm) Chrome/116.0.1938.76 Safari/537.36"
52.167.144.187 - - [28/Jul/2026:02:36:35 +0200] "GET /out/youvenus-foxy-hole-kizuna-sakura HTTP/2.0" 301 0 "-" "Mozilla/5.0 AppleWebKit/537.36 (KHTML, like Gecko; compatible; bingbot/2.0; +http://www.bing.com/bingbot.htm) Chrome/116.0.1938.76 Safari/537.36"
52.167.144.187 - - [28/Jul/2026:02:37:13 +0200] "GET /live-cam/0analficken0-cam-1281260/ HTTP/2.0" 200 25146 "-" "Mozilla/5.0 AppleWebKit/537.36 (KHTML, like Gecko; compatible; bingbot/2.0; +http://www.bing.com/bingbot.htm) Chrome/116.0.1938.76 Safari/537.36"
52.167.144.179 - - [28/Jul/2026:02:37:23 +0200] "GET /live-cam/demilovato-cam-10822268/ HTTP/2.0" 200 25931 "-" "Mozilla/5.0 AppleWebKit/537.36 (KHTML, like Gecko; compatible; bingbot/2.0; +http://www.bing.com/bingbot.htm) Chrome/116.0.1938.76 Safari/537.36"
54.163.22.228 - - [28/Jul/2026:02:37:57 +0200] "GET /?p=215080 HTTP/2.0" 301 0 "-" "Mozilla/5.0 AppleWebKit/537.36 (KHTML, like Gecko; compatible; Amzn-SearchBot/0.1) Chrome/119.0.6045.214 Safari/537.36"
52.20.158.171 - - [28/Jul/2026:02:38:00 +0200] "GET /live-cam/doublelovexxx-cam-9535634/ HTTP/2.0" 200 25674 "-" "Mozilla/5.0 AppleWebKit/537.36 (KHTML, like Gecko; compatible; Amzn-SearchBot/0.1) Chrome/119.0.6045.214 Safari/537.36"
2a03:4000:59:e65:94e2:deff:fe0e:57ac - - [28/Jul/2026:02:39:12 +0200] "GET /wp-json/arni-tracking/v1/stats?from=2026-07-26&to=2026-07-26 HTTP/2.0" 200 277 "-" "ArNi-CRM/1.0"
2a03:4000:59:e65:94e2:deff:fe0e:57ac - - [28/Jul/2026:02:39:12 +0200] "GET /wp-json/arni-tracking/v1/stats?from=2026-07-27&to=2026-07-27 HTTP/2.0" 200 307 "-" "ArNi-CRM/1.0"
2a03:4000:59:e65:94e2:deff:fe0e:57ac - - [28/Jul/2026:02:39:12 +0200] "GET /wp-json/arni-tracking/v1/stats?from=2026-07-28&to=2026-07-28 HTTP/2.0" 200 266 "-" "ArNi-CRM/1.0"
2a03:4000:59:e65:94e2:deff:fe0e:57ac - - [28/Jul/2026:02:39:13 +0200] "GET /wp-json/arni-tracking/v1/stats?from=2026-06-29&to=2026-07-28 HTTP/2.0" 200 317 "-" "ArNi-CRM/1.0"
2a03:4000:59:e65:94e2:deff:fe0e:57ac - - [28/Jul/2026:02:39:13 +0200] "GET /wp-json/arni-tracking/v1/pages?from=2026-06-29&to=2026-07-28&limit=100 HTTP/2.0" 200 18257 "-" "ArNi-CRM/1.0"
2a03:4000:59:e65:94e2:deff:fe0e:57ac - - [28/Jul/2026:02:39:13 +0200] "GET /wp-json/arni-tracking/v1/referrers?from=2026-06-29&to=2026-07-28&limit=100 HTTP/2.0" 200 947 "-" "ArNi-CRM/1.0"
2a03:4000:59:e65:94e2:deff:fe0e:57ac - - [28/Jul/2026:02:39:13 +0200] "GET /wp-json/arni-tracking/v1/campaigns?from=2026-06-29&to=2026-07-28&limit=100 HTTP/2.0" 200 78 "-" "ArNi-CRM/1.0"
2a03:4000:59:e65:94e2:deff:fe0e:57ac - - [28/Jul/2026:02:39:13 +0200] "GET /wp-json/arni-tracking/v1/conversions?from=2026-06-29&to=2026-07-28&limit=1000&page=1 HTTP/2.0" 200 44904 "-" "ArNi-CRM/1.0"
2a03:4000:59:e65:94e2:deff:fe0e:57ac - - [28/Jul/2026:02:39:13 +0200] "GET /wp-json/arni-tracking/v1/sessions?from=2026-06-29&to=2026-07-28&limit=500&page=1 HTTP/2.0" 200 200591 "-" "ArNi-CRM/1.0"
52.167.144.187 - - [28/Jul/2026:02:39:39 +0200] "GET /live-cam/mollybigboobs-cam-19290465/ HTTP/2.0" 200 25946 "-" "Mozilla/5.0 AppleWebKit/537.36 (KHTML, like Gecko; compatible; bingbot/2.0; +http://www.bing.com/bingbot.htm) Chrome/116.0.1938.76 Safari/537.36"
52.167.144.179 - - [28/Jul/2026:02:39:41 +0200] "GET /live-cam/blackdemon1-cam-5908187/ HTTP/2.0" 200 25198 "-" "Mozilla/5.0 AppleWebKit/537.36 (KHTML, like Gecko; compatible; bingbot/2.0; +http://www.bing.com/bingbot.htm) Chrome/116.0.1938.76 Safari/537.36"
52.167.144.187 - - [28/Jul/2026:02:39:43 +0200] "GET /live-cam/melissastrip-cam-10345831/ HTTP/2.0" 200 27134 "-" "Mozilla/5.0 AppleWebKit/537.36 (KHTML, like Gecko; compatible; bingbot/2.0; +http://www.bing.com/bingbot.htm) Chrome/116.0.1938.76 Safari/537.36"
52.167.144.187 - - [28/Jul/2026:02:39:56 +0200] "GET /live-cam/fistschwester-cam-12678069/ HTTP/2.0" 200 26016 "-" "Mozilla/5.0 AppleWebKit/537.36 (KHTML, like Gecko; compatible; bingbot/2.0; +http://www.bing.com/bingbot.htm) Chrome/116.0.1938.76 Safari/537.36"
52.167.144.179 - - [28/Jul/2026:02:40:12 +0200] "GET /live-cam/sexyyanna-cam-13293744/ HTTP/2.0" 200 25219 "-" "Mozilla/5.0 AppleWebKit/537.36 (KHTML, like Gecko; compatible; bingbot/2.0; +http://www.bing.com/bingbot.htm) Chrome/116.0.1938.76 Safari/537.36"
52.167.144.187 - - [28/Jul/2026:02:40:18 +0200] "GET /live-cam/canelafay-cam-17303944/ HTTP/2.0" 200 25682 "-" "Mozilla/5.0 AppleWebKit/537.36 (KHTML, like Gecko; compatible; bingbot/2.0; +http://www.bing.com/bingbot.htm) Chrome/116.0.1938.76 Safari/537.36"
52.167.144.187 - - [28/Jul/2026:02:41:46 +0200] "GET /2026/05/taschenmuschi-fuer-anfaenger/ HTTP/2.0" 200 24579 "-" "Mozilla/5.0 AppleWebKit/537.36 (KHTML, like Gecko; compatible; bingbot/2.0; +http://www.bing.com/bingbot.htm) Chrome/116.0.1938.76 Safari/537.36"
2a03:4000:59:e65:94e2:deff:fe0e:57ac - - [28/Jul/2026:02:42:11 +0200] "GET /wp-json/arni-tracking/v1/stats?from=2026-07-26&to=2026-07-26 HTTP/2.0" 200 277 "-" "ArNi-CRM/1.0"
2a03:4000:59:e65:94e2:deff:fe0e:57ac - - [28/Jul/2026:02:42:11 +0200] "GET /wp-json/arni-tracking/v1/stats?from=2026-07-27&to=2026-07-27 HTTP/2.0" 200 307 "-" "ArNi-CRM/1.0"
2a03:4000:59:e65:94e2:deff:fe0e:57ac - - [28/Jul/2026:02:42:11 +0200] "GET /wp-json/arni-tracking/v1/stats?from=2026-07-28&to=2026-07-28 HTTP/2.0" 200 266 "-" "ArNi-CRM/1.0"
2a03:4000:59:e65:94e2:deff:fe0e:57ac - - [28/Jul/2026:02:42:12 +0200] "GET /wp-json/arni-tracking/v1/stats?from=2026-06-29&to=2026-07-28 HTTP/2.0" 200 317 "-" "ArNi-CRM/1.0"
2a03:4000:59:e65:94e2:deff:fe0e:57ac - - [28/Jul/2026:02:42:12 +0200] "GET /wp-json/arni-tracking/v1/pages?from=2026-06-29&to=2026-07-28&limit=100 HTTP/2.0" 200 18257 "-" "ArNi-CRM/1.0"
2a03:4000:59:e65:94e2:deff:fe0e:57ac - - [28/Jul/2026:02:42:12 +0200] "GET /wp-json/arni-tracking/v1/referrers?from=2026-06-29&to=2026-07-28&limit=100 HTTP/2.0" 200 947 "-" "ArNi-CRM/1.0"
2a03:4000:59:e65:94e2:deff:fe0e:57ac - - [28/Jul/2026:02:42:12 +0200] "GET /wp-json/arni-tracking/v1/campaigns?from=2026-06-29&to=2026-07-28&limit=100 HTTP/2.0" 200 78 "-" "ArNi-CRM/1.0"
2a03:4000:59:e65:94e2:deff:fe0e:57ac - - [28/Jul/2026:02:42:12 +0200] "GET /wp-json/arni-tracking/v1/conversions?from=2026-06-29&to=2026-07-28&limit=1000&page=1 HTTP/2.0" 200 44904 "-" "ArNi-CRM/1.0"
2a03:4000:59:e65:94e2:deff:fe0e:57ac - - [28/Jul/2026:02:42:13 +0200] "GET /wp-json/arni-tracking/v1/sessions?from=2026-06-29&to=2026-07-28&limit=500&page=1 HTTP/2.0" 200 200591 "-" "ArNi-CRM/1.0"
52.206.59.229 - - [28/Jul/2026:02:42:27 +0200] "GET /?p=215757 HTTP/2.0" 301 0 "-" "Mozilla/5.0 AppleWebKit/537.36 (KHTML, like Gecko; compatible; Amzn-SearchBot/0.1) Chrome/119.0.6045.214 Safari/537.36"
52.206.116.153 - - [28/Jul/2026:02:42:31 +0200] "GET /live-cam/inga-star-cam-4388633/ HTTP/2.0" 200 26068 "-" "Mozilla/5.0 AppleWebKit/537.36 (KHTML, like Gecko; compatible; Amzn-SearchBot/0.1) Chrome/119.0.6045.214 Safari/537.36"
52.167.144.187 - - [28/Jul/2026:02:42:36 +0200] "GET /live-cam/jeminnies-cam-8181757/ HTTP/2.0" 200 25579 "-" "Mozilla/5.0 AppleWebKit/537.36 (KHTML, like Gecko; compatible; bingbot/2.0; +http://www.bing.com/bingbot.htm) Chrome/116.0.1938.76 Safari/537.36"
