40.77.167.51 - - [28/Jul/2026:23:13:12 +0200] "GET /live-cam/lhisa-cam-19092809/ HTTP/2.0" 200 25524 "-" "Mozilla/5.0 AppleWebKit/537.36 (KHTML, like Gecko; compatible; bingbot/2.0; +http://www.bing.com/bingbot.htm) Chrome/116.0.1938.76 Safari/537.36"
40.77.167.51 - - [28/Jul/2026:23:13:12 +0200] "GET /live-cam/annablossom-cam-19352562/ HTTP/2.0" 200 25466 "-" "Mozilla/5.0 AppleWebKit/537.36 (KHTML, like Gecko; compatible; bingbot/2.0; +http://www.bing.com/bingbot.htm) Chrome/116.0.1938.76 Safari/537.36"
40.77.167.243 - - [28/Jul/2026:23:13:16 +0200] "GET /live-cam/toffifee-cam-10240980/ HTTP/2.0" 200 26155 "-" "Mozilla/5.0 AppleWebKit/537.36 (KHTML, like Gecko; compatible; bingbot/2.0; +http://www.bing.com/bingbot.htm) Chrome/116.0.1938.76 Safari/537.36"
40.77.167.51 - - [28/Jul/2026:23:13:16 +0200] "GET /live-cam/michaela2015-cam-6287499/ HTTP/2.0" 200 25723 "-" "Mozilla/5.0 AppleWebKit/537.36 (KHTML, like Gecko; compatible; bingbot/2.0; +http://www.bing.com/bingbot.htm) Chrome/116.0.1938.76 Safari/537.36"
40.77.167.243 - - [28/Jul/2026:23:13:18 +0200] "GET /live-cam/albab-cam-9536708/ HTTP/2.0" 200 25803 "-" "Mozilla/5.0 AppleWebKit/537.36 (KHTML, like Gecko; compatible; bingbot/2.0; +http://www.bing.com/bingbot.htm) Chrome/116.0.1938.76 Safari/537.36"
34.236.65.219 - - [28/Jul/2026:23:13:20 +0200] "GET /live-cam/blondywowx-cam-11462525/ HTTP/2.0" 200 25856 "-" "Mozilla/5.0 AppleWebKit/537.36 (KHTML, like Gecko; compatible; Amzn-SearchBot/0.1) Chrome/119.0.6045.214 Safari/537.36"
34.197.27.62 - - [28/Jul/2026:23:13:28 +0200] "GET /wp-json/oembed/1.0/embed?url=https://www.taschenmuschi-kaufen.de/live-cam/soohotn2sexy-cam-18925783/ HTTP/2.0" 200 2431 "-" "Mozilla/5.0 AppleWebKit/537.36 (KHTML, like Gecko; compatible; Amzn-SearchBot/0.1) Chrome/119.0.6045.214 Safari/537.36"
216.73.217.172 - - [28/Jul/2026:23:13:30 +0200] "GET /live-cam/emily19-cam-11513409/ HTTP/2.0" 200 24875 "-" "Mozilla/5.0 AppleWebKit/537.36 (KHTML, like Gecko; compatible; Claude-SearchBot/1.0; +searchbot@anthropic.com)"
216.73.217.172 - - [28/Jul/2026:23:13:31 +0200] "GET /cam/out/tinareid-cam-11383782 HTTP/2.0" 301 0 "-" "Mozilla/5.0 AppleWebKit/537.36 (KHTML, like Gecko; compatible; Claude-SearchBot/1.0; +searchbot@anthropic.com)"
216.73.217.172 - - [28/Jul/2026:23:13:35 +0200] "GET /live-cam/susax32-cam-11451124/ HTTP/2.0" 200 24907 "-" "Mozilla/5.0 AppleWebKit/537.36 (KHTML, like Gecko; compatible; Claude-SearchBot/1.0; +searchbot@anthropic.com)"
216.73.217.172 - - [28/Jul/2026:23:13:39 +0200] "GET /live-cam/darkfairy-cam-11530343/ HTTP/2.0" 200 24306 "-" "Mozilla/5.0 AppleWebKit/537.36 (KHTML, like Gecko; compatible; Claude-SearchBot/1.0; +searchbot@anthropic.com)"
216.73.217.172 - - [28/Jul/2026:23:13:41 +0200] "GET /cam/out/lindacrow-cam-11522340 HTTP/2.0" 301 0 "-" "Mozilla/5.0 AppleWebKit/537.36 (KHTML, like Gecko; compatible; Claude-SearchBot/1.0; +searchbot@anthropic.com)"
54.162.54.187 - - [28/Jul/2026:23:13:41 +0200] "GET /live-cam/lilyth-cam-11506551/ HTTP/2.0" 200 25476 "-" "Mozilla/5.0 AppleWebKit/537.36 (KHTML, like Gecko; compatible; Amzn-SearchBot/0.1) Chrome/119.0.6045.214 Safari/537.36"
216.73.217.172 - - [28/Jul/2026:23:13:43 +0200] "GET /cam/out/stacyspade-cam-11383779 HTTP/2.0" 301 0 "-" "Mozilla/5.0 AppleWebKit/537.36 (KHTML, like Gecko; compatible; Claude-SearchBot/1.0; +searchbot@anthropic.com)"
43.130.100.35 - - [28/Jul/2026:23:14:15 +0200] "GET /wp-json/ HTTP/2.0" 200 237090 "-" "Mozilla/5.0 (iPhone; CPU iPhone OS 13_2_3 like Mac OS X) AppleWebKit/605.1.15 (KHTML, like Gecko) Version/13.0.3 Mobile/15E148 Safari/604.1"
216.73.217.172 - - [28/Jul/2026:23:14:27 +0200] "GET /cam/out/natashataylor-cam-11481917 HTTP/2.0" 301 0 "-" "Mozilla/5.0 AppleWebKit/537.36 (KHTML, like Gecko; compatible; Claude-SearchBot/1.0; +searchbot@anthropic.com)"
216.73.217.172 - - [28/Jul/2026:23:14:28 +0200] "GET /cam/out/tarahroberts-cam-11529566 HTTP/2.0" 301 0 "-" "Mozilla/5.0 AppleWebKit/537.36 (KHTML, like Gecko; compatible; Claude-SearchBot/1.0; +searchbot@anthropic.com)"
216.73.217.172 - - [28/Jul/2026:23:14:30 +0200] "GET /cam/out/pia-praesenz-cam-11496951 HTTP/2.0" 301 0 "-" "Mozilla/5.0 AppleWebKit/537.36 (KHTML, like Gecko; compatible; Claude-SearchBot/1.0; +searchbot@anthropic.com)"
216.73.217.172 - - [28/Jul/2026:23:14:32 +0200] "GET /cam/out/katalinasweet-cam-11008191 HTTP/2.0" 301 0 "-" "Mozilla/5.0 AppleWebKit/537.36 (KHTML, like Gecko; compatible; Claude-SearchBot/1.0; +searchbot@anthropic.com)"
216.73.217.172 - - [28/Jul/2026:23:14:34 +0200] "GET /cam/out/darins27-cam-11463875 HTTP/2.0" 301 0 "-" "Mozilla/5.0 AppleWebKit/537.36 (KHTML, like Gecko; compatible; Claude-SearchBot/1.0; +searchbot@anthropic.com)"
216.73.217.172 - - [28/Jul/2026:23:14:36 +0200] "GET /cam/out/alisasun-cam-11393629 HTTP/2.0" 301 0 "-" "Mozilla/5.0 AppleWebKit/537.36 (KHTML, like Gecko; compatible; Claude-SearchBot/1.0; +searchbot@anthropic.com)"
2a03:4000:59:e65:94e2:deff:fe0e:57ac - - [28/Jul/2026:23:15:11 +0200] "GET /wp-json/arni-tracking/v1/stats?from=2026-07-26&to=2026-07-26 HTTP/2.0" 200 277 "-" "ArNi-CRM/1.0"
2a03:4000:59:e65:94e2:deff:fe0e:57ac - - [28/Jul/2026:23:15:11 +0200] "GET /wp-json/arni-tracking/v1/stats?from=2026-07-27&to=2026-07-27 HTTP/2.0" 200 307 "-" "ArNi-CRM/1.0"
2a03:4000:59:e65:94e2:deff:fe0e:57ac - - [28/Jul/2026:23:15:12 +0200] "GET /wp-json/arni-tracking/v1/stats?from=2026-07-28&to=2026-07-28 HTTP/2.0" 200 307 "-" "ArNi-CRM/1.0"
2a03:4000:59:e65:94e2:deff:fe0e:57ac - - [28/Jul/2026:23:15:12 +0200] "GET /wp-json/arni-tracking/v1/stats?from=2026-06-29&to=2026-07-28 HTTP/2.0" 200 317 "-" "ArNi-CRM/1.0"
2a03:4000:59:e65:94e2:deff:fe0e:57ac - - [28/Jul/2026:23:15:12 +0200] "GET /wp-json/arni-tracking/v1/pages?from=2026-06-29&to=2026-07-28&limit=100 HTTP/2.0" 200 18257 "-" "ArNi-CRM/1.0"
2a03:4000:59:e65:94e2:deff:fe0e:57ac - - [28/Jul/2026:23:15:12 +0200] "GET /wp-json/arni-tracking/v1/referrers?from=2026-06-29&to=2026-07-28&limit=100 HTTP/2.0" 200 947 "-" "ArNi-CRM/1.0"
2a03:4000:59:e65:94e2:deff:fe0e:57ac - - [28/Jul/2026:23:15:13 +0200] "GET /wp-json/arni-tracking/v1/campaigns?from=2026-06-29&to=2026-07-28&limit=100 HTTP/2.0" 200 78 "-" "ArNi-CRM/1.0"
2a03:4000:59:e65:94e2:deff:fe0e:57ac - - [28/Jul/2026:23:15:13 +0200] "GET /wp-json/arni-tracking/v1/conversions?from=2026-06-29&to=2026-07-28&limit=1000&page=1 HTTP/2.0" 200 46106 "-" "ArNi-CRM/1.0"
2a03:4000:59:e65:94e2:deff:fe0e:57ac - - [28/Jul/2026:23:15:13 +0200] "GET /wp-json/arni-tracking/v1/sessions?from=2026-06-29&to=2026-07-28&limit=500&page=1 HTTP/2.0" 200 178172 "-" "ArNi-CRM/1.0"
62.138.3.52 - - [28/Jul/2026:23:15:27 +0200] "GET /wp-content/uploads/2026/05/30874847_1280-10-150x150.jpg HTTP/2.0" 200 5827 "https://www.taschenmuschi-kaufen.de/live-cam/sashasky-cam-19077498/" "Mozilla/5.0 (Macintosh; Intel Mac OS X 10.15; rv:103.0) Gecko/20100101 Firefox/103.0"
216.73.217.172 - - [28/Jul/2026:23:15:45 +0200] "GET /cam/out/audreylux-cam-11404074 HTTP/2.0" 301 0 "-" "Mozilla/5.0 AppleWebKit/537.36 (KHTML, like Gecko; compatible; Claude-SearchBot/1.0; +searchbot@anthropic.com)"
216.73.217.172 - - [28/Jul/2026:23:15:46 +0200] "GET /live-cam/fabelyna-cam-11438859/ HTTP/2.0" 200 25450 "-" "Mozilla/5.0 AppleWebKit/537.36 (KHTML, like Gecko; compatible; Claude-SearchBot/1.0; +searchbot@anthropic.com)"
216.73.217.172 - - [28/Jul/2026:23:15:51 +0200] "GET /live-cam/milliawild-cam-10974202/ HTTP/2.0" 200 25811 "-" "Mozilla/5.0 AppleWebKit/537.36 (KHTML, like Gecko; compatible; Claude-SearchBot/1.0; +searchbot@anthropic.com)"
216.73.217.172 - - [28/Jul/2026:23:15:52 +0200] "GET /cam/out/carlamarques-cam-11491207 HTTP/2.0" 301 0 "-" "Mozilla/5.0 AppleWebKit/537.36 (KHTML, like Gecko; compatible; Claude-SearchBot/1.0; +searchbot@anthropic.com)"
216.73.217.172 - - [28/Jul/2026:23:15:54 +0200] "GET /live-cam/tinareid-cam-11383782/ HTTP/2.0" 200 25485 "-" "Mozilla/5.0 AppleWebKit/537.36 (KHTML, like Gecko; compatible; Claude-SearchBot/1.0; +searchbot@anthropic.com)"
216.73.217.172 - - [28/Jul/2026:23:15:56 +0200] "GET /cam/out/applesweet-cam-11518826 HTTP/2.0" 301 0 "-" "Mozilla/5.0 AppleWebKit/537.36 (KHTML, like Gecko; compatible; Claude-SearchBot/1.0; +searchbot@anthropic.com)"
216.73.217.172 - - [28/Jul/2026:23:16:26 +0200] "GET /cam/out/mollydolly-cam-11462529 HTTP/2.0" 301 0 "-" "Mozilla/5.0 AppleWebKit/537.36 (KHTML, like Gecko; compatible; Claude-SearchBot/1.0; +searchbot@anthropic.com)"
216.73.217.172 - - [28/Jul/2026:23:16:27 +0200] "GET /cam/out/lunageil-cam-18795325 HTTP/2.0" 301 0 "-" "Mozilla/5.0 AppleWebKit/537.36 (KHTML, like Gecko; compatible; Claude-SearchBot/1.0; +searchbot@anthropic.com)"
216.73.217.172 - - [28/Jul/2026:23:16:34 +0200] "GET /live-cam/vivianfox-cam-11001752/ HTTP/2.0" 200 25777 "-" "Mozilla/5.0 AppleWebKit/537.36 (KHTML, like Gecko; compatible; Claude-SearchBot/1.0; +searchbot@anthropic.com)"
216.73.217.172 - - [28/Jul/2026:23:16:35 +0200] "GET /cam/out/ryleighsin-cam-11353709 HTTP/2.0" 301 0 "-" "Mozilla/5.0 AppleWebKit/537.36 (KHTML, like Gecko; compatible; Claude-SearchBot/1.0; +searchbot@anthropic.com)"
216.73.217.172 - - [28/Jul/2026:23:16:37 +0200] "GET /live-cam/katalinasweet-cam-11008191/ HTTP/2.0" 200 26026 "-" "Mozilla/5.0 AppleWebKit/537.36 (KHTML, like Gecko; compatible; Claude-SearchBot/1.0; +searchbot@anthropic.com)"
216.73.217.172 - - [28/Jul/2026:23:16:39 +0200] "GET /live-cam/alisasun-cam-11393629/ HTTP/2.0" 200 26158 "-" "Mozilla/5.0 AppleWebKit/537.36 (KHTML, like Gecko; compatible; Claude-SearchBot/1.0; +searchbot@anthropic.com)"
216.73.217.172 - - [28/Jul/2026:23:17:31 +0200] "GET /live-cam/jessevixen-cam-11481914/ HTTP/2.0" 200 25405 "-" "Mozilla/5.0 AppleWebKit/537.36 (KHTML, like Gecko; compatible; Claude-SearchBot/1.0; +searchbot@anthropic.com)"
216.73.217.172 - - [28/Jul/2026:23:17:35 +0200] "GET /live-cam/alexacute-cam-11454075/ HTTP/2.0" 200 24446 "-" "Mozilla/5.0 AppleWebKit/537.36 (KHTML, like Gecko; compatible; Claude-SearchBot/1.0; +searchbot@anthropic.com)"
216.73.217.172 - - [28/Jul/2026:23:17:36 +0200] "GET /live-cam/ryleighsin-cam-11353709/ HTTP/2.0" 200 25852 "-" "Mozilla/5.0 AppleWebKit/537.36 (KHTML, like Gecko; compatible; Claude-SearchBot/1.0; +searchbot@anthropic.com)"
216.73.217.172 - - [28/Jul/2026:23:17:40 +0200] "GET /live-cam/sayam20-cam-11433236/ HTTP/2.0" 200 24302 "-" "Mozilla/5.0 AppleWebKit/537.36 (KHTML, like Gecko; compatible; Claude-SearchBot/1.0; +searchbot@anthropic.com)"
216.73.217.172 - - [28/Jul/2026:23:17:44 +0200] "GET /live-cam/xiaoxiao-cam-11409356/ HTTP/2.0" 200 25435 "-" "Mozilla/5.0 AppleWebKit/537.36 (KHTML, like Gecko; compatible; Claude-SearchBot/1.0; +searchbot@anthropic.com)"
216.73.217.172 - - [28/Jul/2026:23:17:48 +0200] "GET /live-cam/luizag-cam-11493831/ HTTP/2.0" 200 23890 "-" "Mozilla/5.0 AppleWebKit/537.36 (KHTML, like Gecko; compatible; Claude-SearchBot/1.0; +searchbot@anthropic.com)"
216.73.217.172 - - [28/Jul/2026:23:18:07 +0200] "GET /live-cam/penelopelopez-cam-11346842/ HTTP/2.0" 200 25822 "-" "Mozilla/5.0 AppleWebKit/537.36 (KHTML, like Gecko; compatible; Claude-SearchBot/1.0; +searchbot@anthropic.com)"
2a03:4000:59:e65:94e2:deff:fe0e:57ac - - [28/Jul/2026:23:18:11 +0200] "GET /wp-json/arni-tracking/v1/stats?from=2026-07-26&to=2026-07-26 HTTP/2.0" 200 277 "-" "ArNi-CRM/1.0"
2a03:4000:59:e65:94e2:deff:fe0e:57ac - - [28/Jul/2026:23:18:11 +0200] "GET /wp-json/arni-tracking/v1/stats?from=2026-07-27&to=2026-07-27 HTTP/2.0" 200 307 "-" "ArNi-CRM/1.0"
2a03:4000:59:e65:94e2:deff:fe0e:57ac - - [28/Jul/2026:23:18:11 +0200] "GET /wp-json/arni-tracking/v1/stats?from=2026-07-28&to=2026-07-28 HTTP/2.0" 200 307 "-" "ArNi-CRM/1.0"
216.73.217.172 - - [28/Jul/2026:23:18:11 +0200] "GET /live-cam/lanaturner-cam-11459369/ HTTP/2.0" 200 25325 "-" "Mozilla/5.0 AppleWebKit/537.36 (KHTML, like Gecko; compatible; Claude-SearchBot/1.0; +searchbot@anthropic.com)"
2a03:4000:59:e65:94e2:deff:fe0e:57ac - - [28/Jul/2026:23:18:11 +0200] "GET /wp-json/arni-tracking/v1/stats?from=2026-06-29&to=2026-07-28 HTTP/2.0" 200 317 "-" "ArNi-CRM/1.0"
2a03:4000:59:e65:94e2:deff:fe0e:57ac - - [28/Jul/2026:23:18:12 +0200] "GET /wp-json/arni-tracking/v1/pages?from=2026-06-29&to=2026-07-28&limit=100 HTTP/2.0" 200 18257 "-" "ArNi-CRM/1.0"
2a03:4000:59:e65:94e2:deff:fe0e:57ac - - [28/Jul/2026:23:18:12 +0200] "GET /wp-json/arni-tracking/v1/referrers?from=2026-06-29&to=2026-07-28&limit=100 HTTP/2.0" 200 947 "-" "ArNi-CRM/1.0"
2a03:4000:59:e65:94e2:deff:fe0e:57ac - - [28/Jul/2026:23:18:12 +0200] "GET /wp-json/arni-tracking/v1/campaigns?from=2026-06-29&to=2026-07-28&limit=100 HTTP/2.0" 200 78 "-" "ArNi-CRM/1.0"
2a03:4000:59:e65:94e2:deff:fe0e:57ac - - [28/Jul/2026:23:18:12 +0200] "GET /wp-json/arni-tracking/v1/conversions?from=2026-06-29&to=2026-07-28&limit=1000&page=1 HTTP/2.0" 200 46106 "-" "ArNi-CRM/1.0"
2a03:4000:59:e65:94e2:deff:fe0e:57ac - - [28/Jul/2026:23:18:12 +0200] "GET /wp-json/arni-tracking/v1/sessions?from=2026-06-29&to=2026-07-28&limit=500&page=1 HTTP/2.0" 200 178172 "-" "ArNi-CRM/1.0"
216.73.217.172 - - [28/Jul/2026:23:18:22 +0200] "GET /live-cam/pamelacollins-cam-19399984/ HTTP/2.0" 499 0 "-" "Mozilla/5.0 AppleWebKit/537.36 (KHTML, like Gecko; compatible; Claude-SearchBot/1.0; +searchbot@anthropic.com)"
216.73.217.172 - - [28/Jul/2026:23:18:25 +0200] "GET /live-cam/ladyexteme-cam-11502446/ HTTP/2.0" 200 23570 "-" "Mozilla/5.0 AppleWebKit/537.36 (KHTML, like Gecko; compatible; Claude-SearchBot/1.0; +searchbot@anthropic.com)"
216.73.217.172 - - [28/Jul/2026:23:18:28 +0200] "GET /live-cam/annachanel-cam-11428626/ HTTP/2.0" 200 24199 "-" "Mozilla/5.0 AppleWebKit/537.36 (KHTML, like Gecko; compatible; Claude-SearchBot/1.0; +searchbot@anthropic.com)"
216.73.217.172 - - [28/Jul/2026:23:18:30 +0200] "GET /cam/out/latinlizzi-cam-11508183 HTTP/2.0" 301 0 "-" "Mozilla/5.0 AppleWebKit/537.36 (KHTML, like Gecko; compatible; Claude-SearchBot/1.0; +searchbot@anthropic.com)"
41.56.196.202 - - [28/Jul/2026:23:20:46 +0200] "GET /cam/out/vasilisawise-cam-12528866 HTTP/2.0" 301 0 "https://www.taschenmuschi-kaufen.de/" "Mozilla/5.0 (Macintosh; Intel Mac OS X 10_15_7) AppleWebKit/537.36 (KHTML, like Gecko) Chrome/134.0.0.0 Safari/537.36"
2a03:4000:59:e65:94e2:deff:fe0e:57ac - - [28/Jul/2026:23:21:10 +0200] "GET /wp-json/arni-tracking/v1/stats?from=2026-07-26&to=2026-07-26 HTTP/2.0" 200 277 "-" "ArNi-CRM/1.0"
2a03:4000:59:e65:94e2:deff:fe0e:57ac - - [28/Jul/2026:23:21:10 +0200] "GET /wp-json/arni-tracking/v1/stats?from=2026-07-27&to=2026-07-27 HTTP/2.0" 200 307 "-" "ArNi-CRM/1.0"
2a03:4000:59:e65:94e2:deff:fe0e:57ac - - [28/Jul/2026:23:21:10 +0200] "GET /wp-json/arni-tracking/v1/stats?from=2026-07-28&to=2026-07-28 HTTP/2.0" 200 307 "-" "ArNi-CRM/1.0"
2a03:4000:59:e65:94e2:deff:fe0e:57ac - - [28/Jul/2026:23:21:11 +0200] "GET /wp-json/arni-tracking/v1/stats?from=2026-06-29&to=2026-07-28 HTTP/2.0" 200 316 "-" "ArNi-CRM/1.0"
2a03:4000:59:e65:94e2:deff:fe0e:57ac - - [28/Jul/2026:23:21:11 +0200] "GET /wp-json/arni-tracking/v1/pages?from=2026-06-29&to=2026-07-28&limit=100 HTTP/2.0" 200 18257 "-" "ArNi-CRM/1.0"
2a03:4000:59:e65:94e2:deff:fe0e:57ac - - [28/Jul/2026:23:21:11 +0200] "GET /wp-json/arni-tracking/v1/referrers?from=2026-06-29&to=2026-07-28&limit=100 HTTP/2.0" 200 947 "-" "ArNi-CRM/1.0"
2a03:4000:59:e65:94e2:deff:fe0e:57ac - - [28/Jul/2026:23:21:11 +0200] "GET /wp-json/arni-tracking/v1/campaigns?from=2026-06-29&to=2026-07-28&limit=100 HTTP/2.0" 200 78 "-" "ArNi-CRM/1.0"
2a03:4000:59:e65:94e2:deff:fe0e:57ac - - [28/Jul/2026:23:21:11 +0200] "GET /wp-json/arni-tracking/v1/conversions?from=2026-06-29&to=2026-07-28&limit=1000&page=1 HTTP/2.0" 200 46106 "-" "ArNi-CRM/1.0"
2a03:4000:59:e65:94e2:deff:fe0e:57ac - - [28/Jul/2026:23:21:12 +0200] "GET /wp-json/arni-tracking/v1/sessions?from=2026-06-29&to=2026-07-28&limit=500&page=1 HTTP/2.0" 200 178164 "-" "ArNi-CRM/1.0"
216.73.217.172 - - [28/Jul/2026:23:21:38 +0200] "GET /live-cam/amarasecret-cam-19231145/ HTTP/2.0" 200 25929 "-" "Mozilla/5.0 AppleWebKit/537.36 (KHTML, like Gecko; compatible; Claude-SearchBot/1.0; +searchbot@anthropic.com)"
216.73.217.172 - - [28/Jul/2026:23:21:42 +0200] "GET /live-cam/kisha-cam-11433107/ HTTP/2.0" 200 25045 "-" "Mozilla/5.0 AppleWebKit/537.36 (KHTML, like Gecko; compatible; Claude-SearchBot/1.0; +searchbot@anthropic.com)"
216.73.217.172 - - [28/Jul/2026:23:21:45 +0200] "GET /cam/out/crystalblair-cam-11496657 HTTP/2.0" 301 0 "-" "Mozilla/5.0 AppleWebKit/537.36 (KHTML, like Gecko; compatible; Claude-SearchBot/1.0; +searchbot@anthropic.com)"
216.73.217.172 - - [28/Jul/2026:23:21:50 +0200] "GET /live-cam/katherynwinnick-cam-11386651/ HTTP/2.0" 200 25841 "-" "Mozilla/5.0 AppleWebKit/537.36 (KHTML, like Gecko; compatible; Claude-SearchBot/1.0; +searchbot@anthropic.com)"
216.73.217.172 - - [28/Jul/2026:23:21:51 +0200] "GET /cam/out/arielkane-cam-11516278 HTTP/2.0" 301 0 "-" "Mozilla/5.0 AppleWebKit/537.36 (KHTML, like Gecko; compatible; Claude-SearchBot/1.0; +searchbot@anthropic.com)"
216.73.217.172 - - [28/Jul/2026:23:21:54 +0200] "GET /live-cam/latinlizzi-cam-11508183/ HTTP/2.0" 200 24596 "-" "Mozilla/5.0 AppleWebKit/537.36 (KHTML, like Gecko; compatible; Claude-SearchBot/1.0; +searchbot@anthropic.com)"
43.153.123.3 - - [28/Jul/2026:23:22:44 +0200] "GET /live-cam/noracollins-cam-19333792/ HTTP/2.0" 200 25902 "-" "Mozilla/5.0 (iPhone; CPU iPhone OS 13_2_3 like Mac OS X) AppleWebKit/605.1.15 (KHTML, like Gecko) Version/13.0.3 Mobile/15E148 Safari/604.1"
216.73.217.172 - - [28/Jul/2026:23:23:01 +0200] "GET /live-cam/alessaboner-cam-11421001/ HTTP/2.0" 200 25461 "-" "Mozilla/5.0 AppleWebKit/537.36 (KHTML, like Gecko; compatible; Claude-SearchBot/1.0; +searchbot@anthropic.com)"
216.73.217.172 - - [28/Jul/2026:23:23:03 +0200] "GET /cam/out/kaylinrose-cam-11524917 HTTP/2.0" 301 0 "-" "Mozilla/5.0 AppleWebKit/537.36 (KHTML, like Gecko; compatible; Claude-SearchBot/1.0; +searchbot@anthropic.com)"
216.73.217.172 - - [28/Jul/2026:23:23:06 +0200] "GET /live-cam/arielkane-cam-11516278/ HTTP/2.0" 200 25581 "-" "Mozilla/5.0 AppleWebKit/537.36 (KHTML, like Gecko; compatible; Claude-SearchBot/1.0; +searchbot@anthropic.com)"
216.73.217.172 - - [28/Jul/2026:23:23:13 +0200] "GET /live-cam/debbierhodes-cam-11422125/ HTTP/2.0" 200 25595 "-" "Mozilla/5.0 AppleWebKit/537.36 (KHTML, like Gecko; compatible; Claude-SearchBot/1.0; +searchbot@anthropic.com)"
216.73.217.172 - - [28/Jul/2026:23:23:15 +0200] "GET /cam/out/alessaboner-cam-11421001 HTTP/2.0" 301 0 "-" "Mozilla/5.0 AppleWebKit/537.36 (KHTML, like Gecko; compatible; Claude-SearchBot/1.0; +searchbot@anthropic.com)"
216.73.217.172 - - [28/Jul/2026:23:23:20 +0200] "GET /live-cam/zlatka-cam-11339403/ HTTP/2.0" 200 27092 "-" "Mozilla/5.0 AppleWebKit/537.36 (KHTML, like Gecko; compatible; Claude-SearchBot/1.0; +searchbot@anthropic.com)"
47.82.11.129 - - [28/Jul/2026:23:23:58 +0200] "GET /live-cam/alessaboner-cam-11421001/ HTTP/2.0" 200 25461 "https://www.taschenmuschi-kaufen.de/" "Mozilla/5.0 (Windows NT 10.0; Win64; x64) AppleWebKit/537.36 (KHTML, like Gecko) Chrome/135.0.0.0 Safari/537.36 Edg/135.0.0.0"
2a03:4000:59:e65:94e2:deff:fe0e:57ac - - [28/Jul/2026:23:24:10 +0200] "GET /wp-json/arni-tracking/v1/stats?from=2026-07-26&to=2026-07-26 HTTP/2.0" 200 277 "-" "ArNi-CRM/1.0"
2a03:4000:59:e65:94e2:deff:fe0e:57ac - - [28/Jul/2026:23:24:11 +0200] "GET /wp-json/arni-tracking/v1/stats?from=2026-07-27&to=2026-07-27 HTTP/2.0" 200 307 "-" "ArNi-CRM/1.0"
2a03:4000:59:e65:94e2:deff:fe0e:57ac - - [28/Jul/2026:23:24:11 +0200] "GET /wp-json/arni-tracking/v1/stats?from=2026-07-28&to=2026-07-28 HTTP/2.0" 200 307 "-" "ArNi-CRM/1.0"
2a03:4000:59:e65:94e2:deff:fe0e:57ac - - [28/Jul/2026:23:24:11 +0200] "GET /wp-json/arni-tracking/v1/stats?from=2026-06-29&to=2026-07-28 HTTP/2.0" 200 316 "-" "ArNi-CRM/1.0"
2a03:4000:59:e65:94e2:deff:fe0e:57ac - - [28/Jul/2026:23:24:11 +0200] "GET /wp-json/arni-tracking/v1/pages?from=2026-06-29&to=2026-07-28&limit=100 HTTP/2.0" 200 18257 "-" "ArNi-CRM/1.0"
2a03:4000:59:e65:94e2:deff:fe0e:57ac - - [28/Jul/2026:23:24:12 +0200] "GET /wp-json/arni-tracking/v1/referrers?from=2026-06-29&to=2026-07-28&limit=100 HTTP/2.0" 200 947 "-" "ArNi-CRM/1.0"
2a03:4000:59:e65:94e2:deff:fe0e:57ac - - [28/Jul/2026:23:24:12 +0200] "GET /wp-json/arni-tracking/v1/campaigns?from=2026-06-29&to=2026-07-28&limit=100 HTTP/2.0" 200 78 "-" "ArNi-CRM/1.0"
2a03:4000:59:e65:94e2:deff:fe0e:57ac - - [28/Jul/2026:23:24:12 +0200] "GET /wp-json/arni-tracking/v1/conversions?from=2026-06-29&to=2026-07-28&limit=1000&page=1 HTTP/2.0" 200 46106 "-" "ArNi-CRM/1.0"
2a03:4000:59:e65:94e2:deff:fe0e:57ac - - [28/Jul/2026:23:24:12 +0200] "GET /wp-json/arni-tracking/v1/sessions?from=2026-06-29&to=2026-07-28&limit=500&page=1 HTTP/2.0" 200 178274 "-" "ArNi-CRM/1.0"
216.73.217.172 - - [28/Jul/2026:23:24:32 +0200] "GET /live-cam/zarahayes-cam-11392846/ HTTP/2.0" 200 25584 "-" "Mozilla/5.0 AppleWebKit/537.36 (KHTML, like Gecko; compatible; Claude-SearchBot/1.0; +searchbot@anthropic.com)"
216.73.217.172 - - [28/Jul/2026:23:24:33 +0200] "GET /cam/out/victoriaqueen-cam-11360430 HTTP/2.0" 301 0 "-" "Mozilla/5.0 AppleWebKit/537.36 (KHTML, like Gecko; compatible; Claude-SearchBot/1.0; +searchbot@anthropic.com)"
216.73.217.172 - - [28/Jul/2026:23:24:39 +0200] "GET /live-cam/giaadams-cam-11400392/ HTTP/2.0" 200 25229 "-" "Mozilla/5.0 AppleWebKit/537.36 (KHTML, like Gecko; compatible; Claude-SearchBot/1.0; +searchbot@anthropic.com)"
216.73.217.172 - - [28/Jul/2026:23:24:44 +0200] "GET /live-cam/annedavis-cam-11467081/ HTTP/2.0" 200 25289 "-" "Mozilla/5.0 AppleWebKit/537.36 (KHTML, like Gecko; compatible; Claude-SearchBot/1.0; +searchbot@anthropic.com)"
216.73.217.172 - - [28/Jul/2026:23:24:47 +0200] "GET /live-cam/paulina-ferrer-cam-11396868/ HTTP/2.0" 200 24995 "-" "Mozilla/5.0 AppleWebKit/537.36 (KHTML, like Gecko; compatible; Claude-SearchBot/1.0; +searchbot@anthropic.com)"
216.73.217.172 - - [28/Jul/2026:23:25:27 +0200] "GET /live-cam/sweetalina22-cam-11370065/ HTTP/2.0" 200 26990 "-" "Mozilla/5.0 AppleWebKit/537.36 (KHTML, like Gecko; compatible; Claude-SearchBot/1.0; +searchbot@anthropic.com)"
216.73.217.172 - - [28/Jul/2026:23:25:33 +0200] "GET /live-cam/hotfunanna-cam-11477119/ HTTP/2.0" 200 25302 "-" "Mozilla/5.0 AppleWebKit/537.36 (KHTML, like Gecko; compatible; Claude-SearchBot/1.0; +searchbot@anthropic.com)"
216.73.217.172 - - [28/Jul/2026:23:25:35 +0200] "GET /live-cam/biancacruz-cam-11341362/ HTTP/2.0" 200 25599 "-" "Mozilla/5.0 AppleWebKit/537.36 (KHTML, like Gecko; compatible; Claude-SearchBot/1.0; +searchbot@anthropic.com)"
216.73.217.172 - - [28/Jul/2026:23:25:41 +0200] "GET /live-cam/dominikabecker-cam-11466161/ HTTP/2.0" 200 25664 "-" "Mozilla/5.0 AppleWebKit/537.36 (KHTML, like Gecko; compatible; Claude-SearchBot/1.0; +searchbot@anthropic.com)"
216.73.217.172 - - [28/Jul/2026:23:25:46 +0200] "GET /live-cam/chloerosse-cam-11506654/ HTTP/2.0" 200 25844 "-" "Mozilla/5.0 AppleWebKit/537.36 (KHTML, like Gecko; compatible; Claude-SearchBot/1.0; +searchbot@anthropic.com)"
216.73.217.172 - - [28/Jul/2026:23:26:43 +0200] "GET /?p=213627 HTTP/2.0" 301 0 "-" "Mozilla/5.0 AppleWebKit/537.36 (KHTML, like Gecko; compatible; Claude-SearchBot/1.0; +searchbot@anthropic.com)"
216.73.217.172 - - [28/Jul/2026:23:26:48 +0200] "GET /live-cam/rongrong-cam-11399346/ HTTP/2.0" 200 24436 "https://www.taschenmuschi-kaufen.de/?p=213627" "Mozilla/5.0 AppleWebKit/537.36 (KHTML, like Gecko; compatible; Claude-SearchBot/1.0; +searchbot@anthropic.com)"
216.73.217.172 - - [28/Jul/2026:23:26:48 +0200] "GET /?p=213541 HTTP/2.0" 301 0 "-" "Mozilla/5.0 AppleWebKit/537.36 (KHTML, like Gecko; compatible; Claude-SearchBot/1.0; +searchbot@anthropic.com)"
216.73.217.172 - - [28/Jul/2026:23:26:48 +0200] "GET /live-cam/katherynwinnick-cam-11386651/ HTTP/2.0" 200 25841 "https://www.taschenmuschi-kaufen.de/?p=213541" "Mozilla/5.0 AppleWebKit/537.36 (KHTML, like Gecko; compatible; Claude-SearchBot/1.0; +searchbot@anthropic.com)"
216.73.217.172 - - [28/Jul/2026:23:26:51 +0200] "GET /wp-sitemap.xml HTTP/2.0" 200 1031 "-" "Mozilla/5.0 AppleWebKit/537.36 (KHTML, like Gecko; compatible; Claude-SearchBot/1.0; +searchbot@anthropic.com)"
62.138.2.160 - - [28/Jul/2026:23:26:56 +0200] "GET /wp-content/uploads/2026/05/31027130_1280-3-150x150.jpg HTTP/2.0" 200 4917 "https://www.taschenmuschi-kaufen.de/live-cam/enigma-cam-12286371/" "Mozilla/5.0 (Macintosh; Intel Mac OS X 10.15; rv:103.0) Gecko/20100101 Firefox/103.0"
2a03:4000:59:e65:94e2:deff:fe0e:57ac - - [28/Jul/2026:23:27:11 +0200] "GET /wp-json/arni-tracking/v1/stats?from=2026-07-26&to=2026-07-26 HTTP/2.0" 200 277 "-" "ArNi-CRM/1.0"
2a03:4000:59:e65:94e2:deff:fe0e:57ac - - [28/Jul/2026:23:27:11 +0200] "GET /wp-json/arni-tracking/v1/stats?from=2026-07-27&to=2026-07-27 HTTP/2.0" 200 307 "-" "ArNi-CRM/1.0"
2a03:4000:59:e65:94e2:deff:fe0e:57ac - - [28/Jul/2026:23:27:11 +0200] "GET /wp-json/arni-tracking/v1/stats?from=2026-07-28&to=2026-07-28 HTTP/2.0" 200 307 "-" "ArNi-CRM/1.0"
2a03:4000:59:e65:94e2:deff:fe0e:57ac - - [28/Jul/2026:23:27:11 +0200] "GET /wp-json/arni-tracking/v1/stats?from=2026-06-29&to=2026-07-28 HTTP/2.0" 200 316 "-" "ArNi-CRM/1.0"
2a03:4000:59:e65:94e2:deff:fe0e:57ac - - [28/Jul/2026:23:27:11 +0200] "GET /wp-json/arni-tracking/v1/pages?from=2026-06-29&to=2026-07-28&limit=100 HTTP/2.0" 200 18257 "-" "ArNi-CRM/1.0"
2a03:4000:59:e65:94e2:deff:fe0e:57ac - - [28/Jul/2026:23:27:12 +0200] "GET /wp-json/arni-tracking/v1/referrers?from=2026-06-29&to=2026-07-28&limit=100 HTTP/2.0" 200 947 "-" "ArNi-CRM/1.0"
2a03:4000:59:e65:94e2:deff:fe0e:57ac - - [28/Jul/2026:23:27:12 +0200] "GET /wp-json/arni-tracking/v1/campaigns?from=2026-06-29&to=2026-07-28&limit=100 HTTP/2.0" 200 78 "-" "ArNi-CRM/1.0"
2a03:4000:59:e65:94e2:deff:fe0e:57ac - - [28/Jul/2026:23:27:12 +0200] "GET /wp-json/arni-tracking/v1/conversions?from=2026-06-29&to=2026-07-28&limit=1000&page=1 HTTP/2.0" 200 46106 "-" "ArNi-CRM/1.0"
2a03:4000:59:e65:94e2:deff:fe0e:57ac - - [28/Jul/2026:23:27:12 +0200] "GET /wp-json/arni-tracking/v1/sessions?from=2026-06-29&to=2026-07-28&limit=500&page=1 HTTP/2.0" 200 178274 "-" "ArNi-CRM/1.0"
216.73.217.172 - - [28/Jul/2026:23:27:34 +0200] "GET /?p=213231 HTTP/2.0" 301 0 "-" "Mozilla/5.0 AppleWebKit/537.36 (KHTML, like Gecko; compatible; Claude-SearchBot/1.0; +searchbot@anthropic.com)"
216.73.217.172 - - [28/Jul/2026:23:27:38 +0200] "GET /live-cam/naomicastillo-cam-10996658/ HTTP/2.0" 200 25734 "https://www.taschenmuschi-kaufen.de/?p=213231" "Mozilla/5.0 AppleWebKit/537.36 (KHTML, like Gecko; compatible; Claude-SearchBot/1.0; +searchbot@anthropic.com)"
216.73.217.172 - - [28/Jul/2026:23:27:39 +0200] "GET /?p=220068 HTTP/2.0" 301 0 "-" "Mozilla/5.0 AppleWebKit/537.36 (KHTML, like Gecko; compatible; Claude-SearchBot/1.0; +searchbot@anthropic.com)"
216.73.217.172 - - [28/Jul/2026:23:27:39 +0200] "GET /live-cam/sorellakobia-cam-19381402/ HTTP/2.0" 200 26256 "https://www.taschenmuschi-kaufen.de/?p=220068" "Mozilla/5.0 AppleWebKit/537.36 (KHTML, like Gecko; compatible; Claude-SearchBot/1.0; +searchbot@anthropic.com)"
216.73.217.172 - - [28/Jul/2026:23:27:42 +0200] "GET /?p=213897 HTTP/2.0" 301 0 "-" "Mozilla/5.0 AppleWebKit/537.36 (KHTML, like Gecko; compatible; Claude-SearchBot/1.0; +searchbot@anthropic.com)"
216.73.217.172 - - [28/Jul/2026:23:27:42 +0200] "GET /live-cam/debbierhodes-cam-11422125/ HTTP/2.0" 200 25595 "https://www.taschenmuschi-kaufen.de/?p=213897" "Mozilla/5.0 AppleWebKit/537.36 (KHTML, like Gecko; compatible; Claude-SearchBot/1.0; +searchbot@anthropic.com)"
216.73.217.172 - - [28/Jul/2026:23:28:44 +0200] "GET /?p=213256 HTTP/2.0" 301 0 "-" "Mozilla/5.0 AppleWebKit/537.36 (KHTML, like Gecko; compatible; Claude-SearchBot/1.0; +searchbot@anthropic.com)"
216.73.217.172 - - [28/Jul/2026:23:28:44 +0200] "GET /live-cam/vivianfox-cam-11001752/ HTTP/2.0" 200 25777 "https://www.taschenmuschi-kaufen.de/?p=213256" "Mozilla/5.0 AppleWebKit/537.36 (KHTML, like Gecko; compatible; Claude-SearchBot/1.0; +searchbot@anthropic.com)"
216.73.217.172 - - [28/Jul/2026:23:28:51 +0200] "GET /live-cam/rubyvalentine-cam-12298526/ HTTP/2.0" 200 25992 "-" "Mozilla/5.0 AppleWebKit/537.36 (KHTML, like Gecko; compatible; Claude-SearchBot/1.0; +searchbot@anthropic.com)"
216.73.217.172 - - [28/Jul/2026:23:28:52 +0200] "GET /?p=213889 HTTP/2.0" 301 0 "-" "Mozilla/5.0 AppleWebKit/537.36 (KHTML, like Gecko; compatible; Claude-SearchBot/1.0; +searchbot@anthropic.com)"
216.73.217.172 - - [28/Jul/2026:23:28:52 +0200] "GET /live-cam/sayam20-cam-11433236/ HTTP/2.0" 200 24302 "https://www.taschenmuschi-kaufen.de/?p=213889" "Mozilla/5.0 AppleWebKit/537.36 (KHTML, like Gecko; compatible; Claude-SearchBot/1.0; +searchbot@anthropic.com)"
52.167.144.169 - - [28/Jul/2026:23:29:29 +0200] "GET /produkt/onaholes/tama-toys-ashikoki-schoolgirl-foot-masturbator-right/ HTTP/2.0" 200 25520 "-" "Mozilla/5.0 AppleWebKit/537.36 (KHTML, like Gecko; compatible; bingbot/2.0; +http://www.bing.com/bingbot.htm) Chrome/116.0.1938.76 Safari/537.36"
52.167.144.184 - - [28/Jul/2026:23:29:31 +0200] "GET /produkt/fairy/fairy-orgaster-denman-aufsatz-3fach-vibrator-attachment/ HTTP/2.0" 200 25549 "-" "Mozilla/5.0 AppleWebKit/537.36 (KHTML, like Gecko; compatible; bingbot/2.0; +http://www.bing.com/bingbot.htm) Chrome/116.0.1938.76 Safari/537.36"
52.167.144.184 - - [28/Jul/2026:23:29:31 +0200] "GET /live-cam/riverdale-cam-10356723/ HTTP/2.0" 200 25948 "-" "Mozilla/5.0 AppleWebKit/537.36 (KHTML, like Gecko; compatible; bingbot/2.0; +http://www.bing.com/bingbot.htm) Chrome/116.0.1938.76 Safari/537.36"
52.167.144.221 - - [28/Jul/2026:23:29:33 +0200] "GET /live-cam/sallydeluxe-cam-18775120/ HTTP/2.0" 200 25516 "-" "Mozilla/5.0 AppleWebKit/537.36 (KHTML, like Gecko; compatible; bingbot/2.0; +http://www.bing.com/bingbot.htm) Chrome/116.0.1938.76 Safari/537.36"
52.167.144.184 - - [28/Jul/2026:23:29:33 +0200] "GET /live-cam/sandywild-cam-10873683/ HTTP/2.0" 200 25799 "-" "Mozilla/5.0 AppleWebKit/537.36 (KHTML, like Gecko; compatible; bingbot/2.0; +http://www.bing.com/bingbot.htm) Chrome/116.0.1938.76 Safari/537.36"
52.167.144.221 - - [28/Jul/2026:23:29:36 +0200] "GET /produkt/onaholes/ride-japan-virgin-loop-cool-japan-onahole/ HTTP/2.0" 200 25334 "-" "Mozilla/5.0 AppleWebKit/537.36 (KHTML, like Gecko; compatible; bingbot/2.0; +http://www.bing.com/bingbot.htm) Chrome/116.0.1938.76 Safari/537.36"
216.73.217.172 - - [28/Jul/2026:23:30:10 +0200] "GET /?p=213753 HTTP/2.0" 301 0 "-" "Mozilla/5.0 AppleWebKit/537.36 (KHTML, like Gecko; compatible; Claude-SearchBot/1.0; +searchbot@anthropic.com)"
216.73.217.172 - - [28/Jul/2026:23:30:10 +0200] "GET /live-cam/xiaoxiao-cam-11409356/ HTTP/2.0" 200 25435 "https://www.taschenmuschi-kaufen.de/?p=213753" "Mozilla/5.0 AppleWebKit/537.36 (KHTML, like Gecko; compatible; Claude-SearchBot/1.0; +searchbot@anthropic.com)"
216.73.217.172 - - [28/Jul/2026:23:30:11 +0200] "GET /?p=213252 HTTP/2.0" 301 0 "-" "Mozilla/5.0 AppleWebKit/537.36 (KHTML, like Gecko; compatible; Claude-SearchBot/1.0; +searchbot@anthropic.com)"
2a03:4000:59:e65:94e2:deff:fe0e:57ac - - [28/Jul/2026:23:30:12 +0200] "GET /wp-json/arni-tracking/v1/stats?from=2026-07-26&to=2026-07-26 HTTP/2.0" 200 277 "-" "ArNi-CRM/1.0"
2a03:4000:59:e65:94e2:deff:fe0e:57ac - - [28/Jul/2026:23:30:12 +0200] "GET /wp-json/arni-tracking/v1/stats?from=2026-07-27&to=2026-07-27 HTTP/2.0" 200 307 "-" "ArNi-CRM/1.0"
2a03:4000:59:e65:94e2:deff:fe0e:57ac - - [28/Jul/2026:23:30:13 +0200] "GET /wp-json/arni-tracking/v1/stats?from=2026-07-28&to=2026-07-28 HTTP/2.0" 200 307 "-" "ArNi-CRM/1.0"
2a03:4000:59:e65:94e2:deff:fe0e:57ac - - [28/Jul/2026:23:30:13 +0200] "GET /wp-json/arni-tracking/v1/stats?from=2026-06-29&to=2026-07-28 HTTP/2.0" 200 316 "-" "ArNi-CRM/1.0"
2a03:4000:59:e65:94e2:deff:fe0e:57ac - - [28/Jul/2026:23:30:13 +0200] "GET /wp-json/arni-tracking/v1/pages?from=2026-06-29&to=2026-07-28&limit=100 HTTP/2.0" 200 18257 "-" "ArNi-CRM/1.0"
2a03:4000:59:e65:94e2:deff:fe0e:57ac - - [28/Jul/2026:23:30:13 +0200] "GET /wp-json/arni-tracking/v1/referrers?from=2026-06-29&to=2026-07-28&limit=100 HTTP/2.0" 200 947 "-" "ArNi-CRM/1.0"
2a03:4000:59:e65:94e2:deff:fe0e:57ac - - [28/Jul/2026:23:30:14 +0200] "GET /wp-json/arni-tracking/v1/campaigns?from=2026-06-29&to=2026-07-28&limit=100 HTTP/2.0" 200 78 "-" "ArNi-CRM/1.0"
2a03:4000:59:e65:94e2:deff:fe0e:57ac - - [28/Jul/2026:23:30:14 +0200] "GET /wp-json/arni-tracking/v1/conversions?from=2026-06-29&to=2026-07-28&limit=1000&page=1 HTTP/2.0" 200 46106 "-" "ArNi-CRM/1.0"
2a03:4000:59:e65:94e2:deff:fe0e:57ac - - [28/Jul/2026:23:30:14 +0200] "GET /wp-json/arni-tracking/v1/sessions?from=2026-06-29&to=2026-07-28&limit=500&page=1 HTTP/2.0" 200 178274 "-" "ArNi-CRM/1.0"
113.180.218.127 - - [28/Jul/2026:23:30:15 +0200] "GET /cam/out/irinafox-cam-18950803 HTTP/2.0" 301 0 "https://www.taschenmuschi-kaufen.de/" "Mozilla/5.0 (Windows NT 10.0; Win64; x64) AppleWebKit/537.36 (KHTML, like Gecko) Chrome/134.0.0.0 Safari/537.36 Edg/134.0.0.0"
216.73.217.172 - - [28/Jul/2026:23:30:15 +0200] "GET /live-cam/juyjhg234-cam-11375390/ HTTP/2.0" 200 25425 "https://www.taschenmuschi-kaufen.de/?p=213252" "Mozilla/5.0 AppleWebKit/537.36 (KHTML, like Gecko; compatible; Claude-SearchBot/1.0; +searchbot@anthropic.com)"
216.73.217.172 - - [28/Jul/2026:23:30:17 +0200] "GET /?p=213562 HTTP/2.0" 301 0 "-" "Mozilla/5.0 AppleWebKit/537.36 (KHTML, like Gecko; compatible; Claude-SearchBot/1.0; +searchbot@anthropic.com)"
216.73.217.172 - - [28/Jul/2026:23:30:20 +0200] "GET /live-cam/eniawilliams-cam-11388179/ HTTP/2.0" 200 25609 "https://www.taschenmuschi-kaufen.de/?p=213562" "Mozilla/5.0 AppleWebKit/537.36 (KHTML, like Gecko; compatible; Claude-SearchBot/1.0; +searchbot@anthropic.com)"
43.157.52.37 - - [28/Jul/2026:23:32:23 +0200] "GET /live-cam/georgina-cam-12703094/ HTTP/2.0" 200 25969 "-" "Mozilla/5.0 (iPhone; CPU iPhone OS 13_2_3 like Mac OS X) AppleWebKit/605.1.15 (KHTML, like Gecko) Version/13.0.3 Mobile/15E148 Safari/604.1"
216.73.217.172 - - [28/Jul/2026:23:32:30 +0200] "GET /?p=214444 HTTP/2.0" 301 0 "-" "Mozilla/5.0 AppleWebKit/537.36 (KHTML, like Gecko; compatible; Claude-SearchBot/1.0; +searchbot@anthropic.com)"
216.73.217.172 - - [28/Jul/2026:23:32:31 +0200] "GET /live-cam/lanaturner-cam-11459369/ HTTP/2.0" 200 25325 "https://www.taschenmuschi-kaufen.de/?p=214444" "Mozilla/5.0 AppleWebKit/537.36 (KHTML, like Gecko; compatible; Claude-SearchBot/1.0; +searchbot@anthropic.com)"
216.73.217.172 - - [28/Jul/2026:23:32:32 +0200] "GET /?p=213131 HTTP/2.0" 301 0 "-" "Mozilla/5.0 AppleWebKit/537.36 (KHTML, like Gecko; compatible; Claude-SearchBot/1.0; +searchbot@anthropic.com)"
216.73.217.172 - - [28/Jul/2026:23:32:35 +0200] "GET /live-cam/kloesexy-cam-10990854/ HTTP/2.0" 200 25618 "https://www.taschenmuschi-kaufen.de/?p=213131" "Mozilla/5.0 AppleWebKit/537.36 (KHTML, like Gecko; compatible; Claude-SearchBot/1.0; +searchbot@anthropic.com)"
216.73.217.172 - - [28/Jul/2026:23:32:35 +0200] "GET /?p=213648 HTTP/2.0" 301 0 "-" "Mozilla/5.0 AppleWebKit/537.36 (KHTML, like Gecko; compatible; Claude-SearchBot/1.0; +searchbot@anthropic.com)"
216.73.217.172 - - [28/Jul/2026:23:32:36 +0200] "GET /live-cam/zarahayes-cam-11392846/ HTTP/2.0" 200 25584 "https://www.taschenmuschi-kaufen.de/?p=213648" "Mozilla/5.0 AppleWebKit/537.36 (KHTML, like Gecko; compatible; Claude-SearchBot/1.0; +searchbot@anthropic.com)"
52.167.144.221 - - [28/Jul/2026:23:32:44 +0200] "GET /live-cam/amazingarsch-cam-8460003/ HTTP/2.0" 404 17632 "-" "Mozilla/5.0 AppleWebKit/537.36 (KHTML, like Gecko; compatible; bingbot/2.0; +http://www.bing.com/bingbot.htm) Chrome/116.0.1938.76 Safari/537.36"
2a03:4000:59:e65:94e2:deff:fe0e:57ac - - [28/Jul/2026:23:33:10 +0200] "GET /wp-json/arni-tracking/v1/stats?from=2026-07-26&to=2026-07-26 HTTP/2.0" 200 277 "-" "ArNi-CRM/1.0"
2a03:4000:59:e65:94e2:deff:fe0e:57ac - - [28/Jul/2026:23:33:10 +0200] "GET /wp-json/arni-tracking/v1/stats?from=2026-07-27&to=2026-07-27 HTTP/2.0" 200 307 "-" "ArNi-CRM/1.0"
2a03:4000:59:e65:94e2:deff:fe0e:57ac - - [28/Jul/2026:23:33:10 +0200] "GET /wp-json/arni-tracking/v1/stats?from=2026-07-28&to=2026-07-28 HTTP/2.0" 200 307 "-" "ArNi-CRM/1.0"
2a03:4000:59:e65:94e2:deff:fe0e:57ac - - [28/Jul/2026:23:33:11 +0200] "GET /wp-json/arni-tracking/v1/stats?from=2026-06-29&to=2026-07-28 HTTP/2.0" 200 316 "-" "ArNi-CRM/1.0"
2a03:4000:59:e65:94e2:deff:fe0e:57ac - - [28/Jul/2026:23:33:11 +0200] "GET /wp-json/arni-tracking/v1/pages?from=2026-06-29&to=2026-07-28&limit=100 HTTP/2.0" 200 18257 "-" "ArNi-CRM/1.0"
2a03:4000:59:e65:94e2:deff:fe0e:57ac - - [28/Jul/2026:23:33:11 +0200] "GET /wp-json/arni-tracking/v1/referrers?from=2026-06-29&to=2026-07-28&limit=100 HTTP/2.0" 200 947 "-" "ArNi-CRM/1.0"
2a03:4000:59:e65:94e2:deff:fe0e:57ac - - [28/Jul/2026:23:33:11 +0200] "GET /wp-json/arni-tracking/v1/campaigns?from=2026-06-29&to=2026-07-28&limit=100 HTTP/2.0" 200 78 "-" "ArNi-CRM/1.0"
2a03:4000:59:e65:94e2:deff:fe0e:57ac - - [28/Jul/2026:23:33:11 +0200] "GET /wp-json/arni-tracking/v1/conversions?from=2026-06-29&to=2026-07-28&limit=1000&page=1 HTTP/2.0" 200 46106 "-" "ArNi-CRM/1.0"
2a03:4000:59:e65:94e2:deff:fe0e:57ac - - [28/Jul/2026:23:33:12 +0200] "GET /wp-json/arni-tracking/v1/sessions?from=2026-06-29&to=2026-07-28&limit=500&page=1 HTTP/2.0" 200 178481 "-" "ArNi-CRM/1.0"
52.167.144.184 - - [28/Jul/2026:23:33:52 +0200] "GET /live-cam/terimarie-cam-11576540/ HTTP/2.0" 200 25623 "-" "Mozilla/5.0 AppleWebKit/537.36 (KHTML, like Gecko; compatible; bingbot/2.0; +http://www.bing.com/bingbot.htm) Chrome/116.0.1938.76 Safari/537.36"
52.167.144.169 - - [28/Jul/2026:23:33:58 +0200] "GET /live-cam/gamercoupledelux-cam-10943998/ HTTP/2.0" 200 24619 "-" "Mozilla/5.0 AppleWebKit/537.36 (KHTML, like Gecko; compatible; bingbot/2.0; +http://www.bing.com/bingbot.htm) Chrome/116.0.1938.76 Safari/537.36"
52.167.144.169 - - [28/Jul/2026:23:35:30 +0200] "GET /produkt/onaholes/a-one-mega-slide-f000719/ HTTP/2.0" 200 25631 "-" "Mozilla/5.0 AppleWebKit/537.36 (KHTML, like Gecko; compatible; bingbot/2.0; +http://www.bing.com/bingbot.htm) Chrome/116.0.1938.76 Safari/537.36"
40.77.167.224 - - [28/Jul/2026:23:35:33 +0200] "GET /live-cam/anastasiabunny-cam-9566053/ HTTP/2.0" 200 25664 "-" "Mozilla/5.0 AppleWebKit/537.36 (KHTML, like Gecko; compatible; bingbot/2.0; +http://www.bing.com/bingbot.htm) Chrome/116.0.1938.76 Safari/537.36"
52.167.144.221 - - [28/Jul/2026:23:35:33 +0200] "GET /live-cam/danisahne82-cam-11471442/ HTTP/2.0" 200 23523 "-" "Mozilla/5.0 AppleWebKit/537.36 (KHTML, like Gecko; compatible; bingbot/2.0; +http://www.bing.com/bingbot.htm) Chrome/116.0.1938.76 Safari/537.36"
40.77.167.224 - - [28/Jul/2026:23:35:36 +0200] "GET /live-cam/selinaviolet-cam-10807656/ HTTP/2.0" 200 26088 "-" "Mozilla/5.0 AppleWebKit/537.36 (KHTML, like Gecko; compatible; bingbot/2.0; +http://www.bing.com/bingbot.htm) Chrome/116.0.1938.76 Safari/537.36"
52.167.144.221 - - [28/Jul/2026:23:35:37 +0200] "GET /live-cam/quenntupii-cam-14155641/ HTTP/2.0" 200 25635 "-" "Mozilla/5.0 AppleWebKit/537.36 (KHTML, like Gecko; compatible; bingbot/2.0; +http://www.bing.com/bingbot.htm) Chrome/116.0.1938.76 Safari/537.36"
52.167.144.169 - - [28/Jul/2026:23:35:45 +0200] "GET /live-cam/emma6-cam-18571514/ HTTP/2.0" 200 25469 "-" "Mozilla/5.0 AppleWebKit/537.36 (KHTML, like Gecko; compatible; bingbot/2.0; +http://www.bing.com/bingbot.htm) Chrome/116.0.1938.76 Safari/537.36"
40.77.167.224 - - [28/Jul/2026:23:35:50 +0200] "GET /produkt/masturbatoren/vorze-a10-cyclone-sa-inner-sleeve-ride-i/ HTTP/2.0" 200 25575 "-" "Mozilla/5.0 AppleWebKit/537.36 (KHTML, like Gecko; compatible; bingbot/2.0; +http://www.bing.com/bingbot.htm) Chrome/116.0.1938.76 Safari/537.36"
216.73.217.172 - - [28/Jul/2026:23:35:52 +0200] "GET /robots.txt HTTP/1.1" 301 169 "-" "Mozilla/5.0 AppleWebKit/537.36 (KHTML, like Gecko; compatible; Claude-SearchBot/1.0; +searchbot@anthropic.com)"
216.73.217.172 - - [28/Jul/2026:23:35:52 +0200] "GET /sitemap.xml HTTP/1.1" 301 169 "-" "Mozilla/5.0 AppleWebKit/537.36 (KHTML, like Gecko; compatible; Claude-SearchBot/1.0; +searchbot@anthropic.com)"
216.73.217.172 - - [28/Jul/2026:23:35:55 +0200] "GET /sitemap.xml HTTP/2.0" 301 0 "http://www.taschenmuschi-kaufen.de/sitemap.xml" "Mozilla/5.0 AppleWebKit/537.36 (KHTML, like Gecko; compatible; Claude-SearchBot/1.0; +searchbot@anthropic.com)"
216.73.217.172 - - [28/Jul/2026:23:35:55 +0200] "GET /wp-sitemap.xml HTTP/2.0" 200 1031 "https://www.taschenmuschi-kaufen.de/sitemap.xml" "Mozilla/5.0 AppleWebKit/537.36 (KHTML, like Gecko; compatible; Claude-SearchBot/1.0; +searchbot@anthropic.com)"
216.73.217.172 - - [28/Jul/2026:23:35:57 +0200] "GET /live-cam/gyatorner-cam-11497108/ HTTP/2.0" 200 24374 "-" "Mozilla/5.0 AppleWebKit/537.36 (KHTML, like Gecko; compatible; Claude-SearchBot/1.0; +searchbot@anthropic.com)"
216.73.217.172 - - [28/Jul/2026:23:36:01 +0200] "GET /live-cam/lanarose-cam-11375476/ HTTP/2.0" 200 25841 "-" "Mozilla/5.0 AppleWebKit/537.36 (KHTML, like Gecko; compatible; Claude-SearchBot/1.0; +searchbot@anthropic.com)"
2a03:4000:59:e65:94e2:deff:fe0e:57ac - - [28/Jul/2026:23:36:10 +0200] "GET /wp-json/arni-tracking/v1/stats?from=2026-07-26&to=2026-07-26 HTTP/2.0" 200 277 "-" "ArNi-CRM/1.0"
2a03:4000:59:e65:94e2:deff:fe0e:57ac - - [28/Jul/2026:23:36:10 +0200] "GET /wp-json/arni-tracking/v1/stats?from=2026-07-27&to=2026-07-27 HTTP/2.0" 200 307 "-" "ArNi-CRM/1.0"
2a03:4000:59:e65:94e2:deff:fe0e:57ac - - [28/Jul/2026:23:36:11 +0200] "GET /wp-json/arni-tracking/v1/stats?from=2026-07-28&to=2026-07-28 HTTP/2.0" 200 307 "-" "ArNi-CRM/1.0"
2a03:4000:59:e65:94e2:deff:fe0e:57ac - - [28/Jul/2026:23:36:11 +0200] "GET /wp-json/arni-tracking/v1/stats?from=2026-06-29&to=2026-07-28 HTTP/2.0" 200 316 "-" "ArNi-CRM/1.0"
2a03:4000:59:e65:94e2:deff:fe0e:57ac - - [28/Jul/2026:23:36:11 +0200] "GET /wp-json/arni-tracking/v1/pages?from=2026-06-29&to=2026-07-28&limit=100 HTTP/2.0" 200 18257 "-" "ArNi-CRM/1.0"
2a03:4000:59:e65:94e2:deff:fe0e:57ac - - [28/Jul/2026:23:36:11 +0200] "GET /wp-json/arni-tracking/v1/referrers?from=2026-06-29&to=2026-07-28&limit=100 HTTP/2.0" 200 947 "-" "ArNi-CRM/1.0"
2a03:4000:59:e65:94e2:deff:fe0e:57ac - - [28/Jul/2026:23:36:11 +0200] "GET /wp-json/arni-tracking/v1/campaigns?from=2026-06-29&to=2026-07-28&limit=100 HTTP/2.0" 200 78 "-" "ArNi-CRM/1.0"
2a03:4000:59:e65:94e2:deff:fe0e:57ac - - [28/Jul/2026:23:36:12 +0200] "GET /wp-json/arni-tracking/v1/conversions?from=2026-06-29&to=2026-07-28&limit=1000&page=1 HTTP/2.0" 200 46106 "-" "ArNi-CRM/1.0"
2a03:4000:59:e65:94e2:deff:fe0e:57ac - - [28/Jul/2026:23:36:12 +0200] "GET /wp-json/arni-tracking/v1/sessions?from=2026-06-29&to=2026-07-28&limit=500&page=1 HTTP/2.0" 200 178481 "-" "ArNi-CRM/1.0"
216.73.217.172 - - [28/Jul/2026:23:36:56 +0200] "GET /cam/out/xiaoxiao-cam-11409356 HTTP/2.0" 301 0 "-" "Mozilla/5.0 AppleWebKit/537.36 (KHTML, like Gecko; compatible; Claude-SearchBot/1.0; +searchbot@anthropic.com)"
216.73.217.172 - - [28/Jul/2026:23:36:58 +0200] "GET /cam/out/vivianfox-cam-11001752 HTTP/2.0" 301 0 "-" "Mozilla/5.0 AppleWebKit/537.36 (KHTML, like Gecko; compatible; Claude-SearchBot/1.0; +searchbot@anthropic.com)"
216.244.66.234 - - [28/Jul/2026:23:37:01 +0200] "GET /robots.txt HTTP/1.1" 301 169 "-" "Mozilla/5.0 (compatible; DotBot/1.2; +https://opensiteexplorer.org/dotbot; help@moz.com)"
216.73.217.172 - - [28/Jul/2026:23:37:07 +0200] "GET /live-cam/stacylong-cam-11532428/ HTTP/2.0" 200 25602 "-" "Mozilla/5.0 AppleWebKit/537.36 (KHTML, like Gecko; compatible; Claude-SearchBot/1.0; +searchbot@anthropic.com)"
216.73.217.172 - - [28/Jul/2026:23:37:50 +0200] "GET /cam/out/lanaturner-cam-11459369 HTTP/2.0" 301 0 "-" "Mozilla/5.0 AppleWebKit/537.36 (KHTML, like Gecko; compatible; Claude-SearchBot/1.0; +searchbot@anthropic.com)"
216.73.217.172 - - [28/Jul/2026:23:37:52 +0200] "GET /cam/out/sorellakobia-cam-19381402 HTTP/2.0" 301 0 "-" "Mozilla/5.0 AppleWebKit/537.36 (KHTML, like Gecko; compatible; Claude-SearchBot/1.0; +searchbot@anthropic.com)"
216.73.217.172 - - [28/Jul/2026:23:37:55 +0200] "GET /cam/out/sayam20-cam-11433236 HTTP/2.0" 301 0 "-" "Mozilla/5.0 AppleWebKit/537.36 (KHTML, like Gecko; compatible; Claude-SearchBot/1.0; +searchbot@anthropic.com)"
216.73.217.172 - - [28/Jul/2026:23:38:05 +0200] "GET /live-cam/heissevaronne-cam-19322924/ HTTP/2.0" 200 26832 "-" "Mozilla/5.0 AppleWebKit/537.36 (KHTML, like Gecko; compatible; Claude-SearchBot/1.0; +searchbot@anthropic.com)"
216.73.217.172 - - [28/Jul/2026:23:38:06 +0200] "GET /cam/out/katherynwinnick-cam-11386651 HTTP/2.0" 301 0 "-" "Mozilla/5.0 AppleWebKit/537.36 (KHTML, like Gecko; compatible; Claude-SearchBot/1.0; +searchbot@anthropic.com)"
216.73.217.172 - - [28/Jul/2026:23:38:09 +0200] "GET /cam/out/naomicastillo-cam-10996658 HTTP/2.0" 301 0 "-" "Mozilla/5.0 AppleWebKit/537.36 (KHTML, like Gecko; compatible; Claude-SearchBot/1.0; +searchbot@anthropic.com)"
2a03:4000:59:e65:94e2:deff:fe0e:57ac - - [28/Jul/2026:23:39:10 +0200] "GET /wp-json/arni-tracking/v1/stats?from=2026-07-26&to=2026-07-26 HTTP/2.0" 200 277 "-" "ArNi-CRM/1.0"
2a03:4000:59:e65:94e2:deff:fe0e:57ac - - [28/Jul/2026:23:39:11 +0200] "GET /wp-json/arni-tracking/v1/stats?from=2026-07-27&to=2026-07-27 HTTP/2.0" 200 307 "-" "ArNi-CRM/1.0"
2a03:4000:59:e65:94e2:deff:fe0e:57ac - - [28/Jul/2026:23:39:11 +0200] "GET /wp-json/arni-tracking/v1/stats?from=2026-07-28&to=2026-07-28 HTTP/2.0" 200 307 "-" "ArNi-CRM/1.0"
2a03:4000:59:e65:94e2:deff:fe0e:57ac - - [28/Jul/2026:23:39:11 +0200] "GET /wp-json/arni-tracking/v1/stats?from=2026-06-29&to=2026-07-28 HTTP/2.0" 200 316 "-" "ArNi-CRM/1.0"
2a03:4000:59:e65:94e2:deff:fe0e:57ac - - [28/Jul/2026:23:39:11 +0200] "GET /wp-json/arni-tracking/v1/pages?from=2026-06-29&to=2026-07-28&limit=100 HTTP/2.0" 200 18257 "-" "ArNi-CRM/1.0"
2a03:4000:59:e65:94e2:deff:fe0e:57ac - - [28/Jul/2026:23:39:12 +0200] "GET /wp-json/arni-tracking/v1/referrers?from=2026-06-29&to=2026-07-28&limit=100 HTTP/2.0" 200 947 "-" "ArNi-CRM/1.0"
2a03:4000:59:e65:94e2:deff:fe0e:57ac - - [28/Jul/2026:23:39:12 +0200] "GET /wp-json/arni-tracking/v1/campaigns?from=2026-06-29&to=2026-07-28&limit=100 HTTP/2.0" 200 78 "-" "ArNi-CRM/1.0"
2a03:4000:59:e65:94e2:deff:fe0e:57ac - - [28/Jul/2026:23:39:12 +0200] "GET /wp-json/arni-tracking/v1/conversions?from=2026-06-29&to=2026-07-28&limit=1000&page=1 HTTP/2.0" 200 46106 "-" "ArNi-CRM/1.0"
2a03:4000:59:e65:94e2:deff:fe0e:57ac - - [28/Jul/2026:23:39:12 +0200] "GET /wp-json/arni-tracking/v1/sessions?from=2026-06-29&to=2026-07-28&limit=500&page=1 HTTP/2.0" 200 178481 "-" "ArNi-CRM/1.0"
216.244.66.234 - - [28/Jul/2026:23:39:33 +0200] "GET /profile/jazminejenkins/ HTTP/1.1" 301 169 "-" "Mozilla/5.0 (compatible; DotBot/1.2; +https://opensiteexplorer.org/dotbot; help@moz.com)"
216.73.217.172 - - [28/Jul/2026:23:39:34 +0200] "GET /live-cam/marieschibert-cam-11592395/ HTTP/2.0" 200 25355 "-" "Mozilla/5.0 AppleWebKit/537.36 (KHTML, like Gecko; compatible; Claude-SearchBot/1.0; +searchbot@anthropic.com)"
216.73.217.172 - - [28/Jul/2026:23:39:35 +0200] "GET /cam/out/debbierhodes-cam-11422125 HTTP/2.0" 301 0 "-" "Mozilla/5.0 AppleWebKit/537.36 (KHTML, like Gecko; compatible; Claude-SearchBot/1.0; +searchbot@anthropic.com)"
40.77.167.224 - - [28/Jul/2026:23:39:35 +0200] "GET /live-cam/rubitahot-cam-9536202/ HTTP/2.0" 200 25508 "-" "Mozilla/5.0 AppleWebKit/537.36 (KHTML, like Gecko; compatible; bingbot/2.0; +http://www.bing.com/bingbot.htm) Chrome/116.0.1938.76 Safari/537.36"
216.244.66.234 - - [28/Jul/2026:23:39:38 +0200] "GET /profile/marilynwhite/ HTTP/1.1" 301 169 "-" "Mozilla/5.0 (compatible; DotBot/1.2; +https://opensiteexplorer.org/dotbot; help@moz.com)"
216.73.217.172 - - [28/Jul/2026:23:39:41 +0200] "GET /live-cam/pretty-girly-cam-11436464/ HTTP/2.0" 200 26828 "-" "Mozilla/5.0 AppleWebKit/537.36 (KHTML, like Gecko; compatible; Claude-SearchBot/1.0; +searchbot@anthropic.com)"
216.244.66.234 - - [28/Jul/2026:23:39:42 +0200] "GET /profile/cassie-hot/ HTTP/1.1" 301 169 "-" "Mozilla/5.0 (compatible; DotBot/1.2; +https://opensiteexplorer.org/dotbot; help@moz.com)"
216.244.66.234 - - [28/Jul/2026:23:39:47 +0200] "GET /profile/mariamia/ HTTP/1.1" 301 169 "-" "Mozilla/5.0 (compatible; DotBot/1.2; +https://opensiteexplorer.org/dotbot; help@moz.com)"
216.244.66.234 - - [28/Jul/2026:23:39:50 +0200] "GET /profile/fannie/ HTTP/1.1" 301 169 "-" "Mozilla/5.0 (compatible; DotBot/1.2; +https://opensiteexplorer.org/dotbot; help@moz.com)"
216.244.66.234 - - [28/Jul/2026:23:39:52 +0200] "GET /profile/heather/ HTTP/1.1" 301 169 "-" "Mozilla/5.0 (compatible; DotBot/1.2; +https://opensiteexplorer.org/dotbot; help@moz.com)"
216.244.66.234 - - [28/Jul/2026:23:39:55 +0200] "GET /profile/lena-sophie/ HTTP/1.1" 301 169 "-" "Mozilla/5.0 (compatible; DotBot/1.2; +https://opensiteexplorer.org/dotbot; help@moz.com)"
216.244.66.234 - - [28/Jul/2026:23:39:59 +0200] "GET /wiki/bukkake/ HTTP/1.1" 301 169 "-" "Mozilla/5.0 (compatible; DotBot/1.2; +https://opensiteexplorer.org/dotbot; help@moz.com)"
216.73.217.172 - - [28/Jul/2026:23:41:51 +0200] "GET /live-cam/naomicastillo-cam-10996658/ HTTP/2.0" 200 25734 "-" "Mozilla/5.0 AppleWebKit/537.36 (KHTML, like Gecko; compatible; Claude-SearchBot/1.0; +searchbot@anthropic.com)"
216.73.217.172 - - [28/Jul/2026:23:41:59 +0200] "GET /live-cam/alexxaboner-cam-11465342/ HTTP/2.0" 200 24171 "-" "Mozilla/5.0 AppleWebKit/537.36 (KHTML, like Gecko; compatible; Claude-SearchBot/1.0; +searchbot@anthropic.com)"
216.73.217.172 - - [28/Jul/2026:23:42:09 +0200] "GET /live-cam/pandorarose-cam-11519219/ HTTP/2.0" 200 27388 "-" "Mozilla/5.0 AppleWebKit/537.36 (KHTML, like Gecko; compatible; Claude-SearchBot/1.0; +searchbot@anthropic.com)"
2a03:4000:59:e65:94e2:deff:fe0e:57ac - - [28/Jul/2026:23:42:11 +0200] "GET /wp-json/arni-tracking/v1/stats?from=2026-07-26&to=2026-07-26 HTTP/2.0" 200 277 "-" "ArNi-CRM/1.0"
2a03:4000:59:e65:94e2:deff:fe0e:57ac - - [28/Jul/2026:23:42:11 +0200] "GET /wp-json/arni-tracking/v1/stats?from=2026-07-27&to=2026-07-27 HTTP/2.0" 200 307 "-" "ArNi-CRM/1.0"
2a03:4000:59:e65:94e2:deff:fe0e:57ac - - [28/Jul/2026:23:42:11 +0200] "GET /wp-json/arni-tracking/v1/stats?from=2026-07-28&to=2026-07-28 HTTP/2.0" 200 307 "-" "ArNi-CRM/1.0"
