78.42.44.217 - - [28/Jul/2026:10:33:28 +0200] "GET /wp-content/uploads/2026/05/img02-1.jpg HTTP/2.0" 200 29543 "https://www.taschenmuschi-kaufen.de/produkt/vorze/vorze-a10-piston-sa-inner-sleeve-sucker-alpha/" "Mozilla/5.0 (Linux; Android 10; K) AppleWebKit/537.36 (KHTML, like Gecko) Chrome/150.0.0.0 Mobile Safari/537.36"
78.42.44.217 - - [28/Jul/2026:10:33:28 +0200] "POST /wp-json/arni-tracking/v1/event HTTP/2.0" 200 21 "https://www.taschenmuschi-kaufen.de/produkt/vorze/vorze-a10-piston-sa-inner-sleeve-sucker-alpha/" "Mozilla/5.0 (Linux; Android 10; K) AppleWebKit/537.36 (KHTML, like Gecko) Chrome/150.0.0.0 Mobile Safari/537.36"
78.42.44.217 - - [28/Jul/2026:10:33:29 +0200] "GET /wp-content/uploads/2026/05/img03enqsxmc2qot3v.jpg HTTP/2.0" 200 32992 "https://www.taschenmuschi-kaufen.de/produkt/vorze/vorze-a10-piston-sa-inner-sleeve-sucker-alpha/" "Mozilla/5.0 (Linux; Android 10; K) AppleWebKit/537.36 (KHTML, like Gecko) Chrome/150.0.0.0 Mobile Safari/537.36"
78.42.44.217 - - [28/Jul/2026:10:33:29 +0200] "POST /wp-json/arni-tracking/v1/event HTTP/2.0" 200 21 "https://www.taschenmuschi-kaufen.de/produkt/vorze/vorze-a10-piston-sa-inner-sleeve-sucker-alpha/" "Mozilla/5.0 (Linux; Android 10; K) AppleWebKit/537.36 (KHTML, like Gecko) Chrome/150.0.0.0 Mobile Safari/537.36"
78.42.44.217 - - [28/Jul/2026:10:33:30 +0200] "GET /wp-content/uploads/2026/05/img05dde8m0kd8gwqx.jpg HTTP/2.0" 200 39352 "https://www.taschenmuschi-kaufen.de/produkt/vorze/vorze-a10-piston-sa-inner-sleeve-sucker-alpha/" "Mozilla/5.0 (Linux; Android 10; K) AppleWebKit/537.36 (KHTML, like Gecko) Chrome/150.0.0.0 Mobile Safari/537.36"
78.42.44.217 - - [28/Jul/2026:10:33:30 +0200] "POST /wp-json/arni-tracking/v1/event HTTP/2.0" 200 21 "https://www.taschenmuschi-kaufen.de/produkt/vorze/vorze-a10-piston-sa-inner-sleeve-sucker-alpha/" "Mozilla/5.0 (Linux; Android 10; K) AppleWebKit/537.36 (KHTML, like Gecko) Chrome/150.0.0.0 Mobile Safari/537.36"
78.42.44.217 - - [28/Jul/2026:10:33:31 +0200] "GET /wp-content/uploads/2026/05/img07uagwyqy1q3wee-150x150.jpg HTTP/2.0" 200 4983 "https://www.taschenmuschi-kaufen.de/produkt/vorze/vorze-a10-piston-sa-inner-sleeve-sucker-alpha/" "Mozilla/5.0 (Linux; Android 10; K) AppleWebKit/537.36 (KHTML, like Gecko) Chrome/150.0.0.0 Mobile Safari/537.36"
78.42.44.217 - - [28/Jul/2026:10:33:31 +0200] "GET /wp-content/uploads/2026/05/img08-150x150.jpg HTTP/2.0" 200 4201 "https://www.taschenmuschi-kaufen.de/produkt/vorze/vorze-a10-piston-sa-inner-sleeve-sucker-alpha/" "Mozilla/5.0 (Linux; Android 10; K) AppleWebKit/537.36 (KHTML, like Gecko) Chrome/150.0.0.0 Mobile Safari/537.36"
78.42.44.217 - - [28/Jul/2026:10:33:32 +0200] "GET /wp-content/uploads/2026/05/img07uagwyqy1q3wee.jpg HTTP/2.0" 200 73117 "https://www.taschenmuschi-kaufen.de/produkt/vorze/vorze-a10-piston-sa-inner-sleeve-sucker-alpha/" "Mozilla/5.0 (Linux; Android 10; K) AppleWebKit/537.36 (KHTML, like Gecko) Chrome/150.0.0.0 Mobile Safari/537.36"
78.42.44.217 - - [28/Jul/2026:10:33:32 +0200] "POST /wp-json/arni-tracking/v1/event HTTP/2.0" 200 21 "https://www.taschenmuschi-kaufen.de/produkt/vorze/vorze-a10-piston-sa-inner-sleeve-sucker-alpha/" "Mozilla/5.0 (Linux; Android 10; K) AppleWebKit/537.36 (KHTML, like Gecko) Chrome/150.0.0.0 Mobile Safari/537.36"
78.42.44.217 - - [28/Jul/2026:10:33:34 +0200] "POST /wp-json/arni-tracking/v1/event HTTP/2.0" 200 21 "https://www.taschenmuschi-kaufen.de/produkt/vorze/vorze-a10-piston-sa-inner-sleeve-sucker-alpha/" "Mozilla/5.0 (Linux; Android 10; K) AppleWebKit/537.36 (KHTML, like Gecko) Chrome/150.0.0.0 Mobile Safari/537.36"
78.42.44.217 - - [28/Jul/2026:10:33:34 +0200] "GET /wp-content/uploads/2026/05/img08.jpg HTTP/2.0" 200 56745 "https://www.taschenmuschi-kaufen.de/produkt/vorze/vorze-a10-piston-sa-inner-sleeve-sucker-alpha/" "Mozilla/5.0 (Linux; Android 10; K) AppleWebKit/537.36 (KHTML, like Gecko) Chrome/150.0.0.0 Mobile Safari/537.36"
78.42.44.217 - - [28/Jul/2026:10:33:34 +0200] "POST /wp-json/arni-tracking/v1/event HTTP/2.0" 200 21 "https://www.taschenmuschi-kaufen.de/produkt/vorze/vorze-a10-piston-sa-inner-sleeve-sucker-alpha/" "Mozilla/5.0 (Linux; Android 10; K) AppleWebKit/537.36 (KHTML, like Gecko) Chrome/150.0.0.0 Mobile Safari/537.36"
78.42.44.217 - - [28/Jul/2026:10:33:45 +0200] "POST /wp-json/arni-tracking/v1/event HTTP/2.0" 200 21 "https://www.taschenmuschi-kaufen.de/produkt/vorze/vorze-a10-piston-sa-inner-sleeve-sucker-alpha/" "Mozilla/5.0 (Linux; Android 10; K) AppleWebKit/537.36 (KHTML, like Gecko) Chrome/150.0.0.0 Mobile Safari/537.36"
78.42.44.217 - - [28/Jul/2026:10:33:50 +0200] "POST /wp-json/arni-tracking/v1/event HTTP/2.0" 200 21 "https://www.taschenmuschi-kaufen.de/produkt/vorze/vorze-a10-piston-sa-inner-sleeve-sucker-alpha/" "Mozilla/5.0 (Linux; Android 10; K) AppleWebKit/537.36 (KHTML, like Gecko) Chrome/150.0.0.0 Mobile Safari/537.36"
43.135.185.59 - - [28/Jul/2026:10:33:58 +0200] "GET /live-cam/candybunny-cam-18692683/ HTTP/2.0" 200 25464 "-" "Mozilla/5.0 (iPhone; CPU iPhone OS 13_2_3 like Mac OS X) AppleWebKit/605.1.15 (KHTML, like Gecko) Version/13.0.3 Mobile/15E148 Safari/604.1"
2a03:4000:59:e65:94e2:deff:fe0e:57ac - - [28/Jul/2026:10:36:12 +0200] "GET /wp-json/arni-tracking/v1/stats?from=2026-07-26&to=2026-07-26 HTTP/2.0" 200 277 "-" "ArNi-CRM/1.0"
2a03:4000:59:e65:94e2:deff:fe0e:57ac - - [28/Jul/2026:10:36:12 +0200] "GET /wp-json/arni-tracking/v1/stats?from=2026-07-27&to=2026-07-27 HTTP/2.0" 200 307 "-" "ArNi-CRM/1.0"
2a03:4000:59:e65:94e2:deff:fe0e:57ac - - [28/Jul/2026:10:36:12 +0200] "GET /wp-json/arni-tracking/v1/stats?from=2026-07-28&to=2026-07-28 HTTP/2.0" 200 269 "-" "ArNi-CRM/1.0"
2a03:4000:59:e65:94e2:deff:fe0e:57ac - - [28/Jul/2026:10:36:13 +0200] "GET /wp-json/arni-tracking/v1/stats?from=2026-06-29&to=2026-07-28 HTTP/2.0" 200 317 "-" "ArNi-CRM/1.0"
2a03:4000:59:e65:94e2:deff:fe0e:57ac - - [28/Jul/2026:10:36:13 +0200] "GET /wp-json/arni-tracking/v1/pages?from=2026-06-29&to=2026-07-28&limit=100 HTTP/2.0" 200 18257 "-" "ArNi-CRM/1.0"
2a03:4000:59:e65:94e2:deff:fe0e:57ac - - [28/Jul/2026:10:36:13 +0200] "GET /wp-json/arni-tracking/v1/referrers?from=2026-06-29&to=2026-07-28&limit=100 HTTP/2.0" 200 947 "-" "ArNi-CRM/1.0"
2a03:4000:59:e65:94e2:deff:fe0e:57ac - - [28/Jul/2026:10:36:13 +0200] "GET /wp-json/arni-tracking/v1/campaigns?from=2026-06-29&to=2026-07-28&limit=100 HTTP/2.0" 200 78 "-" "ArNi-CRM/1.0"
2a03:4000:59:e65:94e2:deff:fe0e:57ac - - [28/Jul/2026:10:36:13 +0200] "GET /wp-json/arni-tracking/v1/conversions?from=2026-06-29&to=2026-07-28&limit=1000&page=1 HTTP/2.0" 200 44904 "-" "ArNi-CRM/1.0"
2a03:4000:59:e65:94e2:deff:fe0e:57ac - - [28/Jul/2026:10:36:13 +0200] "GET /wp-json/arni-tracking/v1/sessions?from=2026-06-29&to=2026-07-28&limit=500&page=1 HTTP/2.0" 200 195778 "-" "ArNi-CRM/1.0"
62.138.2.14 - - [28/Jul/2026:10:36:18 +0200] "GET /wp-content/uploads/2026/06/13831154_640-300x300.jpg HTTP/2.0" 200 14461 "https://www.taschenmuschi-kaufen.de/live-cams/frauen/schwarz/" "Mozilla/5.0 (Macintosh; Intel Mac OS X 10.15; rv:103.0) Gecko/20100101 Firefox/103.0"
52.167.144.25 - - [28/Jul/2026:10:36:38 +0200] "GET /live-cam/amazingwoman-cam-11484781/ HTTP/2.0" 200 24757 "-" "Mozilla/5.0 AppleWebKit/537.36 (KHTML, like Gecko; compatible; bingbot/2.0; +http://www.bing.com/bingbot.htm) Chrome/116.0.1938.76 Safari/537.36"
52.167.144.25 - - [28/Jul/2026:10:36:42 +0200] "GET /live-cam/zoetaylor-cam-10806363/ HTTP/2.0" 200 25719 "-" "Mozilla/5.0 AppleWebKit/537.36 (KHTML, like Gecko; compatible; bingbot/2.0; +http://www.bing.com/bingbot.htm) Chrome/116.0.1938.76 Safari/537.36"
52.167.144.183 - - [28/Jul/2026:10:36:47 +0200] "GET /produkt/onaholes/ondo-nupu-f000677/ HTTP/2.0" 200 25258 "-" "Mozilla/5.0 AppleWebKit/537.36 (KHTML, like Gecko; compatible; bingbot/2.0; +http://www.bing.com/bingbot.htm) Chrome/116.0.1938.76 Safari/537.36"
216.73.216.207 - - [28/Jul/2026:10:38:07 +0200] "GET /live-cam/alliepiper-cam-11367888/ HTTP/2.0" 200 25519 "-" "Mozilla/5.0 AppleWebKit/537.36 (KHTML, like Gecko; compatible; Claude-SearchBot/1.0; +searchbot@anthropic.com)"
216.73.216.207 - - [28/Jul/2026:10:38:08 +0200] "GET /?p=192556 HTTP/2.0" 301 0 "-" "Mozilla/5.0 AppleWebKit/537.36 (KHTML, like Gecko; compatible; Claude-SearchBot/1.0; +searchbot@anthropic.com)"
216.73.216.207 - - [28/Jul/2026:10:38:11 +0200] "GET /live-cam/abbygibson-cam-18501547/ HTTP/2.0" 200 25847 "https://www.taschenmuschi-kaufen.de/?p=192556" "Mozilla/5.0 AppleWebKit/537.36 (KHTML, like Gecko; compatible; Claude-SearchBot/1.0; +searchbot@anthropic.com)"
2a03:4000:59:e65:94e2:deff:fe0e:57ac - - [28/Jul/2026:10:39:11 +0200] "GET /wp-json/arni-tracking/v1/stats?from=2026-07-26&to=2026-07-26 HTTP/2.0" 200 277 "-" "ArNi-CRM/1.0"
2a03:4000:59:e65:94e2:deff:fe0e:57ac - - [28/Jul/2026:10:39:11 +0200] "GET /wp-json/arni-tracking/v1/stats?from=2026-07-27&to=2026-07-27 HTTP/2.0" 200 307 "-" "ArNi-CRM/1.0"
2a03:4000:59:e65:94e2:deff:fe0e:57ac - - [28/Jul/2026:10:39:12 +0200] "GET /wp-json/arni-tracking/v1/stats?from=2026-07-28&to=2026-07-28 HTTP/2.0" 200 269 "-" "ArNi-CRM/1.0"
2a03:4000:59:e65:94e2:deff:fe0e:57ac - - [28/Jul/2026:10:39:12 +0200] "GET /wp-json/arni-tracking/v1/stats?from=2026-06-29&to=2026-07-28 HTTP/2.0" 200 317 "-" "ArNi-CRM/1.0"
2a03:4000:59:e65:94e2:deff:fe0e:57ac - - [28/Jul/2026:10:39:12 +0200] "GET /wp-json/arni-tracking/v1/pages?from=2026-06-29&to=2026-07-28&limit=100 HTTP/2.0" 200 18257 "-" "ArNi-CRM/1.0"
2a03:4000:59:e65:94e2:deff:fe0e:57ac - - [28/Jul/2026:10:39:12 +0200] "GET /wp-json/arni-tracking/v1/referrers?from=2026-06-29&to=2026-07-28&limit=100 HTTP/2.0" 200 947 "-" "ArNi-CRM/1.0"
2a03:4000:59:e65:94e2:deff:fe0e:57ac - - [28/Jul/2026:10:39:13 +0200] "GET /wp-json/arni-tracking/v1/campaigns?from=2026-06-29&to=2026-07-28&limit=100 HTTP/2.0" 200 78 "-" "ArNi-CRM/1.0"
2a03:4000:59:e65:94e2:deff:fe0e:57ac - - [28/Jul/2026:10:39:13 +0200] "GET /wp-json/arni-tracking/v1/conversions?from=2026-06-29&to=2026-07-28&limit=1000&page=1 HTTP/2.0" 200 44904 "-" "ArNi-CRM/1.0"
2a03:4000:59:e65:94e2:deff:fe0e:57ac - - [28/Jul/2026:10:39:13 +0200] "GET /wp-json/arni-tracking/v1/sessions?from=2026-06-29&to=2026-07-28&limit=500&page=1 HTTP/2.0" 200 195778 "-" "ArNi-CRM/1.0"
52.167.144.183 - - [28/Jul/2026:10:39:17 +0200] "GET /live-cam/missari054-cam-13397604/ HTTP/2.0" 200 26226 "-" "Mozilla/5.0 AppleWebKit/537.36 (KHTML, like Gecko; compatible; bingbot/2.0; +http://www.bing.com/bingbot.htm) Chrome/116.0.1938.76 Safari/537.36"
40.77.167.47 - - [28/Jul/2026:10:39:20 +0200] "GET /live-cam/sorellakobia-cam-19381402/ HTTP/2.0" 200 26229 "-" "Mozilla/5.0 AppleWebKit/537.36 (KHTML, like Gecko; compatible; bingbot/2.0; +http://www.bing.com/bingbot.htm) Chrome/116.0.1938.76 Safari/537.36"
52.167.144.191 - - [28/Jul/2026:10:41:58 +0200] "GET /live-cam/violetcollins-cam-11200833/ HTTP/2.0" 200 25460 "-" "Mozilla/5.0 AppleWebKit/537.36 (KHTML, like Gecko; compatible; bingbot/2.0; +http://www.bing.com/bingbot.htm) Chrome/116.0.1938.76 Safari/537.36"
40.77.167.47 - - [28/Jul/2026:10:41:59 +0200] "GET /live-cam/traceyangel-cam-10766432/ HTTP/2.0" 200 25811 "-" "Mozilla/5.0 AppleWebKit/537.36 (KHTML, like Gecko; compatible; bingbot/2.0; +http://www.bing.com/bingbot.htm) Chrome/116.0.1938.76 Safari/537.36"
52.167.144.183 - - [28/Jul/2026:10:42:01 +0200] "GET /live-cam/yasmika-cam-7449802/ HTTP/2.0" 200 25438 "-" "Mozilla/5.0 AppleWebKit/537.36 (KHTML, like Gecko; compatible; bingbot/2.0; +http://www.bing.com/bingbot.htm) Chrome/116.0.1938.76 Safari/537.36"
52.167.144.191 - - [28/Jul/2026:10:42:08 +0200] "GET /produkt/masturbatoren/tomax-busty-aichan-brust-masturbator/ HTTP/2.0" 200 25450 "-" "Mozilla/5.0 AppleWebKit/537.36 (KHTML, like Gecko; compatible; bingbot/2.0; +http://www.bing.com/bingbot.htm) Chrome/116.0.1938.76 Safari/537.36"
2a03:4000:59:e65:94e2:deff:fe0e:57ac - - [28/Jul/2026:10:42:11 +0200] "GET /wp-json/arni-tracking/v1/stats?from=2026-07-26&to=2026-07-26 HTTP/2.0" 200 277 "-" "ArNi-CRM/1.0"
2a03:4000:59:e65:94e2:deff:fe0e:57ac - - [28/Jul/2026:10:42:11 +0200] "GET /wp-json/arni-tracking/v1/stats?from=2026-07-27&to=2026-07-27 HTTP/2.0" 200 307 "-" "ArNi-CRM/1.0"
2a03:4000:59:e65:94e2:deff:fe0e:57ac - - [28/Jul/2026:10:42:11 +0200] "GET /wp-json/arni-tracking/v1/stats?from=2026-07-28&to=2026-07-28 HTTP/2.0" 200 269 "-" "ArNi-CRM/1.0"
2a03:4000:59:e65:94e2:deff:fe0e:57ac - - [28/Jul/2026:10:42:11 +0200] "GET /wp-json/arni-tracking/v1/stats?from=2026-06-29&to=2026-07-28 HTTP/2.0" 200 317 "-" "ArNi-CRM/1.0"
2a03:4000:59:e65:94e2:deff:fe0e:57ac - - [28/Jul/2026:10:42:12 +0200] "GET /wp-json/arni-tracking/v1/pages?from=2026-06-29&to=2026-07-28&limit=100 HTTP/2.0" 200 18257 "-" "ArNi-CRM/1.0"
2a03:4000:59:e65:94e2:deff:fe0e:57ac - - [28/Jul/2026:10:42:12 +0200] "GET /wp-json/arni-tracking/v1/referrers?from=2026-06-29&to=2026-07-28&limit=100 HTTP/2.0" 200 947 "-" "ArNi-CRM/1.0"
2a03:4000:59:e65:94e2:deff:fe0e:57ac - - [28/Jul/2026:10:42:12 +0200] "GET /wp-json/arni-tracking/v1/campaigns?from=2026-06-29&to=2026-07-28&limit=100 HTTP/2.0" 200 78 "-" "ArNi-CRM/1.0"
2a03:4000:59:e65:94e2:deff:fe0e:57ac - - [28/Jul/2026:10:42:12 +0200] "GET /wp-json/arni-tracking/v1/conversions?from=2026-06-29&to=2026-07-28&limit=1000&page=1 HTTP/2.0" 200 44904 "-" "ArNi-CRM/1.0"
2a03:4000:59:e65:94e2:deff:fe0e:57ac - - [28/Jul/2026:10:42:13 +0200] "GET /wp-json/arni-tracking/v1/sessions?from=2026-06-29&to=2026-07-28&limit=500&page=1 HTTP/2.0" 200 195778 "-" "ArNi-CRM/1.0"
43.157.191.20 - - [28/Jul/2026:10:43:22 +0200] "GET /live-cam/sweetalina22-cam-11370065/ HTTP/2.0" 200 26998 "-" "Mozilla/5.0 (iPhone; CPU iPhone OS 13_2_3 like Mac OS X) AppleWebKit/605.1.15 (KHTML, like Gecko) Version/13.0.3 Mobile/15E148 Safari/604.1"
51.68.111.214 - - [28/Jul/2026:10:43:57 +0200] "GET / HTTP/2.0" 200 23765 "-" "Mozilla/5.0 (compatible; MJ12bot/v2.0.5; http://mj12bot.com/)"
62.138.2.14 - - [28/Jul/2026:10:44:17 +0200] "GET /wp-content/uploads/2026/05/30561697_640.jpg HTTP/2.0" 200 37547 "https://www.taschenmuschi-kaufen.de/live-cam/stellavibe-cam-18812191/" "Mozilla/5.0 (Macintosh; Intel Mac OS X 10.15; rv:103.0) Gecko/20100101 Firefox/103.0"
2a03:4000:59:e65:94e2:deff:fe0e:57ac - - [28/Jul/2026:10:45:12 +0200] "GET /wp-json/arni-tracking/v1/stats?from=2026-07-26&to=2026-07-26 HTTP/2.0" 200 277 "-" "ArNi-CRM/1.0"
2a03:4000:59:e65:94e2:deff:fe0e:57ac - - [28/Jul/2026:10:45:12 +0200] "GET /wp-json/arni-tracking/v1/stats?from=2026-07-27&to=2026-07-27 HTTP/2.0" 200 307 "-" "ArNi-CRM/1.0"
2a03:4000:59:e65:94e2:deff:fe0e:57ac - - [28/Jul/2026:10:45:13 +0200] "GET /wp-json/arni-tracking/v1/stats?from=2026-07-28&to=2026-07-28 HTTP/2.0" 200 269 "-" "ArNi-CRM/1.0"
2a03:4000:59:e65:94e2:deff:fe0e:57ac - - [28/Jul/2026:10:45:13 +0200] "GET /wp-json/arni-tracking/v1/stats?from=2026-06-29&to=2026-07-28 HTTP/2.0" 200 317 "-" "ArNi-CRM/1.0"
2a03:4000:59:e65:94e2:deff:fe0e:57ac - - [28/Jul/2026:10:45:13 +0200] "GET /wp-json/arni-tracking/v1/pages?from=2026-06-29&to=2026-07-28&limit=100 HTTP/2.0" 200 18257 "-" "ArNi-CRM/1.0"
2a03:4000:59:e65:94e2:deff:fe0e:57ac - - [28/Jul/2026:10:45:13 +0200] "GET /wp-json/arni-tracking/v1/referrers?from=2026-06-29&to=2026-07-28&limit=100 HTTP/2.0" 200 947 "-" "ArNi-CRM/1.0"
2a03:4000:59:e65:94e2:deff:fe0e:57ac - - [28/Jul/2026:10:45:14 +0200] "GET /wp-json/arni-tracking/v1/campaigns?from=2026-06-29&to=2026-07-28&limit=100 HTTP/2.0" 200 78 "-" "ArNi-CRM/1.0"
2a03:4000:59:e65:94e2:deff:fe0e:57ac - - [28/Jul/2026:10:45:14 +0200] "GET /wp-json/arni-tracking/v1/conversions?from=2026-06-29&to=2026-07-28&limit=1000&page=1 HTTP/2.0" 200 44904 "-" "ArNi-CRM/1.0"
2a03:4000:59:e65:94e2:deff:fe0e:57ac - - [28/Jul/2026:10:45:14 +0200] "GET /wp-json/arni-tracking/v1/sessions?from=2026-06-29&to=2026-07-28&limit=500&page=1 HTTP/2.0" 200 195820 "-" "ArNi-CRM/1.0"
198.235.24.24 - - [28/Jul/2026:10:45:21 +0200] "GET / HTTP/2.0" 200 23765 "-" "Hello from Palo Alto Networks, find out more about our scans in https://docs-cortex.paloaltonetworks.com/r/1/Cortex-Xpanse/Scanning-activity"
2a02:3100:654a:e100:f5b:5bd3:9b4f:7557 - - [28/Jul/2026:10:45:35 +0200] "GET /2026/05/taschenmuschi-fuer-anfaenger/ HTTP/2.0" 200 24602 "https://www.ecosia.org/" "Mozilla/5.0 (Linux; Android 10; K) AppleWebKit/537.36 (KHTML, like Gecko) Chrome/149.0.0.0 Mobile Safari/537.36 (Ecosia android@149.0.0.0)"
2a02:3100:654a:e100:f5b:5bd3:9b4f:7557 - - [28/Jul/2026:10:45:35 +0200] "GET /wp-content/uploads/2026/06/beste-taschenmuschi-fuer-anfaenger-1536x864.jpg HTTP/2.0" 304 0 "https://www.taschenmuschi-kaufen.de/2026/05/taschenmuschi-fuer-anfaenger/" "Mozilla/5.0 (Linux; Android 10; K) AppleWebKit/537.36 (KHTML, like Gecko) Chrome/149.0.0.0 Mobile Safari/537.36 (Ecosia android@149.0.0.0)"
2a02:3100:654a:e100:f5b:5bd3:9b4f:7557 - - [28/Jul/2026:10:45:36 +0200] "POST /wp-json/arni-tracking/v1/event HTTP/2.0" 200 21 "https://www.taschenmuschi-kaufen.de/2026/05/taschenmuschi-fuer-anfaenger/" "Mozilla/5.0 (Linux; Android 10; K) AppleWebKit/537.36 (KHTML, like Gecko) Chrome/149.0.0.0 Mobile Safari/537.36 (Ecosia android@149.0.0.0)"
2a02:3100:654a:e100:f5b:5bd3:9b4f:7557 - - [28/Jul/2026:10:45:38 +0200] "POST /wp-json/arni-tracking/v1/event HTTP/2.0" 200 21 "https://www.taschenmuschi-kaufen.de/2026/05/taschenmuschi-fuer-anfaenger/" "Mozilla/5.0 (Linux; Android 10; K) AppleWebKit/537.36 (KHTML, like Gecko) Chrome/149.0.0.0 Mobile Safari/537.36 (Ecosia android@149.0.0.0)"
2a02:3100:654a:e100:f5b:5bd3:9b4f:7557 - - [28/Jul/2026:10:45:41 +0200] "POST /wp-json/arni-tracking/v1/event HTTP/2.0" 200 21 "https://www.taschenmuschi-kaufen.de/2026/05/taschenmuschi-fuer-anfaenger/" "Mozilla/5.0 (Linux; Android 10; K) AppleWebKit/537.36 (KHTML, like Gecko) Chrome/149.0.0.0 Mobile Safari/537.36 (Ecosia android@149.0.0.0)"
2a02:3100:654a:e100:f5b:5bd3:9b4f:7557 - - [28/Jul/2026:10:45:46 +0200] "POST /wp-json/arni-tracking/v1/event HTTP/2.0" 200 21 "https://www.taschenmuschi-kaufen.de/2026/05/taschenmuschi-fuer-anfaenger/" "Mozilla/5.0 (Linux; Android 10; K) AppleWebKit/537.36 (KHTML, like Gecko) Chrome/149.0.0.0 Mobile Safari/537.36 (Ecosia android@149.0.0.0)"
2a02:3100:654a:e100:f5b:5bd3:9b4f:7557 - - [28/Jul/2026:10:46:07 +0200] "GET /wp-admin/admin-ajax.php?action=tmk_kaufberater&level=anfaenger&budget=niedrig&oeffnung=vaginal&stim=realistisch&pflege=sehr&diskret=ja HTTP/2.0" 200 1006 "https://www.taschenmuschi-kaufen.de/2026/05/taschenmuschi-fuer-anfaenger/" "Mozilla/5.0 (Linux; Android 10; K) AppleWebKit/537.36 (KHTML, like Gecko) Chrome/149.0.0.0 Mobile Safari/537.36 (Ecosia android@149.0.0.0)"
2a02:3100:654a:e100:f5b:5bd3:9b4f:7557 - - [28/Jul/2026:10:46:07 +0200] "GET /wp-content/uploads/2026/05/yuira.jpg HTTP/2.0" 200 17920 "https://www.taschenmuschi-kaufen.de/2026/05/taschenmuschi-fuer-anfaenger/" "Mozilla/5.0 (Linux; Android 10; K) AppleWebKit/537.36 (KHTML, like Gecko) Chrome/149.0.0.0 Mobile Safari/537.36 (Ecosia android@149.0.0.0)"
2a02:3100:654a:e100:f5b:5bd3:9b4f:7557 - - [28/Jul/2026:10:46:07 +0200] "GET /wp-content/uploads/2026/05/f000821-300x300.jpg HTTP/2.0" 200 15026 "https://www.taschenmuschi-kaufen.de/2026/05/taschenmuschi-fuer-anfaenger/" "Mozilla/5.0 (Linux; Android 10; K) AppleWebKit/537.36 (KHTML, like Gecko) Chrome/149.0.0.0 Mobile Safari/537.36 (Ecosia android@149.0.0.0)"
2a02:3100:654a:e100:f5b:5bd3:9b4f:7557 - - [28/Jul/2026:10:46:07 +0200] "GET /wp-content/uploads/2026/05/f000822-300x300.jpg HTTP/2.0" 200 15072 "https://www.taschenmuschi-kaufen.de/2026/05/taschenmuschi-fuer-anfaenger/" "Mozilla/5.0 (Linux; Android 10; K) AppleWebKit/537.36 (KHTML, like Gecko) Chrome/149.0.0.0 Mobile Safari/537.36 (Ecosia android@149.0.0.0)"
2a02:3100:654a:e100:f5b:5bd3:9b4f:7557 - - [28/Jul/2026:10:46:18 +0200] "POST /wp-json/arni-tracking/v1/event HTTP/2.0" 200 21 "https://www.taschenmuschi-kaufen.de/2026/05/taschenmuschi-fuer-anfaenger/" "Mozilla/5.0 (Linux; Android 10; K) AppleWebKit/537.36 (KHTML, like Gecko) Chrome/149.0.0.0 Mobile Safari/537.36 (Ecosia android@149.0.0.0)"
62.138.18.60 - - [28/Jul/2026:10:47:44 +0200] "GET /wp-content/uploads/2026/05/27621154_640-15.jpg HTTP/2.0" 200 43467 "https://www.taschenmuschi-kaufen.de/live-cam/pattydesire-cam-17883686/" "Mozilla/5.0 (Macintosh; Intel Mac OS X 10.15; rv:103.0) Gecko/20100101 Firefox/103.0"
62.138.3.52 - - [28/Jul/2026:10:47:45 +0200] "GET /wp-content/uploads/2026/06/31250356_640-150x150.jpg HTTP/2.0" 200 5947 "https://www.taschenmuschi-kaufen.de/live-cam/ariyah-cam-19321102/" "Mozilla/5.0 (Macintosh; Intel Mac OS X 10.15; rv:103.0) Gecko/20100101 Firefox/103.0"
2a03:4000:59:e65:94e2:deff:fe0e:57ac - - [28/Jul/2026:10:48:10 +0200] "GET /wp-json/arni-tracking/v1/stats?from=2026-07-26&to=2026-07-26 HTTP/2.0" 200 277 "-" "ArNi-CRM/1.0"
2a03:4000:59:e65:94e2:deff:fe0e:57ac - - [28/Jul/2026:10:48:10 +0200] "GET /wp-json/arni-tracking/v1/stats?from=2026-07-27&to=2026-07-27 HTTP/2.0" 200 307 "-" "ArNi-CRM/1.0"
2a03:4000:59:e65:94e2:deff:fe0e:57ac - - [28/Jul/2026:10:48:10 +0200] "GET /wp-json/arni-tracking/v1/stats?from=2026-07-28&to=2026-07-28 HTTP/2.0" 200 301 "-" "ArNi-CRM/1.0"
2a03:4000:59:e65:94e2:deff:fe0e:57ac - - [28/Jul/2026:10:48:11 +0200] "GET /wp-json/arni-tracking/v1/stats?from=2026-06-29&to=2026-07-28 HTTP/2.0" 200 317 "-" "ArNi-CRM/1.0"
2a03:4000:59:e65:94e2:deff:fe0e:57ac - - [28/Jul/2026:10:48:11 +0200] "GET /wp-json/arni-tracking/v1/pages?from=2026-06-29&to=2026-07-28&limit=100 HTTP/2.0" 200 18257 "-" "ArNi-CRM/1.0"
2a03:4000:59:e65:94e2:deff:fe0e:57ac - - [28/Jul/2026:10:48:11 +0200] "GET /wp-json/arni-tracking/v1/referrers?from=2026-06-29&to=2026-07-28&limit=100 HTTP/2.0" 200 947 "-" "ArNi-CRM/1.0"
2a03:4000:59:e65:94e2:deff:fe0e:57ac - - [28/Jul/2026:10:48:11 +0200] "GET /wp-json/arni-tracking/v1/campaigns?from=2026-06-29&to=2026-07-28&limit=100 HTTP/2.0" 200 78 "-" "ArNi-CRM/1.0"
2a03:4000:59:e65:94e2:deff:fe0e:57ac - - [28/Jul/2026:10:48:12 +0200] "GET /wp-json/arni-tracking/v1/conversions?from=2026-06-29&to=2026-07-28&limit=1000&page=1 HTTP/2.0" 200 44904 "-" "ArNi-CRM/1.0"
2a03:4000:59:e65:94e2:deff:fe0e:57ac - - [28/Jul/2026:10:48:12 +0200] "GET /wp-json/arni-tracking/v1/sessions?from=2026-06-29&to=2026-07-28&limit=500&page=1 HTTP/2.0" 200 196087 "-" "ArNi-CRM/1.0"
40.77.167.136 - - [28/Jul/2026:10:49:41 +0200] "GET /live-cam/lindacrow-cam-11522340/ HTTP/2.0" 200 24230 "-" "Mozilla/5.0 AppleWebKit/537.36 (KHTML, like Gecko; compatible; bingbot/2.0; +http://www.bing.com/bingbot.htm) Chrome/116.0.1938.76 Safari/537.36"
40.77.167.136 - - [28/Jul/2026:10:49:45 +0200] "GET /live-cam/knienieder-cam-3097185/ HTTP/2.0" 200 25474 "-" "Mozilla/5.0 AppleWebKit/537.36 (KHTML, like Gecko; compatible; bingbot/2.0; +http://www.bing.com/bingbot.htm) Chrome/116.0.1938.76 Safari/537.36"
2a03:4000:59:e65:94e2:deff:fe0e:57ac - - [28/Jul/2026:10:51:11 +0200] "GET /wp-json/arni-tracking/v1/stats?from=2026-07-26&to=2026-07-26 HTTP/2.0" 200 277 "-" "ArNi-CRM/1.0"
2a03:4000:59:e65:94e2:deff:fe0e:57ac - - [28/Jul/2026:10:51:11 +0200] "GET /wp-json/arni-tracking/v1/stats?from=2026-07-27&to=2026-07-27 HTTP/2.0" 200 307 "-" "ArNi-CRM/1.0"
2a03:4000:59:e65:94e2:deff:fe0e:57ac - - [28/Jul/2026:10:51:11 +0200] "GET /wp-json/arni-tracking/v1/stats?from=2026-07-28&to=2026-07-28 HTTP/2.0" 200 301 "-" "ArNi-CRM/1.0"
2a03:4000:59:e65:94e2:deff:fe0e:57ac - - [28/Jul/2026:10:51:11 +0200] "GET /wp-json/arni-tracking/v1/stats?from=2026-06-29&to=2026-07-28 HTTP/2.0" 200 317 "-" "ArNi-CRM/1.0"
2a03:4000:59:e65:94e2:deff:fe0e:57ac - - [28/Jul/2026:10:51:12 +0200] "GET /wp-json/arni-tracking/v1/pages?from=2026-06-29&to=2026-07-28&limit=100 HTTP/2.0" 200 18257 "-" "ArNi-CRM/1.0"
2a03:4000:59:e65:94e2:deff:fe0e:57ac - - [28/Jul/2026:10:51:12 +0200] "GET /wp-json/arni-tracking/v1/referrers?from=2026-06-29&to=2026-07-28&limit=100 HTTP/2.0" 200 947 "-" "ArNi-CRM/1.0"
2a03:4000:59:e65:94e2:deff:fe0e:57ac - - [28/Jul/2026:10:51:12 +0200] "GET /wp-json/arni-tracking/v1/campaigns?from=2026-06-29&to=2026-07-28&limit=100 HTTP/2.0" 200 78 "-" "ArNi-CRM/1.0"
2a03:4000:59:e65:94e2:deff:fe0e:57ac - - [28/Jul/2026:10:51:12 +0200] "GET /wp-json/arni-tracking/v1/conversions?from=2026-06-29&to=2026-07-28&limit=1000&page=1 HTTP/2.0" 200 44904 "-" "ArNi-CRM/1.0"
2a03:4000:59:e65:94e2:deff:fe0e:57ac - - [28/Jul/2026:10:51:12 +0200] "GET /wp-json/arni-tracking/v1/sessions?from=2026-06-29&to=2026-07-28&limit=500&page=1 HTTP/2.0" 200 196087 "-" "ArNi-CRM/1.0"
43.133.91.48 - - [28/Jul/2026:10:52:33 +0200] "GET /cam/out/lannarenner-cam-19363819 HTTP/2.0" 301 0 "-" "Mozilla/5.0 (iPhone; CPU iPhone OS 13_2_3 like Mac OS X) AppleWebKit/605.1.15 (KHTML, like Gecko) Version/13.0.3 Mobile/15E148 Safari/604.1"
23.20.194.146 - - [28/Jul/2026:10:54:02 +0200] "GET /wp-content/uploads/2026/06/16144415_1280-1024x768.jpg HTTP/2.0" 200 84339 "-" "Mozilla/5.0 AppleWebKit/537.36 (KHTML, like Gecko; compatible; Amzn-SearchBot/0.1) Chrome/119.0.6045.214 Safari/537.36"
54.243.119.155 - - [28/Jul/2026:10:54:02 +0200] "GET /wp-content/uploads/2026/06/31271585_1280.jpg HTTP/2.0" 200 29442 "-" "Mozilla/5.0 AppleWebKit/537.36 (KHTML, like Gecko; compatible; Amzn-SearchBot/0.1) Chrome/119.0.6045.214 Safari/537.36"
2a03:4000:59:e65:94e2:deff:fe0e:57ac - - [28/Jul/2026:10:54:11 +0200] "GET /wp-json/arni-tracking/v1/stats?from=2026-07-26&to=2026-07-26 HTTP/2.0" 200 277 "-" "ArNi-CRM/1.0"
2a03:4000:59:e65:94e2:deff:fe0e:57ac - - [28/Jul/2026:10:54:11 +0200] "GET /wp-json/arni-tracking/v1/stats?from=2026-07-27&to=2026-07-27 HTTP/2.0" 200 307 "-" "ArNi-CRM/1.0"
2a03:4000:59:e65:94e2:deff:fe0e:57ac - - [28/Jul/2026:10:54:11 +0200] "GET /wp-json/arni-tracking/v1/stats?from=2026-07-28&to=2026-07-28 HTTP/2.0" 200 301 "-" "ArNi-CRM/1.0"
2a03:4000:59:e65:94e2:deff:fe0e:57ac - - [28/Jul/2026:10:54:11 +0200] "GET /wp-json/arni-tracking/v1/stats?from=2026-06-29&to=2026-07-28 HTTP/2.0" 200 317 "-" "ArNi-CRM/1.0"
2a03:4000:59:e65:94e2:deff:fe0e:57ac - - [28/Jul/2026:10:54:12 +0200] "GET /wp-json/arni-tracking/v1/pages?from=2026-06-29&to=2026-07-28&limit=100 HTTP/2.0" 200 18257 "-" "ArNi-CRM/1.0"
2a03:4000:59:e65:94e2:deff:fe0e:57ac - - [28/Jul/2026:10:54:12 +0200] "GET /wp-json/arni-tracking/v1/referrers?from=2026-06-29&to=2026-07-28&limit=100 HTTP/2.0" 200 947 "-" "ArNi-CRM/1.0"
54.235.183.179 - - [28/Jul/2026:10:54:12 +0200] "GET /live-cam/xxbigcock-cam-18757061/embed/ HTTP/2.0" 200 6957 "-" "Mozilla/5.0 AppleWebKit/537.36 (KHTML, like Gecko; compatible; Amzn-SearchBot/0.1) Chrome/119.0.6045.214 Safari/537.36"
2a03:4000:59:e65:94e2:deff:fe0e:57ac - - [28/Jul/2026:10:54:12 +0200] "GET /wp-json/arni-tracking/v1/campaigns?from=2026-06-29&to=2026-07-28&limit=100 HTTP/2.0" 200 78 "-" "ArNi-CRM/1.0"
2a03:4000:59:e65:94e2:deff:fe0e:57ac - - [28/Jul/2026:10:54:12 +0200] "GET /wp-json/arni-tracking/v1/conversions?from=2026-06-29&to=2026-07-28&limit=1000&page=1 HTTP/2.0" 200 44904 "-" "ArNi-CRM/1.0"
2a03:4000:59:e65:94e2:deff:fe0e:57ac - - [28/Jul/2026:10:54:12 +0200] "GET /wp-json/arni-tracking/v1/sessions?from=2026-06-29&to=2026-07-28&limit=500&page=1 HTTP/2.0" 200 196102 "-" "ArNi-CRM/1.0"
98.95.175.92 - - [28/Jul/2026:10:54:25 +0200] "GET /wp-content/uploads/2026/07/31355615_1280-1024x768.jpg HTTP/2.0" 200 104951 "-" "Mozilla/5.0 AppleWebKit/537.36 (KHTML, like Gecko; compatible; Amzn-SearchBot/0.1) Chrome/119.0.6045.214 Safari/537.36"
54.89.70.93 - - [28/Jul/2026:10:54:32 +0200] "GET /wp-content/uploads/2026/06/12393317_1280-1024x767.jpg HTTP/2.0" 200 78968 "-" "Mozilla/5.0 AppleWebKit/537.36 (KHTML, like Gecko; compatible; Amzn-SearchBot/0.1) Chrome/119.0.6045.214 Safari/537.36"
98.95.74.218 - - [28/Jul/2026:10:54:42 +0200] "GET /wp-content/uploads/2026/06/12519845_1280-1024x768.jpg HTTP/2.0" 200 61246 "-" "Mozilla/5.0 AppleWebKit/537.36 (KHTML, like Gecko; compatible; Amzn-SearchBot/0.1) Chrome/119.0.6045.214 Safari/537.36"
3.222.19.80 - - [28/Jul/2026:10:54:52 +0200] "GET /wp-json/oembed/1.0/embed?format=xml&url=https://www.taschenmuschi-kaufen.de/live-cam/duchess-cam-19398147/ HTTP/2.0" 200 2597 "-" "Mozilla/5.0 AppleWebKit/537.36 (KHTML, like Gecko; compatible; Amzn-SearchBot/0.1) Chrome/119.0.6045.214 Safari/537.36"
98.95.106.159 - - [28/Jul/2026:10:55:02 +0200] "GET /live-cam/nica28-cam-19150881/embed/ HTTP/2.0" 200 6952 "-" "Mozilla/5.0 AppleWebKit/537.36 (KHTML, like Gecko; compatible; Amzn-SearchBot/0.1) Chrome/119.0.6045.214 Safari/537.36"
98.90.166.177 - - [28/Jul/2026:10:55:12 +0200] "GET /live-cam/hotboyhot19-cam-3561537/embed/ HTTP/2.0" 200 6947 "-" "Mozilla/5.0 AppleWebKit/537.36 (KHTML, like Gecko; compatible; Amzn-SearchBot/0.1) Chrome/119.0.6045.214 Safari/537.36"
98.94.188.12 - - [28/Jul/2026:10:55:22 +0200] "GET /wp-content/uploads/2026/06/30990480_1280.jpg HTTP/2.0" 200 41763 "-" "Mozilla/5.0 AppleWebKit/537.36 (KHTML, like Gecko; compatible; Amzn-SearchBot/0.1) Chrome/119.0.6045.214 Safari/537.36"
52.7.249.12 - - [28/Jul/2026:10:55:33 +0200] "GET /live-cam/holyiwa-cam-19209612/embed/ HTTP/2.0" 200 6950 "-" "Mozilla/5.0 AppleWebKit/537.36 (KHTML, like Gecko; compatible; Amzn-SearchBot/0.1) Chrome/119.0.6045.214 Safari/537.36"
44.212.207.23 - - [28/Jul/2026:10:55:45 +0200] "GET /wp-content/uploads/2026/06/30955556_1280-1024x768.jpg HTTP/2.0" 200 80979 "-" "Mozilla/5.0 AppleWebKit/537.36 (KHTML, like Gecko; compatible; Amzn-SearchBot/0.1) Chrome/119.0.6045.214 Safari/537.36"
98.80.83.102 - - [28/Jul/2026:10:55:53 +0200] "GET /live-cam/pamelapino-cam-13931165/embed/ HTTP/2.0" 200 6950 "-" "Mozilla/5.0 AppleWebKit/537.36 (KHTML, like Gecko; compatible; Amzn-SearchBot/0.1) Chrome/119.0.6045.214 Safari/537.36"
34.203.29.230 - - [28/Jul/2026:10:56:08 +0200] "GET /live-cam/viictoria-cam-19399825/ HTTP/2.0" 200 25790 "-" "Mozilla/5.0 AppleWebKit/537.36 (KHTML, like Gecko; compatible; Amzn-SearchBot/0.1) Chrome/119.0.6045.214 Safari/537.36"
18.214.124.101 - - [28/Jul/2026:10:56:12 +0200] "GET /wp-json/oembed/1.0/embed?format=xml&url=https://www.taschenmuschi-kaufen.de/live-cam/luciana-caroline-cam-11016722/ HTTP/2.0" 200 2642 "-" "Mozilla/5.0 AppleWebKit/537.36 (KHTML, like Gecko; compatible; Amzn-SearchBot/0.1) Chrome/119.0.6045.214 Safari/537.36"
3.90.117.221 - - [28/Jul/2026:10:56:16 +0200] "GET /wp-content/uploads/2026/07/31358127_640.jpg HTTP/2.0" 304 0 "-" "Mozilla/5.0 AppleWebKit/537.36 (KHTML, like Gecko; compatible; Amzn-SearchBot/0.1) Chrome/119.0.6045.214 Safari/537.36"
3.92.140.162 - - [28/Jul/2026:10:56:22 +0200] "GET /wp-json/oembed/1.0/embed?format=xml&url=https://www.taschenmuschi-kaufen.de/live-cam/sex-tom-cam-5452015/ HTTP/2.0" 200 2594 "-" "Mozilla/5.0 AppleWebKit/537.36 (KHTML, like Gecko; compatible; Amzn-SearchBot/0.1) Chrome/119.0.6045.214 Safari/537.36"
18.209.142.234 - - [28/Jul/2026:10:56:25 +0200] "GET /wp-content/uploads/2026/07/31367633_1280-150x150.jpg HTTP/2.0" 200 7532 "-" "Mozilla/5.0 AppleWebKit/537.36 (KHTML, like Gecko; compatible; Amzn-SearchBot/0.1) Chrome/119.0.6045.214 Safari/537.36"
23.21.214.230 - - [28/Jul/2026:10:56:35 +0200] "GET /wp-content/uploads/2026/07/31367636_1280-150x150.jpg HTTP/2.0" 200 6349 "-" "Mozilla/5.0 AppleWebKit/537.36 (KHTML, like Gecko; compatible; Amzn-SearchBot/0.1) Chrome/119.0.6045.214 Safari/537.36"
98.94.225.199 - - [28/Jul/2026:10:56:46 +0200] "GET /wp-content/uploads/2026/07/31367626_1280-150x150.jpg HTTP/2.0" 200 5361 "-" "Mozilla/5.0 AppleWebKit/537.36 (KHTML, like Gecko; compatible; Amzn-SearchBot/0.1) Chrome/119.0.6045.214 Safari/537.36"
54.204.159.166 - - [28/Jul/2026:10:56:58 +0200] "GET /wp-content/uploads/2026/07/31367630_1280-150x150.jpg HTTP/2.0" 200 9307 "-" "Mozilla/5.0 AppleWebKit/537.36 (KHTML, like Gecko; compatible; Amzn-SearchBot/0.1) Chrome/119.0.6045.214 Safari/537.36"
216.244.66.234 - - [28/Jul/2026:10:57:04 +0200] "GET /robots.txt HTTP/1.1" 301 169 "-" "Mozilla/5.0 (compatible; DotBot/1.2; +https://opensiteexplorer.org/dotbot; help@moz.com)"
54.90.28.43 - - [28/Jul/2026:10:57:05 +0200] "GET /wp-content/uploads/2026/07/31367636_1280-1024x410.jpg HTTP/2.0" 200 51221 "-" "Mozilla/5.0 AppleWebKit/537.36 (KHTML, like Gecko; compatible; Amzn-SearchBot/0.1) Chrome/119.0.6045.214 Safari/537.36"
2a03:4000:59:e65:94e2:deff:fe0e:57ac - - [28/Jul/2026:10:57:10 +0200] "GET /wp-json/arni-tracking/v1/stats?from=2026-07-26&to=2026-07-26 HTTP/2.0" 200 277 "-" "ArNi-CRM/1.0"
2a03:4000:59:e65:94e2:deff:fe0e:57ac - - [28/Jul/2026:10:57:11 +0200] "GET /wp-json/arni-tracking/v1/stats?from=2026-07-27&to=2026-07-27 HTTP/2.0" 200 307 "-" "ArNi-CRM/1.0"
2a03:4000:59:e65:94e2:deff:fe0e:57ac - - [28/Jul/2026:10:57:11 +0200] "GET /wp-json/arni-tracking/v1/stats?from=2026-07-28&to=2026-07-28 HTTP/2.0" 200 301 "-" "ArNi-CRM/1.0"
2a03:4000:59:e65:94e2:deff:fe0e:57ac - - [28/Jul/2026:10:57:11 +0200] "GET /wp-json/arni-tracking/v1/stats?from=2026-06-29&to=2026-07-28 HTTP/2.0" 200 317 "-" "ArNi-CRM/1.0"
2a03:4000:59:e65:94e2:deff:fe0e:57ac - - [28/Jul/2026:10:57:11 +0200] "GET /wp-json/arni-tracking/v1/pages?from=2026-06-29&to=2026-07-28&limit=100 HTTP/2.0" 200 18257 "-" "ArNi-CRM/1.0"
2a03:4000:59:e65:94e2:deff:fe0e:57ac - - [28/Jul/2026:10:57:12 +0200] "GET /wp-json/arni-tracking/v1/referrers?from=2026-06-29&to=2026-07-28&limit=100 HTTP/2.0" 200 947 "-" "ArNi-CRM/1.0"
2a03:4000:59:e65:94e2:deff:fe0e:57ac - - [28/Jul/2026:10:57:12 +0200] "GET /wp-json/arni-tracking/v1/campaigns?from=2026-06-29&to=2026-07-28&limit=100 HTTP/2.0" 200 78 "-" "ArNi-CRM/1.0"
2a03:4000:59:e65:94e2:deff:fe0e:57ac - - [28/Jul/2026:10:57:12 +0200] "GET /wp-json/arni-tracking/v1/conversions?from=2026-06-29&to=2026-07-28&limit=1000&page=1 HTTP/2.0" 200 44904 "-" "ArNi-CRM/1.0"
2a03:4000:59:e65:94e2:deff:fe0e:57ac - - [28/Jul/2026:10:57:12 +0200] "GET /wp-json/arni-tracking/v1/sessions?from=2026-06-29&to=2026-07-28&limit=500&page=1 HTTP/2.0" 200 196102 "-" "ArNi-CRM/1.0"
54.90.28.43 - - [28/Jul/2026:10:57:16 +0200] "GET /wp-content/uploads/2026/07/31367625_1280-150x150.jpg HTTP/2.0" 200 8219 "-" "Mozilla/5.0 AppleWebKit/537.36 (KHTML, like Gecko; compatible; Amzn-SearchBot/0.1) Chrome/119.0.6045.214 Safari/537.36"
52.70.37.172 - - [28/Jul/2026:10:57:25 +0200] "GET /wp-content/uploads/2026/07/31367624_1280-150x150.jpg HTTP/2.0" 200 7552 "-" "Mozilla/5.0 AppleWebKit/537.36 (KHTML, like Gecko; compatible; Amzn-SearchBot/0.1) Chrome/119.0.6045.214 Safari/537.36"
54.166.70.223 - - [28/Jul/2026:10:57:35 +0200] "GET /wp-content/uploads/2026/07/31358127_640-150x150.jpg HTTP/2.0" 200 9331 "-" "Mozilla/5.0 AppleWebKit/537.36 (KHTML, like Gecko; compatible; Amzn-SearchBot/0.1) Chrome/119.0.6045.214 Safari/537.36"
216.73.217.111 - - [28/Jul/2026:10:57:59 +0200] "GET /robots.txt HTTP/1.1" 301 169 "-" "Mozilla/5.0 AppleWebKit/537.36 (KHTML, like Gecko; compatible; ClaudeBot/1.0; +claudebot@anthropic.com)"
216.244.66.234 - - [28/Jul/2026:11:00:08 +0200] "GET /profile/miaflower928/ HTTP/1.1" 301 169 "-" "Mozilla/5.0 (compatible; DotBot/1.2; +https://opensiteexplorer.org/dotbot; help@moz.com)"
216.244.66.234 - - [28/Jul/2026:11:00:12 +0200] "GET /profile/jasminwhite/ HTTP/1.1" 301 169 "-" "Mozilla/5.0 (compatible; DotBot/1.2; +https://opensiteexplorer.org/dotbot; help@moz.com)"
2a03:4000:59:e65:94e2:deff:fe0e:57ac - - [28/Jul/2026:11:00:15 +0200] "GET /wp-json/arni-tracking/v1/stats?from=2026-07-26&to=2026-07-26 HTTP/2.0" 200 277 "-" "ArNi-CRM/1.0"
2a03:4000:59:e65:94e2:deff:fe0e:57ac - - [28/Jul/2026:11:00:15 +0200] "GET /wp-json/arni-tracking/v1/stats?from=2026-07-27&to=2026-07-27 HTTP/2.0" 200 307 "-" "ArNi-CRM/1.0"
2a03:4000:59:e65:94e2:deff:fe0e:57ac - - [28/Jul/2026:11:00:15 +0200] "GET /wp-json/arni-tracking/v1/stats?from=2026-07-28&to=2026-07-28 HTTP/2.0" 200 301 "-" "ArNi-CRM/1.0"
2a03:4000:59:e65:94e2:deff:fe0e:57ac - - [28/Jul/2026:11:00:16 +0200] "GET /wp-json/arni-tracking/v1/stats?from=2026-06-29&to=2026-07-28 HTTP/2.0" 200 317 "-" "ArNi-CRM/1.0"
216.244.66.234 - - [28/Jul/2026:11:00:16 +0200] "GET /profile/stephanys/ HTTP/1.1" 301 169 "-" "Mozilla/5.0 (compatible; DotBot/1.2; +https://opensiteexplorer.org/dotbot; help@moz.com)"
2a03:4000:59:e65:94e2:deff:fe0e:57ac - - [28/Jul/2026:11:00:16 +0200] "GET /wp-json/arni-tracking/v1/pages?from=2026-06-29&to=2026-07-28&limit=100 HTTP/2.0" 200 18257 "-" "ArNi-CRM/1.0"
2a03:4000:59:e65:94e2:deff:fe0e:57ac - - [28/Jul/2026:11:00:16 +0200] "GET /wp-json/arni-tracking/v1/referrers?from=2026-06-29&to=2026-07-28&limit=100 HTTP/2.0" 200 947 "-" "ArNi-CRM/1.0"
2a03:4000:59:e65:94e2:deff:fe0e:57ac - - [28/Jul/2026:11:00:16 +0200] "GET /wp-json/arni-tracking/v1/campaigns?from=2026-06-29&to=2026-07-28&limit=100 HTTP/2.0" 200 78 "-" "ArNi-CRM/1.0"
2a03:4000:59:e65:94e2:deff:fe0e:57ac - - [28/Jul/2026:11:00:17 +0200] "GET /wp-json/arni-tracking/v1/conversions?from=2026-06-29&to=2026-07-28&limit=1000&page=1 HTTP/2.0" 200 44904 "-" "ArNi-CRM/1.0"
2a03:4000:59:e65:94e2:deff:fe0e:57ac - - [28/Jul/2026:11:00:17 +0200] "GET /wp-json/arni-tracking/v1/sessions?from=2026-06-29&to=2026-07-28&limit=500&page=1 HTTP/2.0" 200 196102 "-" "ArNi-CRM/1.0"
216.244.66.234 - - [28/Jul/2026:11:00:19 +0200] "GET /profile/violetacake/ HTTP/1.1" 301 169 "-" "Mozilla/5.0 (compatible; DotBot/1.2; +https://opensiteexplorer.org/dotbot; help@moz.com)"
216.244.66.234 - - [28/Jul/2026:11:00:22 +0200] "GET /profile/lucilla69/ HTTP/1.1" 301 169 "-" "Mozilla/5.0 (compatible; DotBot/1.2; +https://opensiteexplorer.org/dotbot; help@moz.com)"
216.244.66.234 - - [28/Jul/2026:11:01:11 +0200] "GET /wiki/partner/ HTTP/1.1" 301 169 "-" "Mozilla/5.0 (compatible; DotBot/1.2; +https://opensiteexplorer.org/dotbot; help@moz.com)"
216.244.66.234 - - [28/Jul/2026:11:01:35 +0200] "GET /wiki/latina/ HTTP/1.1" 301 169 "-" "Mozilla/5.0 (compatible; DotBot/1.2; +https://opensiteexplorer.org/dotbot; help@moz.com)"
62.138.2.14 - - [28/Jul/2026:11:01:55 +0200] "GET /wp-content/uploads/2026/06/31225696_1280-150x150.jpg HTTP/2.0" 200 6645 "https://www.taschenmuschi-kaufen.de/live-cam/roxxanemoore-cam-19300104/" "Mozilla/5.0 (Macintosh; Intel Mac OS X 10.15; rv:103.0) Gecko/20100101 Firefox/103.0"
181.126.2.219 - - [28/Jul/2026:11:02:30 +0200] "GET /cam/out/azahara-cam-19244789 HTTP/2.0" 301 0 "https://www.taschenmuschi-kaufen.de/" "Mozilla/5.0 (Windows NT 10.0; Win64; x64) AppleWebKit/537.36 (KHTML, like Gecko) Chrome/135.0.0.0 Safari/537.36"
216.244.66.234 - - [28/Jul/2026:11:02:55 +0200] "GET /produkte/billy-boy-kondome-100er-beutel-mix-sortiment/ HTTP/1.1" 301 169 "-" "Mozilla/5.0 (compatible; DotBot/1.2; +https://opensiteexplorer.org/dotbot; help@moz.com)"
52.167.144.139 - - [28/Jul/2026:11:03:01 +0200] "GET /live-cam/dynamayeda-cam-9536705/ HTTP/2.0" 200 25295 "-" "Mozilla/5.0 AppleWebKit/537.36 (KHTML, like Gecko; compatible; bingbot/2.0; +http://www.bing.com/bingbot.htm) Chrome/116.0.1938.76 Safari/537.36"
52.167.144.232 - - [28/Jul/2026:11:03:04 +0200] "GET /live-cam/annasweet-cam-16847985/ HTTP/2.0" 200 25553 "-" "Mozilla/5.0 AppleWebKit/537.36 (KHTML, like Gecko; compatible; bingbot/2.0; +http://www.bing.com/bingbot.htm) Chrome/116.0.1938.76 Safari/537.36"
2a03:4000:59:e65:94e2:deff:fe0e:57ac - - [28/Jul/2026:11:03:11 +0200] "GET /wp-json/arni-tracking/v1/stats?from=2026-07-26&to=2026-07-26 HTTP/2.0" 200 277 "-" "ArNi-CRM/1.0"
2a03:4000:59:e65:94e2:deff:fe0e:57ac - - [28/Jul/2026:11:03:12 +0200] "GET /wp-json/arni-tracking/v1/stats?from=2026-07-27&to=2026-07-27 HTTP/2.0" 200 307 "-" "ArNi-CRM/1.0"
2a03:4000:59:e65:94e2:deff:fe0e:57ac - - [28/Jul/2026:11:03:12 +0200] "GET /wp-json/arni-tracking/v1/stats?from=2026-07-28&to=2026-07-28 HTTP/2.0" 200 301 "-" "ArNi-CRM/1.0"
2a03:4000:59:e65:94e2:deff:fe0e:57ac - - [28/Jul/2026:11:03:12 +0200] "GET /wp-json/arni-tracking/v1/stats?from=2026-06-29&to=2026-07-28 HTTP/2.0" 200 317 "-" "ArNi-CRM/1.0"
2a03:4000:59:e65:94e2:deff:fe0e:57ac - - [28/Jul/2026:11:03:12 +0200] "GET /wp-json/arni-tracking/v1/pages?from=2026-06-29&to=2026-07-28&limit=100 HTTP/2.0" 200 18257 "-" "ArNi-CRM/1.0"
2a03:4000:59:e65:94e2:deff:fe0e:57ac - - [28/Jul/2026:11:03:13 +0200] "GET /wp-json/arni-tracking/v1/referrers?from=2026-06-29&to=2026-07-28&limit=100 HTTP/2.0" 200 947 "-" "ArNi-CRM/1.0"
2a03:4000:59:e65:94e2:deff:fe0e:57ac - - [28/Jul/2026:11:03:13 +0200] "GET /wp-json/arni-tracking/v1/campaigns?from=2026-06-29&to=2026-07-28&limit=100 HTTP/2.0" 200 78 "-" "ArNi-CRM/1.0"
2a03:4000:59:e65:94e2:deff:fe0e:57ac - - [28/Jul/2026:11:03:13 +0200] "GET /wp-json/arni-tracking/v1/conversions?from=2026-06-29&to=2026-07-28&limit=1000&page=1 HTTP/2.0" 200 44904 "-" "ArNi-CRM/1.0"
2a03:4000:59:e65:94e2:deff:fe0e:57ac - - [28/Jul/2026:11:03:13 +0200] "GET /wp-json/arni-tracking/v1/sessions?from=2026-06-29&to=2026-07-28&limit=500&page=1 HTTP/2.0" 200 196056 "-" "ArNi-CRM/1.0"
43.135.133.194 - - [28/Jul/2026:11:04:11 +0200] "GET /live-cam/vasilisathewise-cam-11410659/ HTTP/2.0" 200 26105 "-" "Mozilla/5.0 (iPhone; CPU iPhone OS 13_2_3 like Mac OS X) AppleWebKit/605.1.15 (KHTML, like Gecko) Version/13.0.3 Mobile/15E148 Safari/604.1"
52.167.144.232 - - [28/Jul/2026:11:04:23 +0200] "GET /live-cam/jessyblack-cam-10912079/ HTTP/2.0" 200 25657 "-" "Mozilla/5.0 AppleWebKit/537.36 (KHTML, like Gecko; compatible; bingbot/2.0; +http://www.bing.com/bingbot.htm) Chrome/116.0.1938.76 Safari/537.36"
52.167.144.183 - - [28/Jul/2026:11:04:29 +0200] "GET /live-cam/emi-rose1998-cam-19338381/ HTTP/2.0" 200 24957 "-" "Mozilla/5.0 AppleWebKit/537.36 (KHTML, like Gecko; compatible; bingbot/2.0; +http://www.bing.com/bingbot.htm) Chrome/116.0.1938.76 Safari/537.36"
52.167.144.139 - - [28/Jul/2026:11:04:36 +0200] "GET /produkt/masturbatoren/omocha-dreams-spider-lexy-roxx-masturbator/ HTTP/2.0" 200 26214 "-" "Mozilla/5.0 AppleWebKit/537.36 (KHTML, like Gecko; compatible; bingbot/2.0; +http://www.bing.com/bingbot.htm) Chrome/116.0.1938.76 Safari/537.36"
177.37.185.161 - - [28/Jul/2026:11:04:56 +0200] "GET /cam/out/dianeoconnor-cam-11478635 HTTP/2.0" 301 0 "https://www.taschenmuschi-kaufen.de/" "Mozilla/5.0 (Macintosh; Intel Mac OS X 10_15_7) AppleWebKit/537.36 (KHTML, like Gecko) Chrome/134.0.0.0 Safari/537.36"
14.249.39.21 - - [28/Jul/2026:11:05:13 +0200] "GET /cam/out/lovemanxxx-cam-11264837 HTTP/2.0" 301 0 "https://www.taschenmuschi-kaufen.de/" "Mozilla/5.0 (Macintosh; Intel Mac OS X 10_15_7) AppleWebKit/537.36 (KHTML, like Gecko) Chrome/134.0.0.0 Safari/537.36"
52.167.144.232 - - [28/Jul/2026:11:05:37 +0200] "GET /wp-sitemap-posts-post-1.xml HTTP/2.0" 200 3763 "-" "Mozilla/5.0 AppleWebKit/537.36 (KHTML, like Gecko; compatible; bingbot/2.0; +http://www.bing.com/bingbot.htm) Chrome/116.0.1938.76 Safari/537.36"
2a03:4000:59:e65:94e2:deff:fe0e:57ac - - [28/Jul/2026:11:06:11 +0200] "GET /wp-json/arni-tracking/v1/stats?from=2026-07-26&to=2026-07-26 HTTP/2.0" 200 277 "-" "ArNi-CRM/1.0"
2a03:4000:59:e65:94e2:deff:fe0e:57ac - - [28/Jul/2026:11:06:11 +0200] "GET /wp-json/arni-tracking/v1/stats?from=2026-07-27&to=2026-07-27 HTTP/2.0" 200 307 "-" "ArNi-CRM/1.0"
2a03:4000:59:e65:94e2:deff:fe0e:57ac - - [28/Jul/2026:11:06:11 +0200] "GET /wp-json/arni-tracking/v1/stats?from=2026-07-28&to=2026-07-28 HTTP/2.0" 200 302 "-" "ArNi-CRM/1.0"
2a03:4000:59:e65:94e2:deff:fe0e:57ac - - [28/Jul/2026:11:06:11 +0200] "GET /wp-json/arni-tracking/v1/stats?from=2026-06-29&to=2026-07-28 HTTP/2.0" 200 317 "-" "ArNi-CRM/1.0"
2a03:4000:59:e65:94e2:deff:fe0e:57ac - - [28/Jul/2026:11:06:12 +0200] "GET /wp-json/arni-tracking/v1/pages?from=2026-06-29&to=2026-07-28&limit=100 HTTP/2.0" 200 18257 "-" "ArNi-CRM/1.0"
2a03:4000:59:e65:94e2:deff:fe0e:57ac - - [28/Jul/2026:11:06:12 +0200] "GET /wp-json/arni-tracking/v1/referrers?from=2026-06-29&to=2026-07-28&limit=100 HTTP/2.0" 200 947 "-" "ArNi-CRM/1.0"
2a03:4000:59:e65:94e2:deff:fe0e:57ac - - [28/Jul/2026:11:06:12 +0200] "GET /wp-json/arni-tracking/v1/campaigns?from=2026-06-29&to=2026-07-28&limit=100 HTTP/2.0" 200 78 "-" "ArNi-CRM/1.0"
2a03:4000:59:e65:94e2:deff:fe0e:57ac - - [28/Jul/2026:11:06:12 +0200] "GET /wp-json/arni-tracking/v1/conversions?from=2026-06-29&to=2026-07-28&limit=1000&page=1 HTTP/2.0" 200 44904 "-" "ArNi-CRM/1.0"
2a03:4000:59:e65:94e2:deff:fe0e:57ac - - [28/Jul/2026:11:06:12 +0200] "GET /wp-json/arni-tracking/v1/sessions?from=2026-06-29&to=2026-07-28&limit=500&page=1 HTTP/2.0" 200 196205 "-" "ArNi-CRM/1.0"
52.167.144.139 - - [28/Jul/2026:11:07:03 +0200] "GET /cam/out/lovingnicole-cam-7700962 HTTP/2.0" 301 0 "-" "Mozilla/5.0 AppleWebKit/537.36 (KHTML, like Gecko; compatible; bingbot/2.0; +http://www.bing.com/bingbot.htm) Chrome/116.0.1938.76 Safari/537.36"
52.167.144.139 - - [28/Jul/2026:11:08:50 +0200] "GET /2026/05/fehler-beim-taschenmuschi-kauf/ HTTP/2.0" 200 24703 "-" "Mozilla/5.0 AppleWebKit/537.36 (KHTML, like Gecko; compatible; bingbot/2.0; +http://www.bing.com/bingbot.htm) Chrome/116.0.1938.76 Safari/537.36"
52.167.144.232 - - [28/Jul/2026:11:08:52 +0200] "GET /live-cam/lylaspade-cam-11267246/ HTTP/2.0" 200 25628 "-" "Mozilla/5.0 AppleWebKit/537.36 (KHTML, like Gecko; compatible; bingbot/2.0; +http://www.bing.com/bingbot.htm) Chrome/116.0.1938.76 Safari/537.36"
52.167.144.232 - - [28/Jul/2026:11:08:52 +0200] "GET /live-cam/ladyroxy-cam-1540291/ HTTP/2.0" 200 25901 "-" "Mozilla/5.0 AppleWebKit/537.36 (KHTML, like Gecko; compatible; bingbot/2.0; +http://www.bing.com/bingbot.htm) Chrome/116.0.1938.76 Safari/537.36"
2a03:4000:59:e65:94e2:deff:fe0e:57ac - - [28/Jul/2026:11:09:11 +0200] "GET /wp-json/arni-tracking/v1/stats?from=2026-07-26&to=2026-07-26 HTTP/2.0" 200 277 "-" "ArNi-CRM/1.0"
2a03:4000:59:e65:94e2:deff:fe0e:57ac - - [28/Jul/2026:11:09:11 +0200] "GET /wp-json/arni-tracking/v1/stats?from=2026-07-27&to=2026-07-27 HTTP/2.0" 200 307 "-" "ArNi-CRM/1.0"
2a03:4000:59:e65:94e2:deff:fe0e:57ac - - [28/Jul/2026:11:09:12 +0200] "GET /wp-json/arni-tracking/v1/stats?from=2026-07-28&to=2026-07-28 HTTP/2.0" 200 302 "-" "ArNi-CRM/1.0"
2a03:4000:59:e65:94e2:deff:fe0e:57ac - - [28/Jul/2026:11:09:12 +0200] "GET /wp-json/arni-tracking/v1/stats?from=2026-06-29&to=2026-07-28 HTTP/2.0" 200 317 "-" "ArNi-CRM/1.0"
2a03:4000:59:e65:94e2:deff:fe0e:57ac - - [28/Jul/2026:11:09:13 +0200] "GET /wp-json/arni-tracking/v1/pages?from=2026-06-29&to=2026-07-28&limit=100 HTTP/2.0" 200 18257 "-" "ArNi-CRM/1.0"
2a03:4000:59:e65:94e2:deff:fe0e:57ac - - [28/Jul/2026:11:09:13 +0200] "GET /wp-json/arni-tracking/v1/referrers?from=2026-06-29&to=2026-07-28&limit=100 HTTP/2.0" 200 947 "-" "ArNi-CRM/1.0"
2a03:4000:59:e65:94e2:deff:fe0e:57ac - - [28/Jul/2026:11:09:13 +0200] "GET /wp-json/arni-tracking/v1/campaigns?from=2026-06-29&to=2026-07-28&limit=100 HTTP/2.0" 200 78 "-" "ArNi-CRM/1.0"
2a03:4000:59:e65:94e2:deff:fe0e:57ac - - [28/Jul/2026:11:09:13 +0200] "GET /wp-json/arni-tracking/v1/conversions?from=2026-06-29&to=2026-07-28&limit=1000&page=1 HTTP/2.0" 200 44904 "-" "ArNi-CRM/1.0"
2a03:4000:59:e65:94e2:deff:fe0e:57ac - - [28/Jul/2026:11:09:13 +0200] "GET /wp-json/arni-tracking/v1/sessions?from=2026-06-29&to=2026-07-28&limit=500&page=1 HTTP/2.0" 200 196205 "-" "ArNi-CRM/1.0"
216.73.217.172 - - [28/Jul/2026:11:10:32 +0200] "GET /sitemap.xml HTTP/1.1" 301 169 "-" "Mozilla/5.0 AppleWebKit/537.36 (KHTML, like Gecko; compatible; Claude-SearchBot/1.0; +searchbot@anthropic.com)"
216.73.217.172 - - [28/Jul/2026:11:10:33 +0200] "GET /sitemap.xml HTTP/2.0" 301 0 "http://www.taschenmuschi-kaufen.de/sitemap.xml" "Mozilla/5.0 AppleWebKit/537.36 (KHTML, like Gecko; compatible; Claude-SearchBot/1.0; +searchbot@anthropic.com)"
216.73.217.172 - - [28/Jul/2026:11:10:33 +0200] "GET /wp-sitemap.xml HTTP/2.0" 200 1031 "https://www.taschenmuschi-kaufen.de/sitemap.xml" "Mozilla/5.0 AppleWebKit/537.36 (KHTML, like Gecko; compatible; Claude-SearchBot/1.0; +searchbot@anthropic.com)"
216.244.66.234 - - [28/Jul/2026:11:10:33 +0200] "GET /webcam-girls/ HTTP/1.1" 301 169 "-" "Mozilla/5.0 (compatible; DotBot/1.2; +https://opensiteexplorer.org/dotbot; help@moz.com)"
216.244.66.234 - - [28/Jul/2026:11:11:27 +0200] "GET /wiki/app/ HTTP/1.1" 301 169 "-" "Mozilla/5.0 (compatible; DotBot/1.2; +https://opensiteexplorer.org/dotbot; help@moz.com)"
2a03:4000:59:e65:94e2:deff:fe0e:57ac - - [28/Jul/2026:11:12:11 +0200] "GET /wp-json/arni-tracking/v1/stats?from=2026-07-26&to=2026-07-26 HTTP/2.0" 200 277 "-" "ArNi-CRM/1.0"
2a03:4000:59:e65:94e2:deff:fe0e:57ac - - [28/Jul/2026:11:12:12 +0200] "GET /wp-json/arni-tracking/v1/stats?from=2026-07-27&to=2026-07-27 HTTP/2.0" 200 307 "-" "ArNi-CRM/1.0"
2a03:4000:59:e65:94e2:deff:fe0e:57ac - - [28/Jul/2026:11:12:12 +0200] "GET /wp-json/arni-tracking/v1/stats?from=2026-07-28&to=2026-07-28 HTTP/2.0" 200 302 "-" "ArNi-CRM/1.0"
2a03:4000:59:e65:94e2:deff:fe0e:57ac - - [28/Jul/2026:11:12:12 +0200] "GET /wp-json/arni-tracking/v1/stats?from=2026-06-29&to=2026-07-28 HTTP/2.0" 200 317 "-" "ArNi-CRM/1.0"
2a03:4000:59:e65:94e2:deff:fe0e:57ac - - [28/Jul/2026:11:12:12 +0200] "GET /wp-json/arni-tracking/v1/pages?from=2026-06-29&to=2026-07-28&limit=100 HTTP/2.0" 200 18257 "-" "ArNi-CRM/1.0"
2a03:4000:59:e65:94e2:deff:fe0e:57ac - - [28/Jul/2026:11:12:13 +0200] "GET /wp-json/arni-tracking/v1/referrers?from=2026-06-29&to=2026-07-28&limit=100 HTTP/2.0" 200 947 "-" "ArNi-CRM/1.0"
2a03:4000:59:e65:94e2:deff:fe0e:57ac - - [28/Jul/2026:11:12:13 +0200] "GET /wp-json/arni-tracking/v1/campaigns?from=2026-06-29&to=2026-07-28&limit=100 HTTP/2.0" 200 78 "-" "ArNi-CRM/1.0"
2a03:4000:59:e65:94e2:deff:fe0e:57ac - - [28/Jul/2026:11:12:13 +0200] "GET /wp-json/arni-tracking/v1/conversions?from=2026-06-29&to=2026-07-28&limit=1000&page=1 HTTP/2.0" 200 44904 "-" "ArNi-CRM/1.0"
2a03:4000:59:e65:94e2:deff:fe0e:57ac - - [28/Jul/2026:11:12:13 +0200] "GET /wp-json/arni-tracking/v1/sessions?from=2026-06-29&to=2026-07-28&limit=500&page=1 HTTP/2.0" 200 196205 "-" "ArNi-CRM/1.0"
52.167.144.163 - - [28/Jul/2026:11:13:22 +0200] "GET /live-cam/farmofpleasure-cam-2242523/ HTTP/2.0" 200 26393 "-" "Mozilla/5.0 AppleWebKit/537.36 (KHTML, like Gecko; compatible; bingbot/2.0; +http://www.bing.com/bingbot.htm) Chrome/116.0.1938.76 Safari/537.36"
52.167.144.163 - - [28/Jul/2026:11:13:26 +0200] "GET /live-cam/sweetandyoung-cam-10215228/ HTTP/2.0" 200 25785 "-" "Mozilla/5.0 AppleWebKit/537.36 (KHTML, like Gecko; compatible; bingbot/2.0; +http://www.bing.com/bingbot.htm) Chrome/116.0.1938.76 Safari/537.36"
43.167.239.66 - - [28/Jul/2026:11:13:35 +0200] "GET /live-cams/frauen/braun/ HTTP/2.0" 200 77277 "-" "Mozilla/5.0 (iPhone; CPU iPhone OS 13_2_3 like Mac OS X) AppleWebKit/605.1.15 (KHTML, like Gecko) Version/13.0.3 Mobile/15E148 Safari/604.1"
