2a03:4000:59:e65:94e2:deff:fe0e:57ac - - [28/Jul/2026:13:21:12 +0200] "GET /wp-json/arni-tracking/v1/stats?from=2026-06-29&to=2026-07-28 HTTP/2.0" 200 317 "-" "ArNi-CRM/1.0"
2a03:4000:59:e65:94e2:deff:fe0e:57ac - - [28/Jul/2026:13:21:12 +0200] "GET /wp-json/arni-tracking/v1/pages?from=2026-06-29&to=2026-07-28&limit=100 HTTP/2.0" 200 18257 "-" "ArNi-CRM/1.0"
2a03:4000:59:e65:94e2:deff:fe0e:57ac - - [28/Jul/2026:13:21:12 +0200] "GET /wp-json/arni-tracking/v1/referrers?from=2026-06-29&to=2026-07-28&limit=100 HTTP/2.0" 200 947 "-" "ArNi-CRM/1.0"
2a03:4000:59:e65:94e2:deff:fe0e:57ac - - [28/Jul/2026:13:21:12 +0200] "GET /wp-json/arni-tracking/v1/campaigns?from=2026-06-29&to=2026-07-28&limit=100 HTTP/2.0" 200 78 "-" "ArNi-CRM/1.0"
2a03:4000:59:e65:94e2:deff:fe0e:57ac - - [28/Jul/2026:13:21:13 +0200] "GET /wp-json/arni-tracking/v1/conversions?from=2026-06-29&to=2026-07-28&limit=1000&page=1 HTTP/2.0" 200 44904 "-" "ArNi-CRM/1.0"
2a03:4000:59:e65:94e2:deff:fe0e:57ac - - [28/Jul/2026:13:21:13 +0200] "GET /wp-json/arni-tracking/v1/sessions?from=2026-06-29&to=2026-07-28&limit=500&page=1 HTTP/2.0" 200 187724 "-" "ArNi-CRM/1.0"
43.155.195.141 - - [28/Jul/2026:13:23:26 +0200] "GET /cam/out/holytyler-cam-11224961 HTTP/2.0" 301 0 "-" "Mozilla/5.0 (iPhone; CPU iPhone OS 13_2_3 like Mac OS X) AppleWebKit/605.1.15 (KHTML, like Gecko) Version/13.0.3 Mobile/15E148 Safari/604.1"
2a03:4000:59:e65:94e2:deff:fe0e:57ac - - [28/Jul/2026:13:24:11 +0200] "GET /wp-json/arni-tracking/v1/stats?from=2026-07-26&to=2026-07-26 HTTP/2.0" 200 277 "-" "ArNi-CRM/1.0"
2a03:4000:59:e65:94e2:deff:fe0e:57ac - - [28/Jul/2026:13:24:11 +0200] "GET /wp-json/arni-tracking/v1/stats?from=2026-07-27&to=2026-07-27 HTTP/2.0" 200 307 "-" "ArNi-CRM/1.0"
2a03:4000:59:e65:94e2:deff:fe0e:57ac - - [28/Jul/2026:13:24:11 +0200] "GET /wp-json/arni-tracking/v1/stats?from=2026-07-28&to=2026-07-28 HTTP/2.0" 200 300 "-" "ArNi-CRM/1.0"
2a03:4000:59:e65:94e2:deff:fe0e:57ac - - [28/Jul/2026:13:24:11 +0200] "GET /wp-json/arni-tracking/v1/stats?from=2026-06-29&to=2026-07-28 HTTP/2.0" 200 317 "-" "ArNi-CRM/1.0"
2a03:4000:59:e65:94e2:deff:fe0e:57ac - - [28/Jul/2026:13:24:12 +0200] "GET /wp-json/arni-tracking/v1/pages?from=2026-06-29&to=2026-07-28&limit=100 HTTP/2.0" 200 18257 "-" "ArNi-CRM/1.0"
2a03:4000:59:e65:94e2:deff:fe0e:57ac - - [28/Jul/2026:13:24:12 +0200] "GET /wp-json/arni-tracking/v1/referrers?from=2026-06-29&to=2026-07-28&limit=100 HTTP/2.0" 200 947 "-" "ArNi-CRM/1.0"
2a03:4000:59:e65:94e2:deff:fe0e:57ac - - [28/Jul/2026:13:24:12 +0200] "GET /wp-json/arni-tracking/v1/campaigns?from=2026-06-29&to=2026-07-28&limit=100 HTTP/2.0" 200 78 "-" "ArNi-CRM/1.0"
2a03:4000:59:e65:94e2:deff:fe0e:57ac - - [28/Jul/2026:13:24:12 +0200] "GET /wp-json/arni-tracking/v1/conversions?from=2026-06-29&to=2026-07-28&limit=1000&page=1 HTTP/2.0" 200 44904 "-" "ArNi-CRM/1.0"
2a03:4000:59:e65:94e2:deff:fe0e:57ac - - [28/Jul/2026:13:24:12 +0200] "GET /wp-json/arni-tracking/v1/sessions?from=2026-06-29&to=2026-07-28&limit=500&page=1 HTTP/2.0" 200 187719 "-" "ArNi-CRM/1.0"
52.167.144.172 - - [28/Jul/2026:13:24:17 +0200] "GET /live-cam/roxxierose-cam-14113555/ HTTP/2.0" 200 27659 "-" "Mozilla/5.0 AppleWebKit/537.36 (KHTML, like Gecko; compatible; bingbot/2.0; +http://www.bing.com/bingbot.htm) Chrome/116.0.1938.76 Safari/537.36"
62.138.3.52 - - [28/Jul/2026:13:25:11 +0200] "GET /wp-content/uploads/2026/06/30049782_1280-150x150.jpg HTTP/2.0" 200 6364 "https://www.taschenmuschi-kaufen.de/live-cam/crystalleyess-cam-18613034/" "Mozilla/5.0 (Macintosh; Intel Mac OS X 10.15; rv:103.0) Gecko/20100101 Firefox/103.0"
2a03:4000:59:e65:94e2:deff:fe0e:57ac - - [28/Jul/2026:13:27:12 +0200] "GET /wp-json/arni-tracking/v1/stats?from=2026-07-26&to=2026-07-26 HTTP/2.0" 200 277 "-" "ArNi-CRM/1.0"
2a03:4000:59:e65:94e2:deff:fe0e:57ac - - [28/Jul/2026:13:27:12 +0200] "GET /wp-json/arni-tracking/v1/stats?from=2026-07-27&to=2026-07-27 HTTP/2.0" 200 307 "-" "ArNi-CRM/1.0"
2a03:4000:59:e65:94e2:deff:fe0e:57ac - - [28/Jul/2026:13:27:12 +0200] "GET /wp-json/arni-tracking/v1/stats?from=2026-07-28&to=2026-07-28 HTTP/2.0" 200 300 "-" "ArNi-CRM/1.0"
2a03:4000:59:e65:94e2:deff:fe0e:57ac - - [28/Jul/2026:13:27:13 +0200] "GET /wp-json/arni-tracking/v1/stats?from=2026-06-29&to=2026-07-28 HTTP/2.0" 200 317 "-" "ArNi-CRM/1.0"
2a03:4000:59:e65:94e2:deff:fe0e:57ac - - [28/Jul/2026:13:27:13 +0200] "GET /wp-json/arni-tracking/v1/pages?from=2026-06-29&to=2026-07-28&limit=100 HTTP/2.0" 200 18257 "-" "ArNi-CRM/1.0"
2a03:4000:59:e65:94e2:deff:fe0e:57ac - - [28/Jul/2026:13:27:13 +0200] "GET /wp-json/arni-tracking/v1/referrers?from=2026-06-29&to=2026-07-28&limit=100 HTTP/2.0" 200 947 "-" "ArNi-CRM/1.0"
2a03:4000:59:e65:94e2:deff:fe0e:57ac - - [28/Jul/2026:13:27:13 +0200] "GET /wp-json/arni-tracking/v1/campaigns?from=2026-06-29&to=2026-07-28&limit=100 HTTP/2.0" 200 78 "-" "ArNi-CRM/1.0"
2a03:4000:59:e65:94e2:deff:fe0e:57ac - - [28/Jul/2026:13:27:13 +0200] "GET /wp-json/arni-tracking/v1/conversions?from=2026-06-29&to=2026-07-28&limit=1000&page=1 HTTP/2.0" 200 44904 "-" "ArNi-CRM/1.0"
2a03:4000:59:e65:94e2:deff:fe0e:57ac - - [28/Jul/2026:13:27:14 +0200] "GET /wp-json/arni-tracking/v1/sessions?from=2026-06-29&to=2026-07-28&limit=500&page=1 HTTP/2.0" 200 187719 "-" "ArNi-CRM/1.0"
23.180.120.145 - - [28/Jul/2026:13:28:42 +0200] "GET / HTTP/2.0" 200 23810 "-" "Mozilla/5.0 (Macintosh; Intel Mac OS X 13_6_4) AppleWebKit/605.1.15 (KHTML, like Gecko) Version/17.2 Safari/605.1.15"
52.167.144.172 - - [28/Jul/2026:13:29:37 +0200] "GET /live-cam/brandybochum-cam-10411615/ HTTP/2.0" 200 25292 "-" "Mozilla/5.0 AppleWebKit/537.36 (KHTML, like Gecko; compatible; bingbot/2.0; +http://www.bing.com/bingbot.htm) Chrome/116.0.1938.76 Safari/537.36"
52.167.144.18 - - [28/Jul/2026:13:29:38 +0200] "GET /live-cam/shruthi-cam-18597364/ HTTP/2.0" 200 25374 "-" "Mozilla/5.0 AppleWebKit/537.36 (KHTML, like Gecko; compatible; bingbot/2.0; +http://www.bing.com/bingbot.htm) Chrome/116.0.1938.76 Safari/537.36"
52.167.144.18 - - [28/Jul/2026:13:29:38 +0200] "GET /live-cam/candelax-cam-9536706/ HTTP/2.0" 200 25333 "-" "Mozilla/5.0 AppleWebKit/537.36 (KHTML, like Gecko; compatible; bingbot/2.0; +http://www.bing.com/bingbot.htm) Chrome/116.0.1938.76 Safari/537.36"
40.77.167.61 - - [28/Jul/2026:13:29:41 +0200] "GET /live-cam/juliaavarix-cam-19306954/ HTTP/2.0" 200 27112 "-" "Mozilla/5.0 AppleWebKit/537.36 (KHTML, like Gecko; compatible; bingbot/2.0; +http://www.bing.com/bingbot.htm) Chrome/116.0.1938.76 Safari/537.36"
40.77.167.61 - - [28/Jul/2026:13:29:43 +0200] "GET /live-cam/cindysquirt-cam-11084418/ HTTP/2.0" 200 25651 "-" "Mozilla/5.0 AppleWebKit/537.36 (KHTML, like Gecko; compatible; bingbot/2.0; +http://www.bing.com/bingbot.htm) Chrome/116.0.1938.76 Safari/537.36"
40.77.167.61 - - [28/Jul/2026:13:29:47 +0200] "GET /live-cam/sylverrose-cam-9247992/ HTTP/2.0" 200 26122 "-" "Mozilla/5.0 AppleWebKit/537.36 (KHTML, like Gecko; compatible; bingbot/2.0; +http://www.bing.com/bingbot.htm) Chrome/116.0.1938.76 Safari/537.36"
2a03:4000:59:e65:94e2:deff:fe0e:57ac - - [28/Jul/2026:13:30:13 +0200] "GET /wp-json/arni-tracking/v1/stats?from=2026-07-26&to=2026-07-26 HTTP/2.0" 200 277 "-" "ArNi-CRM/1.0"
2a03:4000:59:e65:94e2:deff:fe0e:57ac - - [28/Jul/2026:13:30:13 +0200] "GET /wp-json/arni-tracking/v1/stats?from=2026-07-27&to=2026-07-27 HTTP/2.0" 200 307 "-" "ArNi-CRM/1.0"
2a03:4000:59:e65:94e2:deff:fe0e:57ac - - [28/Jul/2026:13:30:14 +0200] "GET /wp-json/arni-tracking/v1/stats?from=2026-07-28&to=2026-07-28 HTTP/2.0" 200 300 "-" "ArNi-CRM/1.0"
2a03:4000:59:e65:94e2:deff:fe0e:57ac - - [28/Jul/2026:13:30:14 +0200] "GET /wp-json/arni-tracking/v1/stats?from=2026-06-29&to=2026-07-28 HTTP/2.0" 200 317 "-" "ArNi-CRM/1.0"
2a03:4000:59:e65:94e2:deff:fe0e:57ac - - [28/Jul/2026:13:30:14 +0200] "GET /wp-json/arni-tracking/v1/pages?from=2026-06-29&to=2026-07-28&limit=100 HTTP/2.0" 200 18257 "-" "ArNi-CRM/1.0"
2a03:4000:59:e65:94e2:deff:fe0e:57ac - - [28/Jul/2026:13:30:14 +0200] "GET /wp-json/arni-tracking/v1/referrers?from=2026-06-29&to=2026-07-28&limit=100 HTTP/2.0" 200 947 "-" "ArNi-CRM/1.0"
2a03:4000:59:e65:94e2:deff:fe0e:57ac - - [28/Jul/2026:13:30:15 +0200] "GET /wp-json/arni-tracking/v1/campaigns?from=2026-06-29&to=2026-07-28&limit=100 HTTP/2.0" 200 78 "-" "ArNi-CRM/1.0"
2a03:4000:59:e65:94e2:deff:fe0e:57ac - - [28/Jul/2026:13:30:15 +0200] "GET /wp-json/arni-tracking/v1/conversions?from=2026-06-29&to=2026-07-28&limit=1000&page=1 HTTP/2.0" 200 44904 "-" "ArNi-CRM/1.0"
2a03:4000:59:e65:94e2:deff:fe0e:57ac - - [28/Jul/2026:13:30:15 +0200] "GET /wp-json/arni-tracking/v1/sessions?from=2026-06-29&to=2026-07-28&limit=500&page=1 HTTP/2.0" 200 187080 "-" "ArNi-CRM/1.0"
47.79.13.148 - - [28/Jul/2026:13:31:09 +0200] "GET /live-cam/vaioletgomez-cam-19162623/ HTTP/2.0" 200 25717 "https://www.taschenmuschi-kaufen.de/" "Mozilla/5.0 (Macintosh; Intel Mac OS X 10_15_7) AppleWebKit/537.36 (KHTML, like Gecko) Chrome/135.0.0.0 Safari/537.36"
216.244.66.234 - - [28/Jul/2026:13:31:26 +0200] "GET /wiki/sex-chat/feed/ HTTP/1.1" 301 169 "-" "Mozilla/5.0 (compatible; DotBot/1.2; +https://opensiteexplorer.org/dotbot; help@moz.com)"
113.182.101.187 - - [28/Jul/2026:13:32:06 +0200] "GET /cam/out/katerinefraser-cam-19383193 HTTP/2.0" 301 0 "https://www.taschenmuschi-kaufen.de/" "Mozilla/5.0 (Windows NT 10.0; Win64; x64) AppleWebKit/537.36 (KHTML, like Gecko) Chrome/134.0.0.0 Safari/537.36"
2a03:4000:59:e65:94e2:deff:fe0e:57ac - - [28/Jul/2026:13:33:12 +0200] "GET /wp-json/arni-tracking/v1/stats?from=2026-07-26&to=2026-07-26 HTTP/2.0" 200 277 "-" "ArNi-CRM/1.0"
2a03:4000:59:e65:94e2:deff:fe0e:57ac - - [28/Jul/2026:13:33:12 +0200] "GET /wp-json/arni-tracking/v1/stats?from=2026-07-27&to=2026-07-27 HTTP/2.0" 200 307 "-" "ArNi-CRM/1.0"
2a03:4000:59:e65:94e2:deff:fe0e:57ac - - [28/Jul/2026:13:33:12 +0200] "GET /wp-json/arni-tracking/v1/stats?from=2026-07-28&to=2026-07-28 HTTP/2.0" 200 300 "-" "ArNi-CRM/1.0"
2a03:4000:59:e65:94e2:deff:fe0e:57ac - - [28/Jul/2026:13:33:13 +0200] "GET /wp-json/arni-tracking/v1/stats?from=2026-06-29&to=2026-07-28 HTTP/2.0" 200 317 "-" "ArNi-CRM/1.0"
2a03:4000:59:e65:94e2:deff:fe0e:57ac - - [28/Jul/2026:13:33:13 +0200] "GET /wp-json/arni-tracking/v1/pages?from=2026-06-29&to=2026-07-28&limit=100 HTTP/2.0" 200 18257 "-" "ArNi-CRM/1.0"
2a03:4000:59:e65:94e2:deff:fe0e:57ac - - [28/Jul/2026:13:33:13 +0200] "GET /wp-json/arni-tracking/v1/referrers?from=2026-06-29&to=2026-07-28&limit=100 HTTP/2.0" 200 947 "-" "ArNi-CRM/1.0"
2a03:4000:59:e65:94e2:deff:fe0e:57ac - - [28/Jul/2026:13:33:13 +0200] "GET /wp-json/arni-tracking/v1/campaigns?from=2026-06-29&to=2026-07-28&limit=100 HTTP/2.0" 200 78 "-" "ArNi-CRM/1.0"
2a03:4000:59:e65:94e2:deff:fe0e:57ac - - [28/Jul/2026:13:33:13 +0200] "GET /wp-json/arni-tracking/v1/conversions?from=2026-06-29&to=2026-07-28&limit=1000&page=1 HTTP/2.0" 200 44904 "-" "ArNi-CRM/1.0"
2a03:4000:59:e65:94e2:deff:fe0e:57ac - - [28/Jul/2026:13:33:14 +0200] "GET /wp-json/arni-tracking/v1/sessions?from=2026-06-29&to=2026-07-28&limit=500&page=1 HTTP/2.0" 200 186366 "-" "ArNi-CRM/1.0"
43.160.240.216 - - [28/Jul/2026:13:34:01 +0200] "GET /wp-json/oembed/1.0/embed?url=https%3A%2F%2Fwww.taschenmuschi-kaufen.de%2Flive-cam%2Flexxis-blck-cam-19367364%2F HTTP/2.0" 200 2426 "-" "Mozilla/5.0 (iPhone; CPU iPhone OS 13_2_3 like Mac OS X) AppleWebKit/605.1.15 (KHTML, like Gecko) Version/13.0.3 Mobile/15E148 Safari/604.1"
52.167.144.170 - - [28/Jul/2026:13:35:07 +0200] "GET /live-cam/asianslut-cam-19132234/ HTTP/2.0" 200 25257 "-" "Mozilla/5.0 AppleWebKit/537.36 (KHTML, like Gecko; compatible; bingbot/2.0; +http://www.bing.com/bingbot.htm) Chrome/116.0.1938.76 Safari/537.36"
52.167.144.170 - - [28/Jul/2026:13:35:24 +0200] "GET /live-cam/britneyrain-cam-10903631/ HTTP/2.0" 200 25519 "-" "Mozilla/5.0 AppleWebKit/537.36 (KHTML, like Gecko; compatible; bingbot/2.0; +http://www.bing.com/bingbot.htm) Chrome/116.0.1938.76 Safari/537.36"
2a03:4000:59:e65:94e2:deff:fe0e:57ac - - [28/Jul/2026:13:36:10 +0200] "GET /wp-json/arni-tracking/v1/stats?from=2026-07-26&to=2026-07-26 HTTP/2.0" 200 277 "-" "ArNi-CRM/1.0"
2a03:4000:59:e65:94e2:deff:fe0e:57ac - - [28/Jul/2026:13:36:10 +0200] "GET /wp-json/arni-tracking/v1/stats?from=2026-07-27&to=2026-07-27 HTTP/2.0" 200 307 "-" "ArNi-CRM/1.0"
2a03:4000:59:e65:94e2:deff:fe0e:57ac - - [28/Jul/2026:13:36:11 +0200] "GET /wp-json/arni-tracking/v1/stats?from=2026-07-28&to=2026-07-28 HTTP/2.0" 200 300 "-" "ArNi-CRM/1.0"
2a03:4000:59:e65:94e2:deff:fe0e:57ac - - [28/Jul/2026:13:36:11 +0200] "GET /wp-json/arni-tracking/v1/stats?from=2026-06-29&to=2026-07-28 HTTP/2.0" 200 317 "-" "ArNi-CRM/1.0"
2a03:4000:59:e65:94e2:deff:fe0e:57ac - - [28/Jul/2026:13:36:11 +0200] "GET /wp-json/arni-tracking/v1/pages?from=2026-06-29&to=2026-07-28&limit=100 HTTP/2.0" 200 18257 "-" "ArNi-CRM/1.0"
2a03:4000:59:e65:94e2:deff:fe0e:57ac - - [28/Jul/2026:13:36:11 +0200] "GET /wp-json/arni-tracking/v1/referrers?from=2026-06-29&to=2026-07-28&limit=100 HTTP/2.0" 200 947 "-" "ArNi-CRM/1.0"
2a03:4000:59:e65:94e2:deff:fe0e:57ac - - [28/Jul/2026:13:36:12 +0200] "GET /wp-json/arni-tracking/v1/campaigns?from=2026-06-29&to=2026-07-28&limit=100 HTTP/2.0" 200 78 "-" "ArNi-CRM/1.0"
2a03:4000:59:e65:94e2:deff:fe0e:57ac - - [28/Jul/2026:13:36:12 +0200] "GET /wp-json/arni-tracking/v1/conversions?from=2026-06-29&to=2026-07-28&limit=1000&page=1 HTTP/2.0" 200 44904 "-" "ArNi-CRM/1.0"
2a03:4000:59:e65:94e2:deff:fe0e:57ac - - [28/Jul/2026:13:36:12 +0200] "GET /wp-json/arni-tracking/v1/sessions?from=2026-06-29&to=2026-07-28&limit=500&page=1 HTTP/2.0" 200 186366 "-" "ArNi-CRM/1.0"
54.235.183.179 - - [28/Jul/2026:13:37:22 +0200] "GET /live-cam/roksannaa-cam-19401824/embed/ HTTP/2.0" 200 6949 "-" "Mozilla/5.0 AppleWebKit/537.36 (KHTML, like Gecko; compatible; Amzn-SearchBot/0.1) Chrome/119.0.6045.214 Safari/537.36"
3.224.73.194 - - [28/Jul/2026:13:37:25 +0200] "GET /wp-content/uploads/2026/07/31368071_640.jpg HTTP/2.0" 200 61768 "-" "Mozilla/5.0 AppleWebKit/537.36 (KHTML, like Gecko; compatible; Amzn-SearchBot/0.1) Chrome/119.0.6045.214 Safari/537.36"
18.210.225.20 - - [28/Jul/2026:13:37:32 +0200] "GET /live-cam/yaruzkats-cam-11063595/embed/ HTTP/2.0" 200 6960 "-" "Mozilla/5.0 AppleWebKit/537.36 (KHTML, like Gecko; compatible; Amzn-SearchBot/0.1) Chrome/119.0.6045.214 Safari/537.36"
98.91.120.100 - - [28/Jul/2026:13:37:42 +0200] "GET /wp-content/uploads/2026/06/13561032_1280-1024x768.jpg HTTP/2.0" 200 72956 "-" "Mozilla/5.0 AppleWebKit/537.36 (KHTML, like Gecko; compatible; Amzn-SearchBot/0.1) Chrome/119.0.6045.214 Safari/537.36"
34.194.236.194 - - [28/Jul/2026:13:37:52 +0200] "GET /wp-content/uploads/2026/05/31201565_1280-9.jpg HTTP/2.0" 200 42226 "-" "Mozilla/5.0 AppleWebKit/537.36 (KHTML, like Gecko; compatible; Amzn-SearchBot/0.1) Chrome/119.0.6045.214 Safari/537.36"
98.88.114.29 - - [28/Jul/2026:13:38:02 +0200] "GET /wp-json/oembed/1.0/embed?url=https://www.taschenmuschi-kaufen.de/live-cam/petite-angel-cam-11527896/ HTTP/2.0" 200 2431 "-" "Mozilla/5.0 AppleWebKit/537.36 (KHTML, like Gecko; compatible; Amzn-SearchBot/0.1) Chrome/119.0.6045.214 Safari/537.36"
44.193.34.148 - - [28/Jul/2026:13:38:12 +0200] "GET /wp-content/uploads/2026/05/31112090_1280-28-1024x768.jpg HTTP/2.0" 200 104984 "-" "Mozilla/5.0 AppleWebKit/537.36 (KHTML, like Gecko; compatible; Amzn-SearchBot/0.1) Chrome/119.0.6045.214 Safari/537.36"
44.194.47.12 - - [28/Jul/2026:13:38:22 +0200] "GET /wp-json/oembed/1.0/embed?url=https://www.taschenmuschi-kaufen.de/live-cam/loredivina-cam-11842991/ HTTP/2.0" 200 2421 "-" "Mozilla/5.0 AppleWebKit/537.36 (KHTML, like Gecko; compatible; Amzn-SearchBot/0.1) Chrome/119.0.6045.214 Safari/537.36"
107.20.124.65 - - [28/Jul/2026:13:38:32 +0200] "GET /wp-json/oembed/1.0/embed?url=https://www.taschenmuschi-kaufen.de/live-cam/urhugecock-cam-19061494/ HTTP/2.0" 200 2421 "-" "Mozilla/5.0 AppleWebKit/537.36 (KHTML, like Gecko; compatible; Amzn-SearchBot/0.1) Chrome/119.0.6045.214 Safari/537.36"
3.223.100.234 - - [28/Jul/2026:13:38:47 +0200] "GET /live-cam/miyax-cam-10983412/ HTTP/2.0" 200 26314 "-" "Mozilla/5.0 AppleWebKit/537.36 (KHTML, like Gecko; compatible; Amzn-SearchBot/0.1) Chrome/119.0.6045.214 Safari/537.36"
40.77.167.61 - - [28/Jul/2026:13:38:57 +0200] "GET /cam/out/latinhoney-cam-10012045 HTTP/2.0" 301 0 "-" "Mozilla/5.0 AppleWebKit/537.36 (KHTML, like Gecko; compatible; bingbot/2.0; +http://www.bing.com/bingbot.htm) Chrome/116.0.1938.76 Safari/537.36"
2a03:4000:59:e65:94e2:deff:fe0e:57ac - - [28/Jul/2026:13:39:12 +0200] "GET /wp-json/arni-tracking/v1/stats?from=2026-07-26&to=2026-07-26 HTTP/2.0" 200 277 "-" "ArNi-CRM/1.0"
2a03:4000:59:e65:94e2:deff:fe0e:57ac - - [28/Jul/2026:13:39:12 +0200] "GET /wp-json/arni-tracking/v1/stats?from=2026-07-27&to=2026-07-27 HTTP/2.0" 200 307 "-" "ArNi-CRM/1.0"
2a03:4000:59:e65:94e2:deff:fe0e:57ac - - [28/Jul/2026:13:39:12 +0200] "GET /wp-json/arni-tracking/v1/stats?from=2026-07-28&to=2026-07-28 HTTP/2.0" 200 300 "-" "ArNi-CRM/1.0"
2a03:4000:59:e65:94e2:deff:fe0e:57ac - - [28/Jul/2026:13:39:13 +0200] "GET /wp-json/arni-tracking/v1/stats?from=2026-06-29&to=2026-07-28 HTTP/2.0" 200 317 "-" "ArNi-CRM/1.0"
2a03:4000:59:e65:94e2:deff:fe0e:57ac - - [28/Jul/2026:13:39:13 +0200] "GET /wp-json/arni-tracking/v1/pages?from=2026-06-29&to=2026-07-28&limit=100 HTTP/2.0" 200 18257 "-" "ArNi-CRM/1.0"
2a03:4000:59:e65:94e2:deff:fe0e:57ac - - [28/Jul/2026:13:39:13 +0200] "GET /wp-json/arni-tracking/v1/referrers?from=2026-06-29&to=2026-07-28&limit=100 HTTP/2.0" 200 947 "-" "ArNi-CRM/1.0"
2a03:4000:59:e65:94e2:deff:fe0e:57ac - - [28/Jul/2026:13:39:13 +0200] "GET /wp-json/arni-tracking/v1/campaigns?from=2026-06-29&to=2026-07-28&limit=100 HTTP/2.0" 200 78 "-" "ArNi-CRM/1.0"
2a03:4000:59:e65:94e2:deff:fe0e:57ac - - [28/Jul/2026:13:39:13 +0200] "GET /wp-json/arni-tracking/v1/conversions?from=2026-06-29&to=2026-07-28&limit=1000&page=1 HTTP/2.0" 200 44904 "-" "ArNi-CRM/1.0"
2a03:4000:59:e65:94e2:deff:fe0e:57ac - - [28/Jul/2026:13:39:14 +0200] "GET /wp-json/arni-tracking/v1/sessions?from=2026-06-29&to=2026-07-28&limit=500&page=1 HTTP/2.0" 200 186366 "-" "ArNi-CRM/1.0"
52.167.144.191 - - [28/Jul/2026:13:39:16 +0200] "GET /produkte/marken/fairy/ HTTP/2.0" 200 23371 "-" "Mozilla/5.0 AppleWebKit/537.36 (KHTML, like Gecko; compatible; bingbot/2.0; +http://www.bing.com/bingbot.htm) Chrome/116.0.1938.76 Safari/537.36"
52.167.144.191 - - [28/Jul/2026:13:39:20 +0200] "GET /live-cam/erinjones-cam-10678166/ HTTP/2.0" 200 25658 "-" "Mozilla/5.0 AppleWebKit/537.36 (KHTML, like Gecko; compatible; bingbot/2.0; +http://www.bing.com/bingbot.htm) Chrome/116.0.1938.76 Safari/537.36"
52.167.144.170 - - [28/Jul/2026:13:39:22 +0200] "GET /live-cam/cassieblow-cam-10820854/ HTTP/2.0" 200 25917 "-" "Mozilla/5.0 AppleWebKit/537.36 (KHTML, like Gecko; compatible; bingbot/2.0; +http://www.bing.com/bingbot.htm) Chrome/116.0.1938.76 Safari/537.36"
2a03:4000:59:e65:94e2:deff:fe0e:57ac - - [28/Jul/2026:13:42:10 +0200] "GET /wp-json/arni-tracking/v1/stats?from=2026-07-26&to=2026-07-26 HTTP/2.0" 200 277 "-" "ArNi-CRM/1.0"
2a03:4000:59:e65:94e2:deff:fe0e:57ac - - [28/Jul/2026:13:42:10 +0200] "GET /wp-json/arni-tracking/v1/stats?from=2026-07-27&to=2026-07-27 HTTP/2.0" 200 307 "-" "ArNi-CRM/1.0"
2a03:4000:59:e65:94e2:deff:fe0e:57ac - - [28/Jul/2026:13:42:10 +0200] "GET /wp-json/arni-tracking/v1/stats?from=2026-07-28&to=2026-07-28 HTTP/2.0" 200 300 "-" "ArNi-CRM/1.0"
2a03:4000:59:e65:94e2:deff:fe0e:57ac - - [28/Jul/2026:13:42:10 +0200] "GET /wp-json/arni-tracking/v1/stats?from=2026-06-29&to=2026-07-28 HTTP/2.0" 200 317 "-" "ArNi-CRM/1.0"
2a03:4000:59:e65:94e2:deff:fe0e:57ac - - [28/Jul/2026:13:42:11 +0200] "GET /wp-json/arni-tracking/v1/pages?from=2026-06-29&to=2026-07-28&limit=100 HTTP/2.0" 200 18257 "-" "ArNi-CRM/1.0"
2a03:4000:59:e65:94e2:deff:fe0e:57ac - - [28/Jul/2026:13:42:11 +0200] "GET /wp-json/arni-tracking/v1/referrers?from=2026-06-29&to=2026-07-28&limit=100 HTTP/2.0" 200 947 "-" "ArNi-CRM/1.0"
2a03:4000:59:e65:94e2:deff:fe0e:57ac - - [28/Jul/2026:13:42:11 +0200] "GET /wp-json/arni-tracking/v1/campaigns?from=2026-06-29&to=2026-07-28&limit=100 HTTP/2.0" 200 78 "-" "ArNi-CRM/1.0"
2a03:4000:59:e65:94e2:deff:fe0e:57ac - - [28/Jul/2026:13:42:11 +0200] "GET /wp-json/arni-tracking/v1/conversions?from=2026-06-29&to=2026-07-28&limit=1000&page=1 HTTP/2.0" 200 44904 "-" "ArNi-CRM/1.0"
2a03:4000:59:e65:94e2:deff:fe0e:57ac - - [28/Jul/2026:13:42:11 +0200] "GET /wp-json/arni-tracking/v1/sessions?from=2026-06-29&to=2026-07-28&limit=500&page=1 HTTP/2.0" 200 186366 "-" "ArNi-CRM/1.0"
52.167.144.170 - - [28/Jul/2026:13:43:13 +0200] "GET /live-cam/wielkilukas-cam-11440660/ HTTP/2.0" 200 23393 "-" "Mozilla/5.0 AppleWebKit/537.36 (KHTML, like Gecko; compatible; bingbot/2.0; +http://www.bing.com/bingbot.htm) Chrome/116.0.1938.76 Safari/537.36"
43.134.100.175 - - [28/Jul/2026:13:43:22 +0200] "GET /live-cams/frauen/bunt/ HTTP/2.0" 200 38485 "-" "Mozilla/5.0 (iPhone; CPU iPhone OS 13_2_3 like Mac OS X) AppleWebKit/605.1.15 (KHTML, like Gecko) Version/13.0.3 Mobile/15E148 Safari/604.1"
52.167.144.170 - - [28/Jul/2026:13:44:36 +0200] "GET /live-cam/hard-sex-cam-11443499/ HTTP/2.0" 200 23847 "-" "Mozilla/5.0 AppleWebKit/537.36 (KHTML, like Gecko; compatible; bingbot/2.0; +http://www.bing.com/bingbot.htm) Chrome/116.0.1938.76 Safari/537.36"
52.167.144.170 - - [28/Jul/2026:13:44:39 +0200] "GET /produkt/onaholes/tomax-lilith-uterus-onahole/ HTTP/2.0" 200 25602 "-" "Mozilla/5.0 AppleWebKit/537.36 (KHTML, like Gecko; compatible; bingbot/2.0; +http://www.bing.com/bingbot.htm) Chrome/116.0.1938.76 Safari/537.36"
40.77.179.22 - - [28/Jul/2026:13:44:44 +0200] "GET /produkt/onaholes/tomax-lilith-uterus-onahole HTTP/2.0" 301 0 "-" "Mozilla/5.0 AppleWebKit/537.36 (KHTML, like Gecko; compatible; bingbot/2.0; +http://www.bing.com/bingbot.htm) Chrome/136.0.0.0 Safari/537.36"
2a03:4000:59:e65:94e2:deff:fe0e:57ac - - [28/Jul/2026:13:45:12 +0200] "GET /wp-json/arni-tracking/v1/stats?from=2026-07-26&to=2026-07-26 HTTP/2.0" 200 277 "-" "ArNi-CRM/1.0"
2a03:4000:59:e65:94e2:deff:fe0e:57ac - - [28/Jul/2026:13:45:12 +0200] "GET /wp-json/arni-tracking/v1/stats?from=2026-07-27&to=2026-07-27 HTTP/2.0" 200 307 "-" "ArNi-CRM/1.0"
2a03:4000:59:e65:94e2:deff:fe0e:57ac - - [28/Jul/2026:13:45:13 +0200] "GET /wp-json/arni-tracking/v1/stats?from=2026-07-28&to=2026-07-28 HTTP/2.0" 200 300 "-" "ArNi-CRM/1.0"
2a03:4000:59:e65:94e2:deff:fe0e:57ac - - [28/Jul/2026:13:45:13 +0200] "GET /wp-json/arni-tracking/v1/stats?from=2026-06-29&to=2026-07-28 HTTP/2.0" 200 317 "-" "ArNi-CRM/1.0"
2a03:4000:59:e65:94e2:deff:fe0e:57ac - - [28/Jul/2026:13:45:13 +0200] "GET /wp-json/arni-tracking/v1/pages?from=2026-06-29&to=2026-07-28&limit=100 HTTP/2.0" 200 18257 "-" "ArNi-CRM/1.0"
2a03:4000:59:e65:94e2:deff:fe0e:57ac - - [28/Jul/2026:13:45:13 +0200] "GET /wp-json/arni-tracking/v1/referrers?from=2026-06-29&to=2026-07-28&limit=100 HTTP/2.0" 200 947 "-" "ArNi-CRM/1.0"
2a03:4000:59:e65:94e2:deff:fe0e:57ac - - [28/Jul/2026:13:45:14 +0200] "GET /wp-json/arni-tracking/v1/campaigns?from=2026-06-29&to=2026-07-28&limit=100 HTTP/2.0" 200 78 "-" "ArNi-CRM/1.0"
2a03:4000:59:e65:94e2:deff:fe0e:57ac - - [28/Jul/2026:13:45:14 +0200] "GET /wp-json/arni-tracking/v1/conversions?from=2026-06-29&to=2026-07-28&limit=1000&page=1 HTTP/2.0" 200 44904 "-" "ArNi-CRM/1.0"
2a03:4000:59:e65:94e2:deff:fe0e:57ac - - [28/Jul/2026:13:45:14 +0200] "GET /wp-json/arni-tracking/v1/sessions?from=2026-06-29&to=2026-07-28&limit=500&page=1 HTTP/2.0" 200 186327 "-" "ArNi-CRM/1.0"
40.77.167.25 - - [28/Jul/2026:13:46:15 +0200] "GET /live-cam/sweetkiska-cam-8847197/ HTTP/2.0" 200 24911 "-" "Mozilla/5.0 AppleWebKit/537.36 (KHTML, like Gecko; compatible; bingbot/2.0; +http://www.bing.com/bingbot.htm) Chrome/116.0.1938.76 Safari/537.36"
40.77.167.25 - - [28/Jul/2026:13:46:17 +0200] "GET /produkt/masturbatoren/vorze-a10-piston-sa-inner-sleeve-helix-beta/ HTTP/2.0" 200 25579 "-" "Mozilla/5.0 AppleWebKit/537.36 (KHTML, like Gecko; compatible; bingbot/2.0; +http://www.bing.com/bingbot.htm) Chrome/116.0.1938.76 Safari/537.36"
43.164.197.117 - - [28/Jul/2026:13:46:57 +0200] "GET / HTTP/1.1" 301 169 "-" "Mozilla/5.0 (iPhone; CPU iPhone OS 13_2_3 like Mac OS X) AppleWebKit/605.1.15 (KHTML, like Gecko) Version/13.0.3 Mobile/15E148 Safari/604.1"
43.164.197.117 - - [28/Jul/2026:13:47:01 +0200] "GET / HTTP/2.0" 200 23758 "http://www.taschenmuschi-kaufen.de" "Mozilla/5.0 (iPhone; CPU iPhone OS 13_2_3 like Mac OS X) AppleWebKit/605.1.15 (KHTML, like Gecko) Version/13.0.3 Mobile/15E148 Safari/604.1"
52.167.144.160 - - [28/Jul/2026:13:48:03 +0200] "GET /live-cam/cute-curly-cam-7450149/ HTTP/2.0" 200 26066 "-" "Mozilla/5.0 AppleWebKit/537.36 (KHTML, like Gecko; compatible; bingbot/2.0; +http://www.bing.com/bingbot.htm) Chrome/116.0.1938.76 Safari/537.36"
2a03:4000:59:e65:94e2:deff:fe0e:57ac - - [28/Jul/2026:13:48:11 +0200] "GET /wp-json/arni-tracking/v1/stats?from=2026-07-26&to=2026-07-26 HTTP/2.0" 200 277 "-" "ArNi-CRM/1.0"
2a03:4000:59:e65:94e2:deff:fe0e:57ac - - [28/Jul/2026:13:48:11 +0200] "GET /wp-json/arni-tracking/v1/stats?from=2026-07-27&to=2026-07-27 HTTP/2.0" 200 307 "-" "ArNi-CRM/1.0"
2a03:4000:59:e65:94e2:deff:fe0e:57ac - - [28/Jul/2026:13:48:11 +0200] "GET /wp-json/arni-tracking/v1/stats?from=2026-07-28&to=2026-07-28 HTTP/2.0" 200 300 "-" "ArNi-CRM/1.0"
2a03:4000:59:e65:94e2:deff:fe0e:57ac - - [28/Jul/2026:13:48:12 +0200] "GET /wp-json/arni-tracking/v1/stats?from=2026-06-29&to=2026-07-28 HTTP/2.0" 200 317 "-" "ArNi-CRM/1.0"
2a03:4000:59:e65:94e2:deff:fe0e:57ac - - [28/Jul/2026:13:48:12 +0200] "GET /wp-json/arni-tracking/v1/pages?from=2026-06-29&to=2026-07-28&limit=100 HTTP/2.0" 200 18257 "-" "ArNi-CRM/1.0"
2a03:4000:59:e65:94e2:deff:fe0e:57ac - - [28/Jul/2026:13:48:12 +0200] "GET /wp-json/arni-tracking/v1/referrers?from=2026-06-29&to=2026-07-28&limit=100 HTTP/2.0" 200 947 "-" "ArNi-CRM/1.0"
2a03:4000:59:e65:94e2:deff:fe0e:57ac - - [28/Jul/2026:13:48:12 +0200] "GET /wp-json/arni-tracking/v1/campaigns?from=2026-06-29&to=2026-07-28&limit=100 HTTP/2.0" 200 78 "-" "ArNi-CRM/1.0"
2a03:4000:59:e65:94e2:deff:fe0e:57ac - - [28/Jul/2026:13:48:12 +0200] "GET /wp-json/arni-tracking/v1/conversions?from=2026-06-29&to=2026-07-28&limit=1000&page=1 HTTP/2.0" 200 44904 "-" "ArNi-CRM/1.0"
2a03:4000:59:e65:94e2:deff:fe0e:57ac - - [28/Jul/2026:13:48:13 +0200] "GET /wp-json/arni-tracking/v1/sessions?from=2026-06-29&to=2026-07-28&limit=500&page=1 HTTP/2.0" 200 186479 "-" "ArNi-CRM/1.0"
52.167.144.170 - - [28/Jul/2026:13:48:59 +0200] "GET /live-cam/sandyandmandy-cam-10494581/ HTTP/2.0" 200 24708 "-" "Mozilla/5.0 AppleWebKit/537.36 (KHTML, like Gecko; compatible; bingbot/2.0; +http://www.bing.com/bingbot.htm) Chrome/116.0.1938.76 Safari/537.36"
2a03:4000:59:e65:94e2:deff:fe0e:57ac - - [28/Jul/2026:13:51:11 +0200] "GET /wp-json/arni-tracking/v1/stats?from=2026-07-26&to=2026-07-26 HTTP/2.0" 200 277 "-" "ArNi-CRM/1.0"
2a03:4000:59:e65:94e2:deff:fe0e:57ac - - [28/Jul/2026:13:51:11 +0200] "GET /wp-json/arni-tracking/v1/stats?from=2026-07-27&to=2026-07-27 HTTP/2.0" 200 307 "-" "ArNi-CRM/1.0"
2a03:4000:59:e65:94e2:deff:fe0e:57ac - - [28/Jul/2026:13:51:11 +0200] "GET /wp-json/arni-tracking/v1/stats?from=2026-07-28&to=2026-07-28 HTTP/2.0" 200 300 "-" "ArNi-CRM/1.0"
2a03:4000:59:e65:94e2:deff:fe0e:57ac - - [28/Jul/2026:13:51:11 +0200] "GET /wp-json/arni-tracking/v1/stats?from=2026-06-29&to=2026-07-28 HTTP/2.0" 200 317 "-" "ArNi-CRM/1.0"
2a03:4000:59:e65:94e2:deff:fe0e:57ac - - [28/Jul/2026:13:51:12 +0200] "GET /wp-json/arni-tracking/v1/pages?from=2026-06-29&to=2026-07-28&limit=100 HTTP/2.0" 200 18257 "-" "ArNi-CRM/1.0"
2a03:4000:59:e65:94e2:deff:fe0e:57ac - - [28/Jul/2026:13:51:12 +0200] "GET /wp-json/arni-tracking/v1/referrers?from=2026-06-29&to=2026-07-28&limit=100 HTTP/2.0" 200 947 "-" "ArNi-CRM/1.0"
2a03:4000:59:e65:94e2:deff:fe0e:57ac - - [28/Jul/2026:13:51:12 +0200] "GET /wp-json/arni-tracking/v1/campaigns?from=2026-06-29&to=2026-07-28&limit=100 HTTP/2.0" 200 78 "-" "ArNi-CRM/1.0"
2a03:4000:59:e65:94e2:deff:fe0e:57ac - - [28/Jul/2026:13:51:12 +0200] "GET /wp-json/arni-tracking/v1/conversions?from=2026-06-29&to=2026-07-28&limit=1000&page=1 HTTP/2.0" 200 44904 "-" "ArNi-CRM/1.0"
2a03:4000:59:e65:94e2:deff:fe0e:57ac - - [28/Jul/2026:13:51:12 +0200] "GET /wp-json/arni-tracking/v1/sessions?from=2026-06-29&to=2026-07-28&limit=500&page=1 HTTP/2.0" 200 186479 "-" "ArNi-CRM/1.0"
41.84.154.226 - - [28/Jul/2026:13:52:02 +0200] "GET /cam/out/nikimidnight-cam-11342205 HTTP/2.0" 301 0 "https://www.taschenmuschi-kaufen.de/" "Mozilla/5.0 (Windows NT 10.0; Win64; x64) AppleWebKit/537.36 (KHTML, like Gecko) Chrome/134.0.0.0 Safari/537.36"
115.76.50.122 - - [28/Jul/2026:13:52:11 +0200] "GET /cam/out/nehaaahire-cam-11286078 HTTP/2.0" 301 0 "https://www.taschenmuschi-kaufen.de/" "Mozilla/5.0 (Windows NT 10.0; Win64; x64) AppleWebKit/537.36 (KHTML, like Gecko) Chrome/103.0.0.0 Safari/537.36"
66.249.79.132 - - [28/Jul/2026:13:52:51 +0200] "GET /robots.txt HTTP/1.1" 301 169 "-" "Mozilla/5.0 (compatible; Googlebot/2.1; +http://www.google.com/bot.html)"
66.249.79.132 - - [28/Jul/2026:13:52:51 +0200] "GET /ads.txt HTTP/1.1" 301 169 "-" "Mozilla/5.0 (compatible; Googlebot/2.1; +http://www.google.com/bot.html)"
43.153.62.161 - - [28/Jul/2026:13:53:57 +0200] "GET /live-cam/heissevaronne-cam-19322924/ HTTP/2.0" 200 26857 "-" "Mozilla/5.0 (iPhone; CPU iPhone OS 13_2_3 like Mac OS X) AppleWebKit/605.1.15 (KHTML, like Gecko) Version/13.0.3 Mobile/15E148 Safari/604.1"
2a03:4000:59:e65:94e2:deff:fe0e:57ac - - [28/Jul/2026:13:54:12 +0200] "GET /wp-json/arni-tracking/v1/stats?from=2026-07-26&to=2026-07-26 HTTP/2.0" 200 277 "-" "ArNi-CRM/1.0"
2a03:4000:59:e65:94e2:deff:fe0e:57ac - - [28/Jul/2026:13:54:12 +0200] "GET /wp-json/arni-tracking/v1/stats?from=2026-07-27&to=2026-07-27 HTTP/2.0" 200 307 "-" "ArNi-CRM/1.0"
2a03:4000:59:e65:94e2:deff:fe0e:57ac - - [28/Jul/2026:13:54:12 +0200] "GET /wp-json/arni-tracking/v1/stats?from=2026-07-28&to=2026-07-28 HTTP/2.0" 200 300 "-" "ArNi-CRM/1.0"
2a03:4000:59:e65:94e2:deff:fe0e:57ac - - [28/Jul/2026:13:54:12 +0200] "GET /wp-json/arni-tracking/v1/stats?from=2026-06-29&to=2026-07-28 HTTP/2.0" 200 317 "-" "ArNi-CRM/1.0"
2a03:4000:59:e65:94e2:deff:fe0e:57ac - - [28/Jul/2026:13:54:13 +0200] "GET /wp-json/arni-tracking/v1/pages?from=2026-06-29&to=2026-07-28&limit=100 HTTP/2.0" 200 18257 "-" "ArNi-CRM/1.0"
2a03:4000:59:e65:94e2:deff:fe0e:57ac - - [28/Jul/2026:13:54:13 +0200] "GET /wp-json/arni-tracking/v1/referrers?from=2026-06-29&to=2026-07-28&limit=100 HTTP/2.0" 200 947 "-" "ArNi-CRM/1.0"
2a03:4000:59:e65:94e2:deff:fe0e:57ac - - [28/Jul/2026:13:54:13 +0200] "GET /wp-json/arni-tracking/v1/campaigns?from=2026-06-29&to=2026-07-28&limit=100 HTTP/2.0" 200 78 "-" "ArNi-CRM/1.0"
2a03:4000:59:e65:94e2:deff:fe0e:57ac - - [28/Jul/2026:13:54:13 +0200] "GET /wp-json/arni-tracking/v1/conversions?from=2026-06-29&to=2026-07-28&limit=1000&page=1 HTTP/2.0" 200 44904 "-" "ArNi-CRM/1.0"
2a03:4000:59:e65:94e2:deff:fe0e:57ac - - [28/Jul/2026:13:54:14 +0200] "GET /wp-json/arni-tracking/v1/sessions?from=2026-06-29&to=2026-07-28&limit=500&page=1 HTTP/2.0" 200 186508 "-" "ArNi-CRM/1.0"
216.73.217.172 - - [28/Jul/2026:13:54:37 +0200] "GET /sitemap.xml HTTP/1.1" 301 169 "-" "Mozilla/5.0 AppleWebKit/537.36 (KHTML, like Gecko; compatible; Claude-SearchBot/1.0; +searchbot@anthropic.com)"
216.73.217.172 - - [28/Jul/2026:13:54:39 +0200] "GET /sitemap.xml HTTP/2.0" 301 0 "http://www.taschenmuschi-kaufen.de/sitemap.xml" "Mozilla/5.0 AppleWebKit/537.36 (KHTML, like Gecko; compatible; Claude-SearchBot/1.0; +searchbot@anthropic.com)"
216.73.217.172 - - [28/Jul/2026:13:54:39 +0200] "GET /wp-sitemap.xml HTTP/2.0" 200 1031 "https://www.taschenmuschi-kaufen.de/sitemap.xml" "Mozilla/5.0 AppleWebKit/537.36 (KHTML, like Gecko; compatible; Claude-SearchBot/1.0; +searchbot@anthropic.com)"
52.167.144.173 - - [28/Jul/2026:13:55:16 +0200] "GET /live-cam/missari054-cam-13397604/ HTTP/2.0" 200 26226 "-" "Mozilla/5.0 AppleWebKit/537.36 (KHTML, like Gecko; compatible; bingbot/2.0; +http://www.bing.com/bingbot.htm) Chrome/116.0.1938.76 Safari/537.36"
52.167.144.160 - - [28/Jul/2026:13:55:19 +0200] "GET /live-cam/sorellakobia-cam-19381402/ HTTP/2.0" 200 26235 "-" "Mozilla/5.0 AppleWebKit/537.36 (KHTML, like Gecko; compatible; bingbot/2.0; +http://www.bing.com/bingbot.htm) Chrome/116.0.1938.76 Safari/537.36"
2a03:4000:59:e65:94e2:deff:fe0e:57ac - - [28/Jul/2026:13:57:10 +0200] "GET /wp-json/arni-tracking/v1/stats?from=2026-07-26&to=2026-07-26 HTTP/2.0" 200 277 "-" "ArNi-CRM/1.0"
2a03:4000:59:e65:94e2:deff:fe0e:57ac - - [28/Jul/2026:13:57:11 +0200] "GET /wp-json/arni-tracking/v1/stats?from=2026-07-27&to=2026-07-27 HTTP/2.0" 200 307 "-" "ArNi-CRM/1.0"
2a03:4000:59:e65:94e2:deff:fe0e:57ac - - [28/Jul/2026:13:57:11 +0200] "GET /wp-json/arni-tracking/v1/stats?from=2026-07-28&to=2026-07-28 HTTP/2.0" 200 300 "-" "ArNi-CRM/1.0"
2a03:4000:59:e65:94e2:deff:fe0e:57ac - - [28/Jul/2026:13:57:11 +0200] "GET /wp-json/arni-tracking/v1/stats?from=2026-06-29&to=2026-07-28 HTTP/2.0" 200 317 "-" "ArNi-CRM/1.0"
2a03:4000:59:e65:94e2:deff:fe0e:57ac - - [28/Jul/2026:13:57:12 +0200] "GET /wp-json/arni-tracking/v1/pages?from=2026-06-29&to=2026-07-28&limit=100 HTTP/2.0" 200 18257 "-" "ArNi-CRM/1.0"
2a03:4000:59:e65:94e2:deff:fe0e:57ac - - [28/Jul/2026:13:57:12 +0200] "GET /wp-json/arni-tracking/v1/referrers?from=2026-06-29&to=2026-07-28&limit=100 HTTP/2.0" 200 947 "-" "ArNi-CRM/1.0"
2a03:4000:59:e65:94e2:deff:fe0e:57ac - - [28/Jul/2026:13:57:12 +0200] "GET /wp-json/arni-tracking/v1/campaigns?from=2026-06-29&to=2026-07-28&limit=100 HTTP/2.0" 200 78 "-" "ArNi-CRM/1.0"
2a03:4000:59:e65:94e2:deff:fe0e:57ac - - [28/Jul/2026:13:57:12 +0200] "GET /wp-json/arni-tracking/v1/conversions?from=2026-06-29&to=2026-07-28&limit=1000&page=1 HTTP/2.0" 200 44904 "-" "ArNi-CRM/1.0"
2a03:4000:59:e65:94e2:deff:fe0e:57ac - - [28/Jul/2026:13:57:12 +0200] "GET /wp-json/arni-tracking/v1/sessions?from=2026-06-29&to=2026-07-28&limit=500&page=1 HTTP/2.0" 200 186508 "-" "ArNi-CRM/1.0"
62.138.6.15 - - [28/Jul/2026:13:57:49 +0200] "GET /live-cam/clarashein-cam-9888324/ HTTP/2.0" 200 26058 "https://www.taschenmuschi-kaufen.de/live-cam/clarashein-cam-9888324/" "Mozilla/5.0 (Macintosh; Intel Mac OS X 10.15; rv:103.0) Gecko/20100101 Firefox/103.0"
216.73.217.172 - - [28/Jul/2026:13:59:25 +0200] "GET /wp-sitemap.xml HTTP/2.0" 200 1031 "-" "Mozilla/5.0 AppleWebKit/537.36 (KHTML, like Gecko; compatible; Claude-SearchBot/1.0; +searchbot@anthropic.com)"
2a03:4000:59:e65:94e2:deff:fe0e:57ac - - [28/Jul/2026:14:00:14 +0200] "GET /wp-json/arni-tracking/v1/stats?from=2026-07-26&to=2026-07-26 HTTP/2.0" 200 277 "-" "ArNi-CRM/1.0"
2a03:4000:59:e65:94e2:deff:fe0e:57ac - - [28/Jul/2026:14:00:14 +0200] "GET /wp-json/arni-tracking/v1/stats?from=2026-07-27&to=2026-07-27 HTTP/2.0" 200 307 "-" "ArNi-CRM/1.0"
2a03:4000:59:e65:94e2:deff:fe0e:57ac - - [28/Jul/2026:14:00:14 +0200] "GET /wp-json/arni-tracking/v1/stats?from=2026-07-28&to=2026-07-28 HTTP/2.0" 200 300 "-" "ArNi-CRM/1.0"
2a03:4000:59:e65:94e2:deff:fe0e:57ac - - [28/Jul/2026:14:00:15 +0200] "GET /wp-json/arni-tracking/v1/stats?from=2026-06-29&to=2026-07-28 HTTP/2.0" 200 317 "-" "ArNi-CRM/1.0"
2a03:4000:59:e65:94e2:deff:fe0e:57ac - - [28/Jul/2026:14:00:15 +0200] "GET /wp-json/arni-tracking/v1/pages?from=2026-06-29&to=2026-07-28&limit=100 HTTP/2.0" 200 18257 "-" "ArNi-CRM/1.0"
2a03:4000:59:e65:94e2:deff:fe0e:57ac - - [28/Jul/2026:14:00:15 +0200] "GET /wp-json/arni-tracking/v1/referrers?from=2026-06-29&to=2026-07-28&limit=100 HTTP/2.0" 200 947 "-" "ArNi-CRM/1.0"
2a03:4000:59:e65:94e2:deff:fe0e:57ac - - [28/Jul/2026:14:00:15 +0200] "GET /wp-json/arni-tracking/v1/campaigns?from=2026-06-29&to=2026-07-28&limit=100 HTTP/2.0" 200 78 "-" "ArNi-CRM/1.0"
2a03:4000:59:e65:94e2:deff:fe0e:57ac - - [28/Jul/2026:14:00:15 +0200] "GET /wp-json/arni-tracking/v1/conversions?from=2026-06-29&to=2026-07-28&limit=1000&page=1 HTTP/2.0" 200 44904 "-" "ArNi-CRM/1.0"
2a03:4000:59:e65:94e2:deff:fe0e:57ac - - [28/Jul/2026:14:00:15 +0200] "GET /wp-json/arni-tracking/v1/sessions?from=2026-06-29&to=2026-07-28&limit=500&page=1 HTTP/2.0" 200 186512 "-" "ArNi-CRM/1.0"
62.138.2.160 - - [28/Jul/2026:14:01:50 +0200] "GET /wp-content/uploads/2026/05/24458260_640-26-150x150.jpg HTTP/2.0" 200 5400 "https://www.taschenmuschi-kaufen.de/live-cam/hornymary-cam-4701275/" "Mozilla/5.0 (Macintosh; Intel Mac OS X 10.15; rv:103.0) Gecko/20100101 Firefox/103.0"
40.77.167.14 - - [28/Jul/2026:14:02:00 +0200] "GET /live-cam/alexiamorgan-cam-10553617/ HTTP/2.0" 200 25523 "-" "Mozilla/5.0 AppleWebKit/537.36 (KHTML, like Gecko; compatible; bingbot/2.0; +http://www.bing.com/bingbot.htm) Chrome/116.0.1938.76 Safari/537.36"
216.244.66.234 - - [28/Jul/2026:14:02:59 +0200] "GET /profile/ladyisabell666/ HTTP/1.1" 301 169 "-" "Mozilla/5.0 (compatible; DotBot/1.2; +https://opensiteexplorer.org/dotbot; help@moz.com)"
216.244.66.234 - - [28/Jul/2026:14:03:05 +0200] "GET /profile/jenna-lia/ HTTP/1.1" 301 169 "-" "Mozilla/5.0 (compatible; DotBot/1.2; +https://opensiteexplorer.org/dotbot; help@moz.com)"
216.244.66.234 - - [28/Jul/2026:14:03:10 +0200] "GET /profile/pixifleur/ HTTP/1.1" 301 169 "-" "Mozilla/5.0 (compatible; DotBot/1.2; +https://opensiteexplorer.org/dotbot; help@moz.com)"
2a03:4000:59:e65:94e2:deff:fe0e:57ac - - [28/Jul/2026:14:03:10 +0200] "GET /wp-json/arni-tracking/v1/stats?from=2026-07-26&to=2026-07-26 HTTP/2.0" 200 277 "-" "ArNi-CRM/1.0"
2a03:4000:59:e65:94e2:deff:fe0e:57ac - - [28/Jul/2026:14:03:11 +0200] "GET /wp-json/arni-tracking/v1/stats?from=2026-07-27&to=2026-07-27 HTTP/2.0" 200 307 "-" "ArNi-CRM/1.0"
2a03:4000:59:e65:94e2:deff:fe0e:57ac - - [28/Jul/2026:14:03:11 +0200] "GET /wp-json/arni-tracking/v1/stats?from=2026-07-28&to=2026-07-28 HTTP/2.0" 200 300 "-" "ArNi-CRM/1.0"
2a03:4000:59:e65:94e2:deff:fe0e:57ac - - [28/Jul/2026:14:03:11 +0200] "GET /wp-json/arni-tracking/v1/stats?from=2026-06-29&to=2026-07-28 HTTP/2.0" 200 317 "-" "ArNi-CRM/1.0"
2a03:4000:59:e65:94e2:deff:fe0e:57ac - - [28/Jul/2026:14:03:11 +0200] "GET /wp-json/arni-tracking/v1/pages?from=2026-06-29&to=2026-07-28&limit=100 HTTP/2.0" 200 18257 "-" "ArNi-CRM/1.0"
2a03:4000:59:e65:94e2:deff:fe0e:57ac - - [28/Jul/2026:14:03:12 +0200] "GET /wp-json/arni-tracking/v1/referrers?from=2026-06-29&to=2026-07-28&limit=100 HTTP/2.0" 200 947 "-" "ArNi-CRM/1.0"
2a03:4000:59:e65:94e2:deff:fe0e:57ac - - [28/Jul/2026:14:03:12 +0200] "GET /wp-json/arni-tracking/v1/campaigns?from=2026-06-29&to=2026-07-28&limit=100 HTTP/2.0" 200 78 "-" "ArNi-CRM/1.0"
2a03:4000:59:e65:94e2:deff:fe0e:57ac - - [28/Jul/2026:14:03:12 +0200] "GET /wp-json/arni-tracking/v1/conversions?from=2026-06-29&to=2026-07-28&limit=1000&page=1 HTTP/2.0" 200 44904 "-" "ArNi-CRM/1.0"
2a03:4000:59:e65:94e2:deff:fe0e:57ac - - [28/Jul/2026:14:03:12 +0200] "GET /wp-json/arni-tracking/v1/sessions?from=2026-06-29&to=2026-07-28&limit=500&page=1 HTTP/2.0" 200 186512 "-" "ArNi-CRM/1.0"
216.244.66.234 - - [28/Jul/2026:14:03:13 +0200] "GET /profile/lucille69/ HTTP/1.1" 301 169 "-" "Mozilla/5.0 (compatible; DotBot/1.2; +https://opensiteexplorer.org/dotbot; help@moz.com)"
216.244.66.234 - - [28/Jul/2026:14:03:16 +0200] "GET /profile/dianainlove/ HTTP/1.1" 301 169 "-" "Mozilla/5.0 (compatible; DotBot/1.2; +https://opensiteexplorer.org/dotbot; help@moz.com)"
216.244.66.234 - - [28/Jul/2026:14:03:18 +0200] "GET /profile/suesseemme/ HTTP/1.1" 301 169 "-" "Mozilla/5.0 (compatible; DotBot/1.2; +https://opensiteexplorer.org/dotbot; help@moz.com)"
216.244.66.234 - - [28/Jul/2026:14:03:21 +0200] "GET /profile/linathompson/ HTTP/1.1" 301 169 "-" "Mozilla/5.0 (compatible; DotBot/1.2; +https://opensiteexplorer.org/dotbot; help@moz.com)"
216.244.66.234 - - [28/Jul/2026:14:03:24 +0200] "GET /profile/bellaprincess/ HTTP/1.1" 301 169 "-" "Mozilla/5.0 (compatible; DotBot/1.2; +https://opensiteexplorer.org/dotbot; help@moz.com)"
49.51.183.84 - - [28/Jul/2026:14:03:29 +0200] "GET /live-cam/kimberlycarter-cam-11482912/ HTTP/2.0" 200 25640 "-" "Mozilla/5.0 (iPhone; CPU iPhone OS 13_2_3 like Mac OS X) AppleWebKit/605.1.15 (KHTML, like Gecko) Version/13.0.3 Mobile/15E148 Safari/604.1"
181.117.188.72 - - [28/Jul/2026:14:04:19 +0200] "GET /cam/out/cynthiaspade-cam-11348214 HTTP/2.0" 301 0 "https://www.taschenmuschi-kaufen.de/" "Mozilla/5.0 (Macintosh; Intel Mac OS X 10_15_7) AppleWebKit/537.36 (KHTML, like Gecko) Chrome/134.0.0.0 Safari/537.36"
216.244.66.234 - - [28/Jul/2026:14:04:25 +0200] "GET /wiki/piercing/ HTTP/1.1" 301 169 "-" "Mozilla/5.0 (compatible; DotBot/1.2; +https://opensiteexplorer.org/dotbot; help@moz.com)"
216.73.217.172 - - [28/Jul/2026:14:04:54 +0200] "GET /?p=213342 HTTP/2.0" 301 0 "-" "Mozilla/5.0 AppleWebKit/537.36 (KHTML, like Gecko; compatible; Claude-SearchBot/1.0; +searchbot@anthropic.com)"
216.73.217.172 - - [28/Jul/2026:14:04:59 +0200] "GET /live-cam/alysanight-cam-11362878/ HTTP/2.0" 200 25828 "https://www.taschenmuschi-kaufen.de/?p=213342" "Mozilla/5.0 AppleWebKit/537.36 (KHTML, like Gecko; compatible; Claude-SearchBot/1.0; +searchbot@anthropic.com)"
216.73.217.172 - - [28/Jul/2026:14:05:00 +0200] "GET /?p=213326 HTTP/2.0" 301 0 "-" "Mozilla/5.0 AppleWebKit/537.36 (KHTML, like Gecko; compatible; Claude-SearchBot/1.0; +searchbot@anthropic.com)"
216.73.217.172 - - [28/Jul/2026:14:05:05 +0200] "GET /live-cam/daisyhiil-cam-11010066/ HTTP/2.0" 200 25729 "https://www.taschenmuschi-kaufen.de/?p=213326" "Mozilla/5.0 AppleWebKit/537.36 (KHTML, like Gecko; compatible; Claude-SearchBot/1.0; +searchbot@anthropic.com)"
40.77.167.35 - - [28/Jul/2026:14:05:37 +0200] "GET /live-cam/zoemaus-cam-17634308/ HTTP/2.0" 200 25865 "-" "Mozilla/5.0 AppleWebKit/537.36 (KHTML, like Gecko; compatible; bingbot/2.0; +http://www.bing.com/bingbot.htm) Chrome/116.0.1938.76 Safari/537.36"
52.167.144.161 - - [28/Jul/2026:14:05:37 +0200] "GET /live-cam/lovelyhenriette-cam-19370646/ HTTP/2.0" 200 26712 "-" "Mozilla/5.0 AppleWebKit/537.36 (KHTML, like Gecko; compatible; bingbot/2.0; +http://www.bing.com/bingbot.htm) Chrome/116.0.1938.76 Safari/537.36"
40.77.167.14 - - [28/Jul/2026:14:05:38 +0200] "GET /live-cam/alexacute-cam-11454075/ HTTP/2.0" 200 24467 "-" "Mozilla/5.0 AppleWebKit/537.36 (KHTML, like Gecko; compatible; bingbot/2.0; +http://www.bing.com/bingbot.htm) Chrome/116.0.1938.76 Safari/537.36"
52.167.144.161 - - [28/Jul/2026:14:05:39 +0200] "GET /live-cam/xxx-melanie-cam-5421131/ HTTP/2.0" 200 25481 "-" "Mozilla/5.0 AppleWebKit/537.36 (KHTML, like Gecko; compatible; bingbot/2.0; +http://www.bing.com/bingbot.htm) Chrome/116.0.1938.76 Safari/537.36"
2a03:4000:59:e65:94e2:deff:fe0e:57ac - - [28/Jul/2026:14:06:11 +0200] "GET /wp-json/arni-tracking/v1/stats?from=2026-07-26&to=2026-07-26 HTTP/2.0" 200 277 "-" "ArNi-CRM/1.0"
2a03:4000:59:e65:94e2:deff:fe0e:57ac - - [28/Jul/2026:14:06:11 +0200] "GET /wp-json/arni-tracking/v1/stats?from=2026-07-27&to=2026-07-27 HTTP/2.0" 200 307 "-" "ArNi-CRM/1.0"
2a03:4000:59:e65:94e2:deff:fe0e:57ac - - [28/Jul/2026:14:06:11 +0200] "GET /wp-json/arni-tracking/v1/stats?from=2026-07-28&to=2026-07-28 HTTP/2.0" 200 300 "-" "ArNi-CRM/1.0"
2a03:4000:59:e65:94e2:deff:fe0e:57ac - - [28/Jul/2026:14:06:11 +0200] "GET /wp-json/arni-tracking/v1/stats?from=2026-06-29&to=2026-07-28 HTTP/2.0" 200 317 "-" "ArNi-CRM/1.0"
2a03:4000:59:e65:94e2:deff:fe0e:57ac - - [28/Jul/2026:14:06:11 +0200] "GET /wp-json/arni-tracking/v1/pages?from=2026-06-29&to=2026-07-28&limit=100 HTTP/2.0" 200 18257 "-" "ArNi-CRM/1.0"
2a03:4000:59:e65:94e2:deff:fe0e:57ac - - [28/Jul/2026:14:06:12 +0200] "GET /wp-json/arni-tracking/v1/referrers?from=2026-06-29&to=2026-07-28&limit=100 HTTP/2.0" 200 947 "-" "ArNi-CRM/1.0"
2a03:4000:59:e65:94e2:deff:fe0e:57ac - - [28/Jul/2026:14:06:12 +0200] "GET /wp-json/arni-tracking/v1/campaigns?from=2026-06-29&to=2026-07-28&limit=100 HTTP/2.0" 200 78 "-" "ArNi-CRM/1.0"
2a03:4000:59:e65:94e2:deff:fe0e:57ac - - [28/Jul/2026:14:06:12 +0200] "GET /wp-json/arni-tracking/v1/conversions?from=2026-06-29&to=2026-07-28&limit=1000&page=1 HTTP/2.0" 200 44904 "-" "ArNi-CRM/1.0"
2a03:4000:59:e65:94e2:deff:fe0e:57ac - - [28/Jul/2026:14:06:12 +0200] "GET /wp-json/arni-tracking/v1/sessions?from=2026-06-29&to=2026-07-28&limit=500&page=1 HTTP/2.0" 200 186324 "-" "ArNi-CRM/1.0"
40.77.167.35 - - [28/Jul/2026:14:06:14 +0200] "GET /wp-json/arni-tracking/v1/event HTTP/2.0" 404 148 "-" "Mozilla/5.0 AppleWebKit/537.36 (KHTML, like Gecko; compatible; bingbot/2.0; +http://www.bing.com/bingbot.htm) Chrome/116.0.1938.76 Safari/537.36"
216.73.217.172 - - [28/Jul/2026:14:06:36 +0200] "GET /?p=214162 HTTP/2.0" 301 0 "-" "Mozilla/5.0 AppleWebKit/537.36 (KHTML, like Gecko; compatible; Claude-SearchBot/1.0; +searchbot@anthropic.com)"
216.73.217.172 - - [28/Jul/2026:14:06:41 +0200] "GET /live-cam/lucyslife-cam-11445394/ HTTP/2.0" 200 25053 "https://www.taschenmuschi-kaufen.de/?p=214162" "Mozilla/5.0 AppleWebKit/537.36 (KHTML, like Gecko; compatible; Claude-SearchBot/1.0; +searchbot@anthropic.com)"
216.73.217.172 - - [28/Jul/2026:14:06:42 +0200] "GET /?p=213514 HTTP/2.0" 301 0 "-" "Mozilla/5.0 AppleWebKit/537.36 (KHTML, like Gecko; compatible; Claude-SearchBot/1.0; +searchbot@anthropic.com)"
216.73.217.172 - - [28/Jul/2026:14:06:45 +0200] "GET /live-cam/parispeach-cam-11385522/ HTTP/2.0" 200 25590 "https://www.taschenmuschi-kaufen.de/?p=213514" "Mozilla/5.0 AppleWebKit/537.36 (KHTML, like Gecko; compatible; Claude-SearchBot/1.0; +searchbot@anthropic.com)"
216.73.217.172 - - [28/Jul/2026:14:07:45 +0200] "GET /live-cam/celestedutch-cam-11508999/ HTTP/2.0" 200 23732 "-" "Mozilla/5.0 AppleWebKit/537.36 (KHTML, like Gecko; compatible; Claude-SearchBot/1.0; +searchbot@anthropic.com)"
216.73.217.172 - - [28/Jul/2026:14:07:46 +0200] "GET /?p=214089 HTTP/2.0" 301 0 "-" "Mozilla/5.0 AppleWebKit/537.36 (KHTML, like Gecko; compatible; Claude-SearchBot/1.0; +searchbot@anthropic.com)"
216.73.217.172 - - [28/Jul/2026:14:07:49 +0200] "GET /live-cam/lucyrose-cam-11444547/ HTTP/2.0" 200 25687 "https://www.taschenmuschi-kaufen.de/?p=214089" "Mozilla/5.0 AppleWebKit/537.36 (KHTML, like Gecko; compatible; Claude-SearchBot/1.0; +searchbot@anthropic.com)"
216.73.217.172 - - [28/Jul/2026:14:08:37 +0200] "GET /cam/out/alysanight-cam-11362878 HTTP/2.0" 301 0 "-" "Mozilla/5.0 AppleWebKit/537.36 (KHTML, like Gecko; compatible; Claude-SearchBot/1.0; +searchbot@anthropic.com)"
216.73.217.172 - - [28/Jul/2026:14:08:38 +0200] "GET /cam/out/sweeetsandy-cam-12206686 HTTP/2.0" 301 0 "-" "Mozilla/5.0 AppleWebKit/537.36 (KHTML, like Gecko; compatible; Claude-SearchBot/1.0; +searchbot@anthropic.com)"
2a03:4000:59:e65:94e2:deff:fe0e:57ac - - [28/Jul/2026:14:09:12 +0200] "GET /wp-json/arni-tracking/v1/stats?from=2026-07-26&to=2026-07-26 HTTP/2.0" 200 277 "-" "ArNi-CRM/1.0"
2a03:4000:59:e65:94e2:deff:fe0e:57ac - - [28/Jul/2026:14:09:12 +0200] "GET /wp-json/arni-tracking/v1/stats?from=2026-07-27&to=2026-07-27 HTTP/2.0" 200 307 "-" "ArNi-CRM/1.0"
2a03:4000:59:e65:94e2:deff:fe0e:57ac - - [28/Jul/2026:14:09:12 +0200] "GET /wp-json/arni-tracking/v1/stats?from=2026-07-28&to=2026-07-28 HTTP/2.0" 200 300 "-" "ArNi-CRM/1.0"
2a03:4000:59:e65:94e2:deff:fe0e:57ac - - [28/Jul/2026:14:09:13 +0200] "GET /wp-json/arni-tracking/v1/stats?from=2026-06-29&to=2026-07-28 HTTP/2.0" 200 317 "-" "ArNi-CRM/1.0"
2a03:4000:59:e65:94e2:deff:fe0e:57ac - - [28/Jul/2026:14:09:13 +0200] "GET /wp-json/arni-tracking/v1/pages?from=2026-06-29&to=2026-07-28&limit=100 HTTP/2.0" 200 18257 "-" "ArNi-CRM/1.0"
2a03:4000:59:e65:94e2:deff:fe0e:57ac - - [28/Jul/2026:14:09:13 +0200] "GET /wp-json/arni-tracking/v1/referrers?from=2026-06-29&to=2026-07-28&limit=100 HTTP/2.0" 200 947 "-" "ArNi-CRM/1.0"
2a03:4000:59:e65:94e2:deff:fe0e:57ac - - [28/Jul/2026:14:09:13 +0200] "GET /wp-json/arni-tracking/v1/campaigns?from=2026-06-29&to=2026-07-28&limit=100 HTTP/2.0" 200 78 "-" "ArNi-CRM/1.0"
2a03:4000:59:e65:94e2:deff:fe0e:57ac - - [28/Jul/2026:14:09:14 +0200] "GET /wp-json/arni-tracking/v1/conversions?from=2026-06-29&to=2026-07-28&limit=1000&page=1 HTTP/2.0" 200 44904 "-" "ArNi-CRM/1.0"
2a03:4000:59:e65:94e2:deff:fe0e:57ac - - [28/Jul/2026:14:09:14 +0200] "GET /wp-json/arni-tracking/v1/sessions?from=2026-06-29&to=2026-07-28&limit=500&page=1 HTTP/2.0" 200 186324 "-" "ArNi-CRM/1.0"
216.73.217.172 - - [28/Jul/2026:14:10:01 +0200] "GET /cam/out/lucyrose-cam-11444547 HTTP/2.0" 301 0 "-" "Mozilla/5.0 AppleWebKit/537.36 (KHTML, like Gecko; compatible; Claude-SearchBot/1.0; +searchbot@anthropic.com)"
216.73.217.172 - - [28/Jul/2026:14:10:08 +0200] "GET /live-cam/tashapeters-cam-11470481/ HTTP/2.0" 200 27087 "-" "Mozilla/5.0 AppleWebKit/537.36 (KHTML, like Gecko; compatible; Claude-SearchBot/1.0; +searchbot@anthropic.com)"
52.167.144.159 - - [28/Jul/2026:14:10:16 +0200] "GET /live-cam/manonfire-cam-1434735/ HTTP/2.0" 200 24407 "-" "Mozilla/5.0 AppleWebKit/537.36 (KHTML, like Gecko; compatible; bingbot/2.0; +http://www.bing.com/bingbot.htm) Chrome/116.0.1938.76 Safari/537.36"
52.167.144.210 - - [28/Jul/2026:14:10:21 +0200] "GET /live-cam/crystalbyrne-cam-9024981/ HTTP/2.0" 200 25956 "-" "Mozilla/5.0 AppleWebKit/537.36 (KHTML, like Gecko; compatible; bingbot/2.0; +http://www.bing.com/bingbot.htm) Chrome/116.0.1938.76 Safari/537.36"
52.167.144.161 - - [28/Jul/2026:14:10:28 +0200] "GET /cam/out/luciana-caroline-cam-11016722 HTTP/2.0" 301 0 "-" "Mozilla/5.0 AppleWebKit/537.36 (KHTML, like Gecko; compatible; bingbot/2.0; +http://www.bing.com/bingbot.htm) Chrome/116.0.1938.76 Safari/537.36"
216.73.217.172 - - [28/Jul/2026:14:10:54 +0200] "GET /live-cam/stacyspade-cam-11383779/ HTTP/2.0" 200 25448 "-" "Mozilla/5.0 AppleWebKit/537.36 (KHTML, like Gecko; compatible; Claude-SearchBot/1.0; +searchbot@anthropic.com)"
216.73.217.172 - - [28/Jul/2026:14:10:55 +0200] "GET /cam/out/parispeach-cam-11385522 HTTP/2.0" 301 0 "-" "Mozilla/5.0 AppleWebKit/537.36 (KHTML, like Gecko; compatible; Claude-SearchBot/1.0; +searchbot@anthropic.com)"
190.123.9.238 - - [28/Jul/2026:14:11:12 +0200] "GET /cam/out/sexyclohena-cam-14318365 HTTP/2.0" 301 0 "https://www.taschenmuschi-kaufen.de/" "Mozilla/5.0 (Windows NT 10.0; Win64; x64) AppleWebKit/537.36 (KHTML, like Gecko) Chrome/110.0.5481.100 Safari/537.36"
