2a03:4000:59:e65:94e2:deff:fe0e:57ac - - [28/Jul/2026:01:09:14 +0200] "GET /wp-json/arni-tracking/v1/campaigns?from=2026-06-29&to=2026-07-28&limit=100 HTTP/2.0" 200 78 "-" "ArNi-CRM/1.0"
2a03:4000:59:e65:94e2:deff:fe0e:57ac - - [28/Jul/2026:01:09:14 +0200] "GET /wp-json/arni-tracking/v1/conversions?from=2026-06-29&to=2026-07-28&limit=1000&page=1 HTTP/2.0" 200 44904 "-" "ArNi-CRM/1.0"
2a03:4000:59:e65:94e2:deff:fe0e:57ac - - [28/Jul/2026:01:09:14 +0200] "GET /wp-json/arni-tracking/v1/sessions?from=2026-06-29&to=2026-07-28&limit=500&page=1 HTTP/2.0" 200 201126 "-" "ArNi-CRM/1.0"
54.172.92.66 - - [28/Jul/2026:01:09:20 +0200] "GET /2019/05/schwule-jungs-zum-anbaggern/ HTTP/2.0" 200 21640 "-" "Mozilla/5.0 AppleWebKit/537.36 (KHTML, like Gecko; compatible; Amzn-SearchBot/0.1) Chrome/119.0.6045.214 Safari/537.36"
62.138.3.40 - - [28/Jul/2026:01:10:52 +0200] "GET /wp-content/uploads/2026/05/30922384_1280-1-150x150.jpg HTTP/2.0" 200 4984 "https://www.taschenmuschi-kaufen.de/live-cam/yuedacco-cam-18611476/" "Mozilla/5.0 (Macintosh; Intel Mac OS X 10.15; rv:103.0) Gecko/20100101 Firefox/103.0"
2a03:4000:59:e65:94e2:deff:fe0e:57ac - - [28/Jul/2026:01:12:11 +0200] "GET /wp-json/arni-tracking/v1/stats?from=2026-07-26&to=2026-07-26 HTTP/2.0" 200 277 "-" "ArNi-CRM/1.0"
2a03:4000:59:e65:94e2:deff:fe0e:57ac - - [28/Jul/2026:01:12:11 +0200] "GET /wp-json/arni-tracking/v1/stats?from=2026-07-27&to=2026-07-27 HTTP/2.0" 200 307 "-" "ArNi-CRM/1.0"
2a03:4000:59:e65:94e2:deff:fe0e:57ac - - [28/Jul/2026:01:12:11 +0200] "GET /wp-json/arni-tracking/v1/stats?from=2026-07-28&to=2026-07-28 HTTP/2.0" 200 264 "-" "ArNi-CRM/1.0"
2a03:4000:59:e65:94e2:deff:fe0e:57ac - - [28/Jul/2026:01:12:12 +0200] "GET /wp-json/arni-tracking/v1/stats?from=2026-06-29&to=2026-07-28 HTTP/2.0" 200 317 "-" "ArNi-CRM/1.0"
2a03:4000:59:e65:94e2:deff:fe0e:57ac - - [28/Jul/2026:01:12:13 +0200] "GET /wp-json/arni-tracking/v1/pages?from=2026-06-29&to=2026-07-28&limit=100 HTTP/2.0" 200 18257 "-" "ArNi-CRM/1.0"
2a03:4000:59:e65:94e2:deff:fe0e:57ac - - [28/Jul/2026:01:12:13 +0200] "GET /wp-json/arni-tracking/v1/referrers?from=2026-06-29&to=2026-07-28&limit=100 HTTP/2.0" 200 947 "-" "ArNi-CRM/1.0"
2a03:4000:59:e65:94e2:deff:fe0e:57ac - - [28/Jul/2026:01:12:13 +0200] "GET /wp-json/arni-tracking/v1/campaigns?from=2026-06-29&to=2026-07-28&limit=100 HTTP/2.0" 200 78 "-" "ArNi-CRM/1.0"
2a03:4000:59:e65:94e2:deff:fe0e:57ac - - [28/Jul/2026:01:12:13 +0200] "GET /wp-json/arni-tracking/v1/conversions?from=2026-06-29&to=2026-07-28&limit=1000&page=1 HTTP/2.0" 200 44904 "-" "ArNi-CRM/1.0"
2a03:4000:59:e65:94e2:deff:fe0e:57ac - - [28/Jul/2026:01:12:13 +0200] "GET /wp-json/arni-tracking/v1/sessions?from=2026-06-29&to=2026-07-28&limit=500&page=1 HTTP/2.0" 200 201126 "-" "ArNi-CRM/1.0"
102.32.38.136 - - [28/Jul/2026:01:12:39 +0200] "GET /cam/out/biancashaw-cam-11464989 HTTP/2.0" 301 0 "https://www.taschenmuschi-kaufen.de/" "Mozilla/5.0 (Windows NT 10.0; Win64; x64) AppleWebKit/537.36 (KHTML, like Gecko) Chrome/135.0.0.0 Safari/537.36 Edg/135.0.0.0"
62.138.2.160 - - [28/Jul/2026:01:14:20 +0200] "GET /wp-content/uploads/2026/05/29963459_1280-1-150x150.jpg HTTP/2.0" 200 6175 "https://www.taschenmuschi-kaufen.de/live-cam/rassige-frau-cam-10074567/" "Mozilla/5.0 (Macintosh; Intel Mac OS X 10.15; rv:103.0) Gecko/20100101 Firefox/103.0"
52.167.144.201 - - [28/Jul/2026:01:14:30 +0200] "GET /live-cam/selicia-cam-11520891/ HTTP/2.0" 200 23396 "-" "Mozilla/5.0 AppleWebKit/537.36 (KHTML, like Gecko; compatible; bingbot/2.0; +http://www.bing.com/bingbot.htm) Chrome/116.0.1938.76 Safari/537.36"
43.153.19.83 - - [28/Jul/2026:01:14:32 +0200] "GET /produkt/analtoys-plugs/triple-analplug-silikon-rends-mush-plug/ HTTP/2.0" 200 25266 "-" "Mozilla/5.0 (iPhone; CPU iPhone OS 13_2_3 like Mac OS X) AppleWebKit/605.1.15 (KHTML, like Gecko) Version/13.0.3 Mobile/15E148 Safari/604.1"
52.167.144.201 - - [28/Jul/2026:01:14:35 +0200] "GET /live-cam/mashaxxx-cam-9453587/ HTTP/2.0" 200 25613 "-" "Mozilla/5.0 AppleWebKit/537.36 (KHTML, like Gecko; compatible; bingbot/2.0; +http://www.bing.com/bingbot.htm) Chrome/116.0.1938.76 Safari/537.36"
62.138.3.40 - - [28/Jul/2026:01:14:59 +0200] "GET /wp-content/uploads/2026/05/31118136_640-3.jpg HTTP/2.0" 200 58124 "https://www.taschenmuschi-kaufen.de/live-cam/andreafetishx-cam-19234566/" "Mozilla/5.0 (Macintosh; Intel Mac OS X 10.15; rv:103.0) Gecko/20100101 Firefox/103.0"
2a03:4000:59:e65:94e2:deff:fe0e:57ac - - [28/Jul/2026:01:15:15 +0200] "GET /wp-json/arni-tracking/v1/stats?from=2026-07-26&to=2026-07-26 HTTP/2.0" 200 277 "-" "ArNi-CRM/1.0"
2a03:4000:59:e65:94e2:deff:fe0e:57ac - - [28/Jul/2026:01:15:15 +0200] "GET /wp-json/arni-tracking/v1/stats?from=2026-07-27&to=2026-07-27 HTTP/2.0" 200 307 "-" "ArNi-CRM/1.0"
2a03:4000:59:e65:94e2:deff:fe0e:57ac - - [28/Jul/2026:01:15:15 +0200] "GET /wp-json/arni-tracking/v1/stats?from=2026-07-28&to=2026-07-28 HTTP/2.0" 200 264 "-" "ArNi-CRM/1.0"
2a03:4000:59:e65:94e2:deff:fe0e:57ac - - [28/Jul/2026:01:15:16 +0200] "GET /wp-json/arni-tracking/v1/stats?from=2026-06-29&to=2026-07-28 HTTP/2.0" 200 317 "-" "ArNi-CRM/1.0"
2a03:4000:59:e65:94e2:deff:fe0e:57ac - - [28/Jul/2026:01:15:16 +0200] "GET /wp-json/arni-tracking/v1/pages?from=2026-06-29&to=2026-07-28&limit=100 HTTP/2.0" 200 18257 "-" "ArNi-CRM/1.0"
2a03:4000:59:e65:94e2:deff:fe0e:57ac - - [28/Jul/2026:01:15:16 +0200] "GET /wp-json/arni-tracking/v1/referrers?from=2026-06-29&to=2026-07-28&limit=100 HTTP/2.0" 200 947 "-" "ArNi-CRM/1.0"
2a03:4000:59:e65:94e2:deff:fe0e:57ac - - [28/Jul/2026:01:15:16 +0200] "GET /wp-json/arni-tracking/v1/campaigns?from=2026-06-29&to=2026-07-28&limit=100 HTTP/2.0" 200 78 "-" "ArNi-CRM/1.0"
2a03:4000:59:e65:94e2:deff:fe0e:57ac - - [28/Jul/2026:01:15:16 +0200] "GET /wp-json/arni-tracking/v1/conversions?from=2026-06-29&to=2026-07-28&limit=1000&page=1 HTTP/2.0" 200 44904 "-" "ArNi-CRM/1.0"
2a03:4000:59:e65:94e2:deff:fe0e:57ac - - [28/Jul/2026:01:15:16 +0200] "GET /wp-json/arni-tracking/v1/sessions?from=2026-06-29&to=2026-07-28&limit=500&page=1 HTTP/2.0" 200 201027 "-" "ArNi-CRM/1.0"
54.237.229.245 - - [28/Jul/2026:01:15:47 +0200] "GET /?p=215491 HTTP/2.0" 301 0 "-" "Mozilla/5.0 AppleWebKit/537.36 (KHTML, like Gecko; compatible; Amzn-SearchBot/0.1) Chrome/119.0.6045.214 Safari/537.36"
3.218.37.5 - - [28/Jul/2026:01:15:51 +0200] "GET /live-cam/ripebananna-cam-12280902/ HTTP/2.0" 200 25489 "-" "Mozilla/5.0 AppleWebKit/537.36 (KHTML, like Gecko; compatible; Amzn-SearchBot/0.1) Chrome/119.0.6045.214 Safari/537.36"
40.77.167.67 - - [28/Jul/2026:01:16:54 +0200] "GET /live-cam/dirty-bebo-cam-11252781-2/ HTTP/2.0" 404 17639 "-" "Mozilla/5.0 AppleWebKit/537.36 (KHTML, like Gecko; compatible; bingbot/2.0; +http://www.bing.com/bingbot.htm) Chrome/116.0.1938.76 Safari/537.36"
52.167.144.183 - - [28/Jul/2026:01:16:57 +0200] "GET /live-cam/blondsweetie-cam-9354575/ HTTP/2.0" 404 17623 "-" "Mozilla/5.0 AppleWebKit/537.36 (KHTML, like Gecko; compatible; bingbot/2.0; +http://www.bing.com/bingbot.htm) Chrome/116.0.1938.76 Safari/537.36"
207.46.13.141 - - [28/Jul/2026:01:17:00 +0200] "GET /produkt/torso-masturbatoren/realbody-super-pai-kitaoji-kanon-g000106/ HTTP/2.0" 200 25457 "-" "Mozilla/5.0 AppleWebKit/537.36 (KHTML, like Gecko; compatible; bingbot/2.0; +http://www.bing.com/bingbot.htm) Chrome/116.0.1938.76 Safari/537.36"
52.167.144.183 - - [28/Jul/2026:01:17:02 +0200] "GET /live-cam/novavibe-cam-17505933/ HTTP/2.0" 200 25676 "-" "Mozilla/5.0 AppleWebKit/537.36 (KHTML, like Gecko; compatible; bingbot/2.0; +http://www.bing.com/bingbot.htm) Chrome/116.0.1938.76 Safari/537.36"
44.209.167.138 - - [28/Jul/2026:01:17:06 +0200] "GET /?p=212950 HTTP/2.0" 301 0 "-" "Mozilla/5.0 AppleWebKit/537.36 (KHTML, like Gecko; compatible; Amzn-SearchBot/0.1) Chrome/119.0.6045.214 Safari/537.36"
52.167.144.183 - - [28/Jul/2026:01:17:11 +0200] "GET /live-cam/julierubels-cam-8237418/ HTTP/2.0" 200 25611 "-" "Mozilla/5.0 AppleWebKit/537.36 (KHTML, like Gecko; compatible; bingbot/2.0; +http://www.bing.com/bingbot.htm) Chrome/116.0.1938.76 Safari/537.36"
52.167.144.183 - - [28/Jul/2026:01:17:11 +0200] "GET /live-cam/venusbrown-cam-11476668/ HTTP/2.0" 200 25694 "-" "Mozilla/5.0 AppleWebKit/537.36 (KHTML, like Gecko; compatible; bingbot/2.0; +http://www.bing.com/bingbot.htm) Chrome/116.0.1938.76 Safari/537.36"
207.46.13.141 - - [28/Jul/2026:01:17:15 +0200] "GET /live-cam/miltia-cam-9709611/ HTTP/2.0" 200 24458 "-" "Mozilla/5.0 AppleWebKit/537.36 (KHTML, like Gecko; compatible; bingbot/2.0; +http://www.bing.com/bingbot.htm) Chrome/116.0.1938.76 Safari/537.36"
44.209.167.138 - - [28/Jul/2026:01:17:15 +0200] "GET /live-cam/redhead38-cam-11324880/ HTTP/2.0" 200 27212 "-" "Mozilla/5.0 AppleWebKit/537.36 (KHTML, like Gecko; compatible; Amzn-SearchBot/0.1) Chrome/119.0.6045.214 Safari/537.36"
54.172.92.66 - - [28/Jul/2026:01:17:16 +0200] "GET /?p=212405 HTTP/2.0" 301 0 "-" "Mozilla/5.0 AppleWebKit/537.36 (KHTML, like Gecko; compatible; Amzn-SearchBot/0.1) Chrome/119.0.6045.214 Safari/537.36"
98.95.39.39 - - [28/Jul/2026:01:17:21 +0200] "GET /live-cam/erickajayne-cam-11259919/ HTTP/2.0" 200 25409 "-" "Mozilla/5.0 AppleWebKit/537.36 (KHTML, like Gecko; compatible; Amzn-SearchBot/0.1) Chrome/119.0.6045.214 Safari/537.36"
2a03:4000:59:e65:94e2:deff:fe0e:57ac - - [28/Jul/2026:01:18:12 +0200] "GET /wp-json/arni-tracking/v1/stats?from=2026-07-26&to=2026-07-26 HTTP/2.0" 200 277 "-" "ArNi-CRM/1.0"
2a03:4000:59:e65:94e2:deff:fe0e:57ac - - [28/Jul/2026:01:18:13 +0200] "GET /wp-json/arni-tracking/v1/stats?from=2026-07-27&to=2026-07-27 HTTP/2.0" 200 307 "-" "ArNi-CRM/1.0"
2a03:4000:59:e65:94e2:deff:fe0e:57ac - - [28/Jul/2026:01:18:13 +0200] "GET /wp-json/arni-tracking/v1/stats?from=2026-07-28&to=2026-07-28 HTTP/2.0" 200 264 "-" "ArNi-CRM/1.0"
2a03:4000:59:e65:94e2:deff:fe0e:57ac - - [28/Jul/2026:01:18:13 +0200] "GET /wp-json/arni-tracking/v1/stats?from=2026-06-29&to=2026-07-28 HTTP/2.0" 200 317 "-" "ArNi-CRM/1.0"
2a03:4000:59:e65:94e2:deff:fe0e:57ac - - [28/Jul/2026:01:18:14 +0200] "GET /wp-json/arni-tracking/v1/pages?from=2026-06-29&to=2026-07-28&limit=100 HTTP/2.0" 200 18257 "-" "ArNi-CRM/1.0"
2a03:4000:59:e65:94e2:deff:fe0e:57ac - - [28/Jul/2026:01:18:14 +0200] "GET /wp-json/arni-tracking/v1/referrers?from=2026-06-29&to=2026-07-28&limit=100 HTTP/2.0" 200 947 "-" "ArNi-CRM/1.0"
2a03:4000:59:e65:94e2:deff:fe0e:57ac - - [28/Jul/2026:01:18:14 +0200] "GET /wp-json/arni-tracking/v1/campaigns?from=2026-06-29&to=2026-07-28&limit=100 HTTP/2.0" 200 78 "-" "ArNi-CRM/1.0"
2a03:4000:59:e65:94e2:deff:fe0e:57ac - - [28/Jul/2026:01:18:14 +0200] "GET /wp-json/arni-tracking/v1/conversions?from=2026-06-29&to=2026-07-28&limit=1000&page=1 HTTP/2.0" 200 44904 "-" "ArNi-CRM/1.0"
2a03:4000:59:e65:94e2:deff:fe0e:57ac - - [28/Jul/2026:01:18:14 +0200] "GET /wp-json/arni-tracking/v1/sessions?from=2026-06-29&to=2026-07-28&limit=500&page=1 HTTP/2.0" 200 201027 "-" "ArNi-CRM/1.0"
98.94.237.222 - - [28/Jul/2026:01:18:17 +0200] "GET /?p=215990 HTTP/2.0" 301 0 "-" "Mozilla/5.0 AppleWebKit/537.36 (KHTML, like Gecko; compatible; Amzn-SearchBot/0.1) Chrome/119.0.6045.214 Safari/537.36"
54.157.89.253 - - [28/Jul/2026:01:18:23 +0200] "GET /live-cam/perfecteva-cam-19311791/ HTTP/2.0" 200 23882 "-" "Mozilla/5.0 AppleWebKit/537.36 (KHTML, like Gecko; compatible; Amzn-SearchBot/0.1) Chrome/119.0.6045.214 Safari/537.36"
62.138.2.14 - - [28/Jul/2026:01:18:57 +0200] "GET /wp-content/uploads/2026/06/11095120_1280-150x150.jpg HTTP/2.0" 200 6550 "https://www.taschenmuschi-kaufen.de/live-cam/hottsharon01-cam-10108334/" "Mozilla/5.0 (Macintosh; Intel Mac OS X 10.15; rv:103.0) Gecko/20100101 Firefox/103.0"
3.223.100.234 - - [28/Jul/2026:01:18:59 +0200] "GET /?p=215554 HTTP/2.0" 301 0 "-" "Mozilla/5.0 AppleWebKit/537.36 (KHTML, like Gecko; compatible; Amzn-SearchBot/0.1) Chrome/119.0.6045.214 Safari/537.36"
3.223.100.234 - - [28/Jul/2026:01:19:05 +0200] "GET /live-cam/evagentle-cam-18865538/ HTTP/2.0" 200 25750 "-" "Mozilla/5.0 AppleWebKit/537.36 (KHTML, like Gecko; compatible; Amzn-SearchBot/0.1) Chrome/119.0.6045.214 Safari/537.36"
62.138.2.160 - - [28/Jul/2026:01:19:52 +0200] "GET /wp-content/uploads/2026/05/14030921_1280-6-150x150.jpg HTTP/2.0" 200 10878 "https://www.taschenmuschi-kaufen.de/live-cam/solveig-cam-10764285/" "Mozilla/5.0 (Macintosh; Intel Mac OS X 10.15; rv:103.0) Gecko/20100101 Firefox/103.0"
2a03:4000:59:e65:94e2:deff:fe0e:57ac - - [28/Jul/2026:01:21:13 +0200] "GET /wp-json/arni-tracking/v1/stats?from=2026-07-26&to=2026-07-26 HTTP/2.0" 200 277 "-" "ArNi-CRM/1.0"
2a03:4000:59:e65:94e2:deff:fe0e:57ac - - [28/Jul/2026:01:21:13 +0200] "GET /wp-json/arni-tracking/v1/stats?from=2026-07-27&to=2026-07-27 HTTP/2.0" 200 307 "-" "ArNi-CRM/1.0"
2a03:4000:59:e65:94e2:deff:fe0e:57ac - - [28/Jul/2026:01:21:13 +0200] "GET /wp-json/arni-tracking/v1/stats?from=2026-07-28&to=2026-07-28 HTTP/2.0" 200 264 "-" "ArNi-CRM/1.0"
2a03:4000:59:e65:94e2:deff:fe0e:57ac - - [28/Jul/2026:01:21:13 +0200] "GET /wp-json/arni-tracking/v1/stats?from=2026-06-29&to=2026-07-28 HTTP/2.0" 200 317 "-" "ArNi-CRM/1.0"
2a03:4000:59:e65:94e2:deff:fe0e:57ac - - [28/Jul/2026:01:21:13 +0200] "GET /wp-json/arni-tracking/v1/pages?from=2026-06-29&to=2026-07-28&limit=100 HTTP/2.0" 200 18257 "-" "ArNi-CRM/1.0"
2a03:4000:59:e65:94e2:deff:fe0e:57ac - - [28/Jul/2026:01:21:14 +0200] "GET /wp-json/arni-tracking/v1/referrers?from=2026-06-29&to=2026-07-28&limit=100 HTTP/2.0" 200 947 "-" "ArNi-CRM/1.0"
2a03:4000:59:e65:94e2:deff:fe0e:57ac - - [28/Jul/2026:01:21:14 +0200] "GET /wp-json/arni-tracking/v1/campaigns?from=2026-06-29&to=2026-07-28&limit=100 HTTP/2.0" 200 78 "-" "ArNi-CRM/1.0"
2a03:4000:59:e65:94e2:deff:fe0e:57ac - - [28/Jul/2026:01:21:14 +0200] "GET /wp-json/arni-tracking/v1/conversions?from=2026-06-29&to=2026-07-28&limit=1000&page=1 HTTP/2.0" 200 44904 "-" "ArNi-CRM/1.0"
2a03:4000:59:e65:94e2:deff:fe0e:57ac - - [28/Jul/2026:01:21:14 +0200] "GET /wp-json/arni-tracking/v1/sessions?from=2026-06-29&to=2026-07-28&limit=500&page=1 HTTP/2.0" 200 201027 "-" "ArNi-CRM/1.0"
52.167.144.183 - - [28/Jul/2026:01:21:49 +0200] "GET /produkt/dildos/rends-monster-dildo-cobra-fantasy-saugnapf-dildo/ HTTP/2.0" 200 25362 "-" "Mozilla/5.0 AppleWebKit/537.36 (KHTML, like Gecko; compatible; bingbot/2.0; +http://www.bing.com/bingbot.htm) Chrome/116.0.1938.76 Safari/537.36"
52.167.144.183 - - [28/Jul/2026:01:21:52 +0200] "GET /live-cam/steban11-cam-11465577/ HTTP/2.0" 200 23598 "-" "Mozilla/5.0 AppleWebKit/537.36 (KHTML, like Gecko; compatible; bingbot/2.0; +http://www.bing.com/bingbot.htm) Chrome/116.0.1938.76 Safari/537.36"
40.77.167.241 - - [28/Jul/2026:01:21:53 +0200] "GET /live-cam/fashionwoman-cam-12289407/ HTTP/2.0" 200 25652 "-" "Mozilla/5.0 AppleWebKit/537.36 (KHTML, like Gecko; compatible; bingbot/2.0; +http://www.bing.com/bingbot.htm) Chrome/116.0.1938.76 Safari/537.36"
62.138.2.214 - - [28/Jul/2026:01:22:57 +0200] "GET /wp-content/uploads/2026/05/30600929_1280-30-150x150.jpg HTTP/2.0" 200 4256 "https://www.taschenmuschi-kaufen.de/live-cam/brunettetraum-cam-18848419/" "Mozilla/5.0 (Macintosh; Intel Mac OS X 10.15; rv:103.0) Gecko/20100101 Firefox/103.0"
43.153.104.196 - - [28/Jul/2026:01:23:41 +0200] "GET /produkt/analtoys-plugs/triple-analplug-silikon-rends-mush-plug/embed/ HTTP/2.0" 301 0 "-" "Mozilla/5.0 (iPhone; CPU iPhone OS 13_2_3 like Mac OS X) AppleWebKit/605.1.15 (KHTML, like Gecko) Version/13.0.3 Mobile/15E148 Safari/604.1"
43.153.104.196 - - [28/Jul/2026:01:23:45 +0200] "GET /produkt/analtoys-plugs/triple-analplug-silikon-rends-mush-plug/ HTTP/2.0" 200 25266 "https://www.taschenmuschi-kaufen.de/produkt/analtoys-plugs/triple-analplug-silikon-rends-mush-plug/embed/" "Mozilla/5.0 (iPhone; CPU iPhone OS 13_2_3 like Mac OS X) AppleWebKit/605.1.15 (KHTML, like Gecko) Version/13.0.3 Mobile/15E148 Safari/604.1"
62.138.2.14 - - [28/Jul/2026:01:23:53 +0200] "GET /wp-content/uploads/2026/05/21194207_1280-12-150x150.jpg HTTP/2.0" 200 5818 "https://www.taschenmuschi-kaufen.de/live-cam/erinn99-cam-13277365/" "Mozilla/5.0 (Macintosh; Intel Mac OS X 10.15; rv:103.0) Gecko/20100101 Firefox/103.0"
44.213.228.74 - - [28/Jul/2026:01:23:58 +0200] "GET /?p=180765 HTTP/2.0" 301 0 "-" "Mozilla/5.0 AppleWebKit/537.36 (KHTML, like Gecko; compatible; Amzn-SearchBot/0.1) Chrome/119.0.6045.214 Safari/537.36"
3.214.252.9 - - [28/Jul/2026:01:24:05 +0200] "GET /live-cam/jezzyjizz-cam-9341516/ HTTP/2.0" 200 26070 "-" "Mozilla/5.0 AppleWebKit/537.36 (KHTML, like Gecko; compatible; Amzn-SearchBot/0.1) Chrome/119.0.6045.214 Safari/537.36"
2a03:4000:59:e65:94e2:deff:fe0e:57ac - - [28/Jul/2026:01:24:11 +0200] "GET /wp-json/arni-tracking/v1/stats?from=2026-07-26&to=2026-07-26 HTTP/2.0" 200 277 "-" "ArNi-CRM/1.0"
2a03:4000:59:e65:94e2:deff:fe0e:57ac - - [28/Jul/2026:01:24:12 +0200] "GET /wp-json/arni-tracking/v1/stats?from=2026-07-27&to=2026-07-27 HTTP/2.0" 200 307 "-" "ArNi-CRM/1.0"
2a03:4000:59:e65:94e2:deff:fe0e:57ac - - [28/Jul/2026:01:24:12 +0200] "GET /wp-json/arni-tracking/v1/stats?from=2026-07-28&to=2026-07-28 HTTP/2.0" 200 265 "-" "ArNi-CRM/1.0"
2a03:4000:59:e65:94e2:deff:fe0e:57ac - - [28/Jul/2026:01:24:12 +0200] "GET /wp-json/arni-tracking/v1/stats?from=2026-06-29&to=2026-07-28 HTTP/2.0" 200 317 "-" "ArNi-CRM/1.0"
2a03:4000:59:e65:94e2:deff:fe0e:57ac - - [28/Jul/2026:01:24:12 +0200] "GET /wp-json/arni-tracking/v1/pages?from=2026-06-29&to=2026-07-28&limit=100 HTTP/2.0" 200 18257 "-" "ArNi-CRM/1.0"
2a03:4000:59:e65:94e2:deff:fe0e:57ac - - [28/Jul/2026:01:24:12 +0200] "GET /wp-json/arni-tracking/v1/referrers?from=2026-06-29&to=2026-07-28&limit=100 HTTP/2.0" 200 947 "-" "ArNi-CRM/1.0"
2a03:4000:59:e65:94e2:deff:fe0e:57ac - - [28/Jul/2026:01:24:13 +0200] "GET /wp-json/arni-tracking/v1/campaigns?from=2026-06-29&to=2026-07-28&limit=100 HTTP/2.0" 200 78 "-" "ArNi-CRM/1.0"
2a03:4000:59:e65:94e2:deff:fe0e:57ac - - [28/Jul/2026:01:24:13 +0200] "GET /wp-json/arni-tracking/v1/conversions?from=2026-06-29&to=2026-07-28&limit=1000&page=1 HTTP/2.0" 200 44904 "-" "ArNi-CRM/1.0"
2a03:4000:59:e65:94e2:deff:fe0e:57ac - - [28/Jul/2026:01:24:13 +0200] "GET /wp-json/arni-tracking/v1/sessions?from=2026-06-29&to=2026-07-28&limit=500&page=1 HTTP/2.0" 200 201109 "-" "ArNi-CRM/1.0"
129.222.203.54 - - [28/Jul/2026:01:25:31 +0200] "GET /cam/out/luhannaeverdeen-cam-14332627 HTTP/2.0" 301 0 "https://www.taschenmuschi-kaufen.de/" "Mozilla/5.0 (Windows NT 10.0; Win64; x64) AppleWebKit/537.36 (KHTML, like Gecko) Chrome/135.0.0.0 Safari/537.36 Edg/135.0.0.0"
62.138.18.60 - - [28/Jul/2026:01:25:52 +0200] "GET /wp-content/uploads/2026/05/16526393_640-15.jpg HTTP/2.0" 200 62421 "https://www.taschenmuschi-kaufen.de/live-cam/happyxnight-cam-11683584/" "Mozilla/5.0 (Macintosh; Intel Mac OS X 10.15; rv:103.0) Gecko/20100101 Firefox/103.0"
2a03:4000:59:e65:94e2:deff:fe0e:57ac - - [28/Jul/2026:01:27:10 +0200] "GET /wp-json/arni-tracking/v1/stats?from=2026-07-26&to=2026-07-26 HTTP/2.0" 200 277 "-" "ArNi-CRM/1.0"
2a03:4000:59:e65:94e2:deff:fe0e:57ac - - [28/Jul/2026:01:27:10 +0200] "GET /wp-json/arni-tracking/v1/stats?from=2026-07-27&to=2026-07-27 HTTP/2.0" 200 307 "-" "ArNi-CRM/1.0"
2a03:4000:59:e65:94e2:deff:fe0e:57ac - - [28/Jul/2026:01:27:11 +0200] "GET /wp-json/arni-tracking/v1/stats?from=2026-07-28&to=2026-07-28 HTTP/2.0" 200 265 "-" "ArNi-CRM/1.0"
2a03:4000:59:e65:94e2:deff:fe0e:57ac - - [28/Jul/2026:01:27:11 +0200] "GET /wp-json/arni-tracking/v1/stats?from=2026-06-29&to=2026-07-28 HTTP/2.0" 200 317 "-" "ArNi-CRM/1.0"
2a03:4000:59:e65:94e2:deff:fe0e:57ac - - [28/Jul/2026:01:27:11 +0200] "GET /wp-json/arni-tracking/v1/pages?from=2026-06-29&to=2026-07-28&limit=100 HTTP/2.0" 200 18257 "-" "ArNi-CRM/1.0"
2a03:4000:59:e65:94e2:deff:fe0e:57ac - - [28/Jul/2026:01:27:11 +0200] "GET /wp-json/arni-tracking/v1/referrers?from=2026-06-29&to=2026-07-28&limit=100 HTTP/2.0" 200 947 "-" "ArNi-CRM/1.0"
2a03:4000:59:e65:94e2:deff:fe0e:57ac - - [28/Jul/2026:01:27:11 +0200] "GET /wp-json/arni-tracking/v1/campaigns?from=2026-06-29&to=2026-07-28&limit=100 HTTP/2.0" 200 78 "-" "ArNi-CRM/1.0"
2a03:4000:59:e65:94e2:deff:fe0e:57ac - - [28/Jul/2026:01:27:12 +0200] "GET /wp-json/arni-tracking/v1/conversions?from=2026-06-29&to=2026-07-28&limit=1000&page=1 HTTP/2.0" 200 44904 "-" "ArNi-CRM/1.0"
2a03:4000:59:e65:94e2:deff:fe0e:57ac - - [28/Jul/2026:01:27:12 +0200] "GET /wp-json/arni-tracking/v1/sessions?from=2026-06-29&to=2026-07-28&limit=500&page=1 HTTP/2.0" 200 201129 "-" "ArNi-CRM/1.0"
40.77.167.57 - - [28/Jul/2026:01:27:57 +0200] "GET /live-cam/hellen-cam-16937374/ HTTP/2.0" 200 23560 "-" "Mozilla/5.0 AppleWebKit/537.36 (KHTML, like Gecko; compatible; bingbot/2.0; +http://www.bing.com/bingbot.htm) Chrome/116.0.1938.76 Safari/537.36"
196.196.31.225 - - [28/Jul/2026:01:27:58 +0200] "GET / HTTP/2.0" 200 23827 "-" "Mozilla/5.0 (Windows NT 10.0; Win64; x64) AppleWebKit/537.36 (KHTML, like Gecko) Chrome/120.0.0.0 Safari/537.36"
207.46.13.170 - - [28/Jul/2026:01:27:59 +0200] "GET /live-cam/walletdraining-cam-11105540/ HTTP/2.0" 404 17642 "-" "Mozilla/5.0 AppleWebKit/537.36 (KHTML, like Gecko; compatible; bingbot/2.0; +http://www.bing.com/bingbot.htm) Chrome/116.0.1938.76 Safari/537.36"
207.46.13.170 - - [28/Jul/2026:01:28:02 +0200] "GET /live-cam/roxyplaykitty-cam-19235582/ HTTP/2.0" 200 25187 "-" "Mozilla/5.0 AppleWebKit/537.36 (KHTML, like Gecko; compatible; bingbot/2.0; +http://www.bing.com/bingbot.htm) Chrome/116.0.1938.76 Safari/537.36"
196.196.31.225 - - [28/Jul/2026:01:28:02 +0200] "GET /wp-login.php?action=register HTTP/2.0" 302 0 "https://www.taschenmuschi-kaufen.de" "Mozilla/5.0 (Windows NT 6.3; Win64; x64) AppleWebKit/537.36 (KHTML, like Gecko) Chrome/103.0.0.0 Safari/537.36"
196.196.31.225 - - [28/Jul/2026:01:28:03 +0200] "GET /wp-login.php?registration=disabled HTTP/2.0" 200 3186 "https://www.taschenmuschi-kaufen.de/wp-login.php?action=register" "Mozilla/5.0 (Windows NT 6.3; Win64; x64) AppleWebKit/537.36 (KHTML, like Gecko) Chrome/103.0.0.0 Safari/537.36"
52.167.144.162 - - [28/Jul/2026:01:28:46 +0200] "GET /produkt/onaholes/yuira-av-angel-hibiki-otsuki/ HTTP/2.0" 200 25436 "-" "Mozilla/5.0 AppleWebKit/537.36 (KHTML, like Gecko; compatible; bingbot/2.0; +http://www.bing.com/bingbot.htm) Chrome/116.0.1938.76 Safari/537.36"
2a03:4000:59:e65:94e2:deff:fe0e:57ac - - [28/Jul/2026:01:30:17 +0200] "GET /wp-json/arni-tracking/v1/stats?from=2026-07-26&to=2026-07-26 HTTP/2.0" 200 277 "-" "ArNi-CRM/1.0"
2a03:4000:59:e65:94e2:deff:fe0e:57ac - - [28/Jul/2026:01:30:17 +0200] "GET /wp-json/arni-tracking/v1/stats?from=2026-07-27&to=2026-07-27 HTTP/2.0" 200 307 "-" "ArNi-CRM/1.0"
2a03:4000:59:e65:94e2:deff:fe0e:57ac - - [28/Jul/2026:01:30:17 +0200] "GET /wp-json/arni-tracking/v1/stats?from=2026-07-28&to=2026-07-28 HTTP/2.0" 200 265 "-" "ArNi-CRM/1.0"
2a03:4000:59:e65:94e2:deff:fe0e:57ac - - [28/Jul/2026:01:30:18 +0200] "GET /wp-json/arni-tracking/v1/stats?from=2026-06-29&to=2026-07-28 HTTP/2.0" 200 317 "-" "ArNi-CRM/1.0"
2a03:4000:59:e65:94e2:deff:fe0e:57ac - - [28/Jul/2026:01:30:18 +0200] "GET /wp-json/arni-tracking/v1/pages?from=2026-06-29&to=2026-07-28&limit=100 HTTP/2.0" 200 18257 "-" "ArNi-CRM/1.0"
2a03:4000:59:e65:94e2:deff:fe0e:57ac - - [28/Jul/2026:01:30:18 +0200] "GET /wp-json/arni-tracking/v1/referrers?from=2026-06-29&to=2026-07-28&limit=100 HTTP/2.0" 200 947 "-" "ArNi-CRM/1.0"
2a03:4000:59:e65:94e2:deff:fe0e:57ac - - [28/Jul/2026:01:30:18 +0200] "GET /wp-json/arni-tracking/v1/campaigns?from=2026-06-29&to=2026-07-28&limit=100 HTTP/2.0" 200 78 "-" "ArNi-CRM/1.0"
2a03:4000:59:e65:94e2:deff:fe0e:57ac - - [28/Jul/2026:01:30:19 +0200] "GET /wp-json/arni-tracking/v1/conversions?from=2026-06-29&to=2026-07-28&limit=1000&page=1 HTTP/2.0" 200 44904 "-" "ArNi-CRM/1.0"
2a03:4000:59:e65:94e2:deff:fe0e:57ac - - [28/Jul/2026:01:30:19 +0200] "GET /wp-json/arni-tracking/v1/sessions?from=2026-06-29&to=2026-07-28&limit=500&page=1 HTTP/2.0" 200 201024 "-" "ArNi-CRM/1.0"
186.235.99.43 - - [28/Jul/2026:01:31:38 +0200] "GET /cam/out/hannah38-cam-11504566 HTTP/2.0" 301 0 "https://www.taschenmuschi-kaufen.de/" "Mozilla/5.0 (Windows NT 10.0; Win64; x64) AppleWebKit/537.36 (KHTML, like Gecko) Chrome/135.0.0.0 Safari/537.36"
216.244.66.234 - - [28/Jul/2026:01:31:58 +0200] "GET /robots.txt HTTP/1.1" 301 169 "-" "Mozilla/5.0 (compatible; DotBot/1.2; +https://opensiteexplorer.org/dotbot; help@moz.com)"
170.84.131.7 - - [28/Jul/2026:01:32:38 +0200] "GET /cam/out/chloebelle-cam-19331225 HTTP/2.0" 301 0 "https://www.taschenmuschi-kaufen.de/" "Mozilla/5.0 (X11; Linux x86_64) AppleWebKit/537.36 (KHTML, like Gecko) Chrome/129.0.0.0 Safari/537.36"
2a03:4000:59:e65:94e2:deff:fe0e:57ac - - [28/Jul/2026:01:33:10 +0200] "GET /wp-json/arni-tracking/v1/stats?from=2026-07-26&to=2026-07-26 HTTP/2.0" 200 277 "-" "ArNi-CRM/1.0"
2a03:4000:59:e65:94e2:deff:fe0e:57ac - - [28/Jul/2026:01:33:10 +0200] "GET /wp-json/arni-tracking/v1/stats?from=2026-07-27&to=2026-07-27 HTTP/2.0" 200 307 "-" "ArNi-CRM/1.0"
2a03:4000:59:e65:94e2:deff:fe0e:57ac - - [28/Jul/2026:01:33:10 +0200] "GET /wp-json/arni-tracking/v1/stats?from=2026-07-28&to=2026-07-28 HTTP/2.0" 200 266 "-" "ArNi-CRM/1.0"
2a03:4000:59:e65:94e2:deff:fe0e:57ac - - [28/Jul/2026:01:33:11 +0200] "GET /wp-json/arni-tracking/v1/stats?from=2026-06-29&to=2026-07-28 HTTP/2.0" 200 317 "-" "ArNi-CRM/1.0"
2a03:4000:59:e65:94e2:deff:fe0e:57ac - - [28/Jul/2026:01:33:11 +0200] "GET /wp-json/arni-tracking/v1/pages?from=2026-06-29&to=2026-07-28&limit=100 HTTP/2.0" 200 18257 "-" "ArNi-CRM/1.0"
2a03:4000:59:e65:94e2:deff:fe0e:57ac - - [28/Jul/2026:01:33:11 +0200] "GET /wp-json/arni-tracking/v1/referrers?from=2026-06-29&to=2026-07-28&limit=100 HTTP/2.0" 200 947 "-" "ArNi-CRM/1.0"
2a03:4000:59:e65:94e2:deff:fe0e:57ac - - [28/Jul/2026:01:33:11 +0200] "GET /wp-json/arni-tracking/v1/campaigns?from=2026-06-29&to=2026-07-28&limit=100 HTTP/2.0" 200 78 "-" "ArNi-CRM/1.0"
2a03:4000:59:e65:94e2:deff:fe0e:57ac - - [28/Jul/2026:01:33:11 +0200] "GET /wp-json/arni-tracking/v1/conversions?from=2026-06-29&to=2026-07-28&limit=1000&page=1 HTTP/2.0" 200 44904 "-" "ArNi-CRM/1.0"
2a03:4000:59:e65:94e2:deff:fe0e:57ac - - [28/Jul/2026:01:33:12 +0200] "GET /wp-json/arni-tracking/v1/sessions?from=2026-06-29&to=2026-07-28&limit=500&page=1 HTTP/2.0" 200 200560 "-" "ArNi-CRM/1.0"
43.157.150.69 - - [28/Jul/2026:01:33:24 +0200] "GET /live-cam/tahiyaa-cam-18394372/ HTTP/2.0" 200 25996 "-" "Mozilla/5.0 (iPhone; CPU iPhone OS 13_2_3 like Mac OS X) AppleWebKit/605.1.15 (KHTML, like Gecko) Version/13.0.3 Mobile/15E148 Safari/604.1"
98.94.252.84 - - [28/Jul/2026:01:33:37 +0200] "GET /?p=215739 HTTP/2.0" 301 0 "-" "Mozilla/5.0 AppleWebKit/537.36 (KHTML, like Gecko; compatible; Amzn-SearchBot/0.1) Chrome/119.0.6045.214 Safari/537.36"
44.208.239.245 - - [28/Jul/2026:01:33:40 +0200] "GET /live-cam/sexymyra-cam-11705506/ HTTP/2.0" 200 25487 "-" "Mozilla/5.0 AppleWebKit/537.36 (KHTML, like Gecko; compatible; Amzn-SearchBot/0.1) Chrome/119.0.6045.214 Safari/537.36"
52.167.144.162 - - [28/Jul/2026:01:33:45 +0200] "GET /live-cam/polivia-cam-8133377/ HTTP/2.0" 200 25370 "-" "Mozilla/5.0 AppleWebKit/537.36 (KHTML, like Gecko; compatible; bingbot/2.0; +http://www.bing.com/bingbot.htm) Chrome/116.0.1938.76 Safari/537.36"
40.77.167.57 - - [28/Jul/2026:01:33:50 +0200] "GET /live-cam/strapsbunny-cam-9544373/ HTTP/2.0" 200 25974 "-" "Mozilla/5.0 AppleWebKit/537.36 (KHTML, like Gecko; compatible; bingbot/2.0; +http://www.bing.com/bingbot.htm) Chrome/116.0.1938.76 Safari/537.36"
40.77.167.57 - - [28/Jul/2026:01:34:49 +0200] "GET /live-cam/mistressnatalie-cam-19325815/ HTTP/2.0" 200 25612 "-" "Mozilla/5.0 AppleWebKit/537.36 (KHTML, like Gecko; compatible; bingbot/2.0; +http://www.bing.com/bingbot.htm) Chrome/116.0.1938.76 Safari/537.36"
207.46.13.160 - - [28/Jul/2026:01:34:50 +0200] "GET /live-cam/mayah134-cam-19322599/ HTTP/2.0" 200 24525 "-" "Mozilla/5.0 AppleWebKit/537.36 (KHTML, like Gecko; compatible; bingbot/2.0; +http://www.bing.com/bingbot.htm) Chrome/116.0.1938.76 Safari/537.36"
40.77.167.57 - - [28/Jul/2026:01:34:51 +0200] "GET /produkt/penis-sleeves-huellen/vorze-a10-piston-sa-inner-sleeve-plain/ HTTP/2.0" 200 25394 "-" "Mozilla/5.0 AppleWebKit/537.36 (KHTML, like Gecko; compatible; bingbot/2.0; +http://www.bing.com/bingbot.htm) Chrome/116.0.1938.76 Safari/537.36"
52.167.144.162 - - [28/Jul/2026:01:34:56 +0200] "GET /live-cam/pitchmarie-cam-8623065/ HTTP/2.0" 200 25391 "-" "Mozilla/5.0 AppleWebKit/537.36 (KHTML, like Gecko; compatible; bingbot/2.0; +http://www.bing.com/bingbot.htm) Chrome/116.0.1938.76 Safari/537.36"
52.167.144.162 - - [28/Jul/2026:01:35:00 +0200] "GET /live-cam/rinarawr-cam-10938655/ HTTP/2.0" 200 27352 "-" "Mozilla/5.0 AppleWebKit/537.36 (KHTML, like Gecko; compatible; bingbot/2.0; +http://www.bing.com/bingbot.htm) Chrome/116.0.1938.76 Safari/537.36"
216.244.66.234 - - [28/Jul/2026:01:35:49 +0200] "GET /profile/keishaivy/ HTTP/1.1" 301 169 "-" "Mozilla/5.0 (compatible; DotBot/1.2; +https://opensiteexplorer.org/dotbot; help@moz.com)"
216.244.66.234 - - [28/Jul/2026:01:35:54 +0200] "GET /profile/victoriafleur/ HTTP/1.1" 301 169 "-" "Mozilla/5.0 (compatible; DotBot/1.2; +https://opensiteexplorer.org/dotbot; help@moz.com)"
216.244.66.234 - - [28/Jul/2026:01:35:58 +0200] "GET /profile/katemoore25/ HTTP/1.1" 301 169 "-" "Mozilla/5.0 (compatible; DotBot/1.2; +https://opensiteexplorer.org/dotbot; help@moz.com)"
62.138.6.15 - - [28/Jul/2026:01:36:01 +0200] "GET /wp-content/uploads/2026/05/30726636_640-13-300x300.jpg HTTP/2.0" 200 13959 "https://www.taschenmuschi-kaufen.de/live-cams/frauen/bunt/" "Mozilla/5.0 (Macintosh; Intel Mac OS X 10.15; rv:103.0) Gecko/20100101 Firefox/103.0"
216.244.66.234 - - [28/Jul/2026:01:36:01 +0200] "GET /profile/ginacolada/ HTTP/1.1" 301 169 "-" "Mozilla/5.0 (compatible; DotBot/1.2; +https://opensiteexplorer.org/dotbot; help@moz.com)"
216.244.66.234 - - [28/Jul/2026:01:36:04 +0200] "GET /profile/lilyocean/ HTTP/1.1" 301 169 "-" "Mozilla/5.0 (compatible; DotBot/1.2; +https://opensiteexplorer.org/dotbot; help@moz.com)"
216.244.66.234 - - [28/Jul/2026:01:36:06 +0200] "GET /profile/reifelollie/ HTTP/1.1" 301 169 "-" "Mozilla/5.0 (compatible; DotBot/1.2; +https://opensiteexplorer.org/dotbot; help@moz.com)"
216.244.66.234 - - [28/Jul/2026:01:36:08 +0200] "GET /profile/hotanna93/ HTTP/1.1" 301 169 "-" "Mozilla/5.0 (compatible; DotBot/1.2; +https://opensiteexplorer.org/dotbot; help@moz.com)"
2a03:4000:59:e65:94e2:deff:fe0e:57ac - - [28/Jul/2026:01:36:10 +0200] "GET /wp-json/arni-tracking/v1/stats?from=2026-07-26&to=2026-07-26 HTTP/2.0" 200 277 "-" "ArNi-CRM/1.0"
2a03:4000:59:e65:94e2:deff:fe0e:57ac - - [28/Jul/2026:01:36:11 +0200] "GET /wp-json/arni-tracking/v1/stats?from=2026-07-27&to=2026-07-27 HTTP/2.0" 200 307 "-" "ArNi-CRM/1.0"
2a03:4000:59:e65:94e2:deff:fe0e:57ac - - [28/Jul/2026:01:36:11 +0200] "GET /wp-json/arni-tracking/v1/stats?from=2026-07-28&to=2026-07-28 HTTP/2.0" 200 266 "-" "ArNi-CRM/1.0"
2a03:4000:59:e65:94e2:deff:fe0e:57ac - - [28/Jul/2026:01:36:11 +0200] "GET /wp-json/arni-tracking/v1/stats?from=2026-06-29&to=2026-07-28 HTTP/2.0" 200 317 "-" "ArNi-CRM/1.0"
2a03:4000:59:e65:94e2:deff:fe0e:57ac - - [28/Jul/2026:01:36:11 +0200] "GET /wp-json/arni-tracking/v1/pages?from=2026-06-29&to=2026-07-28&limit=100 HTTP/2.0" 200 18257 "-" "ArNi-CRM/1.0"
2a03:4000:59:e65:94e2:deff:fe0e:57ac - - [28/Jul/2026:01:36:12 +0200] "GET /wp-json/arni-tracking/v1/referrers?from=2026-06-29&to=2026-07-28&limit=100 HTTP/2.0" 200 947 "-" "ArNi-CRM/1.0"
2a03:4000:59:e65:94e2:deff:fe0e:57ac - - [28/Jul/2026:01:36:12 +0200] "GET /wp-json/arni-tracking/v1/campaigns?from=2026-06-29&to=2026-07-28&limit=100 HTTP/2.0" 200 78 "-" "ArNi-CRM/1.0"
2a03:4000:59:e65:94e2:deff:fe0e:57ac - - [28/Jul/2026:01:36:12 +0200] "GET /wp-json/arni-tracking/v1/conversions?from=2026-06-29&to=2026-07-28&limit=1000&page=1 HTTP/2.0" 200 44904 "-" "ArNi-CRM/1.0"
2a03:4000:59:e65:94e2:deff:fe0e:57ac - - [28/Jul/2026:01:36:12 +0200] "GET /wp-json/arni-tracking/v1/sessions?from=2026-06-29&to=2026-07-28&limit=500&page=1 HTTP/2.0" 200 200733 "-" "ArNi-CRM/1.0"
40.77.167.57 - - [28/Jul/2026:01:38:11 +0200] "GET /live-cam/kimlayne-cam-5470858/ HTTP/2.0" 200 25492 "-" "Mozilla/5.0 AppleWebKit/537.36 (KHTML, like Gecko; compatible; bingbot/2.0; +http://www.bing.com/bingbot.htm) Chrome/116.0.1938.76 Safari/537.36"
52.167.144.162 - - [28/Jul/2026:01:38:55 +0200] "GET /live-cam/deinschatzi-cam-8433521/ HTTP/2.0" 200 23954 "-" "Mozilla/5.0 AppleWebKit/537.36 (KHTML, like Gecko; compatible; bingbot/2.0; +http://www.bing.com/bingbot.htm) Chrome/116.0.1938.76 Safari/537.36"
2a03:4000:59:e65:94e2:deff:fe0e:57ac - - [28/Jul/2026:01:39:13 +0200] "GET /wp-json/arni-tracking/v1/stats?from=2026-07-26&to=2026-07-26 HTTP/2.0" 200 277 "-" "ArNi-CRM/1.0"
2a03:4000:59:e65:94e2:deff:fe0e:57ac - - [28/Jul/2026:01:39:13 +0200] "GET /wp-json/arni-tracking/v1/stats?from=2026-07-27&to=2026-07-27 HTTP/2.0" 200 307 "-" "ArNi-CRM/1.0"
2a03:4000:59:e65:94e2:deff:fe0e:57ac - - [28/Jul/2026:01:39:13 +0200] "GET /wp-json/arni-tracking/v1/stats?from=2026-07-28&to=2026-07-28 HTTP/2.0" 200 266 "-" "ArNi-CRM/1.0"
2a03:4000:59:e65:94e2:deff:fe0e:57ac - - [28/Jul/2026:01:39:13 +0200] "GET /wp-json/arni-tracking/v1/stats?from=2026-06-29&to=2026-07-28 HTTP/2.0" 200 317 "-" "ArNi-CRM/1.0"
2a03:4000:59:e65:94e2:deff:fe0e:57ac - - [28/Jul/2026:01:39:14 +0200] "GET /wp-json/arni-tracking/v1/pages?from=2026-06-29&to=2026-07-28&limit=100 HTTP/2.0" 200 18257 "-" "ArNi-CRM/1.0"
2a03:4000:59:e65:94e2:deff:fe0e:57ac - - [28/Jul/2026:01:39:14 +0200] "GET /wp-json/arni-tracking/v1/referrers?from=2026-06-29&to=2026-07-28&limit=100 HTTP/2.0" 200 947 "-" "ArNi-CRM/1.0"
2a03:4000:59:e65:94e2:deff:fe0e:57ac - - [28/Jul/2026:01:39:14 +0200] "GET /wp-json/arni-tracking/v1/campaigns?from=2026-06-29&to=2026-07-28&limit=100 HTTP/2.0" 200 78 "-" "ArNi-CRM/1.0"
62.138.2.214 - - [28/Jul/2026:01:39:14 +0200] "GET /wp-content/uploads/2026/05/28162784_1280-150x150.jpg HTTP/2.0" 200 8239 "https://www.taschenmuschi-kaufen.de/live-cam/alaskacolors-cam-18415202/" "Mozilla/5.0 (Macintosh; Intel Mac OS X 10.15; rv:103.0) Gecko/20100101 Firefox/103.0"
2a03:4000:59:e65:94e2:deff:fe0e:57ac - - [28/Jul/2026:01:39:14 +0200] "GET /wp-json/arni-tracking/v1/conversions?from=2026-06-29&to=2026-07-28&limit=1000&page=1 HTTP/2.0" 200 44904 "-" "ArNi-CRM/1.0"
2a03:4000:59:e65:94e2:deff:fe0e:57ac - - [28/Jul/2026:01:39:14 +0200] "GET /wp-json/arni-tracking/v1/sessions?from=2026-06-29&to=2026-07-28&limit=500&page=1 HTTP/2.0" 200 200733 "-" "ArNi-CRM/1.0"
35.173.101.225 - - [28/Jul/2026:01:39:37 +0200] "GET /?p=213586 HTTP/2.0" 301 0 "-" "Mozilla/5.0 AppleWebKit/537.36 (KHTML, like Gecko; compatible; Amzn-SearchBot/0.1) Chrome/119.0.6045.214 Safari/537.36"
52.70.37.172 - - [28/Jul/2026:01:39:42 +0200] "GET /live-cam/alisasun-cam-11393629/ HTTP/2.0" 200 26174 "-" "Mozilla/5.0 AppleWebKit/537.36 (KHTML, like Gecko; compatible; Amzn-SearchBot/0.1) Chrome/119.0.6045.214 Safari/537.36"
35.168.147.87 - - [28/Jul/2026:01:39:48 +0200] "GET /wp-content/uploads/2026/05/12403924_1280-23.jpg HTTP/2.0" 200 39236 "-" "Mozilla/5.0 AppleWebKit/537.36 (KHTML, like Gecko; compatible; Amzn-SearchBot/0.1) Chrome/119.0.6045.214 Safari/537.36"
52.6.54.116 - - [28/Jul/2026:01:39:57 +0200] "GET /live-cam/em1999-cam-11428944/embed/ HTTP/2.0" 200 6942 "-" "Mozilla/5.0 AppleWebKit/537.36 (KHTML, like Gecko; compatible; Amzn-SearchBot/0.1) Chrome/119.0.6045.214 Safari/537.36"
54.165.95.216 - - [28/Jul/2026:01:40:07 +0200] "GET /wp-content/uploads/2026/06/31263319_1280-1024x768.jpg HTTP/2.0" 200 57787 "-" "Mozilla/5.0 AppleWebKit/537.36 (KHTML, like Gecko; compatible; Amzn-SearchBot/0.1) Chrome/119.0.6045.214 Safari/537.36"
3.213.253.252 - - [28/Jul/2026:01:40:17 +0200] "GET /wp-content/uploads/2026/06/13495946_1280-1024x768.jpg HTTP/2.0" 200 151503 "-" "Mozilla/5.0 AppleWebKit/537.36 (KHTML, like Gecko; compatible; Amzn-SearchBot/0.1) Chrome/119.0.6045.214 Safari/537.36"
23.21.214.230 - - [28/Jul/2026:01:40:28 +0200] "GET /wp-content/uploads/2026/05/26030155_1280-1024x768.jpg HTTP/2.0" 200 103502 "-" "Mozilla/5.0 AppleWebKit/537.36 (KHTML, like Gecko; compatible; Amzn-SearchBot/0.1) Chrome/119.0.6045.214 Safari/537.36"
52.167.144.232 - - [28/Jul/2026:01:40:36 +0200] "GET /live-cam/melly4you-cam-19035160/ HTTP/2.0" 200 25677 "-" "Mozilla/5.0 AppleWebKit/537.36 (KHTML, like Gecko; compatible; bingbot/2.0; +http://www.bing.com/bingbot.htm) Chrome/116.0.1938.76 Safari/537.36"
52.5.12.245 - - [28/Jul/2026:01:40:37 +0200] "GET /?p=214420 HTTP/2.0" 301 0 "-" "Mozilla/5.0 AppleWebKit/537.36 (KHTML, like Gecko; compatible; Amzn-SearchBot/0.1) Chrome/119.0.6045.214 Safari/537.36"
13.216.187.148 - - [28/Jul/2026:01:40:40 +0200] "GET /live-cam/karinalondon-cam-11491599/ HTTP/2.0" 200 25581 "-" "Mozilla/5.0 AppleWebKit/537.36 (KHTML, like Gecko; compatible; Amzn-SearchBot/0.1) Chrome/119.0.6045.214 Safari/537.36"
207.46.13.160 - - [28/Jul/2026:01:40:40 +0200] "GET /live-cam/nikitanackt-cam-8768331/ HTTP/2.0" 200 25168 "-" "Mozilla/5.0 AppleWebKit/537.36 (KHTML, like Gecko; compatible; bingbot/2.0; +http://www.bing.com/bingbot.htm) Chrome/116.0.1938.76 Safari/537.36"
207.46.13.160 - - [28/Jul/2026:01:40:46 +0200] "GET /live-cam/cocochanel1996-cam-10605976/ HTTP/2.0" 200 25697 "-" "Mozilla/5.0 AppleWebKit/537.36 (KHTML, like Gecko; compatible; bingbot/2.0; +http://www.bing.com/bingbot.htm) Chrome/116.0.1938.76 Safari/537.36"
34.199.2.135 - - [28/Jul/2026:01:40:47 +0200] "GET /wp-content/uploads/2026/07/31361281_1280.jpg HTTP/2.0" 200 70141 "-" "Mozilla/5.0 AppleWebKit/537.36 (KHTML, like Gecko; compatible; Amzn-SearchBot/0.1) Chrome/119.0.6045.214 Safari/537.36"
54.210.51.122 - - [28/Jul/2026:01:40:57 +0200] "GET /wp-content/uploads/2026/05/14643439_1280-1024x768.jpg HTTP/2.0" 200 129710 "-" "Mozilla/5.0 AppleWebKit/537.36 (KHTML, like Gecko; compatible; Amzn-SearchBot/0.1) Chrome/119.0.6045.214 Safari/537.36"
207.46.13.160 - - [28/Jul/2026:01:41:02 +0200] "GET /live-cam/mia69-cam-9917572/ HTTP/2.0" 200 25671 "-" "Mozilla/5.0 AppleWebKit/537.36 (KHTML, like Gecko; compatible; bingbot/2.0; +http://www.bing.com/bingbot.htm) Chrome/116.0.1938.76 Safari/537.36"
52.167.144.232 - - [28/Jul/2026:01:41:03 +0200] "GET /cam/out/trueperfection-cam-9937162 HTTP/2.0" 301 0 "-" "Mozilla/5.0 AppleWebKit/537.36 (KHTML, like Gecko; compatible; bingbot/2.0; +http://www.bing.com/bingbot.htm) Chrome/116.0.1938.76 Safari/537.36"
98.95.39.39 - - [28/Jul/2026:01:41:07 +0200] "GET /wp-content/uploads/2026/05/31060920_1280-1024x768.jpg HTTP/2.0" 200 103273 "-" "Mozilla/5.0 AppleWebKit/537.36 (KHTML, like Gecko; compatible; Amzn-SearchBot/0.1) Chrome/119.0.6045.214 Safari/537.36"
207.46.13.160 - - [28/Jul/2026:01:41:10 +0200] "GET /live-cam/estherbcn-cam-11281719/ HTTP/2.0" 200 25190 "-" "Mozilla/5.0 AppleWebKit/537.36 (KHTML, like Gecko; compatible; bingbot/2.0; +http://www.bing.com/bingbot.htm) Chrome/116.0.1938.76 Safari/537.36"
34.196.221.51 - - [28/Jul/2026:01:41:17 +0200] "GET /live-cam/bootsica-cam-12432703/embed/ HTTP/2.0" 200 6951 "-" "Mozilla/5.0 AppleWebKit/537.36 (KHTML, like Gecko; compatible; Amzn-SearchBot/0.1) Chrome/119.0.6045.214 Safari/537.36"
54.166.24.13 - - [28/Jul/2026:01:41:27 +0200] "GET /wp-json/oembed/1.0/embed?format=xml&url=https://www.taschenmuschi-kaufen.de/live-cam/roksannaa-cam-19401824/ HTTP/2.0" 200 2607 "-" "Mozilla/5.0 AppleWebKit/537.36 (KHTML, like Gecko; compatible; Amzn-SearchBot/0.1) Chrome/119.0.6045.214 Safari/537.36"
34.192.94.60 - - [28/Jul/2026:01:41:37 +0200] "GET /live-cam/janelionne-cam-19308471/embed/ HTTP/2.0" 200 6957 "-" "Mozilla/5.0 AppleWebKit/537.36 (KHTML, like Gecko; compatible; Amzn-SearchBot/0.1) Chrome/119.0.6045.214 Safari/537.36"
54.204.159.166 - - [28/Jul/2026:01:41:47 +0200] "GET /wp-content/uploads/2026/07/22708167_640-150x150.jpg HTTP/2.0" 304 0 "-" "Mozilla/5.0 AppleWebKit/537.36 (KHTML, like Gecko; compatible; Amzn-SearchBot/0.1) Chrome/119.0.6045.214 Safari/537.36"
18.206.50.226 - - [28/Jul/2026:01:41:57 +0200] "GET /wp-json/oembed/1.0/embed?format=xml&url=https://www.taschenmuschi-kaufen.de/live-cam/rikkalove-cam-18994955/ HTTP/2.0" 200 2609 "-" "Mozilla/5.0 AppleWebKit/537.36 (KHTML, like Gecko; compatible; Amzn-SearchBot/0.1) Chrome/119.0.6045.214 Safari/537.36"
62.138.2.214 - - [28/Jul/2026:01:42:03 +0200] "GET /wp-content/uploads/2026/06/13874580_1280-150x150.jpg HTTP/2.0" 200 3866 "https://www.taschenmuschi-kaufen.de/live-cam/venusbrown-cam-11476668/" "Mozilla/5.0 (Macintosh; Intel Mac OS X 10.15; rv:103.0) Gecko/20100101 Firefox/103.0"
18.233.235.66 - - [28/Jul/2026:01:42:07 +0200] "GET /wp-json/oembed/1.0/embed?format=xml&url=https://www.taschenmuschi-kaufen.de/live-cam/kattyxander-cam-11051318/ HTTP/2.0" 200 2617 "-" "Mozilla/5.0 AppleWebKit/537.36 (KHTML, like Gecko; compatible; Amzn-SearchBot/0.1) Chrome/119.0.6045.214 Safari/537.36"
2a03:4000:59:e65:94e2:deff:fe0e:57ac - - [28/Jul/2026:01:42:11 +0200] "GET /wp-json/arni-tracking/v1/stats?from=2026-07-26&to=2026-07-26 HTTP/2.0" 200 277 "-" "ArNi-CRM/1.0"
2a03:4000:59:e65:94e2:deff:fe0e:57ac - - [28/Jul/2026:01:42:11 +0200] "GET /wp-json/arni-tracking/v1/stats?from=2026-07-27&to=2026-07-27 HTTP/2.0" 200 307 "-" "ArNi-CRM/1.0"
2a03:4000:59:e65:94e2:deff:fe0e:57ac - - [28/Jul/2026:01:42:11 +0200] "GET /wp-json/arni-tracking/v1/stats?from=2026-07-28&to=2026-07-28 HTTP/2.0" 200 266 "-" "ArNi-CRM/1.0"
2a03:4000:59:e65:94e2:deff:fe0e:57ac - - [28/Jul/2026:01:42:11 +0200] "GET /wp-json/arni-tracking/v1/stats?from=2026-06-29&to=2026-07-28 HTTP/2.0" 200 317 "-" "ArNi-CRM/1.0"
2a03:4000:59:e65:94e2:deff:fe0e:57ac - - [28/Jul/2026:01:42:11 +0200] "GET /wp-json/arni-tracking/v1/pages?from=2026-06-29&to=2026-07-28&limit=100 HTTP/2.0" 200 18257 "-" "ArNi-CRM/1.0"
2a03:4000:59:e65:94e2:deff:fe0e:57ac - - [28/Jul/2026:01:42:12 +0200] "GET /wp-json/arni-tracking/v1/referrers?from=2026-06-29&to=2026-07-28&limit=100 HTTP/2.0" 200 947 "-" "ArNi-CRM/1.0"
2a03:4000:59:e65:94e2:deff:fe0e:57ac - - [28/Jul/2026:01:42:12 +0200] "GET /wp-json/arni-tracking/v1/campaigns?from=2026-06-29&to=2026-07-28&limit=100 HTTP/2.0" 200 78 "-" "ArNi-CRM/1.0"
2a03:4000:59:e65:94e2:deff:fe0e:57ac - - [28/Jul/2026:01:42:12 +0200] "GET /wp-json/arni-tracking/v1/conversions?from=2026-06-29&to=2026-07-28&limit=1000&page=1 HTTP/2.0" 200 44904 "-" "ArNi-CRM/1.0"
2a03:4000:59:e65:94e2:deff:fe0e:57ac - - [28/Jul/2026:01:42:12 +0200] "GET /wp-json/arni-tracking/v1/sessions?from=2026-06-29&to=2026-07-28&limit=500&page=1 HTTP/2.0" 200 200733 "-" "ArNi-CRM/1.0"
34.207.190.20 - - [28/Jul/2026:01:42:17 +0200] "GET /wp-json/oembed/1.0/embed?format=xml&url=https://www.taschenmuschi-kaufen.de/live-cam/ellieleen-cam-11550562/ HTTP/2.0" 200 2607 "-" "Mozilla/5.0 AppleWebKit/537.36 (KHTML, like Gecko; compatible; Amzn-SearchBot/0.1) Chrome/119.0.6045.214 Safari/537.36"
50.17.88.23 - - [28/Jul/2026:01:42:27 +0200] "GET /wp-json/oembed/1.0/embed?url=https://www.taschenmuschi-kaufen.de/live-cam/honeybum-cam-11530061/ HTTP/2.0" 200 2411 "-" "Mozilla/5.0 AppleWebKit/537.36 (KHTML, like Gecko; compatible; Amzn-SearchBot/0.1) Chrome/119.0.6045.214 Safari/537.36"
47.254.92.190 - - [28/Jul/2026:01:42:38 +0200] "GET /live-cam/isisblair-cam-11319142/ HTTP/2.0" 200 25776 "-" "Mozilla/5.0 (iPhone; CPU iPhone OS 13_2_3 like Mac OS X) AppleWebKit/605.1.15 (KHTML, like Gecko) Version/13.0.3 Mobile/15E148 Safari/604.1"
52.167.144.232 - - [28/Jul/2026:01:42:40 +0200] "GET /sitemap.xml.gz HTTP/2.0" 301 0 "-" "Mozilla/5.0 AppleWebKit/537.36 (KHTML, like Gecko; compatible; bingbot/2.0; +http://www.bing.com/bingbot.htm) Chrome/116.0.1938.76 Safari/537.36"
52.167.144.232 - - [28/Jul/2026:01:42:40 +0200] "GET /wp-sitemap.xml HTTP/2.0" 200 1031 "-" "Mozilla/5.0 AppleWebKit/537.36 (KHTML, like Gecko; compatible; bingbot/2.0; +http://www.bing.com/bingbot.htm) Chrome/116.0.1938.76 Safari/537.36"
200.55.244.114 - - [28/Jul/2026:01:44:22 +0200] "GET /cam/out/steban11-cam-11465577 HTTP/2.0" 301 0 "https://www.taschenmuschi-kaufen.de/" "Mozilla/5.0 (Windows NT 10.0; Win64; x64) AppleWebKit/537.36 (KHTML, like Gecko) Chrome/135.0.0.0 Safari/537.36 Edg/135.0.0.0"
2a03:4000:59:e65:94e2:deff:fe0e:57ac - - [28/Jul/2026:01:45:12 +0200] "GET /wp-json/arni-tracking/v1/stats?from=2026-07-26&to=2026-07-26 HTTP/2.0" 200 277 "-" "ArNi-CRM/1.0"
2a03:4000:59:e65:94e2:deff:fe0e:57ac - - [28/Jul/2026:01:45:12 +0200] "GET /wp-json/arni-tracking/v1/stats?from=2026-07-27&to=2026-07-27 HTTP/2.0" 200 307 "-" "ArNi-CRM/1.0"
2a03:4000:59:e65:94e2:deff:fe0e:57ac - - [28/Jul/2026:01:45:12 +0200] "GET /wp-json/arni-tracking/v1/stats?from=2026-07-28&to=2026-07-28 HTTP/2.0" 200 266 "-" "ArNi-CRM/1.0"
2a03:4000:59:e65:94e2:deff:fe0e:57ac - - [28/Jul/2026:01:45:13 +0200] "GET /wp-json/arni-tracking/v1/stats?from=2026-06-29&to=2026-07-28 HTTP/2.0" 200 317 "-" "ArNi-CRM/1.0"
2a03:4000:59:e65:94e2:deff:fe0e:57ac - - [28/Jul/2026:01:45:13 +0200] "GET /wp-json/arni-tracking/v1/pages?from=2026-06-29&to=2026-07-28&limit=100 HTTP/2.0" 200 18257 "-" "ArNi-CRM/1.0"
2a03:4000:59:e65:94e2:deff:fe0e:57ac - - [28/Jul/2026:01:45:13 +0200] "GET /wp-json/arni-tracking/v1/referrers?from=2026-06-29&to=2026-07-28&limit=100 HTTP/2.0" 200 947 "-" "ArNi-CRM/1.0"
2a03:4000:59:e65:94e2:deff:fe0e:57ac - - [28/Jul/2026:01:45:13 +0200] "GET /wp-json/arni-tracking/v1/campaigns?from=2026-06-29&to=2026-07-28&limit=100 HTTP/2.0" 200 78 "-" "ArNi-CRM/1.0"
2a03:4000:59:e65:94e2:deff:fe0e:57ac - - [28/Jul/2026:01:45:13 +0200] "GET /wp-json/arni-tracking/v1/conversions?from=2026-06-29&to=2026-07-28&limit=1000&page=1 HTTP/2.0" 200 44904 "-" "ArNi-CRM/1.0"
2a03:4000:59:e65:94e2:deff:fe0e:57ac - - [28/Jul/2026:01:45:14 +0200] "GET /wp-json/arni-tracking/v1/sessions?from=2026-06-29&to=2026-07-28&limit=500&page=1 HTTP/2.0" 200 200761 "-" "ArNi-CRM/1.0"
107.20.164.28 - - [28/Jul/2026:01:45:47 +0200] "GET /?p=213006 HTTP/2.0" 301 0 "-" "Mozilla/5.0 AppleWebKit/537.36 (KHTML, like Gecko; compatible; Amzn-SearchBot/0.1) Chrome/119.0.6045.214 Safari/537.36"
98.89.238.137 - - [28/Jul/2026:01:45:51 +0200] "GET /live-cam/brianadeep-cam-11333344/ HTTP/2.0" 200 25660 "-" "Mozilla/5.0 AppleWebKit/537.36 (KHTML, like Gecko; compatible; Amzn-SearchBot/0.1) Chrome/119.0.6045.214 Safari/537.36"
98.95.150.125 - - [28/Jul/2026:01:47:47 +0200] "GET /?p=216025 HTTP/2.0" 301 0 "-" "Mozilla/5.0 AppleWebKit/537.36 (KHTML, like Gecko; compatible; Amzn-SearchBot/0.1) Chrome/119.0.6045.214 Safari/537.36"
34.192.94.60 - - [28/Jul/2026:01:47:53 +0200] "GET /live-cam/yemaya33-cam-19318027/ HTTP/2.0" 200 25778 "-" "Mozilla/5.0 AppleWebKit/537.36 (KHTML, like Gecko; compatible; Amzn-SearchBot/0.1) Chrome/119.0.6045.214 Safari/537.36"
2a03:4000:59:e65:94e2:deff:fe0e:57ac - - [28/Jul/2026:01:48:10 +0200] "GET /wp-json/arni-tracking/v1/stats?from=2026-07-26&to=2026-07-26 HTTP/2.0" 200 277 "-" "ArNi-CRM/1.0"
2a03:4000:59:e65:94e2:deff:fe0e:57ac - - [28/Jul/2026:01:48:10 +0200] "GET /wp-json/arni-tracking/v1/stats?from=2026-07-27&to=2026-07-27 HTTP/2.0" 200 307 "-" "ArNi-CRM/1.0"
2a03:4000:59:e65:94e2:deff:fe0e:57ac - - [28/Jul/2026:01:48:11 +0200] "GET /wp-json/arni-tracking/v1/stats?from=2026-07-28&to=2026-07-28 HTTP/2.0" 200 266 "-" "ArNi-CRM/1.0"
2a03:4000:59:e65:94e2:deff:fe0e:57ac - - [28/Jul/2026:01:48:11 +0200] "GET /wp-json/arni-tracking/v1/stats?from=2026-06-29&to=2026-07-28 HTTP/2.0" 200 317 "-" "ArNi-CRM/1.0"
2a03:4000:59:e65:94e2:deff:fe0e:57ac - - [28/Jul/2026:01:48:11 +0200] "GET /wp-json/arni-tracking/v1/pages?from=2026-06-29&to=2026-07-28&limit=100 HTTP/2.0" 200 18257 "-" "ArNi-CRM/1.0"
2a03:4000:59:e65:94e2:deff:fe0e:57ac - - [28/Jul/2026:01:48:11 +0200] "GET /wp-json/arni-tracking/v1/referrers?from=2026-06-29&to=2026-07-28&limit=100 HTTP/2.0" 200 947 "-" "ArNi-CRM/1.0"
2a03:4000:59:e65:94e2:deff:fe0e:57ac - - [28/Jul/2026:01:48:12 +0200] "GET /wp-json/arni-tracking/v1/campaigns?from=2026-06-29&to=2026-07-28&limit=100 HTTP/2.0" 200 78 "-" "ArNi-CRM/1.0"
2a03:4000:59:e65:94e2:deff:fe0e:57ac - - [28/Jul/2026:01:48:12 +0200] "GET /wp-json/arni-tracking/v1/conversions?from=2026-06-29&to=2026-07-28&limit=1000&page=1 HTTP/2.0" 200 44904 "-" "ArNi-CRM/1.0"
2a03:4000:59:e65:94e2:deff:fe0e:57ac - - [28/Jul/2026:01:48:12 +0200] "GET /wp-json/arni-tracking/v1/sessions?from=2026-06-29&to=2026-07-28&limit=500&page=1 HTTP/2.0" 200 200761 "-" "ArNi-CRM/1.0"
52.167.144.232 - - [28/Jul/2026:01:49:08 +0200] "GET /live-cam/olimp1-cam-19354849/ HTTP/2.0" 200 25712 "-" "Mozilla/5.0 AppleWebKit/537.36 (KHTML, like Gecko; compatible; bingbot/2.0; +http://www.bing.com/bingbot.htm) Chrome/116.0.1938.76 Safari/537.36"
52.167.144.232 - - [28/Jul/2026:01:49:12 +0200] "GET /live-cam/stacytease-cam-10592876/ HTTP/2.0" 200 27519 "-" "Mozilla/5.0 AppleWebKit/537.36 (KHTML, like Gecko; compatible; bingbot/2.0; +http://www.bing.com/bingbot.htm) Chrome/116.0.1938.76 Safari/537.36"
23.22.245.96 - - [28/Jul/2026:01:50:26 +0200] "GET /?p=214781 HTTP/2.0" 301 0 "-" "Mozilla/5.0 AppleWebKit/537.36 (KHTML, like Gecko; compatible; Amzn-SearchBot/0.1) Chrome/119.0.6045.214 Safari/537.36"
44.199.62.58 - - [28/Jul/2026:01:50:32 +0200] "GET /live-cam/hannah38-cam-11504566/ HTTP/2.0" 200 24021 "-" "Mozilla/5.0 AppleWebKit/537.36 (KHTML, like Gecko; compatible; Amzn-SearchBot/0.1) Chrome/119.0.6045.214 Safari/537.36"
3.229.67.114 - - [28/Jul/2026:01:51:07 +0200] "GET /?p=214296 HTTP/2.0" 301 0 "-" "Mozilla/5.0 AppleWebKit/537.36 (KHTML, like Gecko; compatible; Amzn-SearchBot/0.1) Chrome/119.0.6045.214 Safari/537.36"
2a03:4000:59:e65:94e2:deff:fe0e:57ac - - [28/Jul/2026:01:51:11 +0200] "GET /wp-json/arni-tracking/v1/stats?from=2026-07-26&to=2026-07-26 HTTP/2.0" 200 277 "-" "ArNi-CRM/1.0"
2a03:4000:59:e65:94e2:deff:fe0e:57ac - - [28/Jul/2026:01:51:11 +0200] "GET /wp-json/arni-tracking/v1/stats?from=2026-07-27&to=2026-07-27 HTTP/2.0" 200 307 "-" "ArNi-CRM/1.0"
2a03:4000:59:e65:94e2:deff:fe0e:57ac - - [28/Jul/2026:01:51:11 +0200] "GET /wp-json/arni-tracking/v1/stats?from=2026-07-28&to=2026-07-28 HTTP/2.0" 200 266 "-" "ArNi-CRM/1.0"
2a03:4000:59:e65:94e2:deff:fe0e:57ac - - [28/Jul/2026:01:51:11 +0200] "GET /wp-json/arni-tracking/v1/stats?from=2026-06-29&to=2026-07-28 HTTP/2.0" 200 317 "-" "ArNi-CRM/1.0"
