20.226.5.174 - - [28/Jul/2026:16:17:18 +0200] "GET /load.php HTTP/2.0" 404 897 "-" "Mozilla/5.0 (Windows NT 10.0; Win64; x64) AppleWebKit/537.36 (KHTML, like Gecko) Chrome/120.0.0.0 Safari/537.36"
20.226.5.174 - - [28/Jul/2026:16:17:19 +0200] "GET /log.php HTTP/2.0" 404 897 "-" "Mozilla/5.0 (Windows NT 10.0; Win64; x64) AppleWebKit/537.36 (KHTML, like Gecko) Chrome/120.0.0.0 Safari/537.36"
20.226.5.174 - - [28/Jul/2026:16:17:19 +0200] "GET /lufix.php HTTP/2.0" 404 897 "-" "Mozilla/5.0 (Windows NT 10.0; Win64; x64) AppleWebKit/537.36 (KHTML, like Gecko) Chrome/120.0.0.0 Safari/537.36"
20.226.5.174 - - [28/Jul/2026:16:17:19 +0200] "GET /ly.php HTTP/2.0" 404 897 "-" "Mozilla/5.0 (Windows NT 10.0; Win64; x64) AppleWebKit/537.36 (KHTML, like Gecko) Chrome/120.0.0.0 Safari/537.36"
20.226.5.174 - - [28/Jul/2026:16:17:19 +0200] "GET /m.php HTTP/2.0" 404 897 "-" "Mozilla/5.0 (Windows NT 10.0; Win64; x64) AppleWebKit/537.36 (KHTML, like Gecko) Chrome/120.0.0.0 Safari/537.36"
41.59.202.142 - - [28/Jul/2026:16:17:20 +0200] "POST /xmlrpc.php HTTP/2.0" 200 403 "-" "Jetpack by WordPress.com (Jetpack 12.5; WordPress 6.3)"
20.226.5.174 - - [28/Jul/2026:16:17:20 +0200] "GET /m57.php HTTP/2.0" 404 897 "-" "Mozilla/5.0 (Windows NT 10.0; Win64; x64) AppleWebKit/537.36 (KHTML, like Gecko) Chrome/120.0.0.0 Safari/537.36"
20.226.5.174 - - [28/Jul/2026:16:17:20 +0200] "GET /mac.php HTTP/2.0" 404 897 "-" "Mozilla/5.0 (Windows NT 10.0; Win64; x64) AppleWebKit/537.36 (KHTML, like Gecko) Chrome/120.0.0.0 Safari/537.36"
20.226.5.174 - - [28/Jul/2026:16:17:20 +0200] "GET /mah.php HTTP/2.0" 404 897 "-" "Mozilla/5.0 (Windows NT 10.0; Win64; x64) AppleWebKit/537.36 (KHTML, like Gecko) Chrome/120.0.0.0 Safari/537.36"
20.226.5.174 - - [28/Jul/2026:16:17:21 +0200] "GET /makeasmtp.php HTTP/2.0" 404 897 "-" "Mozilla/5.0 (Windows NT 10.0; Win64; x64) AppleWebKit/537.36 (KHTML, like Gecko) Chrome/120.0.0.0 Safari/537.36"
20.226.5.174 - - [28/Jul/2026:16:17:21 +0200] "GET /manager.php HTTP/2.0" 404 897 "-" "Mozilla/5.0 (Windows NT 10.0; Win64; x64) AppleWebKit/537.36 (KHTML, like Gecko) Chrome/120.0.0.0 Safari/537.36"
20.226.5.174 - - [28/Jul/2026:16:17:21 +0200] "GET /mar.php HTTP/2.0" 404 897 "-" "Mozilla/5.0 (Windows NT 10.0; Win64; x64) AppleWebKit/537.36 (KHTML, like Gecko) Chrome/120.0.0.0 Safari/537.36"
20.226.5.174 - - [28/Jul/2026:16:17:21 +0200] "GET /maxro.php HTTP/2.0" 404 897 "-" "Mozilla/5.0 (Windows NT 10.0; Win64; x64) AppleWebKit/537.36 (KHTML, like Gecko) Chrome/120.0.0.0 Safari/537.36"
20.226.5.174 - - [28/Jul/2026:16:17:22 +0200] "GET /mds.php HTTP/2.0" 404 897 "-" "Mozilla/5.0 (Windows NT 10.0; Win64; x64) AppleWebKit/537.36 (KHTML, like Gecko) Chrome/120.0.0.0 Safari/537.36"
20.226.5.174 - - [28/Jul/2026:16:17:22 +0200] "GET /media.php HTTP/2.0" 404 897 "-" "Mozilla/5.0 (Windows NT 10.0; Win64; x64) AppleWebKit/537.36 (KHTML, like Gecko) Chrome/120.0.0.0 Safari/537.36"
20.171.55.167 - - [28/Jul/2026:16:17:22 +0200] "GET /admin.php HTTP/2.0" 404 897 "-" "Mozilla/5.0 (Windows NT 10.0; Win64; x64) AppleWebKit/537.36 (KHTML, like Gecko) Chrome/120.0.0.0 Safari/537.36"
20.226.5.174 - - [28/Jul/2026:16:17:22 +0200] "GET /mini.php HTTP/2.0" 404 897 "-" "Mozilla/5.0 (Windows NT 10.0; Win64; x64) AppleWebKit/537.36 (KHTML, like Gecko) Chrome/120.0.0.0 Safari/537.36"
20.226.5.174 - - [28/Jul/2026:16:17:22 +0200] "GET /miru1.php HTTP/2.0" 404 897 "-" "Mozilla/5.0 (Windows NT 10.0; Win64; x64) AppleWebKit/537.36 (KHTML, like Gecko) Chrome/120.0.0.0 Safari/537.36"
20.171.55.167 - - [28/Jul/2026:16:17:23 +0200] "GET /about.php HTTP/2.0" 404 897 "-" "Mozilla/5.0 (Windows NT 10.0; Win64; x64) AppleWebKit/537.36 (KHTML, like Gecko) Chrome/120.0.0.0 Safari/537.36"
20.226.5.174 - - [28/Jul/2026:16:17:23 +0200] "GET /mjq.php HTTP/2.0" 404 897 "-" "Mozilla/5.0 (Windows NT 10.0; Win64; x64) AppleWebKit/537.36 (KHTML, like Gecko) Chrome/120.0.0.0 Safari/537.36"
20.226.5.174 - - [28/Jul/2026:16:17:23 +0200] "GET /modules/mod_footer/tmpl/index.php HTTP/2.0" 404 897 "-" "Mozilla/5.0 (Windows NT 10.0; Win64; x64) AppleWebKit/537.36 (KHTML, like Gecko) Chrome/120.0.0.0 Safari/537.36"
20.171.55.167 - - [28/Jul/2026:16:17:23 +0200] "GET /cgi-bin/ HTTP/2.0" 404 897 "-" "Mozilla/5.0 (Windows NT 10.0; Win64; x64) AppleWebKit/537.36 (KHTML, like Gecko) Chrome/120.0.0.0 Safari/537.36"
20.171.55.167 - - [28/Jul/2026:16:17:23 +0200] "GET /wp-content/themes/ HTTP/2.0" 200 20 "-" "Mozilla/5.0 (Windows NT 10.0; Win64; x64) AppleWebKit/537.36 (KHTML, like Gecko) Chrome/120.0.0.0 Safari/537.36"
20.226.5.174 - - [28/Jul/2026:16:17:23 +0200] "GET /modules/mod_simplefileuploadv1.3/elements/ HTTP/2.0" 404 897 "-" "Mozilla/5.0 (Windows NT 10.0; Win64; x64) AppleWebKit/537.36 (KHTML, like Gecko) Chrome/120.0.0.0 Safari/537.36"
20.171.55.167 - - [28/Jul/2026:16:17:23 +0200] "GET /adminfuns.php HTTP/2.0" 404 897 "-" "Mozilla/5.0 (Windows NT 10.0; Win64; x64) AppleWebKit/537.36 (KHTML, like Gecko) Chrome/120.0.0.0 Safari/537.36"
20.226.5.174 - - [28/Jul/2026:16:17:24 +0200] "GET /modules/mod_simplefileuploadv1.3/elements/i8hqok6nr.php HTTP/2.0" 404 897 "-" "Mozilla/5.0 (Windows NT 10.0; Win64; x64) AppleWebKit/537.36 (KHTML, like Gecko) Chrome/120.0.0.0 Safari/537.36"
20.171.55.167 - - [28/Jul/2026:16:17:24 +0200] "GET /edit.php HTTP/2.0" 404 897 "-" "Mozilla/5.0 (Windows NT 10.0; Win64; x64) AppleWebKit/537.36 (KHTML, like Gecko) Chrome/120.0.0.0 Safari/537.36"
20.171.55.167 - - [28/Jul/2026:16:17:24 +0200] "GET /.well-known/logs233/index.php HTTP/2.0" 403 892 "-" "Mozilla/5.0 (Windows NT 10.0; Win64; x64) AppleWebKit/537.36 (KHTML, like Gecko) Chrome/120.0.0.0 Safari/537.36"
20.226.5.174 - - [28/Jul/2026:16:17:24 +0200] "GET /moon.php HTTP/2.0" 404 897 "-" "Mozilla/5.0 (Windows NT 10.0; Win64; x64) AppleWebKit/537.36 (KHTML, like Gecko) Chrome/120.0.0.0 Safari/537.36"
20.171.55.167 - - [28/Jul/2026:16:17:24 +0200] "GET /wp-admin/maint/ HTTP/2.0" 401 1931 "-" "Mozilla/5.0 (Windows NT 10.0; Win64; x64) AppleWebKit/537.36 (KHTML, like Gecko) Chrome/120.0.0.0 Safari/537.36"
20.171.55.167 - - [28/Jul/2026:16:17:24 +0200] "GET /wp-admin/ HTTP/2.0" 401 1931 "-" "Mozilla/5.0 (Windows NT 10.0; Win64; x64) AppleWebKit/537.36 (KHTML, like Gecko) Chrome/120.0.0.0 Safari/537.36"
20.171.55.167 - - [28/Jul/2026:16:17:24 +0200] "GET /lite.php HTTP/2.0" 404 897 "-" "Mozilla/5.0 (Windows NT 10.0; Win64; x64) AppleWebKit/537.36 (KHTML, like Gecko) Chrome/120.0.0.0 Safari/537.36"
20.171.55.167 - - [28/Jul/2026:16:17:25 +0200] "GET /wp-admin/js/ HTTP/2.0" 401 1931 "-" "Mozilla/5.0 (Windows NT 10.0; Win64; x64) AppleWebKit/537.36 (KHTML, like Gecko) Chrome/120.0.0.0 Safari/537.36"
20.226.5.174 - - [28/Jul/2026:16:17:25 +0200] "GET /motu.php HTTP/2.0" 404 897 "-" "Mozilla/5.0 (Windows NT 10.0; Win64; x64) AppleWebKit/537.36 (KHTML, like Gecko) Chrome/120.0.0.0 Safari/537.36"
20.171.55.167 - - [28/Jul/2026:16:17:25 +0200] "GET /wp-includes/ HTTP/2.0" 403 892 "-" "Mozilla/5.0 (Windows NT 10.0; Win64; x64) AppleWebKit/537.36 (KHTML, like Gecko) Chrome/120.0.0.0 Safari/537.36"
20.171.55.167 - - [28/Jul/2026:16:17:25 +0200] "GET /wp-content/uploads/ HTTP/2.0" 403 892 "-" "Mozilla/5.0 (Windows NT 10.0; Win64; x64) AppleWebKit/537.36 (KHTML, like Gecko) Chrome/120.0.0.0 Safari/537.36"
20.171.55.167 - - [28/Jul/2026:16:17:25 +0200] "GET /wp-admin/js/widgets/ HTTP/2.0" 401 1931 "-" "Mozilla/5.0 (Windows NT 10.0; Win64; x64) AppleWebKit/537.36 (KHTML, like Gecko) Chrome/120.0.0.0 Safari/537.36"
49.146.42.133 - - [28/Jul/2026:16:17:25 +0200] "POST /xmlrpc.php HTTP/2.0" 200 403 "-" "WordPress.com; https://wordpress.com"
20.226.5.174 - - [28/Jul/2026:16:17:25 +0200] "GET /ms-edit.php HTTP/2.0" 404 897 "-" "Mozilla/5.0 (Windows NT 10.0; Win64; x64) AppleWebKit/537.36 (KHTML, like Gecko) Chrome/120.0.0.0 Safari/537.36"
20.171.55.167 - - [28/Jul/2026:16:17:25 +0200] "GET /wp-content/themes/admin.php HTTP/2.0" 404 897 "-" "Mozilla/5.0 (Windows NT 10.0; Win64; x64) AppleWebKit/537.36 (KHTML, like Gecko) Chrome/120.0.0.0 Safari/537.36"
20.226.5.174 - - [28/Jul/2026:16:17:25 +0200] "GET /ncx.php HTTP/2.0" 404 897 "-" "Mozilla/5.0 (Windows NT 10.0; Win64; x64) AppleWebKit/537.36 (KHTML, like Gecko) Chrome/120.0.0.0 Safari/537.36"
20.171.55.167 - - [28/Jul/2026:16:17:25 +0200] "GET /wk/index.php HTTP/2.0" 404 897 "-" "Mozilla/5.0 (Windows NT 10.0; Win64; x64) AppleWebKit/537.36 (KHTML, like Gecko) Chrome/120.0.0.0 Safari/537.36"
20.171.55.167 - - [28/Jul/2026:16:17:26 +0200] "GET /wp-content/plugins/plugin/index.php HTTP/2.0" 404 897 "-" "Mozilla/5.0 (Windows NT 10.0; Win64; x64) AppleWebKit/537.36 (KHTML, like Gecko) Chrome/120.0.0.0 Safari/537.36"
20.171.55.167 - - [28/Jul/2026:16:17:26 +0200] "GET /wp-content/themes/index.php HTTP/2.0" 200 20 "-" "Mozilla/5.0 (Windows NT 10.0; Win64; x64) AppleWebKit/537.36 (KHTML, like Gecko) Chrome/120.0.0.0 Safari/537.36"
20.226.5.174 - - [28/Jul/2026:16:17:26 +0200] "GET /neshe HTTP/2.0" 404 897 "-" "Mozilla/5.0 (Windows NT 10.0; Win64; x64) AppleWebKit/537.36 (KHTML, like Gecko) Chrome/120.0.0.0 Safari/537.36"
20.171.55.167 - - [28/Jul/2026:16:17:26 +0200] "GET /wp-content/themes/theme/about.php HTTP/2.0" 404 897 "-" "Mozilla/5.0 (Windows NT 10.0; Win64; x64) AppleWebKit/537.36 (KHTML, like Gecko) Chrome/120.0.0.0 Safari/537.36"
20.226.5.174 - - [28/Jul/2026:16:17:26 +0200] "GET /network.php HTTP/2.0" 404 897 "-" "Mozilla/5.0 (Windows NT 10.0; Win64; x64) AppleWebKit/537.36 (KHTML, like Gecko) Chrome/120.0.0.0 Safari/537.36"
20.171.55.167 - - [28/Jul/2026:16:17:26 +0200] "GET /file.php HTTP/2.0" 404 897 "-" "Mozilla/5.0 (Windows NT 10.0; Win64; x64) AppleWebKit/537.36 (KHTML, like Gecko) Chrome/120.0.0.0 Safari/537.36"
20.226.5.174 - - [28/Jul/2026:16:17:26 +0200] "GET /new.php HTTP/2.0" 404 897 "-" "Mozilla/5.0 (Windows NT 10.0; Win64; x64) AppleWebKit/537.36 (KHTML, like Gecko) Chrome/120.0.0.0 Safari/537.36"
20.171.55.167 - - [28/Jul/2026:16:17:26 +0200] "GET /inputs.php HTTP/2.0" 404 897 "-" "Mozilla/5.0 (Windows NT 10.0; Win64; x64) AppleWebKit/537.36 (KHTML, like Gecko) Chrome/120.0.0.0 Safari/537.36"
20.226.5.174 - - [28/Jul/2026:16:17:27 +0200] "GET /new4.php HTTP/2.0" 404 897 "-" "Mozilla/5.0 (Windows NT 10.0; Win64; x64) AppleWebKit/537.36 (KHTML, like Gecko) Chrome/120.0.0.0 Safari/537.36"
20.171.55.167 - - [28/Jul/2026:16:17:27 +0200] "GET /wp-includes/js/crop/ HTTP/2.0" 403 892 "-" "Mozilla/5.0 (Windows NT 10.0; Win64; x64) AppleWebKit/537.36 (KHTML, like Gecko) Chrome/120.0.0.0 Safari/537.36"
20.226.5.174 - - [28/Jul/2026:16:17:27 +0200] "GET /newfile.php HTTP/2.0" 404 897 "-" "Mozilla/5.0 (Windows NT 10.0; Win64; x64) AppleWebKit/537.36 (KHTML, like Gecko) Chrome/120.0.0.0 Safari/537.36"
20.226.5.174 - - [28/Jul/2026:16:17:27 +0200] "GET /nf.php HTTP/2.0" 404 897 "-" "Mozilla/5.0 (Windows NT 10.0; Win64; x64) AppleWebKit/537.36 (KHTML, like Gecko) Chrome/120.0.0.0 Safari/537.36"
41.59.202.142 - - [28/Jul/2026:16:17:30 +0200] "POST /xmlrpc.php HTTP/2.0" 200 403 "-" "Jetpack/12.5; WordPress/6.4; http://site57555462.com"
49.146.42.133 - - [28/Jul/2026:16:17:36 +0200] "POST /xmlrpc.php HTTP/2.0" 200 403 "-" "Jetpack/12.0; WordPress/6.4; http://site96932381.com"
41.59.202.142 - - [28/Jul/2026:16:17:41 +0200] "POST /xmlrpc.php HTTP/2.0" 200 403 "-" "Jetpack/12.0; WordPress/6.1; http://site51370836.com"
49.146.42.133 - - [28/Jul/2026:16:17:46 +0200] "POST /xmlrpc.php HTTP/2.0" 200 403 "-" "WordPress.com; https://wordpress.com"
41.59.202.142 - - [28/Jul/2026:16:17:52 +0200] "POST /xmlrpc.php HTTP/2.0" 200 403 "-" "WordPress.com; https://wordpress.com"
49.146.42.133 - - [28/Jul/2026:16:17:57 +0200] "POST /xmlrpc.php HTTP/2.0" 200 403 "-" "Jetpack by WordPress.com (Jetpack 12.1; WordPress 6.3)"
41.59.202.142 - - [28/Jul/2026:16:18:02 +0200] "POST /xmlrpc.php HTTP/2.0" 200 403 "-" "Jetpack/12.0; WordPress/6.4; http://site72069284.com"
49.146.42.133 - - [28/Jul/2026:16:18:07 +0200] "POST /xmlrpc.php HTTP/2.0" 200 403 "-" "WordPress.com; https://wordpress.com"
41.59.202.142 - - [28/Jul/2026:16:18:13 +0200] "POST /xmlrpc.php HTTP/2.0" 200 403 "-" "Jetpack by WordPress.com (Jetpack 12.1; WordPress 6.4)"
49.146.42.133 - - [28/Jul/2026:16:18:18 +0200] "POST /xmlrpc.php HTTP/2.0" 200 403 "-" "Jetpack/12.1; WordPress/6.3; http://site24363369.com"
41.59.202.142 - - [28/Jul/2026:16:18:23 +0200] "POST /xmlrpc.php HTTP/2.0" 200 403 "-" "Jetpack by WordPress.com"
49.146.42.133 - - [28/Jul/2026:16:18:28 +0200] "POST /xmlrpc.php HTTP/2.0" 200 403 "-" "WordPress.com; https://wordpress.com"
43.155.195.141 - - [28/Jul/2026:16:18:29 +0200] "GET / HTTP/1.1" 301 5 "-" "Mozilla/5.0 (iPhone; CPU iPhone OS 13_2_3 like Mac OS X) AppleWebKit/605.1.15 (KHTML, like Gecko) Version/13.0.3 Mobile/15E148 Safari/604.1"
43.155.195.141 - - [28/Jul/2026:16:18:31 +0200] "GET / HTTP/2.0" 200 87822 "http://handy-sofort-orten.de" "Mozilla/5.0 (iPhone; CPU iPhone OS 13_2_3 like Mac OS X) AppleWebKit/605.1.15 (KHTML, like Gecko) Version/13.0.3 Mobile/15E148 Safari/604.1"
41.59.202.142 - - [28/Jul/2026:16:18:34 +0200] "POST /xmlrpc.php HTTP/2.0" 200 403 "-" "WordPress.com; https://wordpress.com"
49.146.42.133 - - [28/Jul/2026:16:18:39 +0200] "POST /xmlrpc.php HTTP/2.0" 200 403 "-" "Jetpack/12.1; WordPress/6.4; http://site14070949.com"
41.59.202.142 - - [28/Jul/2026:16:18:45 +0200] "POST /xmlrpc.php HTTP/2.0" 200 403 "-" "Jetpack by WordPress.com"
49.146.42.133 - - [28/Jul/2026:16:18:50 +0200] "POST /xmlrpc.php HTTP/2.0" 200 403 "-" "WordPress.com; https://wordpress.com"
41.59.202.142 - - [28/Jul/2026:16:18:55 +0200] "POST /xmlrpc.php HTTP/2.0" 200 403 "-" "Jetpack by WordPress.com (Jetpack 12.5; WordPress 6.1)"
49.146.42.133 - - [28/Jul/2026:16:19:00 +0200] "POST /xmlrpc.php HTTP/2.0" 200 403 "-" "WordPress.com; https://wordpress.com"
41.59.202.142 - - [28/Jul/2026:16:19:06 +0200] "POST /xmlrpc.php HTTP/2.0" 200 403 "-" "Jetpack by WordPress.com"
49.146.42.133 - - [28/Jul/2026:16:19:11 +0200] "POST /xmlrpc.php HTTP/2.0" 200 403 "-" "Jetpack by WordPress.com"
41.59.202.142 - - [28/Jul/2026:16:19:16 +0200] "POST /xmlrpc.php HTTP/2.0" 200 403 "-" "Jetpack by WordPress.com"
49.146.42.133 - - [28/Jul/2026:16:19:22 +0200] "POST /xmlrpc.php HTTP/2.0" 200 403 "-" "WordPress.com; https://wordpress.com"
41.59.202.142 - - [28/Jul/2026:16:19:27 +0200] "POST /xmlrpc.php HTTP/2.0" 200 403 "-" "Jetpack/12.1; WordPress/6.3; http://site75913190.com"
49.146.42.133 - - [28/Jul/2026:16:19:32 +0200] "POST /xmlrpc.php HTTP/2.0" 200 403 "-" "WordPress.com; https://wordpress.com"
41.59.202.142 - - [28/Jul/2026:16:19:38 +0200] "POST /xmlrpc.php HTTP/2.0" 200 403 "-" "Jetpack by WordPress.com (Jetpack 12.1; WordPress 6.2)"
49.146.42.133 - - [28/Jul/2026:16:19:42 +0200] "POST /xmlrpc.php HTTP/2.0" 200 403 "-" "WordPress.com; https://wordpress.com"
41.59.202.142 - - [28/Jul/2026:16:19:48 +0200] "POST /xmlrpc.php HTTP/2.0" 200 403 "-" "Jetpack by WordPress.com"
49.146.42.133 - - [28/Jul/2026:16:19:53 +0200] "POST /xmlrpc.php HTTP/2.0" 200 403 "-" "Jetpack by WordPress.com"
41.59.202.142 - - [28/Jul/2026:16:19:59 +0200] "POST /xmlrpc.php HTTP/2.0" 200 403 "-" "WordPress.com; https://wordpress.com"
49.146.42.133 - - [28/Jul/2026:16:20:03 +0200] "POST /xmlrpc.php HTTP/2.0" 200 403 "-" "Jetpack by WordPress.com"
41.59.202.142 - - [28/Jul/2026:16:20:10 +0200] "POST /xmlrpc.php HTTP/2.0" 200 403 "-" "Jetpack by WordPress.com"
49.146.42.133 - - [28/Jul/2026:16:20:14 +0200] "POST /xmlrpc.php HTTP/2.0" 200 403 "-" "Jetpack by WordPress.com (Jetpack 12.5; WordPress 6.4)"
41.59.202.142 - - [28/Jul/2026:16:20:20 +0200] "POST /xmlrpc.php HTTP/2.0" 200 403 "-" "Jetpack by WordPress.com"
49.146.42.133 - - [28/Jul/2026:16:20:25 +0200] "POST /xmlrpc.php HTTP/2.0" 200 403 "-" "Jetpack by WordPress.com (Jetpack 12.1; WordPress 6.2)"
41.59.202.142 - - [28/Jul/2026:16:20:31 +0200] "POST /xmlrpc.php HTTP/2.0" 200 403 "-" "Jetpack by WordPress.com"
49.146.42.133 - - [28/Jul/2026:16:20:35 +0200] "POST /xmlrpc.php HTTP/2.0" 200 403 "-" "Jetpack by WordPress.com (Jetpack 12.5; WordPress 6.3)"
41.59.202.142 - - [28/Jul/2026:16:20:41 +0200] "POST /xmlrpc.php HTTP/2.0" 200 403 "-" "WordPress.com; https://wordpress.com"
49.146.42.133 - - [28/Jul/2026:16:20:46 +0200] "POST /xmlrpc.php HTTP/2.0" 200 403 "-" "Jetpack by WordPress.com"
41.59.202.142 - - [28/Jul/2026:16:20:52 +0200] "POST /xmlrpc.php HTTP/2.0" 200 403 "-" "Jetpack by WordPress.com"
49.146.42.133 - - [28/Jul/2026:16:20:56 +0200] "POST /xmlrpc.php HTTP/2.0" 200 403 "-" "Jetpack/13.0; WordPress/6.4; http://site88533197.com"
41.59.202.142 - - [28/Jul/2026:16:21:03 +0200] "POST /xmlrpc.php HTTP/2.0" 200 403 "-" "Jetpack by WordPress.com"
49.146.42.133 - - [28/Jul/2026:16:21:07 +0200] "POST /xmlrpc.php HTTP/2.0" 200 403 "-" "Jetpack by WordPress.com"
41.59.202.142 - - [28/Jul/2026:16:21:13 +0200] "POST /xmlrpc.php HTTP/2.0" 200 403 "-" "Jetpack/12.0; WordPress/6.4; http://site39211222.com"
49.146.42.133 - - [28/Jul/2026:16:21:17 +0200] "POST /xmlrpc.php HTTP/2.0" 200 403 "-" "Jetpack by WordPress.com"
41.59.202.142 - - [28/Jul/2026:16:21:24 +0200] "POST /xmlrpc.php HTTP/2.0" 200 403 "-" "WordPress.com; https://wordpress.com"
49.146.42.133 - - [28/Jul/2026:16:21:28 +0200] "POST /xmlrpc.php HTTP/2.0" 200 403 "-" "WordPress.com; https://wordpress.com"
41.59.202.142 - - [28/Jul/2026:16:21:35 +0200] "POST /xmlrpc.php HTTP/2.0" 200 403 "-" "Jetpack by WordPress.com (Jetpack 12.0; WordPress 6.4)"
49.146.42.133 - - [28/Jul/2026:16:21:38 +0200] "POST /xmlrpc.php HTTP/2.0" 200 403 "-" "Jetpack by WordPress.com (Jetpack 13.0; WordPress 6.2)"
41.59.202.142 - - [28/Jul/2026:16:21:45 +0200] "POST /xmlrpc.php HTTP/2.0" 200 403 "-" "Jetpack by WordPress.com"
49.146.42.133 - - [28/Jul/2026:16:21:49 +0200] "POST /xmlrpc.php HTTP/2.0" 200 403 "-" "Jetpack by WordPress.com"
41.59.202.142 - - [28/Jul/2026:16:21:56 +0200] "POST /xmlrpc.php HTTP/2.0" 200 403 "-" "Jetpack by WordPress.com"
49.146.42.133 - - [28/Jul/2026:16:22:00 +0200] "POST /xmlrpc.php HTTP/2.0" 200 403 "-" "Jetpack by WordPress.com (Jetpack 13.0; WordPress 6.2)"
41.59.202.142 - - [28/Jul/2026:16:22:07 +0200] "POST /xmlrpc.php HTTP/2.0" 200 403 "-" "WordPress.com; https://wordpress.com"
49.146.42.133 - - [28/Jul/2026:16:22:10 +0200] "POST /xmlrpc.php HTTP/2.0" 200 403 "-" "Jetpack by WordPress.com (Jetpack 12.5; WordPress 6.2)"
41.59.202.142 - - [28/Jul/2026:16:22:17 +0200] "POST /xmlrpc.php HTTP/2.0" 200 403 "-" "Jetpack by WordPress.com (Jetpack 12.0; WordPress 6.3)"
49.146.42.133 - - [28/Jul/2026:16:22:21 +0200] "POST /xmlrpc.php HTTP/2.0" 200 403 "-" "Jetpack by WordPress.com (Jetpack 13.0; WordPress 6.2)"
41.59.202.142 - - [28/Jul/2026:16:22:28 +0200] "POST /xmlrpc.php HTTP/2.0" 200 403 "-" "Jetpack by WordPress.com (Jetpack 13.0; WordPress 6.4)"
49.146.42.133 - - [28/Jul/2026:16:22:31 +0200] "POST /xmlrpc.php HTTP/2.0" 200 403 "-" "WordPress.com; https://wordpress.com"
41.59.202.142 - - [28/Jul/2026:16:22:38 +0200] "POST /xmlrpc.php HTTP/2.0" 200 403 "-" "WordPress.com; https://wordpress.com"
49.146.42.133 - - [28/Jul/2026:16:22:42 +0200] "POST /xmlrpc.php HTTP/2.0" 200 403 "-" "Jetpack by WordPress.com (Jetpack 12.1; WordPress 6.3)"
41.59.202.142 - - [28/Jul/2026:16:22:49 +0200] "POST /xmlrpc.php HTTP/2.0" 200 403 "-" "Jetpack by WordPress.com"
49.146.42.133 - - [28/Jul/2026:16:22:52 +0200] "POST /xmlrpc.php HTTP/2.0" 200 403 "-" "Jetpack/12.0; WordPress/6.3; http://site89305331.com"
41.59.202.142 - - [28/Jul/2026:16:23:00 +0200] "POST /xmlrpc.php HTTP/2.0" 200 403 "-" "Jetpack/13.0; WordPress/6.4; http://site72014964.com"
49.146.42.133 - - [28/Jul/2026:16:23:03 +0200] "POST /xmlrpc.php HTTP/2.0" 200 403 "-" "Jetpack by WordPress.com (Jetpack 13.0; WordPress 6.2)"
17.241.219.108 - - [28/Jul/2026:16:23:03 +0200] "GET /gps-halsband/gps-halsband-fuer-katzen/ HTTP/2.0" 200 60223 "-" "Mozilla/5.0 (Macintosh; Intel Mac OS X 10_15_7) AppleWebKit/605.1.15 (KHTML, like Gecko) Version/17.4 Safari/605.1.15 (Applebot/0.1; +http://www.apple.com/go/applebot)"
41.59.202.142 - - [28/Jul/2026:16:23:10 +0200] "POST /xmlrpc.php HTTP/2.0" 200 403 "-" "WordPress.com; https://wordpress.com"
49.146.42.133 - - [28/Jul/2026:16:23:13 +0200] "POST /xmlrpc.php HTTP/2.0" 200 403 "-" "Jetpack/12.1; WordPress/6.4; http://site54869801.com"
41.59.202.142 - - [28/Jul/2026:16:23:21 +0200] "POST /xmlrpc.php HTTP/2.0" 200 403 "-" "Jetpack/13.0; WordPress/6.2; http://site50457487.com"
49.146.42.133 - - [28/Jul/2026:16:23:24 +0200] "POST /xmlrpc.php HTTP/2.0" 200 403 "-" "Jetpack/13.0; WordPress/6.2; http://site51711176.com"
169.58.72.249 - - [28/Jul/2026:16:23:25 +0200] "GET /wp-admin/css/ HTTP/1.1" 401 1931 "-" "Mozilla/5.0 (Windows NT 10.0; Win64; x64) AppleWebKit/537.36 (KHTML, like Gecko) Chrome/120.0.0.0 Safari/537.36"
41.59.202.142 - - [28/Jul/2026:16:23:31 +0200] "POST /xmlrpc.php HTTP/2.0" 200 403 "-" "Jetpack/12.0; WordPress/6.1; http://site32391234.com"
49.146.42.133 - - [28/Jul/2026:16:23:35 +0200] "POST /xmlrpc.php HTTP/2.0" 200 403 "-" "Jetpack by WordPress.com"
41.59.202.142 - - [28/Jul/2026:16:23:42 +0200] "POST /xmlrpc.php HTTP/2.0" 200 403 "-" "Jetpack/12.5; WordPress/6.4; http://site88967152.com"
169.58.72.249 - - [28/Jul/2026:16:23:46 +0200] "GET /wp-admin/css/colors/blue/ HTTP/1.1" 401 1931 "-" "Mozilla/5.0 (Windows NT 10.0; Win64; x64) AppleWebKit/537.36 (KHTML, like Gecko) Chrome/120.0.0.0 Safari/537.36"
41.59.202.142 - - [28/Jul/2026:16:23:53 +0200] "POST /xmlrpc.php HTTP/2.0" 200 403 "-" "Jetpack/12.5; WordPress/6.1; http://site78058730.com"
41.59.202.142 - - [28/Jul/2026:16:24:03 +0200] "POST /xmlrpc.php HTTP/2.0" 200 403 "-" "Jetpack by WordPress.com"
41.59.202.142 - - [28/Jul/2026:16:24:14 +0200] "POST /xmlrpc.php HTTP/2.0" 200 403 "-" "Jetpack/13.0; WordPress/6.2; http://site52235649.com"
41.59.202.142 - - [28/Jul/2026:16:24:24 +0200] "POST /xmlrpc.php HTTP/2.0" 200 403 "-" "Jetpack by WordPress.com"
41.59.202.142 - - [28/Jul/2026:16:24:35 +0200] "POST /xmlrpc.php HTTP/2.0" 200 403 "-" "Jetpack by WordPress.com"
40.77.167.243 - - [28/Jul/2026:16:24:42 +0200] "GET /handyortung/ HTTP/2.0" 200 85222 "-" "Mozilla/5.0 AppleWebKit/537.36 (KHTML, like Gecko; compatible; bingbot/2.0; +http://www.bing.com/bingbot.htm) Chrome/116.0.1938.76 Safari/537.36"
41.59.202.142 - - [28/Jul/2026:16:24:46 +0200] "POST /xmlrpc.php HTTP/2.0" 200 403 "-" "WordPress.com; https://wordpress.com"
169.58.72.249 - - [28/Jul/2026:16:24:54 +0200] "GET /wp-admin/network/ HTTP/1.1" 401 1931 "-" "Mozilla/5.0 (Windows NT 10.0; Win64; x64) AppleWebKit/537.36 (KHTML, like Gecko) Chrome/120.0.0.0 Safari/537.36"
41.105.174.53 - - [28/Jul/2026:16:25:08 +0200] "POST /xmlrpc.php HTTP/2.0" 200 403 "-" "Jetpack by WordPress.com"
169.58.72.249 - - [28/Jul/2026:16:25:11 +0200] "GET /wp-includes/ HTTP/1.1" 403 904 "-" "Mozilla/5.0 (Windows NT 10.0; Win64; x64) AppleWebKit/537.36 (KHTML, like Gecko) Chrome/120.0.0.0 Safari/537.36"
41.105.174.53 - - [28/Jul/2026:16:25:19 +0200] "POST /xmlrpc.php HTTP/2.0" 200 403 "-" "Jetpack/12.0; WordPress/6.4; http://site74270755.com"
41.105.174.53 - - [28/Jul/2026:16:25:30 +0200] "POST /xmlrpc.php HTTP/2.0" 200 403 "-" "Jetpack by WordPress.com"
41.105.174.53 - - [28/Jul/2026:16:25:40 +0200] "POST /xmlrpc.php HTTP/2.0" 200 403 "-" "Jetpack/12.1; WordPress/6.4; http://site99970924.com"
41.105.174.53 - - [28/Jul/2026:16:25:51 +0200] "POST /xmlrpc.php HTTP/2.0" 200 403 "-" "Jetpack by WordPress.com (Jetpack 12.1; WordPress 6.3)"
41.105.174.53 - - [28/Jul/2026:16:26:02 +0200] "POST /xmlrpc.php HTTP/2.0" 200 403 "-" "Jetpack by WordPress.com (Jetpack 12.5; WordPress 6.3)"
2a02:8071:65f1:c680:a2d0:468a:38e3:dc56 - - [28/Jul/2026:16:26:12 +0200] "GET /wp-content/uploads/2016/11/handy-orten-durch-polizei.jpg HTTP/2.0" 304 0 "https://www.google.com/" "Mozilla/5.0 (Linux; Android 16; SM-A156B Build/BP4A.251205.006; wv) AppleWebKit/537.36 (KHTML, like Gecko) Version/4.0 Chrome/150.0.7871.124 Mobile Safari/537.36 GoogleApp/17.42.17.ve.arm64"
41.105.174.53 - - [28/Jul/2026:16:26:13 +0200] "POST /xmlrpc.php HTTP/2.0" 200 403 "-" "Jetpack/12.0; WordPress/6.2; http://site34451108.com"
41.105.174.53 - - [28/Jul/2026:16:26:24 +0200] "POST /xmlrpc.php HTTP/2.0" 200 403 "-" "WordPress.com; https://wordpress.com"
2a02:8071:65f1:c680:a2d0:468a:38e3:dc56 - - [28/Jul/2026:16:26:29 +0200] "GET /wp-content/uploads/2014/05/slideshow_handyortung.jpg HTTP/2.0" 200 34743 "https://www.google.com/" "Mozilla/5.0 (Linux; Android 16; SM-A156B Build/BP4A.251205.006; wv) AppleWebKit/537.36 (KHTML, like Gecko) Version/4.0 Chrome/150.0.7871.124 Mobile Safari/537.36 GoogleApp/17.42.17.ve.arm64"
2a02:8071:65f1:c680:a2d0:468a:38e3:dc56 - - [28/Jul/2026:16:26:31 +0200] "GET /wp-content/uploads/2015/09/IMEIabrufen-300x185.jpg HTTP/2.0" 200 9219 "https://www.google.com/" "Mozilla/5.0 (Linux; Android 16; SM-A156B Build/BP4A.251205.006; wv) AppleWebKit/537.36 (KHTML, like Gecko) Version/4.0 Chrome/150.0.7871.124 Mobile Safari/537.36 GoogleApp/17.42.17.ve.arm64"
41.105.174.53 - - [28/Jul/2026:16:26:36 +0200] "POST /xmlrpc.php HTTP/2.0" 200 403 "-" "Jetpack by WordPress.com"
41.105.174.53 - - [28/Jul/2026:16:26:47 +0200] "POST /xmlrpc.php HTTP/2.0" 200 403 "-" "Jetpack/13.0; WordPress/6.4; http://site75673174.com"
41.105.174.53 - - [28/Jul/2026:16:26:58 +0200] "POST /xmlrpc.php HTTP/2.0" 200 403 "-" "WordPress.com; https://wordpress.com"
41.105.174.53 - - [28/Jul/2026:16:27:09 +0200] "POST /xmlrpc.php HTTP/2.0" 200 403 "-" "Jetpack by WordPress.com (Jetpack 12.5; WordPress 6.4)"
41.105.174.53 - - [28/Jul/2026:16:27:20 +0200] "POST /xmlrpc.php HTTP/2.0" 200 403 "-" "Jetpack by WordPress.com (Jetpack 13.0; WordPress 6.2)"
169.58.72.249 - - [28/Jul/2026:16:27:23 +0200] "GET /wp-includes/js/ HTTP/1.1" 403 904 "-" "Mozilla/5.0 (Windows NT 10.0; Win64; x64) AppleWebKit/537.36 (KHTML, like Gecko) Chrome/120.0.0.0 Safari/537.36"
41.105.174.53 - - [28/Jul/2026:16:27:31 +0200] "POST /xmlrpc.php HTTP/2.0" 200 403 "-" "Jetpack by WordPress.com (Jetpack 13.0; WordPress 6.2)"
41.105.174.53 - - [28/Jul/2026:16:27:42 +0200] "POST /xmlrpc.php HTTP/2.0" 200 403 "-" "WordPress.com; https://wordpress.com"
103.112.59.131 - - [28/Jul/2026:16:27:52 +0200] "GET /informationen/interessante-ergaenzung-zur-regulaeren-handyortung/%3C?+%3F%3E%2Fneuigkeiten%2F&php+echo+get_site_url%28%29 HTTP/2.0" 404 897 "-" "Mozilla/5.0 (Windows NT 5.1) AppleWebKit/537.36 (KHTML, like Gecko) Chrome/31.0.1650.16 Safari/537.36"
41.105.174.53 - - [28/Jul/2026:16:27:53 +0200] "POST /xmlrpc.php HTTP/2.0" 200 403 "-" "WordPress.com; https://wordpress.com"
41.105.174.53 - - [28/Jul/2026:16:28:04 +0200] "POST /xmlrpc.php HTTP/2.0" 200 403 "-" "Jetpack/12.0; WordPress/6.1; http://site87758830.com"
41.105.174.53 - - [28/Jul/2026:16:28:15 +0200] "POST /xmlrpc.php HTTP/2.0" 200 403 "-" "WordPress.com; https://wordpress.com"
17.241.219.164 - - [28/Jul/2026:16:28:25 +0200] "GET /tag/logos-fuer-handyaufloesungen/ HTTP/2.0" 301 0 "-" "Mozilla/5.0 (Macintosh; Intel Mac OS X 10_15_7) AppleWebKit/605.1.15 (KHTML, like Gecko) Version/17.4 Safari/605.1.15 (Applebot/0.1; +http://www.apple.com/go/applebot)"
41.105.174.53 - - [28/Jul/2026:16:28:26 +0200] "POST /xmlrpc.php HTTP/2.0" 200 403 "-" "Jetpack by WordPress.com"
17.241.219.164 - - [28/Jul/2026:16:28:27 +0200] "GET /?s=logos-fuer-handyaufloesungen HTTP/2.0" 200 56255 "-" "Mozilla/5.0 (Macintosh; Intel Mac OS X 10_15_7) AppleWebKit/605.1.15 (KHTML, like Gecko) Version/17.4 Safari/605.1.15 (Applebot/0.1; +http://www.apple.com/go/applebot)"
41.105.174.53 - - [28/Jul/2026:16:28:37 +0200] "POST /xmlrpc.php HTTP/2.0" 200 403 "-" "Jetpack/13.0; WordPress/6.2; http://site44565455.com"
41.105.174.53 - - [28/Jul/2026:16:28:49 +0200] "POST /xmlrpc.php HTTP/2.0" 200 403 "-" "Jetpack by WordPress.com (Jetpack 13.0; WordPress 6.1)"
113.249.101.168 - - [28/Jul/2026:16:29:00 +0200] "GET /wp-login.php HTTP/2.0" 302 0 "-" "Apache-HttpClient/4.5.2 (Java/1.8.0_161)"
113.249.101.168 - - [28/Jul/2026:16:29:00 +0200] "GET /login/?redirect=https%3A%2F%2Fwww.handy-sofort-orten.de%2F HTTP/2.0" 200 56307 "-" "Apache-HttpClient/4.5.2 (Java/1.8.0_161)"
41.105.174.53 - - [28/Jul/2026:16:29:01 +0200] "POST /xmlrpc.php HTTP/2.0" 200 403 "-" "Jetpack by WordPress.com"
113.249.101.168 - - [28/Jul/2026:16:29:02 +0200] "GET /?author=1 HTTP/2.0" 404 897 "-" "Apache-HttpClient/4.5.2 (Java/1.8.0_161)"
113.249.101.168 - - [28/Jul/2026:16:29:03 +0200] "GET /?author=2 HTTP/2.0" 404 897 "-" "Apache-HttpClient/4.5.2 (Java/1.8.0_161)"
113.249.101.168 - - [28/Jul/2026:16:29:04 +0200] "GET /?author=3 HTTP/2.0" 404 897 "-" "Apache-HttpClient/4.5.2 (Java/1.8.0_161)"
113.249.101.168 - - [28/Jul/2026:16:29:04 +0200] "GET /?author=4 HTTP/2.0" 404 897 "-" "Apache-HttpClient/4.5.2 (Java/1.8.0_161)"
113.249.101.168 - - [28/Jul/2026:16:29:05 +0200] "GET /?author=5 HTTP/2.0" 404 897 "-" "Apache-HttpClient/4.5.2 (Java/1.8.0_161)"
113.249.101.168 - - [28/Jul/2026:16:29:05 +0200] "GET /?author=6 HTTP/2.0" 404 897 "-" "Apache-HttpClient/4.5.2 (Java/1.8.0_161)"
113.249.101.168 - - [28/Jul/2026:16:29:07 +0200] "GET /?author=7 HTTP/2.0" 404 897 "-" "Apache-HttpClient/4.5.2 (Java/1.8.0_161)"
113.249.101.168 - - [28/Jul/2026:16:29:07 +0200] "GET /?author=8 HTTP/2.0" 404 897 "-" "Apache-HttpClient/4.5.2 (Java/1.8.0_161)"
113.249.101.168 - - [28/Jul/2026:16:29:08 +0200] "GET /?author=9 HTTP/2.0" 404 897 "-" "Apache-HttpClient/4.5.2 (Java/1.8.0_161)"
113.249.101.168 - - [28/Jul/2026:16:29:08 +0200] "GET /?author=10 HTTP/2.0" 404 897 "-" "Apache-HttpClient/4.5.2 (Java/1.8.0_161)"
2a02:1210:222e:ec00:4596:57db:b1a2:9ce0 - - [28/Jul/2026:16:29:08 +0200] "GET /ip-adresse-orten/ HTTP/2.0" 200 62205 "-" "Mozilla/5.0 (Windows NT 10.0; Win64; x64; rv:153.0) Gecko/20100101 Firefox/153.0"
2a02:1210:222e:ec00:4596:57db:b1a2:9ce0 - - [28/Jul/2026:16:29:09 +0200] "GET /wp-content/uploads/2017/07/cyberghost_vpn.png HTTP/2.0" 304 0 "https://www.handy-sofort-orten.de/ip-adresse-orten/" "Mozilla/5.0 (Windows NT 10.0; Win64; x64; rv:153.0) Gecko/20100101 Firefox/153.0"
2a02:1210:222e:ec00:4596:57db:b1a2:9ce0 - - [28/Jul/2026:16:29:09 +0200] "GET /wp-content/uploads/2017/01/ip-lokalisierung-mit-allen-geraeten-standortanzeige.jpg HTTP/2.0" 304 0 "https://www.handy-sofort-orten.de/ip-adresse-orten/" "Mozilla/5.0 (Windows NT 10.0; Win64; x64; rv:153.0) Gecko/20100101 Firefox/153.0"
2a02:1210:222e:ec00:4596:57db:b1a2:9ce0 - - [28/Jul/2026:16:29:09 +0200] "GET /wp-content/uploads/2017/01/router-netzwerk-technik-300x185.jpg HTTP/2.0" 304 0 "https://www.handy-sofort-orten.de/ip-adresse-orten/" "Mozilla/5.0 (Windows NT 10.0; Win64; x64; rv:153.0) Gecko/20100101 Firefox/153.0"
2a02:1210:222e:ec00:4596:57db:b1a2:9ce0 - - [28/Jul/2026:16:29:09 +0200] "GET /wp-content/uploads/2016/11/handy-orten-mit-google-device-manager-finden.jpg HTTP/2.0" 304 0 "https://www.handy-sofort-orten.de/ip-adresse-orten/" "Mozilla/5.0 (Windows NT 10.0; Win64; x64; rv:153.0) Gecko/20100101 Firefox/153.0"
2a02:1210:222e:ec00:4596:57db:b1a2:9ce0 - - [28/Jul/2026:16:29:09 +0200] "GET /wp-content/uploads/2017/07/indentwall_security.jpg HTTP/2.0" 304 0 "https://www.handy-sofort-orten.de/ip-adresse-orten/" "Mozilla/5.0 (Windows NT 10.0; Win64; x64; rv:153.0) Gecko/20100101 Firefox/153.0"
2a02:1210:222e:ec00:4596:57db:b1a2:9ce0 - - [28/Jul/2026:16:29:09 +0200] "GET /wp-content/uploads/2017/01/webserver-serverzentrum-standort.jpg HTTP/2.0" 200 21474 "https://www.handy-sofort-orten.de/ip-adresse-orten/" "Mozilla/5.0 (Windows NT 10.0; Win64; x64; rv:153.0) Gecko/20100101 Firefox/153.0"
2a02:1210:222e:ec00:4596:57db:b1a2:9ce0 - - [28/Jul/2026:16:29:09 +0200] "GET /wp-content/uploads/2017/02/herkunft-im-internet-verbergen-durch-vpn-tunnel.jpg HTTP/2.0" 304 0 "https://www.handy-sofort-orten.de/ip-adresse-orten/" "Mozilla/5.0 (Windows NT 10.0; Win64; x64; rv:153.0) Gecko/20100101 Firefox/153.0"
2a02:1210:222e:ec00:4596:57db:b1a2:9ce0 - - [28/Jul/2026:16:29:09 +0200] "GET /wp-content/uploads/2016/11/handy-orten-durch-polizei.jpg HTTP/2.0" 304 0 "https://www.handy-sofort-orten.de/ip-adresse-orten/" "Mozilla/5.0 (Windows NT 10.0; Win64; x64; rv:153.0) Gecko/20100101 Firefox/153.0"
2a02:1210:222e:ec00:4596:57db:b1a2:9ce0 - - [28/Jul/2026:16:29:09 +0200] "GET /wp-content/uploads/2017/11/handydiebstahl-in-der-schweiz.png HTTP/2.0" 200 30645 "https://www.handy-sofort-orten.de/ip-adresse-orten/" "Mozilla/5.0 (Windows NT 10.0; Win64; x64; rv:153.0) Gecko/20100101 Firefox/153.0"
2a02:1210:222e:ec00:4596:57db:b1a2:9ce0 - - [28/Jul/2026:16:29:09 +0200] "GET /wp-content/uploads/2017/07/pure_vpn_logo.png HTTP/2.0" 304 0 "https://www.handy-sofort-orten.de/ip-adresse-orten/" "Mozilla/5.0 (Windows NT 10.0; Win64; x64; rv:153.0) Gecko/20100101 Firefox/153.0"
2a02:1210:222e:ec00:4596:57db:b1a2:9ce0 - - [28/Jul/2026:16:29:09 +0200] "GET /wp-content/uploads/2017/02/whatsapp-live-location-screenshots.jpg HTTP/2.0" 304 0 "https://www.handy-sofort-orten.de/ip-adresse-orten/" "Mozilla/5.0 (Windows NT 10.0; Win64; x64; rv:153.0) Gecko/20100101 Firefox/153.0"
2a02:1210:222e:ec00:4596:57db:b1a2:9ce0 - - [28/Jul/2026:16:29:09 +0200] "GET /wp-content/themes/handy-orten/fonts/fontawesome-webfont.woff2?v=4.7.0 HTTP/2.0" 304 0 "https://www.handy-sofort-orten.de/wp-content/cache/minify/fc687.css" "Mozilla/5.0 (Windows NT 10.0; Win64; x64; rv:153.0) Gecko/20100101 Firefox/153.0"
113.249.101.168 - - [28/Jul/2026:16:29:09 +0200] "GET /?author=11 HTTP/2.0" 404 897 "-" "Apache-HttpClient/4.5.2 (Java/1.8.0_161)"
113.249.101.168 - - [28/Jul/2026:16:29:09 +0200] "GET /?author=12 HTTP/2.0" 404 897 "-" "Apache-HttpClient/4.5.2 (Java/1.8.0_161)"
113.249.101.168 - - [28/Jul/2026:16:29:10 +0200] "GET /?author=13 HTTP/2.0" 404 897 "-" "Apache-HttpClient/4.5.2 (Java/1.8.0_161)"
113.249.101.168 - - [28/Jul/2026:16:29:11 +0200] "GET /?author=14 HTTP/2.0" 404 897 "-" "Apache-HttpClient/4.5.2 (Java/1.8.0_161)"
113.249.101.168 - - [28/Jul/2026:16:29:12 +0200] "GET /?author=15 HTTP/2.0" 404 897 "-" "Apache-HttpClient/4.5.2 (Java/1.8.0_161)"
41.105.174.53 - - [28/Jul/2026:16:29:12 +0200] "POST /xmlrpc.php HTTP/2.0" 200 403 "-" "Jetpack by WordPress.com"
113.249.101.168 - - [28/Jul/2026:16:29:12 +0200] "GET /?author=16 HTTP/2.0" 404 897 "-" "Apache-HttpClient/4.5.2 (Java/1.8.0_161)"
113.249.101.168 - - [28/Jul/2026:16:29:13 +0200] "GET /?author=17 HTTP/2.0" 404 897 "-" "Apache-HttpClient/4.5.2 (Java/1.8.0_161)"
113.249.101.168 - - [28/Jul/2026:16:29:14 +0200] "GET /?author=18 HTTP/2.0" 404 897 "-" "Apache-HttpClient/4.5.2 (Java/1.8.0_161)"
113.249.101.168 - - [28/Jul/2026:16:29:14 +0200] "GET /?author=19 HTTP/2.0" 404 897 "-" "Apache-HttpClient/4.5.2 (Java/1.8.0_161)"
113.249.101.168 - - [28/Jul/2026:16:29:15 +0200] "GET /?author=20 HTTP/2.0" 404 897 "-" "Apache-HttpClient/4.5.2 (Java/1.8.0_161)"
41.105.174.53 - - [28/Jul/2026:16:29:24 +0200] "POST /xmlrpc.php HTTP/2.0" 200 403 "-" "WordPress.com; https://wordpress.com"
169.58.72.249 - - [28/Jul/2026:16:29:31 +0200] "GET /files/ HTTP/1.1" 301 5 "-" "Mozilla/5.0 (Windows NT 10.0; Win64; x64) AppleWebKit/537.36 (KHTML, like Gecko) Chrome/120.0.0.0 Safari/537.36"
41.105.174.53 - - [28/Jul/2026:16:29:35 +0200] "POST /xmlrpc.php HTTP/2.0" 200 403 "-" "Jetpack by WordPress.com (Jetpack 13.0; WordPress 6.1)"
169.58.72.249 - - [28/Jul/2026:16:29:35 +0200] "GET /file/ HTTP/1.1" 301 5 "-" "Mozilla/5.0 (Windows NT 10.0; Win64; x64) AppleWebKit/537.36 (KHTML, like Gecko) Chrome/120.0.0.0 Safari/537.36"
169.58.72.249 - - [28/Jul/2026:16:29:44 +0200] "GET /images/ HTTP/1.1" 403 904 "-" "Mozilla/5.0 (Windows NT 10.0; Win64; x64) AppleWebKit/537.36 (KHTML, like Gecko) Chrome/120.0.0.0 Safari/537.36"
41.105.174.53 - - [28/Jul/2026:16:29:45 +0200] "POST /xmlrpc.php HTTP/2.0" 200 403 "-" "Jetpack by WordPress.com"
169.58.72.249 - - [28/Jul/2026:16:29:47 +0200] "GET /admin/ HTTP/1.1" 301 5 "-" "Mozilla/5.0 (Windows NT 10.0; Win64; x64) AppleWebKit/537.36 (KHTML, like Gecko) Chrome/120.0.0.0 Safari/537.36"
169.58.72.249 - - [28/Jul/2026:16:29:55 +0200] "GET /cgi-bin/ HTTP/1.1" 301 5 "-" "Mozilla/5.0 (Windows NT 10.0; Win64; x64) AppleWebKit/537.36 (KHTML, like Gecko) Chrome/120.0.0.0 Safari/537.36"
41.105.174.53 - - [28/Jul/2026:16:29:56 +0200] "POST /xmlrpc.php HTTP/2.0" 200 403 "-" "WordPress.com; https://wordpress.com"
169.58.72.249 - - [28/Jul/2026:16:30:06 +0200] "GET /.tmb/ HTTP/1.1" 403 904 "-" "Mozilla/5.0 (Windows NT 10.0; Win64; x64) AppleWebKit/537.36 (KHTML, like Gecko) Chrome/120.0.0.0 Safari/537.36"
41.105.174.53 - - [28/Jul/2026:16:30:07 +0200] "POST /xmlrpc.php HTTP/2.0" 200 403 "-" "Jetpack by WordPress.com"
41.105.174.53 - - [28/Jul/2026:16:30:18 +0200] "POST /xmlrpc.php HTTP/2.0" 200 403 "-" "Jetpack by WordPress.com"
41.105.174.53 - - [28/Jul/2026:16:30:29 +0200] "POST /xmlrpc.php HTTP/2.0" 200 403 "-" "WordPress.com; https://wordpress.com"
41.105.174.53 - - [28/Jul/2026:16:30:40 +0200] "POST /xmlrpc.php HTTP/2.0" 200 403 "-" "Jetpack by WordPress.com"
41.105.174.53 - - [28/Jul/2026:16:30:50 +0200] "POST /xmlrpc.php HTTP/2.0" 200 403 "-" "Jetpack by WordPress.com (Jetpack 12.0; WordPress 6.4)"
41.105.174.53 - - [28/Jul/2026:16:31:02 +0200] "POST /xmlrpc.php HTTP/2.0" 200 403 "-" "WordPress.com; https://wordpress.com"
41.105.174.53 - - [28/Jul/2026:16:31:12 +0200] "POST /xmlrpc.php HTTP/2.0" 200 403 "-" "Jetpack by WordPress.com"
41.105.174.53 - - [28/Jul/2026:16:31:23 +0200] "POST /xmlrpc.php HTTP/2.0" 200 403 "-" "Jetpack by WordPress.com (Jetpack 12.1; WordPress 6.3)"
114.119.131.248 - - [28/Jul/2026:16:31:27 +0200] "GET /handy/die-besten-handytarife/ HTTP/2.0" 200 61499 "https://www.handy-sofort-orten.de/category/handy/page/2" "Mozilla/5.0 (Linux; Android 7.0;) AppleWebKit/537.36 (HTML, like Gecko) Mobile Safari/537.36 (compatible; PetalBot;+https://webmaster.petalsearch.com/site/petalbot)"
41.105.174.53 - - [28/Jul/2026:16:31:34 +0200] "POST /xmlrpc.php HTTP/2.0" 200 403 "-" "Jetpack by WordPress.com (Jetpack 12.5; WordPress 6.2)"
41.105.174.53 - - [28/Jul/2026:16:31:45 +0200] "POST /xmlrpc.php HTTP/2.0" 200 403 "-" "WordPress.com; https://wordpress.com"
2a03:4000:59:e65:94e2:deff:fe0e:57ac - - [28/Jul/2026:16:31:57 +0200] "POST /wp-cron.php?doing_wp_cron=1785249116.4109709262847900390625 HTTP/2.0" 200 20 "https://www.handy-sofort-orten.de/wp-cron.php?doing_wp_cron=1785249116.4109709262847900390625" "WordPress/4.7.8; https://www.handy-sofort-orten.de"
41.105.174.53 - - [28/Jul/2026:16:31:57 +0200] "POST /xmlrpc.php HTTP/2.0" 200 403 "-" "Jetpack/12.0; WordPress/6.2; http://site68725233.com"
41.105.174.53 - - [28/Jul/2026:16:32:07 +0200] "POST /xmlrpc.php HTTP/2.0" 200 403 "-" "Jetpack by WordPress.com"
41.105.174.53 - - [28/Jul/2026:16:32:18 +0200] "POST /xmlrpc.php HTTP/2.0" 200 403 "-" "WordPress.com; https://wordpress.com"
2400:d321:2308:5602::1 - - [28/Jul/2026:16:32:26 +0200] "POST /xmlrpc.php HTTP/2.0" 200 403 "-" "Mozilla/5.0 (Windows NT 10.0) AppleWebKit/537.43 (KHTML, like Gecko) Chrome/134.0.0.0 Safari/537.36 OPR/119.0.0.0"
41.105.174.53 - - [28/Jul/2026:16:32:29 +0200] "POST /xmlrpc.php HTTP/2.0" 200 403 "-" "Jetpack by WordPress.com (Jetpack 12.1; WordPress 6.3)"
41.105.174.53 - - [28/Jul/2026:16:32:41 +0200] "POST /xmlrpc.php HTTP/2.0" 200 403 "-" "Jetpack by WordPress.com"
41.105.174.53 - - [28/Jul/2026:16:32:52 +0200] "POST /xmlrpc.php HTTP/2.0" 200 403 "-" "Jetpack by WordPress.com"
41.105.174.53 - - [28/Jul/2026:16:33:03 +0200] "POST /xmlrpc.php HTTP/2.0" 200 403 "-" "Jetpack by WordPress.com"
41.105.174.53 - - [28/Jul/2026:16:33:14 +0200] "POST /xmlrpc.php HTTP/2.0" 200 403 "-" "WordPress.com; https://wordpress.com"
41.105.174.53 - - [28/Jul/2026:16:33:25 +0200] "POST /xmlrpc.php HTTP/2.0" 200 403 "-" "Jetpack/12.1; WordPress/6.4; http://site50649844.com"
41.105.174.53 - - [28/Jul/2026:16:33:37 +0200] "POST /xmlrpc.php HTTP/2.0" 200 403 "-" "WordPress.com; https://wordpress.com"
41.105.174.53 - - [28/Jul/2026:16:33:49 +0200] "POST /xmlrpc.php HTTP/2.0" 200 403 "-" "Jetpack/12.0; WordPress/6.4; http://site50041283.com"
41.105.174.53 - - [28/Jul/2026:16:34:02 +0200] "POST /xmlrpc.php HTTP/2.0" 200 403 "-" "Jetpack by WordPress.com"
216.244.66.240 - - [28/Jul/2026:16:34:12 +0200] "GET /robots.txt HTTP/1.1" 404 909 "-" "Mozilla/5.0 (compatible; DotBot/1.2; +https://opensiteexplorer.org/dotbot; help@moz.com)"
41.105.174.53 - - [28/Jul/2026:16:34:13 +0200] "POST /xmlrpc.php HTTP/2.0" 200 403 "-" "Jetpack by WordPress.com (Jetpack 13.0; WordPress 6.2)"
41.105.174.53 - - [28/Jul/2026:16:34:25 +0200] "POST /xmlrpc.php HTTP/2.0" 200 403 "-" "Jetpack by WordPress.com"
135.119.74.228 - - [28/Jul/2026:16:34:35 +0200] "GET /admin.php HTTP/2.0" 404 897 "-" "Mozilla/5.0 (Windows NT 10.0; Win64; x64) AppleWebKit/537.36 (KHTML, like Gecko) Chrome/120.0.0.0 Safari/537.36"
135.119.74.228 - - [28/Jul/2026:16:34:35 +0200] "GET /edit.php HTTP/2.0" 404 897 "-" "Mozilla/5.0 (Windows NT 10.0; Win64; x64) AppleWebKit/537.36 (KHTML, like Gecko) Chrome/120.0.0.0 Safari/537.36"
135.119.74.228 - - [28/Jul/2026:16:34:35 +0200] "GET /w.php HTTP/2.0" 404 897 "-" "Mozilla/5.0 (Windows NT 10.0; Win64; x64) AppleWebKit/537.36 (KHTML, like Gecko) Chrome/120.0.0.0 Safari/537.36"
135.119.74.228 - - [28/Jul/2026:16:34:35 +0200] "GET /file.php HTTP/2.0" 404 897 "-" "Mozilla/5.0 (Windows NT 10.0; Win64; x64) AppleWebKit/537.36 (KHTML, like Gecko) Chrome/120.0.0.0 Safari/537.36"
135.119.74.228 - - [28/Jul/2026:16:34:36 +0200] "GET /adminfuns.php HTTP/2.0" 404 897 "-" "Mozilla/5.0 (Windows NT 10.0; Win64; x64) AppleWebKit/537.36 (KHTML, like Gecko) Chrome/120.0.0.0 Safari/537.36"
135.119.74.228 - - [28/Jul/2026:16:34:36 +0200] "GET /aa.php HTTP/2.0" 404 897 "-" "Mozilla/5.0 (Windows NT 10.0; Win64; x64) AppleWebKit/537.36 (KHTML, like Gecko) Chrome/120.0.0.0 Safari/537.36"
135.119.74.228 - - [28/Jul/2026:16:34:36 +0200] "GET /classwithtostring.php HTTP/2.0" 404 897 "-" "Mozilla/5.0 (Windows NT 10.0; Win64; x64) AppleWebKit/537.36 (KHTML, like Gecko) Chrome/120.0.0.0 Safari/537.36"
135.119.74.228 - - [28/Jul/2026:16:34:36 +0200] "GET /about.php HTTP/2.0" 404 897 "-" "Mozilla/5.0 (Windows NT 10.0; Win64; x64) AppleWebKit/537.36 (KHTML, like Gecko) Chrome/120.0.0.0 Safari/537.36"
135.119.74.228 - - [28/Jul/2026:16:34:36 +0200] "GET /goods.php HTTP/2.0" 404 897 "-" "Mozilla/5.0 (Windows NT 10.0; Win64; x64) AppleWebKit/537.36 (KHTML, like Gecko) Chrome/120.0.0.0 Safari/537.36"
135.119.74.228 - - [28/Jul/2026:16:34:36 +0200] "GET /php8.php HTTP/2.0" 404 897 "-" "Mozilla/5.0 (Windows NT 10.0; Win64; x64) AppleWebKit/537.36 (KHTML, like Gecko) Chrome/120.0.0.0 Safari/537.36"
135.119.74.228 - - [28/Jul/2026:16:34:36 +0200] "GET /info.php HTTP/2.0" 404 897 "-" "Mozilla/5.0 (Windows NT 10.0; Win64; x64) AppleWebKit/537.36 (KHTML, like Gecko) Chrome/120.0.0.0 Safari/537.36"
135.119.74.228 - - [28/Jul/2026:16:34:37 +0200] "GET /chosen.php HTTP/2.0" 404 897 "-" "Mozilla/5.0 (Windows NT 10.0; Win64; x64) AppleWebKit/537.36 (KHTML, like Gecko) Chrome/120.0.0.0 Safari/537.36"
135.119.74.228 - - [28/Jul/2026:16:34:37 +0200] "GET /simple.php HTTP/2.0" 404 897 "-" "Mozilla/5.0 (Windows NT 10.0; Win64; x64) AppleWebKit/537.36 (KHTML, like Gecko) Chrome/120.0.0.0 Safari/537.36"
135.119.74.228 - - [28/Jul/2026:16:34:37 +0200] "GET /ioxi-o.php HTTP/2.0" 404 897 "-" "Mozilla/5.0 (Windows NT 10.0; Win64; x64) AppleWebKit/537.36 (KHTML, like Gecko) Chrome/120.0.0.0 Safari/537.36"
41.105.174.53 - - [28/Jul/2026:16:34:37 +0200] "POST /xmlrpc.php HTTP/2.0" 200 403 "-" "Jetpack/12.0; WordPress/6.3; http://site45526283.com"
135.119.74.228 - - [28/Jul/2026:16:34:37 +0200] "GET /av.php HTTP/2.0" 404 897 "-" "Mozilla/5.0 (Windows NT 10.0; Win64; x64) AppleWebKit/537.36 (KHTML, like Gecko) Chrome/120.0.0.0 Safari/537.36"
135.119.74.228 - - [28/Jul/2026:16:34:37 +0200] "GET /wp-admin HTTP/2.0" 301 169 "-" "Mozilla/5.0 (Windows NT 10.0; Win64; x64) AppleWebKit/537.36 (KHTML, like Gecko) Chrome/120.0.0.0 Safari/537.36"
135.119.74.228 - - [28/Jul/2026:16:34:37 +0200] "GET /wp.php HTTP/2.0" 404 897 "-" "Mozilla/5.0 (Windows NT 10.0; Win64; x64) AppleWebKit/537.36 (KHTML, like Gecko) Chrome/120.0.0.0 Safari/537.36"
135.119.74.228 - - [28/Jul/2026:16:34:38 +0200] "GET /file2.php HTTP/2.0" 404 897 "-" "Mozilla/5.0 (Windows NT 10.0; Win64; x64) AppleWebKit/537.36 (KHTML, like Gecko) Chrome/120.0.0.0 Safari/537.36"
135.119.74.228 - - [28/Jul/2026:16:34:38 +0200] "GET /images/class-config.php HTTP/2.0" 404 897 "-" "Mozilla/5.0 (Windows NT 10.0; Win64; x64) AppleWebKit/537.36 (KHTML, like Gecko) Chrome/120.0.0.0 Safari/537.36"
135.119.74.228 - - [28/Jul/2026:16:34:38 +0200] "GET /alfa.php HTTP/2.0" 404 897 "-" "Mozilla/5.0 (Windows NT 10.0; Win64; x64) AppleWebKit/537.36 (KHTML, like Gecko) Chrome/120.0.0.0 Safari/537.36"
135.119.74.228 - - [28/Jul/2026:16:34:38 +0200] "GET /1.php HTTP/2.0" 404 897 "-" "Mozilla/5.0 (Windows NT 10.0; Win64; x64) AppleWebKit/537.36 (KHTML, like Gecko) Chrome/120.0.0.0 Safari/537.36"
135.119.74.228 - - [28/Jul/2026:16:34:38 +0200] "GET /222.php HTTP/2.0" 404 897 "-" "Mozilla/5.0 (Windows NT 10.0; Win64; x64) AppleWebKit/537.36 (KHTML, like Gecko) Chrome/120.0.0.0 Safari/537.36"
135.119.74.228 - - [28/Jul/2026:16:34:38 +0200] "GET /asasx.php HTTP/2.0" 404 897 "-" "Mozilla/5.0 (Windows NT 10.0; Win64; x64) AppleWebKit/537.36 (KHTML, like Gecko) Chrome/120.0.0.0 Safari/537.36"
135.119.74.228 - - [28/Jul/2026:16:34:39 +0200] "GET /filemanager.php HTTP/2.0" 404 897 "-" "Mozilla/5.0 (Windows NT 10.0; Win64; x64) AppleWebKit/537.36 (KHTML, like Gecko) Chrome/120.0.0.0 Safari/537.36"
135.119.74.228 - - [28/Jul/2026:16:34:39 +0200] "GET /themes.php HTTP/2.0" 404 897 "-" "Mozilla/5.0 (Windows NT 10.0; Win64; x64) AppleWebKit/537.36 (KHTML, like Gecko) Chrome/120.0.0.0 Safari/537.36"
135.119.74.228 - - [28/Jul/2026:16:34:39 +0200] "GET /wp-content/admin.php HTTP/2.0" 404 897 "-" "Mozilla/5.0 (Windows NT 10.0; Win64; x64) AppleWebKit/537.36 (KHTML, like Gecko) Chrome/120.0.0.0 Safari/537.36"
135.119.74.228 - - [28/Jul/2026:16:34:39 +0200] "GET /buy.php HTTP/2.0" 404 897 "-" "Mozilla/5.0 (Windows NT 10.0; Win64; x64) AppleWebKit/537.36 (KHTML, like Gecko) Chrome/120.0.0.0 Safari/537.36"
135.119.74.228 - - [28/Jul/2026:16:34:39 +0200] "GET /dropdown.php HTTP/2.0" 404 897 "-" "Mozilla/5.0 (Windows NT 10.0; Win64; x64) AppleWebKit/537.36 (KHTML, like Gecko) Chrome/120.0.0.0 Safari/537.36"
135.119.74.228 - - [28/Jul/2026:16:34:39 +0200] "GET /inputs.php HTTP/2.0" 404 897 "-" "Mozilla/5.0 (Windows NT 10.0; Win64; x64) AppleWebKit/537.36 (KHTML, like Gecko) Chrome/120.0.0.0 Safari/537.36"
135.119.74.228 - - [28/Jul/2026:16:34:40 +0200] "GET /100.php HTTP/2.0" 404 897 "-" "Mozilla/5.0 (Windows NT 10.0; Win64; x64) AppleWebKit/537.36 (KHTML, like Gecko) Chrome/120.0.0.0 Safari/537.36"
2a03:4000:59:e65:94e2:deff:fe0e:57ac - - [28/Jul/2026:16:34:40 +0200] "POST /wp-cron.php?doing_wp_cron=1785249276.4612839221954345703125 HTTP/2.0" 200 20 "https://www.handy-sofort-orten.de/wp-cron.php?doing_wp_cron=1785249276.4612839221954345703125" "WordPress/4.7.8; https://www.handy-sofort-orten.de"
135.119.74.228 - - [28/Jul/2026:16:34:40 +0200] "GET /akc.php HTTP/2.0" 404 897 "-" "Mozilla/5.0 (Windows NT 10.0; Win64; x64) AppleWebKit/537.36 (KHTML, like Gecko) Chrome/120.0.0.0 Safari/537.36"
135.119.74.228 - - [28/Jul/2026:16:34:40 +0200] "GET /autoload_classmap/function.php HTTP/2.0" 404 897 "-" "Mozilla/5.0 (Windows NT 10.0; Win64; x64) AppleWebKit/537.36 (KHTML, like Gecko) Chrome/120.0.0.0 Safari/537.36"
135.119.74.228 - - [28/Jul/2026:16:34:40 +0200] "GET /php.php HTTP/2.0" 404 897 "-" "Mozilla/5.0 (Windows NT 10.0; Win64; x64) AppleWebKit/537.36 (KHTML, like Gecko) Chrome/120.0.0.0 Safari/537.36"
135.119.74.228 - - [28/Jul/2026:16:34:40 +0200] "GET /t.php HTTP/2.0" 404 897 "-" "Mozilla/5.0 (Windows NT 10.0; Win64; x64) AppleWebKit/537.36 (KHTML, like Gecko) Chrome/120.0.0.0 Safari/537.36"
135.119.74.228 - - [28/Jul/2026:16:34:40 +0200] "GET /index/function.php HTTP/2.0" 404 897 "-" "Mozilla/5.0 (Windows NT 10.0; Win64; x64) AppleWebKit/537.36 (KHTML, like Gecko) Chrome/120.0.0.0 Safari/537.36"
135.119.74.228 - - [28/Jul/2026:16:34:40 +0200] "GET /wk/index.php HTTP/2.0" 404 897 "-" "Mozilla/5.0 (Windows NT 10.0; Win64; x64) AppleWebKit/537.36 (KHTML, like Gecko) Chrome/120.0.0.0 Safari/537.36"
135.119.74.228 - - [28/Jul/2026:16:34:41 +0200] "GET /wp-blink.php HTTP/2.0" 404 897 "-" "Mozilla/5.0 (Windows NT 10.0; Win64; x64) AppleWebKit/537.36 (KHTML, like Gecko) Chrome/120.0.0.0 Safari/537.36"
135.119.74.228 - - [28/Jul/2026:16:34:41 +0200] "GET /xfun.php HTTP/2.0" 404 897 "-" "Mozilla/5.0 (Windows NT 10.0; Win64; x64) AppleWebKit/537.36 (KHTML, like Gecko) Chrome/120.0.0.0 Safari/537.36"
135.119.74.228 - - [28/Jul/2026:16:34:41 +0200] "GET /p.php HTTP/2.0" 404 897 "-" "Mozilla/5.0 (Windows NT 10.0; Win64; x64) AppleWebKit/537.36 (KHTML, like Gecko) Chrome/120.0.0.0 Safari/537.36"
135.119.74.228 - - [28/Jul/2026:16:34:41 +0200] "GET /wp-content/themes/admin.php HTTP/2.0" 404 897 "-" "Mozilla/5.0 (Windows NT 10.0; Win64; x64) AppleWebKit/537.36 (KHTML, like Gecko) Chrome/120.0.0.0 Safari/537.36"
135.119.74.228 - - [28/Jul/2026:16:34:41 +0200] "GET /aaa.php HTTP/2.0" 404 897 "-" "Mozilla/5.0 (Windows NT 10.0; Win64; x64) AppleWebKit/537.36 (KHTML, like Gecko) Chrome/120.0.0.0 Safari/537.36"
135.119.74.228 - - [28/Jul/2026:16:34:41 +0200] "GET /term.php HTTP/2.0" 404 897 "-" "Mozilla/5.0 (Windows NT 10.0; Win64; x64) AppleWebKit/537.36 (KHTML, like Gecko) Chrome/120.0.0.0 Safari/537.36"
135.119.74.228 - - [28/Jul/2026:16:34:42 +0200] "GET /7.php HTTP/2.0" 404 897 "-" "Mozilla/5.0 (Windows NT 10.0; Win64; x64) AppleWebKit/537.36 (KHTML, like Gecko) Chrome/120.0.0.0 Safari/537.36"
135.119.74.228 - - [28/Jul/2026:16:34:42 +0200] "GET /file5.php HTTP/2.0" 404 897 "-" "Mozilla/5.0 (Windows NT 10.0; Win64; x64) AppleWebKit/537.36 (KHTML, like Gecko) Chrome/120.0.0.0 Safari/537.36"
135.119.74.228 - - [28/Jul/2026:16:34:42 +0200] "GET /makeasmtp.php HTTP/2.0" 404 897 "-" "Mozilla/5.0 (Windows NT 10.0; Win64; x64) AppleWebKit/537.36 (KHTML, like Gecko) Chrome/120.0.0.0 Safari/537.36"
