192.250.239.173 - - [28/Jul/2026:15:51:40 +0200] "GET /wp-login.php HTTP/2.0" 302 0 "-" "Mozilla/5.0 (Windows NT 10.0; Win64; x64) AppleWebKit/537.36 (KHTML, like Gecko) Chrome/150.0.0.0 Safari/537.36"
192.250.239.173 - - [28/Jul/2026:15:51:40 +0200] "GET /login/?redirect=https%3A%2F%2Fwww.handy-sofort-orten.de%2F HTTP/2.0" 200 56307 "https://handy-sofort-orten.de/" "Mozilla/5.0 (Windows NT 10.0; Win64; x64) AppleWebKit/537.36 (KHTML, like Gecko) Chrome/150.0.0.0 Safari/537.36"
192.250.239.173 - - [28/Jul/2026:15:51:47 +0200] "GET /login/?redirect=https%3A%2F%2Fwww.handy-sofort-orten.de%2F HTTP/2.0" 200 56307 "-" "Mozilla/5.0 (Windows NT 10.0; Win64; x64) AppleWebKit/537.36 (KHTML, like Gecko) Chrome/150.0.0.0 Safari/537.36"
192.250.239.173 - - [28/Jul/2026:15:51:47 +0200] "POST /login/?redirect=https%3A%2F%2Fwww.handy-sofort-orten.de%2F HTTP/2.0" 200 57448 "https://www.handy-sofort-orten.de/login/?redirect=https%3A%2F%2Fwww.handy-sofort-orten.de%2F" "Mozilla/5.0 (Windows NT 10.0; Win64; x64) AppleWebKit/537.36 (KHTML, like Gecko) Chrome/150.0.0.0 Safari/537.36"
142.111.165.141 - - [28/Jul/2026:15:53:12 +0200] "GET /wp-content/uploads/2011/03/apple-sicherheit-touch-id-und-tastensperre-ios-iphone.jpg HTTP/2.0" 200 14793 "https://www.handy-sofort-orten.de/handyspionage/iphone-ausspionieren/" "Mozilla/5.0 (Macintosh; Intel Mac OS X 10_15_7) AppleWebKit/537.36 (KHTML, like Gecko) Chrome/131.0.0.0 Safari/537.36"
114.119.150.57 - - [28/Jul/2026:15:54:18 +0200] "GET /wp-content/uploads/2017/08/junge-frau-entfuehrt-in-potsdam-baby-und-wird-in-hannover-gefasst.jpg HTTP/2.0" 200 47017 "https://www.handy-sofort-orten.de?s=handy" "Mozilla/5.0 (Linux; Android 7.0;) AppleWebKit/537.36 (HTML, like Gecko) Mobile Safari/537.36 (compatible; PetalBot;+https://webmaster.petalsearch.com/site/petalbot)"
49.146.42.133 - - [28/Jul/2026:15:57:22 +0200] "POST /xmlrpc.php HTTP/2.0" 200 403 "-" "WordPress.com; https://wordpress.com"
49.146.42.133 - - [28/Jul/2026:15:57:32 +0200] "POST /xmlrpc.php HTTP/2.0" 200 403 "-" "Jetpack by WordPress.com"
216.73.217.1 - - [28/Jul/2026:15:57:41 +0200] "GET /robots.txt HTTP/2.0" 404 897 "-" "Mozilla/5.0 AppleWebKit/537.36 (KHTML, like Gecko; compatible; ClaudeBot/1.0; +claudebot@anthropic.com)"
216.73.217.1 - - [28/Jul/2026:15:57:41 +0200] "GET /sitemap.xml HTTP/2.0" 200 2313 "-" "Mozilla/5.0 AppleWebKit/537.36 (KHTML, like Gecko; compatible; ClaudeBot/1.0; +claudebot@anthropic.com)"
49.146.42.133 - - [28/Jul/2026:15:57:42 +0200] "POST /xmlrpc.php HTTP/2.0" 200 403 "-" "Jetpack by WordPress.com (Jetpack 13.0; WordPress 6.2)"
49.146.42.133 - - [28/Jul/2026:15:57:53 +0200] "POST /xmlrpc.php HTTP/2.0" 200 403 "-" "WordPress.com; https://wordpress.com"
49.146.42.133 - - [28/Jul/2026:15:58:03 +0200] "POST /xmlrpc.php HTTP/2.0" 200 403 "-" "WordPress.com; https://wordpress.com"
49.146.42.133 - - [28/Jul/2026:15:58:14 +0200] "POST /xmlrpc.php HTTP/2.0" 200 403 "-" "WordPress.com; https://wordpress.com"
49.146.42.133 - - [28/Jul/2026:15:58:25 +0200] "POST /xmlrpc.php HTTP/2.0" 200 403 "-" "Jetpack by WordPress.com (Jetpack 13.0; WordPress 6.2)"
41.59.202.142 - - [28/Jul/2026:15:58:29 +0200] "POST /xmlrpc.php HTTP/2.0" 200 403 "-" "Jetpack by WordPress.com"
41.59.202.142 - - [28/Jul/2026:15:58:32 +0200] "POST /xmlrpc.php HTTP/2.0" 200 403 "-" "Jetpack by WordPress.com (Jetpack 12.1; WordPress 6.3)"
49.146.42.133 - - [28/Jul/2026:15:58:35 +0200] "POST /xmlrpc.php HTTP/2.0" 200 403 "-" "Jetpack by WordPress.com"
41.59.202.142 - - [28/Jul/2026:15:58:42 +0200] "POST /xmlrpc.php HTTP/2.0" 200 403 "-" "WordPress.com; https://wordpress.com"
49.146.42.133 - - [28/Jul/2026:15:58:46 +0200] "POST /xmlrpc.php HTTP/2.0" 200 403 "-" "Jetpack/12.1; WordPress/6.2; http://site68135419.com"
41.59.202.142 - - [28/Jul/2026:15:58:53 +0200] "POST /xmlrpc.php HTTP/2.0" 200 403 "-" "Jetpack by WordPress.com (Jetpack 12.5; WordPress 6.3)"
49.146.42.133 - - [28/Jul/2026:15:58:56 +0200] "POST /xmlrpc.php HTTP/2.0" 200 403 "-" "Jetpack by WordPress.com (Jetpack 12.1; WordPress 6.2)"
41.59.202.142 - - [28/Jul/2026:15:59:04 +0200] "POST /xmlrpc.php HTTP/2.0" 200 403 "-" "Jetpack by WordPress.com"
49.146.42.133 - - [28/Jul/2026:15:59:07 +0200] "POST /xmlrpc.php HTTP/2.0" 200 403 "-" "Jetpack/12.5; WordPress/6.1; http://site25428118.com"
41.59.202.142 - - [28/Jul/2026:15:59:14 +0200] "POST /xmlrpc.php HTTP/2.0" 200 403 "-" "Jetpack/13.0; WordPress/6.2; http://site12903678.com"
49.146.42.133 - - [28/Jul/2026:15:59:17 +0200] "POST /xmlrpc.php HTTP/2.0" 200 403 "-" "Jetpack/12.0; WordPress/6.2; http://site13332635.com"
41.59.202.142 - - [28/Jul/2026:15:59:25 +0200] "POST /xmlrpc.php HTTP/2.0" 200 403 "-" "Jetpack/13.0; WordPress/6.2; http://site83102564.com"
49.146.42.133 - - [28/Jul/2026:15:59:28 +0200] "POST /xmlrpc.php HTTP/2.0" 200 403 "-" "Jetpack by WordPress.com"
41.59.202.142 - - [28/Jul/2026:15:59:36 +0200] "POST /xmlrpc.php HTTP/2.0" 200 403 "-" "Jetpack by WordPress.com"
49.146.42.133 - - [28/Jul/2026:15:59:39 +0200] "POST /xmlrpc.php HTTP/2.0" 200 403 "-" "WordPress.com; https://wordpress.com"
41.59.202.142 - - [28/Jul/2026:15:59:47 +0200] "POST /xmlrpc.php HTTP/2.0" 200 403 "-" "Jetpack by WordPress.com (Jetpack 13.0; WordPress 6.2)"
49.146.42.133 - - [28/Jul/2026:15:59:49 +0200] "POST /xmlrpc.php HTTP/2.0" 200 403 "-" "Jetpack by WordPress.com"
41.59.202.142 - - [28/Jul/2026:15:59:57 +0200] "POST /xmlrpc.php HTTP/2.0" 200 403 "-" "WordPress.com; https://wordpress.com"
49.146.42.133 - - [28/Jul/2026:16:00:00 +0200] "POST /xmlrpc.php HTTP/2.0" 200 403 "-" "Jetpack/12.5; WordPress/6.4; http://site90333250.com"
41.59.202.142 - - [28/Jul/2026:16:00:08 +0200] "POST /xmlrpc.php HTTP/2.0" 200 403 "-" "Jetpack by WordPress.com"
49.146.42.133 - - [28/Jul/2026:16:00:10 +0200] "POST /xmlrpc.php HTTP/2.0" 200 403 "-" "Jetpack by WordPress.com (Jetpack 13.0; WordPress 6.4)"
41.59.202.142 - - [28/Jul/2026:16:00:19 +0200] "POST /xmlrpc.php HTTP/2.0" 200 403 "-" "Jetpack/12.1; WordPress/6.4; http://site99298679.com"
49.146.42.133 - - [28/Jul/2026:16:00:21 +0200] "POST /xmlrpc.php HTTP/2.0" 200 403 "-" "Jetpack by WordPress.com (Jetpack 13.0; WordPress 6.2)"
41.59.202.142 - - [28/Jul/2026:16:00:29 +0200] "POST /xmlrpc.php HTTP/2.0" 200 403 "-" "Jetpack by WordPress.com (Jetpack 12.5; WordPress 6.1)"
49.146.42.133 - - [28/Jul/2026:16:00:31 +0200] "POST /xmlrpc.php HTTP/2.0" 200 403 "-" "Jetpack by WordPress.com"
41.59.202.142 - - [28/Jul/2026:16:00:40 +0200] "POST /xmlrpc.php HTTP/2.0" 200 403 "-" "WordPress.com; https://wordpress.com"
49.146.42.133 - - [28/Jul/2026:16:00:42 +0200] "POST /xmlrpc.php HTTP/2.0" 200 403 "-" "Jetpack/12.5; WordPress/6.3; http://site68561751.com"
41.59.202.142 - - [28/Jul/2026:16:00:50 +0200] "POST /xmlrpc.php HTTP/2.0" 200 403 "-" "Jetpack/13.0; WordPress/6.3; http://site25756736.com"
49.146.42.133 - - [28/Jul/2026:16:00:53 +0200] "POST /xmlrpc.php HTTP/2.0" 200 403 "-" "Jetpack/13.0; WordPress/6.1; http://site87370287.com"
41.59.202.142 - - [28/Jul/2026:16:01:01 +0200] "POST /xmlrpc.php HTTP/2.0" 200 403 "-" "WordPress.com; https://wordpress.com"
49.146.42.133 - - [28/Jul/2026:16:01:03 +0200] "POST /xmlrpc.php HTTP/2.0" 200 403 "-" "Jetpack/12.0; WordPress/6.1; http://site37394366.com"
41.59.202.142 - - [28/Jul/2026:16:01:12 +0200] "POST /xmlrpc.php HTTP/2.0" 200 403 "-" "Jetpack/13.0; WordPress/6.1; http://site75932144.com"
49.146.42.133 - - [28/Jul/2026:16:01:14 +0200] "POST /xmlrpc.php HTTP/2.0" 200 403 "-" "Jetpack by WordPress.com (Jetpack 13.0; WordPress 6.4)"
41.59.202.142 - - [28/Jul/2026:16:01:22 +0200] "POST /xmlrpc.php HTTP/2.0" 200 403 "-" "Jetpack by WordPress.com"
49.146.42.133 - - [28/Jul/2026:16:01:24 +0200] "POST /xmlrpc.php HTTP/2.0" 200 403 "-" "Jetpack by WordPress.com"
41.59.202.142 - - [28/Jul/2026:16:01:33 +0200] "POST /xmlrpc.php HTTP/2.0" 200 403 "-" "WordPress.com; https://wordpress.com"
49.146.42.133 - - [28/Jul/2026:16:01:35 +0200] "POST /xmlrpc.php HTTP/2.0" 200 403 "-" "Jetpack by WordPress.com (Jetpack 12.1; WordPress 6.2)"
41.59.202.142 - - [28/Jul/2026:16:01:43 +0200] "POST /xmlrpc.php HTTP/2.0" 200 403 "-" "Jetpack/12.1; WordPress/6.3; http://site22393361.com"
49.146.42.133 - - [28/Jul/2026:16:01:45 +0200] "POST /xmlrpc.php HTTP/2.0" 200 403 "-" "WordPress.com; https://wordpress.com"
152.230.59.187 - - [28/Jul/2026:16:01:48 +0200] "GET /go-out/h2o-wireless/3925.html HTTP/2.0" 302 0 "-" "Mozilla/5.0 (Windows NT 6.1; Win64; x64) AppleWebKit/537.36 (KHTML, like Gecko) Brave Chrome/86.0.4240.183 Safari/537.36"
41.59.202.142 - - [28/Jul/2026:16:01:54 +0200] "POST /xmlrpc.php HTTP/2.0" 200 403 "-" "Jetpack by WordPress.com"
49.146.42.133 - - [28/Jul/2026:16:01:56 +0200] "POST /xmlrpc.php HTTP/2.0" 200 403 "-" "WordPress.com; https://wordpress.com"
197.32.209.96 - - [28/Jul/2026:16:01:59 +0200] "GET /go-out/h2o-wireless/3925.html HTTP/2.0" 302 0 "-" "Mozilla/5.0 (Windows NT 10.0; Win64; x64) AppleWebKit/537.36 (KHTML, like Gecko) Chrome/80.0.3987.132 Safari/537.36"
41.59.202.142 - - [28/Jul/2026:16:02:05 +0200] "POST /xmlrpc.php HTTP/2.0" 200 403 "-" "Jetpack/13.0; WordPress/6.1; http://site54358696.com"
180.153.236.141 - - [28/Jul/2026:16:02:06 +0200] "GET / HTTP/2.0" 200 87822 "https://www.handy-sofort-orten.de/" "Mozilla/5.0 (Linux; Android 10; K) AppleWebKit/537.36 (KHTML, like Gecko) Chrome/131.0.0.0 Mobile Safari/537.36; 360Spider"
49.146.42.133 - - [28/Jul/2026:16:02:06 +0200] "POST /xmlrpc.php HTTP/2.0" 200 403 "-" "Jetpack by WordPress.com"
41.59.202.142 - - [28/Jul/2026:16:02:15 +0200] "POST /xmlrpc.php HTTP/2.0" 200 403 "-" "Jetpack by WordPress.com (Jetpack 13.0; WordPress 6.3)"
49.146.42.133 - - [28/Jul/2026:16:02:17 +0200] "POST /xmlrpc.php HTTP/2.0" 200 403 "-" "Jetpack/13.0; WordPress/6.2; http://site26392659.com"
41.59.202.142 - - [28/Jul/2026:16:02:26 +0200] "POST /xmlrpc.php HTTP/2.0" 200 403 "-" "Jetpack/12.0; WordPress/6.3; http://site34525044.com"
49.146.42.133 - - [28/Jul/2026:16:02:28 +0200] "POST /xmlrpc.php HTTP/2.0" 200 403 "-" "Jetpack by WordPress.com"
41.59.202.142 - - [28/Jul/2026:16:02:37 +0200] "POST /xmlrpc.php HTTP/2.0" 200 403 "-" "WordPress.com; https://wordpress.com"
49.146.42.133 - - [28/Jul/2026:16:02:38 +0200] "POST /xmlrpc.php HTTP/2.0" 200 403 "-" "WordPress.com; https://wordpress.com"
41.59.202.142 - - [28/Jul/2026:16:02:47 +0200] "POST /xmlrpc.php HTTP/2.0" 200 403 "-" "Jetpack by WordPress.com (Jetpack 13.0; WordPress 6.3)"
49.146.42.133 - - [28/Jul/2026:16:02:49 +0200] "POST /xmlrpc.php HTTP/2.0" 200 403 "-" "Jetpack by WordPress.com"
180.153.236.18 - - [28/Jul/2026:16:02:50 +0200] "GET / HTTP/2.0" 200 87750 "-" "Mozilla/5.0 (Windows NT 10.0; Win64; x64) AppleWebKit/537.36 (KHTML, like Gecko) Chrome/140.0.0.0 Safari/537.36 Edg/140.0.0.0; 360Spider"
180.153.236.18 - - [28/Jul/2026:16:02:52 +0200] "GET /wp-content/themes/handy-orten/fonts/fontawesome-webfont.woff2?v=4.7.0 HTTP/2.0" 304 0 "https://www.handy-sofort-orten.de/wp-content/cache/minify/fc687.css" "Mozilla/5.0 (Windows NT 10.0; Win64; x64) AppleWebKit/537.36 (KHTML, like Gecko) Chrome/140.0.0.0 Safari/537.36 Edg/140.0.0.0; 360Spider"
41.59.202.142 - - [28/Jul/2026:16:02:58 +0200] "POST /xmlrpc.php HTTP/2.0" 200 403 "-" "Jetpack by WordPress.com"
49.146.42.133 - - [28/Jul/2026:16:02:59 +0200] "POST /xmlrpc.php HTTP/2.0" 200 403 "-" "Jetpack by WordPress.com (Jetpack 12.1; WordPress 6.2)"
41.59.202.142 - - [28/Jul/2026:16:03:09 +0200] "POST /xmlrpc.php HTTP/2.0" 200 403 "-" "Jetpack by WordPress.com"
49.146.42.133 - - [28/Jul/2026:16:03:10 +0200] "POST /xmlrpc.php HTTP/2.0" 200 403 "-" "Jetpack by WordPress.com"
41.59.202.142 - - [28/Jul/2026:16:03:19 +0200] "POST /xmlrpc.php HTTP/2.0" 200 403 "-" "WordPress.com; https://wordpress.com"
49.146.42.133 - - [28/Jul/2026:16:03:20 +0200] "POST /xmlrpc.php HTTP/2.0" 200 403 "-" "WordPress.com; https://wordpress.com"
41.59.202.142 - - [28/Jul/2026:16:03:30 +0200] "POST /xmlrpc.php HTTP/2.0" 200 403 "-" "Jetpack by WordPress.com"
49.146.42.133 - - [28/Jul/2026:16:03:31 +0200] "POST /xmlrpc.php HTTP/2.0" 200 403 "-" "Jetpack/12.5; WordPress/6.2; http://site72630175.com"
41.59.202.142 - - [28/Jul/2026:16:03:40 +0200] "POST /xmlrpc.php HTTP/2.0" 200 403 "-" "Jetpack/12.1; WordPress/6.2; http://site11244519.com"
49.146.42.133 - - [28/Jul/2026:16:03:42 +0200] "POST /xmlrpc.php HTTP/2.0" 200 403 "-" "WordPress.com; https://wordpress.com"
41.59.202.142 - - [28/Jul/2026:16:03:51 +0200] "POST /xmlrpc.php HTTP/2.0" 200 403 "-" "WordPress.com; https://wordpress.com"
49.146.42.133 - - [28/Jul/2026:16:03:52 +0200] "POST /xmlrpc.php HTTP/2.0" 200 403 "-" "Jetpack by WordPress.com (Jetpack 13.0; WordPress 6.2)"
41.59.202.142 - - [28/Jul/2026:16:04:02 +0200] "POST /xmlrpc.php HTTP/2.0" 200 403 "-" "WordPress.com; https://wordpress.com"
49.146.42.133 - - [28/Jul/2026:16:04:03 +0200] "POST /xmlrpc.php HTTP/2.0" 200 403 "-" "Jetpack by WordPress.com (Jetpack 13.0; WordPress 6.3)"
41.59.202.142 - - [28/Jul/2026:16:04:12 +0200] "POST /xmlrpc.php HTTP/2.0" 200 403 "-" "Jetpack/13.0; WordPress/6.2; http://site72185171.com"
49.146.42.133 - - [28/Jul/2026:16:04:13 +0200] "POST /xmlrpc.php HTTP/2.0" 200 403 "-" "Jetpack by WordPress.com (Jetpack 12.5; WordPress 6.1)"
41.59.202.142 - - [28/Jul/2026:16:04:23 +0200] "POST /xmlrpc.php HTTP/2.0" 200 403 "-" "Jetpack/12.1; WordPress/6.2; http://site96102233.com"
49.146.42.133 - - [28/Jul/2026:16:04:24 +0200] "POST /xmlrpc.php HTTP/2.0" 200 403 "-" "Jetpack/12.1; WordPress/6.2; http://site32539863.com"
41.59.202.142 - - [28/Jul/2026:16:04:34 +0200] "POST /xmlrpc.php HTTP/2.0" 200 403 "-" "WordPress.com; https://wordpress.com"
49.146.42.133 - - [28/Jul/2026:16:04:34 +0200] "POST /xmlrpc.php HTTP/2.0" 200 403 "-" "Jetpack by WordPress.com (Jetpack 12.5; WordPress 6.3)"
41.59.202.142 - - [28/Jul/2026:16:04:44 +0200] "POST /xmlrpc.php HTTP/2.0" 200 403 "-" "WordPress.com; https://wordpress.com"
49.146.42.133 - - [28/Jul/2026:16:04:45 +0200] "POST /xmlrpc.php HTTP/2.0" 200 403 "-" "Jetpack/12.5; WordPress/6.2; http://site57405799.com"
41.59.202.142 - - [28/Jul/2026:16:04:55 +0200] "POST /xmlrpc.php HTTP/2.0" 200 403 "-" "Jetpack by WordPress.com (Jetpack 12.0; WordPress 6.3)"
49.146.42.133 - - [28/Jul/2026:16:04:55 +0200] "POST /xmlrpc.php HTTP/2.0" 200 403 "-" "Jetpack/13.0; WordPress/6.2; http://site94527238.com"
41.59.202.142 - - [28/Jul/2026:16:05:05 +0200] "POST /xmlrpc.php HTTP/2.0" 200 403 "-" "Jetpack/12.1; WordPress/6.4; http://site18892133.com"
49.146.42.133 - - [28/Jul/2026:16:05:06 +0200] "POST /xmlrpc.php HTTP/2.0" 200 403 "-" "Jetpack/13.0; WordPress/6.3; http://site31800104.com"
64.23.146.70 - - [28/Jul/2026:16:05:16 +0200] "GET / HTTP/1.1" 301 5 "-" "Mozilla/5.0 (X11; Linux x86_64) AppleWebKit/537.36 (KHTML, like Gecko) Chrome/142.0.0.0 Safari/537.36"
41.59.202.142 - - [28/Jul/2026:16:05:16 +0200] "POST /xmlrpc.php HTTP/2.0" 200 403 "-" "Jetpack by WordPress.com (Jetpack 13.0; WordPress 6.1)"
64.23.146.70 - - [28/Jul/2026:16:05:16 +0200] "GET /favicon.ico HTTP/1.1" 404 909 "http://handy-sofort-orten.de/" "Mozilla/5.0 (X11; Linux x86_64) AppleWebKit/537.36 (KHTML, like Gecko) Chrome/142.0.0.0 Safari/537.36"
49.146.42.133 - - [28/Jul/2026:16:05:16 +0200] "POST /xmlrpc.php HTTP/2.0" 200 403 "-" "WordPress.com; https://wordpress.com"
64.23.146.70 - - [28/Jul/2026:16:05:17 +0200] "GET / HTTP/2.0" 301 0 "-" "Mozilla/5.0 (X11; Linux x86_64) AppleWebKit/537.36 (KHTML, like Gecko) Chrome/142.0.0.0 Safari/537.36"
64.23.146.70 - - [28/Jul/2026:16:05:18 +0200] "GET /favicon.ico HTTP/2.0" 404 897 "https://handy-sofort-orten.de/" "Mozilla/5.0 (X11; Linux x86_64) AppleWebKit/537.36 (KHTML, like Gecko) Chrome/142.0.0.0 Safari/537.36"
41.59.202.142 - - [28/Jul/2026:16:05:27 +0200] "POST /xmlrpc.php HTTP/2.0" 200 403 "-" "Jetpack by WordPress.com (Jetpack 12.1; WordPress 6.4)"
49.146.42.133 - - [28/Jul/2026:16:05:27 +0200] "POST /xmlrpc.php HTTP/2.0" 200 403 "-" "WordPress.com; https://wordpress.com"
41.59.202.142 - - [28/Jul/2026:16:05:37 +0200] "POST /xmlrpc.php HTTP/2.0" 200 403 "-" "Jetpack by WordPress.com (Jetpack 12.5; WordPress 6.1)"
49.146.42.133 - - [28/Jul/2026:16:05:38 +0200] "POST /xmlrpc.php HTTP/2.0" 200 403 "-" "Jetpack/12.1; WordPress/6.1; http://site90694668.com"
49.146.42.133 - - [28/Jul/2026:16:05:48 +0200] "POST /xmlrpc.php HTTP/2.0" 200 403 "-" "WordPress.com; https://wordpress.com"
41.59.202.142 - - [28/Jul/2026:16:05:48 +0200] "POST /xmlrpc.php HTTP/2.0" 200 403 "-" "Jetpack/13.0; WordPress/6.2; http://site49458945.com"
49.146.42.133 - - [28/Jul/2026:16:05:59 +0200] "POST /xmlrpc.php HTTP/2.0" 200 403 "-" "Jetpack/13.0; WordPress/6.3; http://site15925477.com"
41.59.202.142 - - [28/Jul/2026:16:05:59 +0200] "POST /xmlrpc.php HTTP/2.0" 200 403 "-" "Jetpack by WordPress.com"
49.146.42.133 - - [28/Jul/2026:16:06:09 +0200] "POST /xmlrpc.php HTTP/2.0" 200 403 "-" "WordPress.com; https://wordpress.com"
41.59.202.142 - - [28/Jul/2026:16:06:10 +0200] "POST /xmlrpc.php HTTP/2.0" 200 403 "-" "Jetpack/12.0; WordPress/6.2; http://site69779350.com"
194.187.171.146 - - [28/Jul/2026:16:06:18 +0200] "GET /robots.txt HTTP/2.0" 404 897 "-" "Mozilla/5.0 (compatible; Qwantbot/1.0; +https://help.qwant.com/bot/)"
194.187.171.164 - - [28/Jul/2026:16:06:19 +0200] "GET /handyortung/ortungsverfahren-und-moeglichkeiten/smartphone-app/mit-google-das-handy-finden/lautloses-handy-klingeln-lassen/handy-finden-wenn-gps-deaktiviert-ist HTTP/2.0" 301 0 "-" "Mozilla/5.0 (compatible; Qwantbot/1.0_800148; +https://help.qwant.com/bot/)"
194.187.171.164 - - [28/Jul/2026:16:06:19 +0200] "GET /handyortung/ortungsverfahren-und-moeglichkeiten/smartphone-app/mit-google-das-handy-finden/lautloses-handy-klingeln-lassen/handy-finden-wenn-gps-deaktiviert-ist/ HTTP/2.0" 200 60819 "https://www.handy-sofort-orten.de/handyortung/ortungsverfahren-und-moeglichkeiten/smartphone-app/mit-google-das-handy-finden/lautloses-handy-klingeln-lassen/handy-finden-wenn-gps-deaktiviert-ist" "Mozilla/5.0 (compatible; Qwantbot/1.0_800148; +https://help.qwant.com/bot/)"
49.146.42.133 - - [28/Jul/2026:16:06:20 +0200] "POST /xmlrpc.php HTTP/2.0" 200 403 "-" "Jetpack by WordPress.com"
41.59.202.142 - - [28/Jul/2026:16:06:20 +0200] "POST /xmlrpc.php HTTP/2.0" 200 403 "-" "Jetpack by WordPress.com (Jetpack 12.5; WordPress 6.4)"
51.68.111.214 - - [28/Jul/2026:16:06:28 +0200] "GET /robots.txt HTTP/2.0" 404 897 "-" "Mozilla/5.0 (compatible; MJ12bot/v2.0.5; http://mj12bot.com/)"
51.68.111.214 - - [28/Jul/2026:16:06:29 +0200] "GET /handyortung/ortungsverfahren-und-moeglichkeiten/smartphone-app/iphone-kostenlos-orten-mit-icloud/ HTTP/2.0" 200 84506 "-" "Mozilla/5.0 (compatible; MJ12bot/v2.0.5; http://mj12bot.com/)"
51.68.111.214 - - [28/Jul/2026:16:06:30 +0200] "GET /handyortung/ortungsverfahren-und-moeglichkeiten/smartphone-app/mit-google-das-handy-finden/ HTTP/2.0" 200 85744 "-" "Mozilla/5.0 (compatible; MJ12bot/v2.0.5; http://mj12bot.com/)"
49.146.42.133 - - [28/Jul/2026:16:06:31 +0200] "POST /xmlrpc.php HTTP/2.0" 200 403 "-" "Jetpack by WordPress.com"
41.59.202.142 - - [28/Jul/2026:16:06:31 +0200] "POST /xmlrpc.php HTTP/2.0" 200 403 "-" "WordPress.com; https://wordpress.com"
49.146.42.133 - - [28/Jul/2026:16:06:41 +0200] "POST /xmlrpc.php HTTP/2.0" 200 403 "-" "Jetpack by WordPress.com"
41.59.202.142 - - [28/Jul/2026:16:06:42 +0200] "POST /xmlrpc.php HTTP/2.0" 200 403 "-" "Jetpack by WordPress.com"
49.146.42.133 - - [28/Jul/2026:16:06:52 +0200] "POST /xmlrpc.php HTTP/2.0" 200 403 "-" "Jetpack by WordPress.com"
41.59.202.142 - - [28/Jul/2026:16:06:52 +0200] "POST /xmlrpc.php HTTP/2.0" 200 403 "-" "Jetpack/13.0; WordPress/6.1; http://site21603053.com"
49.146.42.133 - - [28/Jul/2026:16:07:02 +0200] "POST /xmlrpc.php HTTP/2.0" 200 403 "-" "Jetpack by WordPress.com"
41.59.202.142 - - [28/Jul/2026:16:07:03 +0200] "POST /xmlrpc.php HTTP/2.0" 200 403 "-" "Jetpack/12.5; WordPress/6.4; http://site11384933.com"
49.146.42.133 - - [28/Jul/2026:16:07:13 +0200] "POST /xmlrpc.php HTTP/2.0" 200 403 "-" "Jetpack by WordPress.com (Jetpack 12.5; WordPress 6.4)"
41.59.202.142 - - [28/Jul/2026:16:07:13 +0200] "POST /xmlrpc.php HTTP/2.0" 200 403 "-" "Jetpack/12.1; WordPress/6.4; http://site90750131.com"
49.146.42.133 - - [28/Jul/2026:16:07:24 +0200] "POST /xmlrpc.php HTTP/2.0" 200 403 "-" "WordPress.com; https://wordpress.com"
41.59.202.142 - - [28/Jul/2026:16:07:24 +0200] "POST /xmlrpc.php HTTP/2.0" 200 403 "-" "Jetpack by WordPress.com (Jetpack 12.1; WordPress 6.4)"
49.146.42.133 - - [28/Jul/2026:16:07:34 +0200] "POST /xmlrpc.php HTTP/2.0" 200 403 "-" "Jetpack by WordPress.com"
41.59.202.142 - - [28/Jul/2026:16:07:35 +0200] "POST /xmlrpc.php HTTP/2.0" 200 403 "-" "Jetpack by WordPress.com (Jetpack 12.5; WordPress 6.3)"
49.146.42.133 - - [28/Jul/2026:16:07:45 +0200] "POST /xmlrpc.php HTTP/2.0" 200 403 "-" "Jetpack by WordPress.com"
41.59.202.142 - - [28/Jul/2026:16:07:45 +0200] "POST /xmlrpc.php HTTP/2.0" 200 403 "-" "Jetpack by WordPress.com (Jetpack 12.0; WordPress 6.1)"
49.146.42.133 - - [28/Jul/2026:16:07:55 +0200] "POST /xmlrpc.php HTTP/2.0" 200 403 "-" "WordPress.com; https://wordpress.com"
41.59.202.142 - - [28/Jul/2026:16:07:56 +0200] "POST /xmlrpc.php HTTP/2.0" 200 403 "-" "WordPress.com; https://wordpress.com"
49.146.42.133 - - [28/Jul/2026:16:08:06 +0200] "POST /xmlrpc.php HTTP/2.0" 200 403 "-" "Jetpack by WordPress.com"
41.59.202.142 - - [28/Jul/2026:16:08:07 +0200] "POST /xmlrpc.php HTTP/2.0" 200 403 "-" "WordPress.com; https://wordpress.com"
49.146.42.133 - - [28/Jul/2026:16:08:16 +0200] "POST /xmlrpc.php HTTP/2.0" 200 403 "-" "Jetpack/12.1; WordPress/6.1; http://site11227213.com"
41.59.202.142 - - [28/Jul/2026:16:08:17 +0200] "POST /xmlrpc.php HTTP/2.0" 200 403 "-" "Jetpack by WordPress.com (Jetpack 12.5; WordPress 6.2)"
49.146.42.133 - - [28/Jul/2026:16:08:27 +0200] "POST /xmlrpc.php HTTP/2.0" 200 403 "-" "Jetpack/12.5; WordPress/6.2; http://site92034072.com"
41.59.202.142 - - [28/Jul/2026:16:08:28 +0200] "POST /xmlrpc.php HTTP/2.0" 200 403 "-" "Jetpack by WordPress.com (Jetpack 12.0; WordPress 6.3)"
49.146.42.133 - - [28/Jul/2026:16:08:37 +0200] "POST /xmlrpc.php HTTP/2.0" 200 403 "-" "Jetpack by WordPress.com (Jetpack 12.0; WordPress 6.3)"
41.59.202.142 - - [28/Jul/2026:16:08:39 +0200] "POST /xmlrpc.php HTTP/2.0" 200 403 "-" "WordPress.com; https://wordpress.com"
49.146.42.133 - - [28/Jul/2026:16:08:48 +0200] "POST /xmlrpc.php HTTP/2.0" 200 403 "-" "WordPress.com; https://wordpress.com"
41.59.202.142 - - [28/Jul/2026:16:08:49 +0200] "POST /xmlrpc.php HTTP/2.0" 200 403 "-" "Jetpack by WordPress.com"
49.146.42.133 - - [28/Jul/2026:16:08:58 +0200] "POST /xmlrpc.php HTTP/2.0" 200 403 "-" "WordPress.com; https://wordpress.com"
41.59.202.142 - - [28/Jul/2026:16:09:00 +0200] "POST /xmlrpc.php HTTP/2.0" 200 403 "-" "Jetpack/13.0; WordPress/6.2; http://site26893323.com"
49.146.42.133 - - [28/Jul/2026:16:09:09 +0200] "POST /xmlrpc.php HTTP/2.0" 200 403 "-" "Jetpack/12.1; WordPress/6.4; http://site13450384.com"
41.59.202.142 - - [28/Jul/2026:16:09:10 +0200] "POST /xmlrpc.php HTTP/2.0" 200 403 "-" "Jetpack/12.1; WordPress/6.2; http://site38284612.com"
49.146.42.133 - - [28/Jul/2026:16:09:20 +0200] "POST /xmlrpc.php HTTP/2.0" 200 403 "-" "WordPress.com; https://wordpress.com"
41.59.202.142 - - [28/Jul/2026:16:09:21 +0200] "POST /xmlrpc.php HTTP/2.0" 200 403 "-" "Jetpack by WordPress.com (Jetpack 12.0; WordPress 6.2)"
49.146.42.133 - - [28/Jul/2026:16:09:30 +0200] "POST /xmlrpc.php HTTP/2.0" 200 403 "-" "Jetpack by WordPress.com"
41.59.202.142 - - [28/Jul/2026:16:09:32 +0200] "POST /xmlrpc.php HTTP/2.0" 200 403 "-" "Jetpack/13.0; WordPress/6.3; http://site39508771.com"
49.146.42.133 - - [28/Jul/2026:16:09:42 +0200] "POST /xmlrpc.php HTTP/2.0" 200 403 "-" "WordPress.com; https://wordpress.com"
2a03:4000:59:e65:94e2:deff:fe0e:57ac - - [28/Jul/2026:16:09:42 +0200] "POST /wp-cron.php?doing_wp_cron=1785247781.3074390888214111328125 HTTP/2.0" 200 20 "https://www.handy-sofort-orten.de/wp-cron.php?doing_wp_cron=1785247781.3074390888214111328125" "WordPress/4.7.8; https://www.handy-sofort-orten.de"
41.59.202.142 - - [28/Jul/2026:16:09:42 +0200] "POST /xmlrpc.php HTTP/2.0" 200 403 "-" "WordPress.com; https://wordpress.com"
49.146.42.133 - - [28/Jul/2026:16:09:51 +0200] "POST /xmlrpc.php HTTP/2.0" 200 403 "-" "Jetpack by WordPress.com"
41.59.202.142 - - [28/Jul/2026:16:09:53 +0200] "POST /xmlrpc.php HTTP/2.0" 200 403 "-" "Jetpack by WordPress.com"
49.146.42.133 - - [28/Jul/2026:16:10:02 +0200] "POST /xmlrpc.php HTTP/2.0" 200 403 "-" "Jetpack by WordPress.com"
41.59.202.142 - - [28/Jul/2026:16:10:04 +0200] "POST /xmlrpc.php HTTP/2.0" 200 403 "-" "WordPress.com; https://wordpress.com"
49.146.42.133 - - [28/Jul/2026:16:10:12 +0200] "POST /xmlrpc.php HTTP/2.0" 200 403 "-" "WordPress.com; https://wordpress.com"
41.59.202.142 - - [28/Jul/2026:16:10:14 +0200] "POST /xmlrpc.php HTTP/2.0" 200 403 "-" "Jetpack by WordPress.com"
192.177.122.152 - - [28/Jul/2026:16:10:18 +0200] "GET / HTTP/2.0" 200 87750 "-" "Mozilla/5.0 (Macintosh; Intel Mac OS X 10_15_7) AppleWebKit/537.36 (KHTML, like Gecko) Chrome/148.0.0.0 Safari/537.36"
49.146.42.133 - - [28/Jul/2026:16:10:23 +0200] "POST /xmlrpc.php HTTP/2.0" 200 403 "-" "WordPress.com; https://wordpress.com"
41.59.202.142 - - [28/Jul/2026:16:10:25 +0200] "POST /xmlrpc.php HTTP/2.0" 200 403 "-" "Jetpack/12.5; WordPress/6.3; http://site35049027.com"
49.146.42.133 - - [28/Jul/2026:16:10:34 +0200] "POST /xmlrpc.php HTTP/2.0" 200 403 "-" "Jetpack by WordPress.com"
41.59.202.142 - - [28/Jul/2026:16:10:36 +0200] "POST /xmlrpc.php HTTP/2.0" 200 403 "-" "Jetpack/13.0; WordPress/6.3; http://site28763974.com"
49.146.42.133 - - [28/Jul/2026:16:10:44 +0200] "POST /xmlrpc.php HTTP/2.0" 200 403 "-" "Jetpack by WordPress.com (Jetpack 12.0; WordPress 6.3)"
41.59.202.142 - - [28/Jul/2026:16:10:46 +0200] "POST /xmlrpc.php HTTP/2.0" 200 403 "-" "Jetpack/12.1; WordPress/6.2; http://site99379194.com"
49.146.42.133 - - [28/Jul/2026:16:10:55 +0200] "POST /xmlrpc.php HTTP/2.0" 200 403 "-" "WordPress.com; https://wordpress.com"
41.59.202.142 - - [28/Jul/2026:16:10:57 +0200] "POST /xmlrpc.php HTTP/2.0" 200 403 "-" "Jetpack by WordPress.com"
49.146.42.133 - - [28/Jul/2026:16:11:05 +0200] "POST /xmlrpc.php HTTP/2.0" 200 403 "-" "WordPress.com; https://wordpress.com"
41.59.202.142 - - [28/Jul/2026:16:11:07 +0200] "POST /xmlrpc.php HTTP/2.0" 200 403 "-" "Jetpack by WordPress.com"
49.146.42.133 - - [28/Jul/2026:16:11:16 +0200] "POST /xmlrpc.php HTTP/2.0" 200 403 "-" "WordPress.com; https://wordpress.com"
41.59.202.142 - - [28/Jul/2026:16:11:18 +0200] "POST /xmlrpc.php HTTP/2.0" 200 403 "-" "WordPress.com; https://wordpress.com"
49.146.42.133 - - [28/Jul/2026:16:11:26 +0200] "POST /xmlrpc.php HTTP/2.0" 200 403 "-" "WordPress.com; https://wordpress.com"
41.59.202.142 - - [28/Jul/2026:16:11:29 +0200] "POST /xmlrpc.php HTTP/2.0" 200 403 "-" "Jetpack by WordPress.com"
49.146.42.133 - - [28/Jul/2026:16:11:37 +0200] "POST /xmlrpc.php HTTP/2.0" 200 403 "-" "Jetpack by WordPress.com (Jetpack 13.0; WordPress 6.1)"
41.59.202.142 - - [28/Jul/2026:16:11:39 +0200] "POST /xmlrpc.php HTTP/2.0" 200 403 "-" "Jetpack by WordPress.com"
49.146.42.133 - - [28/Jul/2026:16:11:47 +0200] "POST /xmlrpc.php HTTP/2.0" 200 403 "-" "Jetpack by WordPress.com (Jetpack 12.1; WordPress 6.3)"
41.59.202.142 - - [28/Jul/2026:16:11:50 +0200] "POST /xmlrpc.php HTTP/2.0" 200 403 "-" "Jetpack/12.1; WordPress/6.3; http://site65710691.com"
49.146.42.133 - - [28/Jul/2026:16:11:58 +0200] "POST /xmlrpc.php HTTP/2.0" 200 403 "-" "WordPress.com; https://wordpress.com"
41.59.202.142 - - [28/Jul/2026:16:12:01 +0200] "POST /xmlrpc.php HTTP/2.0" 200 403 "-" "Jetpack/12.5; WordPress/6.2; http://site28888946.com"
49.146.42.133 - - [28/Jul/2026:16:12:08 +0200] "POST /xmlrpc.php HTTP/2.0" 200 403 "-" "Jetpack/12.5; WordPress/6.2; http://site92649441.com"
41.59.202.142 - - [28/Jul/2026:16:12:11 +0200] "POST /xmlrpc.php HTTP/2.0" 200 403 "-" "Jetpack by WordPress.com (Jetpack 12.0; WordPress 6.4)"
49.146.42.133 - - [28/Jul/2026:16:12:19 +0200] "POST /xmlrpc.php HTTP/2.0" 200 403 "-" "WordPress.com; https://wordpress.com"
41.59.202.142 - - [28/Jul/2026:16:12:22 +0200] "POST /xmlrpc.php HTTP/2.0" 200 403 "-" "WordPress.com; https://wordpress.com"
49.146.42.133 - - [28/Jul/2026:16:12:30 +0200] "POST /xmlrpc.php HTTP/2.0" 200 403 "-" "Jetpack by WordPress.com (Jetpack 13.0; WordPress 6.2)"
41.59.202.142 - - [28/Jul/2026:16:12:33 +0200] "POST /xmlrpc.php HTTP/2.0" 200 403 "-" "Jetpack/12.5; WordPress/6.4; http://site26728975.com"
49.146.42.133 - - [28/Jul/2026:16:12:40 +0200] "POST /xmlrpc.php HTTP/2.0" 200 403 "-" "Jetpack/12.1; WordPress/6.1; http://site71387102.com"
41.59.202.142 - - [28/Jul/2026:16:12:43 +0200] "POST /xmlrpc.php HTTP/2.0" 200 403 "-" "Jetpack by WordPress.com"
49.146.42.133 - - [28/Jul/2026:16:12:51 +0200] "POST /xmlrpc.php HTTP/2.0" 200 403 "-" "Jetpack/12.0; WordPress/6.2; http://site20554463.com"
41.59.202.142 - - [28/Jul/2026:16:12:54 +0200] "POST /xmlrpc.php HTTP/2.0" 200 403 "-" "WordPress.com; https://wordpress.com"
49.146.42.133 - - [28/Jul/2026:16:13:01 +0200] "POST /xmlrpc.php HTTP/2.0" 200 403 "-" "Jetpack/12.5; WordPress/6.1; http://site18977846.com"
41.59.202.142 - - [28/Jul/2026:16:13:04 +0200] "POST /xmlrpc.php HTTP/2.0" 200 403 "-" "Jetpack by WordPress.com"
49.146.42.133 - - [28/Jul/2026:16:13:12 +0200] "POST /xmlrpc.php HTTP/2.0" 200 403 "-" "Jetpack/12.1; WordPress/6.1; http://site80454296.com"
41.59.202.142 - - [28/Jul/2026:16:13:15 +0200] "POST /xmlrpc.php HTTP/2.0" 200 403 "-" "Jetpack by WordPress.com"
49.146.42.133 - - [28/Jul/2026:16:13:22 +0200] "POST /xmlrpc.php HTTP/2.0" 200 403 "-" "Jetpack/12.5; WordPress/6.4; http://site13463681.com"
41.59.202.142 - - [28/Jul/2026:16:13:26 +0200] "POST /xmlrpc.php HTTP/2.0" 200 403 "-" "Jetpack by WordPress.com (Jetpack 12.0; WordPress 6.1)"
49.146.42.133 - - [28/Jul/2026:16:13:33 +0200] "POST /xmlrpc.php HTTP/2.0" 200 403 "-" "Jetpack by WordPress.com"
41.59.202.142 - - [28/Jul/2026:16:13:36 +0200] "POST /xmlrpc.php HTTP/2.0" 200 403 "-" "WordPress.com; https://wordpress.com"
49.146.42.133 - - [28/Jul/2026:16:13:43 +0200] "POST /xmlrpc.php HTTP/2.0" 200 403 "-" "WordPress.com; https://wordpress.com"
41.59.202.142 - - [28/Jul/2026:16:13:47 +0200] "POST /xmlrpc.php HTTP/2.0" 200 403 "-" "Jetpack by WordPress.com (Jetpack 13.0; WordPress 6.2)"
49.146.42.133 - - [28/Jul/2026:16:13:54 +0200] "POST /xmlrpc.php HTTP/2.0" 200 403 "-" "Jetpack/13.0; WordPress/6.1; http://site30155837.com"
41.59.202.142 - - [28/Jul/2026:16:13:58 +0200] "POST /xmlrpc.php HTTP/2.0" 200 403 "-" "WordPress.com; https://wordpress.com"
2a03:4000:59:e65:94e2:deff:fe0e:57ac - - [28/Jul/2026:16:14:05 +0200] "POST /wp-cron.php?doing_wp_cron=1785248044.9426360130310058593750 HTTP/2.0" 200 20 "https://www.handy-sofort-orten.de/wp-cron.php?doing_wp_cron=1785248044.9426360130310058593750" "WordPress/4.7.8; https://www.handy-sofort-orten.de"
49.146.42.133 - - [28/Jul/2026:16:14:05 +0200] "POST /xmlrpc.php HTTP/2.0" 200 403 "-" "Jetpack by WordPress.com (Jetpack 13.0; WordPress 6.1)"
41.59.202.142 - - [28/Jul/2026:16:14:08 +0200] "POST /xmlrpc.php HTTP/2.0" 200 403 "-" "Jetpack by WordPress.com (Jetpack 12.0; WordPress 6.3)"
49.146.42.133 - - [28/Jul/2026:16:14:15 +0200] "POST /xmlrpc.php HTTP/2.0" 200 403 "-" "Jetpack by WordPress.com (Jetpack 12.1; WordPress 6.4)"
41.59.202.142 - - [28/Jul/2026:16:14:19 +0200] "POST /xmlrpc.php HTTP/2.0" 200 403 "-" "Jetpack/12.0; WordPress/6.1; http://site38802036.com"
49.146.42.133 - - [28/Jul/2026:16:14:26 +0200] "POST /xmlrpc.php HTTP/2.0" 200 403 "-" "Jetpack by WordPress.com (Jetpack 12.0; WordPress 6.2)"
41.59.202.142 - - [28/Jul/2026:16:14:29 +0200] "POST /xmlrpc.php HTTP/2.0" 200 403 "-" "Jetpack by WordPress.com"
49.146.42.133 - - [28/Jul/2026:16:14:36 +0200] "POST /xmlrpc.php HTTP/2.0" 200 403 "-" "Jetpack/12.0; WordPress/6.4; http://site69906769.com"
41.59.202.142 - - [28/Jul/2026:16:14:40 +0200] "POST /xmlrpc.php HTTP/2.0" 200 403 "-" "Jetpack by WordPress.com (Jetpack 12.1; WordPress 6.2)"
49.146.42.133 - - [28/Jul/2026:16:14:47 +0200] "POST /xmlrpc.php HTTP/2.0" 200 403 "-" "Jetpack by WordPress.com (Jetpack 12.1; WordPress 6.3)"
41.59.202.142 - - [28/Jul/2026:16:14:51 +0200] "POST /xmlrpc.php HTTP/2.0" 200 403 "-" "Jetpack by WordPress.com (Jetpack 12.5; WordPress 6.3)"
17.246.23.241 - - [28/Jul/2026:16:14:57 +0200] "GET /ortung/kinderortung-mit-gps/ HTTP/2.0" 200 62107 "-" "Mozilla/5.0 (Macintosh; Intel Mac OS X 10_15_7) AppleWebKit/605.1.15 (KHTML, like Gecko) Version/17.4 Safari/605.1.15 (Applebot/0.1; +http://www.apple.com/go/applebot)"
49.146.42.133 - - [28/Jul/2026:16:14:57 +0200] "POST /xmlrpc.php HTTP/2.0" 200 403 "-" "Jetpack/12.0; WordPress/6.2; http://site61613674.com"
41.59.202.142 - - [28/Jul/2026:16:15:02 +0200] "POST /xmlrpc.php HTTP/2.0" 200 403 "-" "Jetpack by WordPress.com"
49.146.42.133 - - [28/Jul/2026:16:15:08 +0200] "POST /xmlrpc.php HTTP/2.0" 200 403 "-" "WordPress.com; https://wordpress.com"
41.59.202.142 - - [28/Jul/2026:16:15:12 +0200] "POST /xmlrpc.php HTTP/2.0" 200 403 "-" "Jetpack by WordPress.com"
49.146.42.133 - - [28/Jul/2026:16:15:18 +0200] "POST /xmlrpc.php HTTP/2.0" 200 403 "-" "Jetpack by WordPress.com"
41.59.202.142 - - [28/Jul/2026:16:15:23 +0200] "POST /xmlrpc.php HTTP/2.0" 200 403 "-" "Jetpack by WordPress.com"
49.146.42.133 - - [28/Jul/2026:16:15:29 +0200] "POST /xmlrpc.php HTTP/2.0" 200 403 "-" "Jetpack by WordPress.com"
41.59.202.142 - - [28/Jul/2026:16:15:33 +0200] "POST /xmlrpc.php HTTP/2.0" 200 403 "-" "Jetpack/12.0; WordPress/6.4; http://site14722321.com"
49.146.42.133 - - [28/Jul/2026:16:15:39 +0200] "POST /xmlrpc.php HTTP/2.0" 200 403 "-" "WordPress.com; https://wordpress.com"
41.59.202.142 - - [28/Jul/2026:16:15:44 +0200] "POST /xmlrpc.php HTTP/2.0" 200 403 "-" "Jetpack by WordPress.com"
49.146.42.133 - - [28/Jul/2026:16:15:50 +0200] "POST /xmlrpc.php HTTP/2.0" 200 403 "-" "Jetpack/13.0; WordPress/6.4; http://site99174240.com"
41.59.202.142 - - [28/Jul/2026:16:15:55 +0200] "POST /xmlrpc.php HTTP/2.0" 200 403 "-" "Jetpack by WordPress.com"
49.146.42.133 - - [28/Jul/2026:16:16:01 +0200] "POST /xmlrpc.php HTTP/2.0" 200 403 "-" "Jetpack/12.5; WordPress/6.1; http://site13719737.com"
41.59.202.142 - - [28/Jul/2026:16:16:05 +0200] "POST /xmlrpc.php HTTP/2.0" 200 403 "-" "Jetpack by WordPress.com"
49.146.42.133 - - [28/Jul/2026:16:16:11 +0200] "POST /xmlrpc.php HTTP/2.0" 200 403 "-" "Jetpack by WordPress.com"
41.59.202.142 - - [28/Jul/2026:16:16:16 +0200] "POST /xmlrpc.php HTTP/2.0" 200 403 "-" "WordPress.com; https://wordpress.com"
49.146.42.133 - - [28/Jul/2026:16:16:22 +0200] "POST /xmlrpc.php HTTP/2.0" 200 403 "-" "Jetpack by WordPress.com"
41.59.202.142 - - [28/Jul/2026:16:16:27 +0200] "POST /xmlrpc.php HTTP/2.0" 200 403 "-" "Jetpack by WordPress.com"
49.146.42.133 - - [28/Jul/2026:16:16:32 +0200] "POST /xmlrpc.php HTTP/2.0" 200 403 "-" "Jetpack/13.0; WordPress/6.1; http://site44697820.com"
41.59.202.142 - - [28/Jul/2026:16:16:37 +0200] "POST /xmlrpc.php HTTP/2.0" 200 403 "-" "Jetpack by WordPress.com (Jetpack 12.1; WordPress 6.4)"
49.146.42.133 - - [28/Jul/2026:16:16:43 +0200] "POST /xmlrpc.php HTTP/2.0" 200 403 "-" "Jetpack by WordPress.com"
41.59.202.142 - - [28/Jul/2026:16:16:48 +0200] "POST /xmlrpc.php HTTP/2.0" 200 403 "-" "Jetpack/13.0; WordPress/6.1; http://site75899547.com"
49.146.42.133 - - [28/Jul/2026:16:16:53 +0200] "POST /xmlrpc.php HTTP/2.0" 200 403 "-" "Jetpack by WordPress.com"
41.59.202.142 - - [28/Jul/2026:16:16:58 +0200] "POST /xmlrpc.php HTTP/2.0" 200 403 "-" "Jetpack/12.1; WordPress/6.4; http://site92996497.com"
20.226.5.174 - - [28/Jul/2026:16:17:00 +0200] "GET /content.php HTTP/2.0" 404 897 "-" "Mozilla/5.0 (Windows NT 10.0; Win64; x64) AppleWebKit/537.36 (KHTML, like Gecko) Chrome/120.0.0.0 Safari/537.36"
20.226.5.174 - - [28/Jul/2026:16:17:01 +0200] "GET /cream1.php HTTP/2.0" 404 897 "-" "Mozilla/5.0 (Windows NT 10.0; Win64; x64) AppleWebKit/537.36 (KHTML, like Gecko) Chrome/120.0.0.0 Safari/537.36"
20.226.5.174 - - [28/Jul/2026:16:17:01 +0200] "GET /css.php HTTP/2.0" 404 897 "-" "Mozilla/5.0 (Windows NT 10.0; Win64; x64) AppleWebKit/537.36 (KHTML, like Gecko) Chrome/120.0.0.0 Safari/537.36"
20.226.5.174 - - [28/Jul/2026:16:17:02 +0200] "GET /css/class-wp-http-client.php HTTP/2.0" 404 897 "-" "Mozilla/5.0 (Windows NT 10.0; Win64; x64) AppleWebKit/537.36 (KHTML, like Gecko) Chrome/120.0.0.0 Safari/537.36"
20.226.5.174 - - [28/Jul/2026:16:17:02 +0200] "GET /css/index.php HTTP/2.0" 404 897 "-" "Mozilla/5.0 (Windows NT 10.0; Win64; x64) AppleWebKit/537.36 (KHTML, like Gecko) Chrome/120.0.0.0 Safari/537.36"
20.226.5.174 - - [28/Jul/2026:16:17:02 +0200] "GET /ctex1.php HTTP/2.0" 404 897 "-" "Mozilla/5.0 (Windows NT 10.0; Win64; x64) AppleWebKit/537.36 (KHTML, like Gecko) Chrome/120.0.0.0 Safari/537.36"
20.226.5.174 - - [28/Jul/2026:16:17:02 +0200] "GET /database.php HTTP/2.0" 404 897 "-" "Mozilla/5.0 (Windows NT 10.0; Win64; x64) AppleWebKit/537.36 (KHTML, like Gecko) Chrome/120.0.0.0 Safari/537.36"
20.226.5.174 - - [28/Jul/2026:16:17:02 +0200] "GET /db.php HTTP/2.0" 404 897 "-" "Mozilla/5.0 (Windows NT 10.0; Win64; x64) AppleWebKit/537.36 (KHTML, like Gecko) Chrome/120.0.0.0 Safari/537.36"
20.226.5.174 - - [28/Jul/2026:16:17:03 +0200] "GET /deepseek_d.php HTTP/2.0" 404 897 "-" "Mozilla/5.0 (Windows NT 10.0; Win64; x64) AppleWebKit/537.36 (KHTML, like Gecko) Chrome/120.0.0.0 Safari/537.36"
20.226.5.174 - - [28/Jul/2026:16:17:03 +0200] "GET /default.php HTTP/2.0" 404 897 "-" "Mozilla/5.0 (Windows NT 10.0; Win64; x64) AppleWebKit/537.36 (KHTML, like Gecko) Chrome/120.0.0.0 Safari/537.36"
20.226.5.174 - - [28/Jul/2026:16:17:03 +0200] "GET /diagnostic.php HTTP/2.0" 404 897 "-" "Mozilla/5.0 (Windows NT 10.0; Win64; x64) AppleWebKit/537.36 (KHTML, like Gecko) Chrome/120.0.0.0 Safari/537.36"
20.226.5.174 - - [28/Jul/2026:16:17:03 +0200] "GET /doc.php HTTP/2.0" 404 897 "-" "Mozilla/5.0 (Windows NT 10.0; Win64; x64) AppleWebKit/537.36 (KHTML, like Gecko) Chrome/120.0.0.0 Safari/537.36"
20.226.5.174 - - [28/Jul/2026:16:17:04 +0200] "GET /dropdown.php HTTP/2.0" 404 897 "-" "Mozilla/5.0 (Windows NT 10.0; Win64; x64) AppleWebKit/537.36 (KHTML, like Gecko) Chrome/120.0.0.0 Safari/537.36"
20.226.5.174 - - [28/Jul/2026:16:17:04 +0200] "GET /edit-tags.php HTTP/2.0" 404 897 "-" "Mozilla/5.0 (Windows NT 10.0; Win64; x64) AppleWebKit/537.36 (KHTML, like Gecko) Chrome/120.0.0.0 Safari/537.36"
49.146.42.133 - - [28/Jul/2026:16:17:04 +0200] "POST /xmlrpc.php HTTP/2.0" 200 403 "-" "WordPress.com; https://wordpress.com"
20.226.5.174 - - [28/Jul/2026:16:17:04 +0200] "GET /edit.php HTTP/2.0" 404 897 "-" "Mozilla/5.0 (Windows NT 10.0; Win64; x64) AppleWebKit/537.36 (KHTML, like Gecko) Chrome/120.0.0.0 Safari/537.36"
20.226.5.174 - - [28/Jul/2026:16:17:04 +0200] "GET /elp.php HTTP/2.0" 404 897 "-" "Mozilla/5.0 (Windows NT 10.0; Win64; x64) AppleWebKit/537.36 (KHTML, like Gecko) Chrome/120.0.0.0 Safari/537.36"
20.226.5.174 - - [28/Jul/2026:16:17:05 +0200] "GET /error.php HTTP/2.0" 404 897 "-" "Mozilla/5.0 (Windows NT 10.0; Win64; x64) AppleWebKit/537.36 (KHTML, like Gecko) Chrome/120.0.0.0 Safari/537.36"
20.226.5.174 - - [28/Jul/2026:16:17:05 +0200] "GET /f35.php HTTP/2.0" 404 897 "-" "Mozilla/5.0 (Windows NT 10.0; Win64; x64) AppleWebKit/537.36 (KHTML, like Gecko) Chrome/120.0.0.0 Safari/537.36"
20.226.5.174 - - [28/Jul/2026:16:17:05 +0200] "GET /faq.php HTTP/2.0" 404 897 "-" "Mozilla/5.0 (Windows NT 10.0; Win64; x64) AppleWebKit/537.36 (KHTML, like Gecko) Chrome/120.0.0.0 Safari/537.36"
20.226.5.174 - - [28/Jul/2026:16:17:05 +0200] "GET /faze.php HTTP/2.0" 404 897 "-" "Mozilla/5.0 (Windows NT 10.0; Win64; x64) AppleWebKit/537.36 (KHTML, like Gecko) Chrome/120.0.0.0 Safari/537.36"
20.226.5.174 - - [28/Jul/2026:16:17:06 +0200] "GET /fffm.php HTTP/2.0" 404 897 "-" "Mozilla/5.0 (Windows NT 10.0; Win64; x64) AppleWebKit/537.36 (KHTML, like Gecko) Chrome/120.0.0.0 Safari/537.36"
20.226.5.174 - - [28/Jul/2026:16:17:06 +0200] "GET /file.php HTTP/2.0" 404 897 "-" "Mozilla/5.0 (Windows NT 10.0; Win64; x64) AppleWebKit/537.36 (KHTML, like Gecko) Chrome/120.0.0.0 Safari/537.36"
20.226.5.174 - - [28/Jul/2026:16:17:06 +0200] "GET /file2.php HTTP/2.0" 404 897 "-" "Mozilla/5.0 (Windows NT 10.0; Win64; x64) AppleWebKit/537.36 (KHTML, like Gecko) Chrome/120.0.0.0 Safari/537.36"
20.226.5.174 - - [28/Jul/2026:16:17:06 +0200] "GET /file5.php HTTP/2.0" 404 897 "-" "Mozilla/5.0 (Windows NT 10.0; Win64; x64) AppleWebKit/537.36 (KHTML, like Gecko) Chrome/120.0.0.0 Safari/537.36"
20.226.5.174 - - [28/Jul/2026:16:17:07 +0200] "GET /file6.php HTTP/2.0" 404 897 "-" "Mozilla/5.0 (Windows NT 10.0; Win64; x64) AppleWebKit/537.36 (KHTML, like Gecko) Chrome/120.0.0.0 Safari/537.36"
20.226.5.174 - - [28/Jul/2026:16:17:07 +0200] "GET /file61.php HTTP/2.0" 404 897 "-" "Mozilla/5.0 (Windows NT 10.0; Win64; x64) AppleWebKit/537.36 (KHTML, like Gecko) Chrome/120.0.0.0 Safari/537.36"
20.226.5.174 - - [28/Jul/2026:16:17:07 +0200] "GET /filemanager.php HTTP/2.0" 404 897 "-" "Mozilla/5.0 (Windows NT 10.0; Win64; x64) AppleWebKit/537.36 (KHTML, like Gecko) Chrome/120.0.0.0 Safari/537.36"
20.226.5.174 - - [28/Jul/2026:16:17:07 +0200] "GET /files.php HTTP/2.0" 404 897 "-" "Mozilla/5.0 (Windows NT 10.0; Win64; x64) AppleWebKit/537.36 (KHTML, like Gecko) Chrome/120.0.0.0 Safari/537.36"
20.226.5.174 - - [28/Jul/2026:16:17:08 +0200] "GET /files/ HTTP/2.0" 404 897 "-" "Mozilla/5.0 (Windows NT 10.0; Win64; x64) AppleWebKit/537.36 (KHTML, like Gecko) Chrome/120.0.0.0 Safari/537.36"
20.226.5.174 - - [28/Jul/2026:16:17:08 +0200] "GET /fm.php HTTP/2.0" 404 897 "-" "Mozilla/5.0 (Windows NT 10.0; Win64; x64) AppleWebKit/537.36 (KHTML, like Gecko) Chrome/120.0.0.0 Safari/537.36"
20.226.5.174 - - [28/Jul/2026:16:17:08 +0200] "GET /fone1.php HTTP/2.0" 404 897 "-" "Mozilla/5.0 (Windows NT 10.0; Win64; x64) AppleWebKit/537.36 (KHTML, like Gecko) Chrome/120.0.0.0 Safari/537.36"
20.226.5.174 - - [28/Jul/2026:16:17:09 +0200] "GET /fpwch.php HTTP/2.0" 404 897 "-" "Mozilla/5.0 (Windows NT 10.0; Win64; x64) AppleWebKit/537.36 (KHTML, like Gecko) Chrome/120.0.0.0 Safari/537.36"
20.226.5.174 - - [28/Jul/2026:16:17:09 +0200] "GET /function/function.php HTTP/2.0" 404 897 "-" "Mozilla/5.0 (Windows NT 10.0; Win64; x64) AppleWebKit/537.36 (KHTML, like Gecko) Chrome/120.0.0.0 Safari/537.36"
20.226.5.174 - - [28/Jul/2026:16:17:09 +0200] "GET /g.php HTTP/2.0" 404 897 "-" "Mozilla/5.0 (Windows NT 10.0; Win64; x64) AppleWebKit/537.36 (KHTML, like Gecko) Chrome/120.0.0.0 Safari/537.36"
41.59.202.142 - - [28/Jul/2026:16:17:09 +0200] "POST /xmlrpc.php HTTP/2.0" 200 403 "-" "Jetpack by WordPress.com (Jetpack 12.0; WordPress 6.1)"
20.226.5.174 - - [28/Jul/2026:16:17:09 +0200] "GET /gecko-new.php HTTP/2.0" 404 897 "-" "Mozilla/5.0 (Windows NT 10.0; Win64; x64) AppleWebKit/537.36 (KHTML, like Gecko) Chrome/120.0.0.0 Safari/537.36"
20.226.5.174 - - [28/Jul/2026:16:17:10 +0200] "GET /gettest.php HTTP/2.0" 404 897 "-" "Mozilla/5.0 (Windows NT 10.0; Win64; x64) AppleWebKit/537.36 (KHTML, like Gecko) Chrome/120.0.0.0 Safari/537.36"
20.226.5.174 - - [28/Jul/2026:16:17:10 +0200] "GET /gg.php HTTP/2.0" 404 897 "-" "Mozilla/5.0 (Windows NT 10.0; Win64; x64) AppleWebKit/537.36 (KHTML, like Gecko) Chrome/120.0.0.0 Safari/537.36"
20.226.5.174 - - [28/Jul/2026:16:17:10 +0200] "GET /gmo.php HTTP/2.0" 404 897 "-" "Mozilla/5.0 (Windows NT 10.0; Win64; x64) AppleWebKit/537.36 (KHTML, like Gecko) Chrome/120.0.0.0 Safari/537.36"
20.226.5.174 - - [28/Jul/2026:16:17:10 +0200] "GET /goods HTTP/2.0" 404 897 "-" "Mozilla/5.0 (Windows NT 10.0; Win64; x64) AppleWebKit/537.36 (KHTML, like Gecko) Chrome/120.0.0.0 Safari/537.36"
20.226.5.174 - - [28/Jul/2026:16:17:11 +0200] "GET /goods.php HTTP/2.0" 404 897 "-" "Mozilla/5.0 (Windows NT 10.0; Win64; x64) AppleWebKit/537.36 (KHTML, like Gecko) Chrome/120.0.0.0 Safari/537.36"
20.226.5.174 - - [28/Jul/2026:16:17:11 +0200] "GET /gulu.php HTTP/2.0" 404 897 "-" "Mozilla/5.0 (Windows NT 10.0; Win64; x64) AppleWebKit/537.36 (KHTML, like Gecko) Chrome/120.0.0.0 Safari/537.36"
20.226.5.174 - - [28/Jul/2026:16:17:11 +0200] "GET /h.php HTTP/2.0" 404 897 "-" "Mozilla/5.0 (Windows NT 10.0; Win64; x64) AppleWebKit/537.36 (KHTML, like Gecko) Chrome/120.0.0.0 Safari/537.36"
20.226.5.174 - - [28/Jul/2026:16:17:12 +0200] "GET /help.php HTTP/2.0" 404 897 "-" "Mozilla/5.0 (Windows NT 10.0; Win64; x64) AppleWebKit/537.36 (KHTML, like Gecko) Chrome/120.0.0.0 Safari/537.36"
20.226.5.174 - - [28/Jul/2026:16:17:12 +0200] "GET /hope.php HTTP/2.0" 404 897 "-" "Mozilla/5.0 (Windows NT 10.0; Win64; x64) AppleWebKit/537.36 (KHTML, like Gecko) Chrome/120.0.0.0 Safari/537.36"
20.226.5.174 - - [28/Jul/2026:16:17:12 +0200] "GET /hplfuns.php HTTP/2.0" 404 897 "-" "Mozilla/5.0 (Windows NT 10.0; Win64; x64) AppleWebKit/537.36 (KHTML, like Gecko) Chrome/120.0.0.0 Safari/537.36"
20.226.5.174 - - [28/Jul/2026:16:17:12 +0200] "GET /i.php HTTP/2.0" 404 897 "-" "Mozilla/5.0 (Windows NT 10.0; Win64; x64) AppleWebKit/537.36 (KHTML, like Gecko) Chrome/120.0.0.0 Safari/537.36"
20.226.5.174 - - [28/Jul/2026:16:17:13 +0200] "GET /ikscdefault.php HTTP/2.0" 404 897 "-" "Mozilla/5.0 (Windows NT 10.0; Win64; x64) AppleWebKit/537.36 (KHTML, like Gecko) Chrome/120.0.0.0 Safari/537.36"
20.226.5.174 - - [28/Jul/2026:16:17:13 +0200] "GET /images/ HTTP/2.0" 403 892 "-" "Mozilla/5.0 (Windows NT 10.0; Win64; x64) AppleWebKit/537.36 (KHTML, like Gecko) Chrome/120.0.0.0 Safari/537.36"
20.226.5.174 - - [28/Jul/2026:16:17:13 +0200] "GET /images/byp.php HTTP/2.0" 404 897 "-" "Mozilla/5.0 (Windows NT 10.0; Win64; x64) AppleWebKit/537.36 (KHTML, like Gecko) Chrome/120.0.0.0 Safari/537.36"
20.226.5.174 - - [28/Jul/2026:16:17:13 +0200] "GET /images/index.php HTTP/2.0" 404 897 "-" "Mozilla/5.0 (Windows NT 10.0; Win64; x64) AppleWebKit/537.36 (KHTML, like Gecko) Chrome/120.0.0.0 Safari/537.36"
20.226.5.174 - - [28/Jul/2026:16:17:13 +0200] "GET /img/class-wp-http-client.php HTTP/2.0" 404 897 "-" "Mozilla/5.0 (Windows NT 10.0; Win64; x64) AppleWebKit/537.36 (KHTML, like Gecko) Chrome/120.0.0.0 Safari/537.36"
20.226.5.174 - - [28/Jul/2026:16:17:14 +0200] "GET /in.php HTTP/2.0" 404 897 "-" "Mozilla/5.0 (Windows NT 10.0; Win64; x64) AppleWebKit/537.36 (KHTML, like Gecko) Chrome/120.0.0.0 Safari/537.36"
20.226.5.174 - - [28/Jul/2026:16:17:14 +0200] "GET /inc.php HTTP/2.0" 404 897 "-" "Mozilla/5.0 (Windows NT 10.0; Win64; x64) AppleWebKit/537.36 (KHTML, like Gecko) Chrome/120.0.0.0 Safari/537.36"
20.226.5.174 - - [28/Jul/2026:16:17:14 +0200] "GET /index.php HTTP/2.0" 301 0 "-" "Mozilla/5.0 (Windows NT 10.0; Win64; x64) AppleWebKit/537.36 (KHTML, like Gecko) Chrome/120.0.0.0 Safari/537.36"
20.226.5.174 - - [28/Jul/2026:16:17:14 +0200] "GET /index/function.php HTTP/2.0" 404 897 "-" "Mozilla/5.0 (Windows NT 10.0; Win64; x64) AppleWebKit/537.36 (KHTML, like Gecko) Chrome/120.0.0.0 Safari/537.36"
49.146.42.133 - - [28/Jul/2026:16:17:15 +0200] "POST /xmlrpc.php HTTP/2.0" 200 403 "-" "WordPress.com; https://wordpress.com"
20.226.5.174 - - [28/Jul/2026:16:17:15 +0200] "GET /index4.php HTTP/2.0" 404 897 "-" "Mozilla/5.0 (Windows NT 10.0; Win64; x64) AppleWebKit/537.36 (KHTML, like Gecko) Chrome/120.0.0.0 Safari/537.36"
20.226.5.174 - - [28/Jul/2026:16:17:15 +0200] "GET /info.php HTTP/2.0" 404 897 "-" "Mozilla/5.0 (Windows NT 10.0; Win64; x64) AppleWebKit/537.36 (KHTML, like Gecko) Chrome/120.0.0.0 Safari/537.36"
20.226.5.174 - - [28/Jul/2026:16:17:15 +0200] "GET /init.php HTTP/2.0" 404 897 "-" "Mozilla/5.0 (Windows NT 10.0; Win64; x64) AppleWebKit/537.36 (KHTML, like Gecko) Chrome/120.0.0.0 Safari/537.36"
20.226.5.174 - - [28/Jul/2026:16:17:15 +0200] "GET /inputs.php HTTP/2.0" 404 897 "-" "Mozilla/5.0 (Windows NT 10.0; Win64; x64) AppleWebKit/537.36 (KHTML, like Gecko) Chrome/120.0.0.0 Safari/537.36"
20.226.5.174 - - [28/Jul/2026:16:17:16 +0200] "GET /install.php HTTP/2.0" 404 897 "-" "Mozilla/5.0 (Windows NT 10.0; Win64; x64) AppleWebKit/537.36 (KHTML, like Gecko) Chrome/120.0.0.0 Safari/537.36"
20.226.5.174 - - [28/Jul/2026:16:17:16 +0200] "GET /ioxi-o.php HTTP/2.0" 404 897 "-" "Mozilla/5.0 (Windows NT 10.0; Win64; x64) AppleWebKit/537.36 (KHTML, like Gecko) Chrome/120.0.0.0 Safari/537.36"
20.226.5.174 - - [28/Jul/2026:16:17:16 +0200] "GET /iqps3ldefault.php HTTP/2.0" 404 897 "-" "Mozilla/5.0 (Windows NT 10.0; Win64; x64) AppleWebKit/537.36 (KHTML, like Gecko) Chrome/120.0.0.0 Safari/537.36"
20.226.5.174 - - [28/Jul/2026:16:17:17 +0200] "GET /item.php HTTP/2.0" 404 897 "-" "Mozilla/5.0 (Windows NT 10.0; Win64; x64) AppleWebKit/537.36 (KHTML, like Gecko) Chrome/120.0.0.0 Safari/537.36"
20.226.5.174 - - [28/Jul/2026:16:17:17 +0200] "GET /jga.php HTTP/2.0" 404 897 "-" "Mozilla/5.0 (Windows NT 10.0; Win64; x64) AppleWebKit/537.36 (KHTML, like Gecko) Chrome/120.0.0.0 Safari/537.36"
20.226.5.174 - - [28/Jul/2026:16:17:17 +0200] "GET /jquery.php HTTP/2.0" 404 897 "-" "Mozilla/5.0 (Windows NT 10.0; Win64; x64) AppleWebKit/537.36 (KHTML, like Gecko) Chrome/120.0.0.0 Safari/537.36"
20.226.5.174 - - [28/Jul/2026:16:17:17 +0200] "GET /k.php HTTP/2.0" 404 897 "-" "Mozilla/5.0 (Windows NT 10.0; Win64; x64) AppleWebKit/537.36 (KHTML, like Gecko) Chrome/120.0.0.0 Safari/537.36"
20.226.5.174 - - [28/Jul/2026:16:17:18 +0200] "GET /k2.php HTTP/2.0" 404 897 "-" "Mozilla/5.0 (Windows NT 10.0; Win64; x64) AppleWebKit/537.36 (KHTML, like Gecko) Chrome/120.0.0.0 Safari/537.36"
20.226.5.174 - - [28/Jul/2026:16:17:18 +0200] "GET /license.php HTTP/2.0" 404 897 "-" "Mozilla/5.0 (Windows NT 10.0; Win64; x64) AppleWebKit/537.36 (KHTML, like Gecko) Chrome/120.0.0.0 Safari/537.36"
20.226.5.174 - - [28/Jul/2026:16:17:18 +0200] "GET /link.php HTTP/2.0" 404 897 "-" "Mozilla/5.0 (Windows NT 10.0; Win64; x64) AppleWebKit/537.36 (KHTML, like Gecko) Chrome/120.0.0.0 Safari/537.36"
20.226.5.174 - - [28/Jul/2026:16:17:18 +0200] "GET /lite.php HTTP/2.0" 404 897 "-" "Mozilla/5.0 (Windows NT 10.0; Win64; x64) AppleWebKit/537.36 (KHTML, like Gecko) Chrome/120.0.0.0 Safari/537.36"
