213.135.171.195 - - [28/Jul/2026:09:40:22 +0200] "POST /xmlrpc.php HTTP/2.0" 200 403 "-" "WordPress.com; https://wordpress.com"
213.135.171.195 - - [28/Jul/2026:09:40:32 +0200] "POST /xmlrpc.php HTTP/2.0" 200 403 "-" "Jetpack by WordPress.com (Jetpack 12.5; WordPress 6.2)"
213.135.171.195 - - [28/Jul/2026:09:40:43 +0200] "POST /xmlrpc.php HTTP/2.0" 200 403 "-" "WordPress.com; https://wordpress.com"
213.135.171.195 - - [28/Jul/2026:09:40:54 +0200] "POST /xmlrpc.php HTTP/2.0" 200 403 "-" "Jetpack by WordPress.com (Jetpack 12.0; WordPress 6.3)"
213.135.171.195 - - [28/Jul/2026:09:41:04 +0200] "POST /xmlrpc.php HTTP/2.0" 200 403 "-" "Jetpack by WordPress.com"
14.231.11.238 - - [28/Jul/2026:09:41:08 +0200] "GET /services/vertrag-mit-oder-ohne-smartphone/%E2%80%9Dhttps:/www.handy-sofort-orten.de/out/o2-loop-prepaidkarte-kostenlos.html%E2%80%9D HTTP/2.0" 404 897 "-" "Mozilla/5.0 (Macintosh; Intel Mac OS X 10_13_6) AppleWebKit/537.36 (KHTML, like Gecko) Brave Chrome/78.0.3904.108 Safari/537.36"
213.135.171.195 - - [28/Jul/2026:09:41:15 +0200] "POST /xmlrpc.php HTTP/2.0" 200 403 "-" "WordPress.com; https://wordpress.com"
213.135.171.195 - - [28/Jul/2026:09:41:26 +0200] "POST /xmlrpc.php HTTP/2.0" 200 403 "-" "WordPress.com; https://wordpress.com"
213.135.171.195 - - [28/Jul/2026:09:41:36 +0200] "POST /xmlrpc.php HTTP/2.0" 200 403 "-" "Jetpack by WordPress.com (Jetpack 12.0; WordPress 6.4)"
213.135.171.195 - - [28/Jul/2026:09:41:47 +0200] "POST /xmlrpc.php HTTP/2.0" 200 403 "-" "Jetpack by WordPress.com"
2a03:4000:59:e65:94e2:deff:fe0e:57ac - - [28/Jul/2026:09:41:58 +0200] "POST /wp-cron.php?doing_wp_cron=1785224518.2138090133666992187500 HTTP/2.0" 200 20 "https://www.handy-sofort-orten.de/wp-cron.php?doing_wp_cron=1785224518.2138090133666992187500" "WordPress/4.7.8; https://www.handy-sofort-orten.de"
213.135.171.195 - - [28/Jul/2026:09:41:58 +0200] "POST /xmlrpc.php HTTP/2.0" 200 403 "-" "Jetpack by WordPress.com (Jetpack 13.0; WordPress 6.4)"
213.135.171.195 - - [28/Jul/2026:09:42:08 +0200] "POST /xmlrpc.php HTTP/2.0" 200 403 "-" "Jetpack by WordPress.com"
213.135.171.195 - - [28/Jul/2026:09:42:19 +0200] "POST /xmlrpc.php HTTP/2.0" 200 403 "-" "Jetpack by WordPress.com (Jetpack 12.5; WordPress 6.1)"
54.158.133.226 - - [28/Jul/2026:09:42:20 +0200] "GET /ip-adresse-orten/ HTTP/2.0" 200 62192 "-" "StartmeBot/1.0 (+https://start.me/bot)"
213.135.171.195 - - [28/Jul/2026:09:42:30 +0200] "POST /xmlrpc.php HTTP/2.0" 200 403 "-" "WordPress.com; https://wordpress.com"
213.244.111.202 - - [28/Jul/2026:09:42:39 +0200] "GET /handy/sms-oder-whatsapp/%3C?+%3F%3E%2Fneuigkeiten%2F&php+echo+get_site_url%28%29 HTTP/2.0" 404 897 "-" "Mozilla/5.0 (Windows NT 6.1; Win64; x64) AppleWebKit/537.36 (KHTML, like Gecko) Chrome/78.0.3904.108 Safari/537.36"
213.135.171.195 - - [28/Jul/2026:09:42:41 +0200] "POST /xmlrpc.php HTTP/2.0" 200 403 "-" "WordPress.com; https://wordpress.com"
213.135.171.195 - - [28/Jul/2026:09:42:51 +0200] "POST /xmlrpc.php HTTP/2.0" 200 403 "-" "Jetpack by WordPress.com"
189.104.241.206 - - [28/Jul/2026:09:42:54 +0200] "GET / HTTP/2.0" 200 87750 "-" "Mozilla/5.0 (Macintosh; Intel Mac OS X 10_15_7) AppleWebKit/537.36 (KHTML, like Gecko) Chrome/148.0.0.0 Safari/537.36"
213.135.171.195 - - [28/Jul/2026:09:43:02 +0200] "POST /xmlrpc.php HTTP/2.0" 200 403 "-" "Jetpack by WordPress.com (Jetpack 12.5; WordPress 6.4)"
213.135.171.195 - - [28/Jul/2026:09:43:13 +0200] "POST /xmlrpc.php HTTP/2.0" 200 403 "-" "WordPress.com; https://wordpress.com"
213.135.171.195 - - [28/Jul/2026:09:43:23 +0200] "POST /xmlrpc.php HTTP/2.0" 200 403 "-" "WordPress.com; https://wordpress.com"
213.135.171.195 - - [28/Jul/2026:09:43:34 +0200] "POST /xmlrpc.php HTTP/2.0" 200 403 "-" "WordPress.com; https://wordpress.com"
213.135.171.195 - - [28/Jul/2026:09:43:45 +0200] "POST /xmlrpc.php HTTP/2.0" 200 403 "-" "Jetpack/13.0; WordPress/6.3; http://site80612381.com"
213.135.171.195 - - [28/Jul/2026:09:43:55 +0200] "POST /xmlrpc.php HTTP/2.0" 200 403 "-" "Jetpack/12.1; WordPress/6.1; http://site23003789.com"
213.135.171.195 - - [28/Jul/2026:09:44:06 +0200] "POST /xmlrpc.php HTTP/2.0" 200 403 "-" "Jetpack by WordPress.com (Jetpack 12.0; WordPress 6.3)"
213.135.171.195 - - [28/Jul/2026:09:44:17 +0200] "POST /xmlrpc.php HTTP/2.0" 200 403 "-" "Jetpack by WordPress.com (Jetpack 12.5; WordPress 6.3)"
213.135.171.195 - - [28/Jul/2026:09:44:27 +0200] "POST /xmlrpc.php HTTP/2.0" 200 403 "-" "WordPress.com; https://wordpress.com"
213.135.171.195 - - [28/Jul/2026:09:44:38 +0200] "POST /xmlrpc.php HTTP/2.0" 200 403 "-" "Jetpack/12.0; WordPress/6.3; http://site67642660.com"
40.77.167.20 - - [28/Jul/2026:09:44:47 +0200] "GET /handyortung/ortungsverfahren-und-moeglichkeiten/smartphone-app/mit-google-das-handy-finden/standortverlauf-speichern-und-anzeigen/ HTTP/2.0" 200 61562 "-" "Mozilla/5.0 AppleWebKit/537.36 (KHTML, like Gecko; compatible; bingbot/2.0; +http://www.bing.com/bingbot.htm) Chrome/116.0.1938.76 Safari/537.36"
213.135.171.195 - - [28/Jul/2026:09:44:49 +0200] "POST /xmlrpc.php HTTP/2.0" 200 403 "-" "Jetpack/13.0; WordPress/6.4; http://site31567784.com"
190.121.23.218 - - [28/Jul/2026:09:44:50 +0200] "POST /xmlrpc.php HTTP/2.0" 200 403 "-" "Mozilla/5.0 (Windows NT 10.0; rv:144.0) Gecko/20100101 Firefox/144.0"
213.135.171.195 - - [28/Jul/2026:09:45:00 +0200] "POST /xmlrpc.php HTTP/2.0" 200 403 "-" "Jetpack by WordPress.com"
213.135.171.195 - - [28/Jul/2026:09:45:10 +0200] "POST /xmlrpc.php HTTP/2.0" 200 403 "-" "Jetpack by WordPress.com"
213.135.171.195 - - [28/Jul/2026:09:45:21 +0200] "POST /xmlrpc.php HTTP/2.0" 200 403 "-" "Jetpack/12.1; WordPress/6.2; http://site83421315.com"
213.135.171.195 - - [28/Jul/2026:09:45:32 +0200] "POST /xmlrpc.php HTTP/2.0" 200 403 "-" "Jetpack/13.0; WordPress/6.2; http://site25349027.com"
213.135.171.195 - - [28/Jul/2026:09:45:42 +0200] "POST /xmlrpc.php HTTP/2.0" 200 403 "-" "WordPress.com; https://wordpress.com"
213.135.171.195 - - [28/Jul/2026:09:45:53 +0200] "POST /xmlrpc.php HTTP/2.0" 200 403 "-" "Jetpack by WordPress.com"
213.135.171.195 - - [28/Jul/2026:09:46:04 +0200] "POST /xmlrpc.php HTTP/2.0" 200 403 "-" "Jetpack by WordPress.com"
213.135.171.195 - - [28/Jul/2026:09:46:14 +0200] "POST /xmlrpc.php HTTP/2.0" 200 403 "-" "Jetpack by WordPress.com"
213.135.171.195 - - [28/Jul/2026:09:46:25 +0200] "POST /xmlrpc.php HTTP/2.0" 200 403 "-" "WordPress.com; https://wordpress.com"
213.135.171.195 - - [28/Jul/2026:09:46:36 +0200] "POST /xmlrpc.php HTTP/2.0" 200 403 "-" "Jetpack by WordPress.com"
213.135.171.195 - - [28/Jul/2026:09:46:47 +0200] "POST /xmlrpc.php HTTP/2.0" 200 403 "-" "Jetpack by WordPress.com (Jetpack 12.0; WordPress 6.1)"
213.135.171.195 - - [28/Jul/2026:09:46:57 +0200] "POST /xmlrpc.php HTTP/2.0" 200 403 "-" "Jetpack by WordPress.com"
213.135.171.195 - - [28/Jul/2026:09:47:08 +0200] "POST /xmlrpc.php HTTP/2.0" 200 403 "-" "Jetpack by WordPress.com"
213.135.171.195 - - [28/Jul/2026:09:47:19 +0200] "POST /xmlrpc.php HTTP/2.0" 200 403 "-" "Jetpack by WordPress.com (Jetpack 12.0; WordPress 6.3)"
213.135.171.195 - - [28/Jul/2026:09:47:29 +0200] "POST /xmlrpc.php HTTP/2.0" 200 403 "-" "WordPress.com; https://wordpress.com"
213.135.171.195 - - [28/Jul/2026:09:47:40 +0200] "POST /xmlrpc.php HTTP/2.0" 200 403 "-" "Jetpack by WordPress.com"
213.135.171.195 - - [28/Jul/2026:09:47:58 +0200] "POST /xmlrpc.php HTTP/2.0" 499 0 "-" "WordPress.com; https://wordpress.com"
213.135.171.195 - - [28/Jul/2026:09:48:02 +0200] "POST /xmlrpc.php HTTP/2.0" 200 403 "-" "Jetpack by WordPress.com"
213.135.171.195 - - [28/Jul/2026:09:48:12 +0200] "POST /xmlrpc.php HTTP/2.0" 200 403 "-" "Jetpack by WordPress.com"
213.135.171.195 - - [28/Jul/2026:09:48:23 +0200] "POST /xmlrpc.php HTTP/2.0" 200 403 "-" "Jetpack by WordPress.com"
213.135.171.195 - - [28/Jul/2026:09:48:34 +0200] "POST /xmlrpc.php HTTP/2.0" 200 403 "-" "Jetpack/12.1; WordPress/6.1; http://site92693560.com"
213.135.171.195 - - [28/Jul/2026:09:48:44 +0200] "POST /xmlrpc.php HTTP/2.0" 200 403 "-" "Jetpack by WordPress.com (Jetpack 12.5; WordPress 6.2)"
154.217.200.144 - - [28/Jul/2026:09:48:54 +0200] "GET /wp-content/uploads/2014/08/termin-app-300x149.png HTTP/2.0" 200 80883 "-" "Mozilla/5.0 (compatible; crawler)"
213.135.171.195 - - [28/Jul/2026:09:48:55 +0200] "POST /xmlrpc.php HTTP/2.0" 200 403 "-" "Jetpack/12.5; WordPress/6.4; http://site96548929.com"
116.206.245.46 - - [28/Jul/2026:09:48:56 +0200] "POST /xmlrpc.php HTTP/2.0" 200 403 "-" "Jetpack by WordPress.com (Jetpack 12.5; WordPress 6.2)"
116.206.245.46 - - [28/Jul/2026:09:49:05 +0200] "POST /xmlrpc.php HTTP/2.0" 200 403 "-" "Jetpack by WordPress.com"
213.135.171.195 - - [28/Jul/2026:09:49:06 +0200] "POST /xmlrpc.php HTTP/2.0" 200 403 "-" "WordPress.com; https://wordpress.com"
116.206.245.46 - - [28/Jul/2026:09:49:16 +0200] "POST /xmlrpc.php HTTP/2.0" 200 403 "-" "Jetpack by WordPress.com"
213.135.171.195 - - [28/Jul/2026:09:49:17 +0200] "POST /xmlrpc.php HTTP/2.0" 200 403 "-" "Jetpack by WordPress.com (Jetpack 13.0; WordPress 6.2)"
116.206.245.46 - - [28/Jul/2026:09:49:27 +0200] "POST /xmlrpc.php HTTP/2.0" 200 403 "-" "Jetpack/13.0; WordPress/6.4; http://site55910585.com"
213.135.171.195 - - [28/Jul/2026:09:49:27 +0200] "POST /xmlrpc.php HTTP/2.0" 200 403 "-" "Jetpack/13.0; WordPress/6.1; http://site88887932.com"
116.206.245.46 - - [28/Jul/2026:09:49:38 +0200] "POST /xmlrpc.php HTTP/2.0" 200 403 "-" "Jetpack by WordPress.com"
213.135.171.195 - - [28/Jul/2026:09:49:39 +0200] "POST /xmlrpc.php HTTP/2.0" 200 403 "-" "WordPress.com; https://wordpress.com"
116.206.245.46 - - [28/Jul/2026:09:49:48 +0200] "POST /xmlrpc.php HTTP/2.0" 200 403 "-" "Jetpack by WordPress.com"
213.135.171.195 - - [28/Jul/2026:09:49:53 +0200] "POST /xmlrpc.php HTTP/2.0" 200 403 "-" "WordPress.com; https://wordpress.com"
116.206.245.46 - - [28/Jul/2026:09:49:59 +0200] "POST /xmlrpc.php HTTP/2.0" 200 403 "-" "Jetpack/12.5; WordPress/6.3; http://site91565478.com"
213.135.171.195 - - [28/Jul/2026:09:50:06 +0200] "POST /xmlrpc.php HTTP/2.0" 200 403 "-" "Jetpack by WordPress.com"
116.206.245.46 - - [28/Jul/2026:09:50:10 +0200] "POST /xmlrpc.php HTTP/2.0" 200 403 "-" "WordPress.com; https://wordpress.com"
213.135.171.195 - - [28/Jul/2026:09:50:19 +0200] "POST /xmlrpc.php HTTP/2.0" 200 403 "-" "Jetpack by WordPress.com"
116.206.245.46 - - [28/Jul/2026:09:50:21 +0200] "POST /xmlrpc.php HTTP/2.0" 200 403 "-" "WordPress.com; https://wordpress.com"
116.206.245.46 - - [28/Jul/2026:09:50:31 +0200] "POST /xmlrpc.php HTTP/2.0" 200 403 "-" "WordPress.com; https://wordpress.com"
213.135.171.195 - - [28/Jul/2026:09:50:32 +0200] "POST /xmlrpc.php HTTP/2.0" 200 403 "-" "Jetpack by WordPress.com (Jetpack 12.1; WordPress 6.4)"
116.206.245.46 - - [28/Jul/2026:09:50:42 +0200] "POST /xmlrpc.php HTTP/2.0" 200 403 "-" "WordPress.com; https://wordpress.com"
213.135.171.195 - - [28/Jul/2026:09:50:46 +0200] "POST /xmlrpc.php HTTP/2.0" 200 403 "-" "Jetpack/12.0; WordPress/6.3; http://site35909707.com"
116.206.245.46 - - [28/Jul/2026:09:50:52 +0200] "POST /xmlrpc.php HTTP/2.0" 200 403 "-" "WordPress.com; https://wordpress.com"
213.135.171.195 - - [28/Jul/2026:09:51:00 +0200] "POST /xmlrpc.php HTTP/2.0" 200 403 "-" "WordPress.com; https://wordpress.com"
116.206.245.46 - - [28/Jul/2026:09:51:03 +0200] "POST /xmlrpc.php HTTP/2.0" 200 403 "-" "Jetpack/12.5; WordPress/6.2; http://site64900080.com"
213.135.171.195 - - [28/Jul/2026:09:51:13 +0200] "POST /xmlrpc.php HTTP/2.0" 200 403 "-" "Jetpack by WordPress.com"
116.206.245.46 - - [28/Jul/2026:09:51:14 +0200] "POST /xmlrpc.php HTTP/2.0" 200 403 "-" "Jetpack by WordPress.com"
116.206.245.46 - - [28/Jul/2026:09:51:24 +0200] "POST /xmlrpc.php HTTP/2.0" 200 403 "-" "Jetpack/12.0; WordPress/6.1; http://site26154834.com"
213.135.171.195 - - [28/Jul/2026:09:51:27 +0200] "POST /xmlrpc.php HTTP/2.0" 200 403 "-" "Jetpack/12.5; WordPress/6.4; http://site75925786.com"
116.206.245.46 - - [28/Jul/2026:09:51:35 +0200] "POST /xmlrpc.php HTTP/2.0" 200 403 "-" "Jetpack by WordPress.com (Jetpack 12.0; WordPress 6.3)"
213.135.171.195 - - [28/Jul/2026:09:51:41 +0200] "POST /xmlrpc.php HTTP/2.0" 200 403 "-" "Jetpack by WordPress.com (Jetpack 12.1; WordPress 6.1)"
116.206.245.46 - - [28/Jul/2026:09:51:46 +0200] "POST /xmlrpc.php HTTP/2.0" 200 403 "-" "Jetpack/12.0; WordPress/6.1; http://site88879007.com"
213.135.171.195 - - [28/Jul/2026:09:51:55 +0200] "POST /xmlrpc.php HTTP/2.0" 200 403 "-" "Jetpack by WordPress.com (Jetpack 12.5; WordPress 6.3)"
116.206.245.46 - - [28/Jul/2026:09:51:56 +0200] "POST /xmlrpc.php HTTP/2.0" 200 403 "-" "Jetpack by WordPress.com"
116.206.245.46 - - [28/Jul/2026:09:52:07 +0200] "POST /xmlrpc.php HTTP/2.0" 200 403 "-" "Jetpack by WordPress.com"
213.135.171.195 - - [28/Jul/2026:09:52:08 +0200] "POST /xmlrpc.php HTTP/2.0" 200 403 "-" "Jetpack by WordPress.com"
116.206.245.46 - - [28/Jul/2026:09:52:17 +0200] "POST /xmlrpc.php HTTP/2.0" 200 403 "-" "WordPress.com; https://wordpress.com"
213.135.171.195 - - [28/Jul/2026:09:52:22 +0200] "POST /xmlrpc.php HTTP/2.0" 200 403 "-" "Jetpack/13.0; WordPress/6.4; http://site88832146.com"
116.206.245.46 - - [28/Jul/2026:09:52:28 +0200] "POST /xmlrpc.php HTTP/2.0" 200 403 "-" "WordPress.com; https://wordpress.com"
213.135.171.195 - - [28/Jul/2026:09:52:35 +0200] "POST /xmlrpc.php HTTP/2.0" 200 403 "-" "Jetpack/13.0; WordPress/6.3; http://site43748269.com"
116.206.245.46 - - [28/Jul/2026:09:52:39 +0200] "POST /xmlrpc.php HTTP/2.0" 200 403 "-" "Jetpack by WordPress.com (Jetpack 12.5; WordPress 6.1)"
213.135.171.195 - - [28/Jul/2026:09:52:49 +0200] "POST /xmlrpc.php HTTP/2.0" 200 403 "-" "Jetpack/12.1; WordPress/6.4; http://site93337432.com"
116.206.245.46 - - [28/Jul/2026:09:52:49 +0200] "POST /xmlrpc.php HTTP/2.0" 200 403 "-" "Jetpack by WordPress.com"
116.206.245.46 - - [28/Jul/2026:09:53:01 +0200] "POST /xmlrpc.php HTTP/2.0" 200 403 "-" "Jetpack/12.5; WordPress/6.3; http://site30400723.com"
213.135.171.195 - - [28/Jul/2026:09:53:04 +0200] "POST /xmlrpc.php HTTP/2.0" 200 403 "-" "Jetpack by WordPress.com (Jetpack 12.0; WordPress 6.3)"
116.206.245.46 - - [28/Jul/2026:09:53:11 +0200] "POST /xmlrpc.php HTTP/2.0" 200 403 "-" "Jetpack by WordPress.com (Jetpack 12.5; WordPress 6.3)"
213.135.171.195 - - [28/Jul/2026:09:53:17 +0200] "POST /xmlrpc.php HTTP/2.0" 200 403 "-" "Jetpack by WordPress.com"
116.206.245.46 - - [28/Jul/2026:09:53:21 +0200] "POST /xmlrpc.php HTTP/2.0" 200 403 "-" "WordPress.com; https://wordpress.com"
213.135.171.195 - - [28/Jul/2026:09:53:30 +0200] "POST /xmlrpc.php HTTP/2.0" 200 403 "-" "Jetpack/12.0; WordPress/6.4; http://site22760846.com"
116.206.245.46 - - [28/Jul/2026:09:53:32 +0200] "POST /xmlrpc.php HTTP/2.0" 200 403 "-" "Jetpack by WordPress.com (Jetpack 12.1; WordPress 6.4)"
116.206.245.46 - - [28/Jul/2026:09:53:43 +0200] "POST /xmlrpc.php HTTP/2.0" 200 403 "-" "Jetpack by WordPress.com"
213.135.171.195 - - [28/Jul/2026:09:53:44 +0200] "POST /xmlrpc.php HTTP/2.0" 200 403 "-" "Jetpack by WordPress.com"
116.206.245.46 - - [28/Jul/2026:09:53:53 +0200] "POST /xmlrpc.php HTTP/2.0" 200 403 "-" "Jetpack by WordPress.com (Jetpack 12.0; WordPress 6.1)"
213.135.171.195 - - [28/Jul/2026:09:53:56 +0200] "POST /xmlrpc.php HTTP/2.0" 200 403 "-" "Jetpack/13.0; WordPress/6.1; http://site23254516.com"
116.206.245.46 - - [28/Jul/2026:09:54:04 +0200] "POST /xmlrpc.php HTTP/2.0" 200 403 "-" "Jetpack by WordPress.com (Jetpack 12.1; WordPress 6.1)"
213.135.171.195 - - [28/Jul/2026:09:54:08 +0200] "POST /xmlrpc.php HTTP/2.0" 200 403 "-" "Jetpack/12.5; WordPress/6.1; http://site34793867.com"
116.206.245.46 - - [28/Jul/2026:09:54:14 +0200] "POST /xmlrpc.php HTTP/2.0" 200 403 "-" "Jetpack/12.5; WordPress/6.3; http://site74452992.com"
213.135.171.195 - - [28/Jul/2026:09:54:22 +0200] "POST /xmlrpc.php HTTP/2.0" 200 403 "-" "WordPress.com; https://wordpress.com"
116.206.245.46 - - [28/Jul/2026:09:54:25 +0200] "POST /xmlrpc.php HTTP/2.0" 200 403 "-" "Jetpack/13.0; WordPress/6.1; http://site81690588.com"
116.206.245.46 - - [28/Jul/2026:09:54:36 +0200] "POST /xmlrpc.php HTTP/2.0" 200 403 "-" "Jetpack/12.5; WordPress/6.4; http://site46487367.com"
213.135.171.195 - - [28/Jul/2026:09:54:36 +0200] "POST /xmlrpc.php HTTP/2.0" 200 403 "-" "Jetpack by WordPress.com (Jetpack 12.5; WordPress 6.2)"
116.206.245.46 - - [28/Jul/2026:09:54:46 +0200] "POST /xmlrpc.php HTTP/2.0" 200 403 "-" "Jetpack/13.0; WordPress/6.4; http://site72706390.com"
213.135.171.195 - - [28/Jul/2026:09:54:49 +0200] "POST /xmlrpc.php HTTP/2.0" 200 403 "-" "Jetpack by WordPress.com"
116.206.245.46 - - [28/Jul/2026:09:54:57 +0200] "POST /xmlrpc.php HTTP/2.0" 200 403 "-" "WordPress.com; https://wordpress.com"
213.135.171.195 - - [28/Jul/2026:09:55:03 +0200] "POST /xmlrpc.php HTTP/2.0" 200 403 "-" "Jetpack by WordPress.com"
116.206.245.46 - - [28/Jul/2026:09:55:08 +0200] "POST /xmlrpc.php HTTP/2.0" 200 403 "-" "Jetpack by WordPress.com"
213.135.171.195 - - [28/Jul/2026:09:55:17 +0200] "POST /xmlrpc.php HTTP/2.0" 200 403 "-" "WordPress.com; https://wordpress.com"
116.206.245.46 - - [28/Jul/2026:09:55:18 +0200] "POST /xmlrpc.php HTTP/2.0" 200 403 "-" "Jetpack/12.0; WordPress/6.3; http://site17911164.com"
116.206.245.46 - - [28/Jul/2026:09:55:29 +0200] "POST /xmlrpc.php HTTP/2.0" 200 403 "-" "Jetpack by WordPress.com (Jetpack 12.1; WordPress 6.2)"
213.135.171.195 - - [28/Jul/2026:09:55:30 +0200] "POST /xmlrpc.php HTTP/2.0" 200 403 "-" "Jetpack by WordPress.com (Jetpack 12.1; WordPress 6.4)"
181.61.246.81 - - [28/Jul/2026:09:55:34 +0200] "GET /handyortung/einsatzgebiete-fuer-die-handyortung/handy-bei-diebstahl-wiederfinden/handy-im-urlaub-verloren-oder-gestohlen/tel:1414 HTTP/2.0" 404 897 "-" "Mozilla/5.0 (Windows NT 4.0; WOW64) AppleWebKit/537.36 (KHTML, like Gecko) Chrome/37.0.2049.0 Safari/537.36"
116.206.245.46 - - [28/Jul/2026:09:55:39 +0200] "POST /xmlrpc.php HTTP/2.0" 200 403 "-" "Jetpack by WordPress.com"
213.135.171.195 - - [28/Jul/2026:09:55:43 +0200] "POST /xmlrpc.php HTTP/2.0" 200 403 "-" "Jetpack/12.0; WordPress/6.4; http://site12329953.com"
116.206.245.46 - - [28/Jul/2026:09:55:50 +0200] "POST /xmlrpc.php HTTP/2.0" 200 403 "-" "WordPress.com; https://wordpress.com"
213.135.171.195 - - [28/Jul/2026:09:55:56 +0200] "POST /xmlrpc.php HTTP/2.0" 200 403 "-" "Jetpack by WordPress.com (Jetpack 12.1; WordPress 6.2)"
116.206.245.46 - - [28/Jul/2026:09:56:01 +0200] "POST /xmlrpc.php HTTP/2.0" 200 403 "-" "Jetpack by WordPress.com (Jetpack 13.0; WordPress 6.2)"
213.135.171.195 - - [28/Jul/2026:09:56:10 +0200] "POST /xmlrpc.php HTTP/2.0" 200 403 "-" "Jetpack by WordPress.com (Jetpack 12.1; WordPress 6.3)"
116.206.245.46 - - [28/Jul/2026:09:56:11 +0200] "POST /xmlrpc.php HTTP/2.0" 200 403 "-" "Jetpack by WordPress.com"
116.206.245.46 - - [28/Jul/2026:09:56:22 +0200] "POST /xmlrpc.php HTTP/2.0" 200 403 "-" "Jetpack/12.0; WordPress/6.2; http://site19560252.com"
213.135.171.195 - - [28/Jul/2026:09:56:24 +0200] "POST /xmlrpc.php HTTP/2.0" 200 403 "-" "Jetpack by WordPress.com"
116.206.245.46 - - [28/Jul/2026:09:56:32 +0200] "POST /xmlrpc.php HTTP/2.0" 200 403 "-" "WordPress.com; https://wordpress.com"
213.135.171.195 - - [28/Jul/2026:09:56:37 +0200] "POST /xmlrpc.php HTTP/2.0" 200 403 "-" "WordPress.com; https://wordpress.com"
116.206.245.46 - - [28/Jul/2026:09:56:43 +0200] "POST /xmlrpc.php HTTP/2.0" 200 403 "-" "Jetpack by WordPress.com"
213.135.171.195 - - [28/Jul/2026:09:56:51 +0200] "POST /xmlrpc.php HTTP/2.0" 200 403 "-" "Jetpack by WordPress.com"
116.206.245.46 - - [28/Jul/2026:09:56:53 +0200] "POST /xmlrpc.php HTTP/2.0" 200 403 "-" "Jetpack/12.1; WordPress/6.2; http://site93341027.com"
213.135.171.195 - - [28/Jul/2026:09:57:04 +0200] "POST /xmlrpc.php HTTP/2.0" 200 403 "-" "Jetpack by WordPress.com"
116.206.245.46 - - [28/Jul/2026:09:57:04 +0200] "POST /xmlrpc.php HTTP/2.0" 200 403 "-" "Jetpack by WordPress.com (Jetpack 13.0; WordPress 6.4)"
116.206.245.46 - - [28/Jul/2026:09:57:15 +0200] "POST /xmlrpc.php HTTP/2.0" 200 403 "-" "WordPress.com; https://wordpress.com"
213.135.171.195 - - [28/Jul/2026:09:57:18 +0200] "POST /xmlrpc.php HTTP/2.0" 200 403 "-" "WordPress.com; https://wordpress.com"
116.206.245.46 - - [28/Jul/2026:09:57:25 +0200] "POST /xmlrpc.php HTTP/2.0" 200 403 "-" "Jetpack/12.1; WordPress/6.2; http://site28130446.com"
213.135.171.195 - - [28/Jul/2026:09:57:32 +0200] "POST /xmlrpc.php HTTP/2.0" 200 403 "-" "WordPress.com; https://wordpress.com"
116.206.245.46 - - [28/Jul/2026:09:57:37 +0200] "POST /xmlrpc.php HTTP/2.0" 200 403 "-" "WordPress.com; https://wordpress.com"
213.135.171.195 - - [28/Jul/2026:09:57:45 +0200] "POST /xmlrpc.php HTTP/2.0" 200 403 "-" "Jetpack by WordPress.com"
116.206.245.46 - - [28/Jul/2026:09:57:48 +0200] "POST /xmlrpc.php HTTP/2.0" 200 403 "-" "Jetpack by WordPress.com (Jetpack 12.5; WordPress 6.4)"
213.135.171.195 - - [28/Jul/2026:09:57:59 +0200] "POST /xmlrpc.php HTTP/2.0" 200 403 "-" "Jetpack by WordPress.com"
116.206.245.46 - - [28/Jul/2026:09:57:59 +0200] "POST /xmlrpc.php HTTP/2.0" 200 403 "-" "WordPress.com; https://wordpress.com"
116.206.245.46 - - [28/Jul/2026:09:58:12 +0200] "POST /xmlrpc.php HTTP/2.0" 200 403 "-" "WordPress.com; https://wordpress.com"
213.135.171.195 - - [28/Jul/2026:09:58:12 +0200] "POST /xmlrpc.php HTTP/2.0" 200 403 "-" "Jetpack by WordPress.com"
116.206.245.46 - - [28/Jul/2026:09:58:20 +0200] "POST /xmlrpc.php HTTP/2.0" 200 403 "-" "Jetpack by WordPress.com (Jetpack 12.1; WordPress 6.2)"
213.135.171.195 - - [28/Jul/2026:09:58:26 +0200] "POST /xmlrpc.php HTTP/2.0" 200 403 "-" "Jetpack by WordPress.com"
116.206.245.46 - - [28/Jul/2026:09:58:30 +0200] "POST /xmlrpc.php HTTP/2.0" 200 403 "-" "Jetpack/13.0; WordPress/6.3; http://site44640308.com"
37.237.130.49 - - [28/Jul/2026:09:58:35 +0200] "GET /category/handy/page/5/%3C?+%3F%3E%2Fneuigkeiten%2F&php+echo+get_site_url%28%29 HTTP/2.0" 404 897 "-" "Mozilla/5.0 (Macintosh; Intel Mac OS X 10_11_6) AppleWebKit/537.36 (KHTML, like Gecko) Brave Chrome/84.0.4147.135 Safari/537.36"
213.135.171.195 - - [28/Jul/2026:09:58:40 +0200] "POST /xmlrpc.php HTTP/2.0" 200 403 "-" "Jetpack by WordPress.com (Jetpack 12.5; WordPress 6.1)"
116.206.245.46 - - [28/Jul/2026:09:58:41 +0200] "POST /xmlrpc.php HTTP/2.0" 200 403 "-" "Jetpack/13.0; WordPress/6.2; http://site62879794.com"
116.206.245.46 - - [28/Jul/2026:09:58:52 +0200] "POST /xmlrpc.php HTTP/2.0" 200 403 "-" "Jetpack by WordPress.com"
213.135.171.195 - - [28/Jul/2026:09:58:54 +0200] "POST /xmlrpc.php HTTP/2.0" 200 403 "-" "Jetpack by WordPress.com (Jetpack 12.5; WordPress 6.2)"
116.206.245.46 - - [28/Jul/2026:09:59:02 +0200] "POST /xmlrpc.php HTTP/2.0" 200 403 "-" "Jetpack by WordPress.com (Jetpack 12.0; WordPress 6.3)"
213.135.171.195 - - [28/Jul/2026:09:59:07 +0200] "POST /xmlrpc.php HTTP/2.0" 200 403 "-" "Jetpack by WordPress.com"
116.206.245.46 - - [28/Jul/2026:09:59:13 +0200] "POST /xmlrpc.php HTTP/2.0" 200 403 "-" "Jetpack by WordPress.com"
213.135.171.195 - - [28/Jul/2026:09:59:21 +0200] "POST /xmlrpc.php HTTP/2.0" 200 403 "-" "Jetpack by WordPress.com"
116.206.245.46 - - [28/Jul/2026:09:59:23 +0200] "POST /xmlrpc.php HTTP/2.0" 200 403 "-" "Jetpack by WordPress.com"
116.206.245.46 - - [28/Jul/2026:09:59:34 +0200] "POST /xmlrpc.php HTTP/2.0" 200 403 "-" "Jetpack by WordPress.com (Jetpack 13.0; WordPress 6.3)"
213.135.171.195 - - [28/Jul/2026:09:59:35 +0200] "POST /xmlrpc.php HTTP/2.0" 200 403 "-" "Jetpack by WordPress.com"
116.206.245.46 - - [28/Jul/2026:09:59:45 +0200] "POST /xmlrpc.php HTTP/2.0" 200 403 "-" "Jetpack by WordPress.com"
213.135.171.195 - - [28/Jul/2026:09:59:48 +0200] "POST /xmlrpc.php HTTP/2.0" 200 403 "-" "WordPress.com; https://wordpress.com"
116.206.245.46 - - [28/Jul/2026:09:59:55 +0200] "POST /xmlrpc.php HTTP/2.0" 200 403 "-" "WordPress.com; https://wordpress.com"
213.135.171.195 - - [28/Jul/2026:10:00:02 +0200] "POST /xmlrpc.php HTTP/2.0" 200 403 "-" "Jetpack/13.0; WordPress/6.1; http://site97797784.com"
116.206.245.46 - - [28/Jul/2026:10:00:06 +0200] "POST /xmlrpc.php HTTP/2.0" 200 403 "-" "Jetpack by WordPress.com (Jetpack 12.5; WordPress 6.3)"
213.135.171.195 - - [28/Jul/2026:10:00:15 +0200] "POST /xmlrpc.php HTTP/2.0" 200 403 "-" "Jetpack by WordPress.com"
116.206.245.46 - - [28/Jul/2026:10:00:17 +0200] "POST /xmlrpc.php HTTP/2.0" 200 403 "-" "Jetpack by WordPress.com (Jetpack 13.0; WordPress 6.4)"
116.206.245.46 - - [28/Jul/2026:10:00:27 +0200] "POST /xmlrpc.php HTTP/2.0" 200 403 "-" "WordPress.com; https://wordpress.com"
213.135.171.195 - - [28/Jul/2026:10:00:30 +0200] "POST /xmlrpc.php HTTP/2.0" 200 403 "-" "Jetpack by WordPress.com (Jetpack 12.1; WordPress 6.3)"
116.206.245.46 - - [28/Jul/2026:10:00:38 +0200] "POST /xmlrpc.php HTTP/2.0" 200 403 "-" "WordPress.com; https://wordpress.com"
213.135.171.195 - - [28/Jul/2026:10:00:43 +0200] "POST /xmlrpc.php HTTP/2.0" 200 403 "-" "WordPress.com; https://wordpress.com"
116.206.245.46 - - [28/Jul/2026:10:00:48 +0200] "POST /xmlrpc.php HTTP/2.0" 200 403 "-" "Jetpack by WordPress.com (Jetpack 12.1; WordPress 6.3)"
213.135.171.195 - - [28/Jul/2026:10:00:56 +0200] "POST /xmlrpc.php HTTP/2.0" 200 403 "-" "Jetpack by WordPress.com (Jetpack 13.0; WordPress 6.3)"
116.206.245.46 - - [28/Jul/2026:10:00:59 +0200] "POST /xmlrpc.php HTTP/2.0" 200 403 "-" "Jetpack by WordPress.com"
213.135.171.195 - - [28/Jul/2026:10:01:09 +0200] "POST /xmlrpc.php HTTP/2.0" 200 403 "-" "Jetpack/12.5; WordPress/6.1; http://site67135245.com"
116.206.245.46 - - [28/Jul/2026:10:01:10 +0200] "POST /xmlrpc.php HTTP/2.0" 200 403 "-" "Jetpack/12.1; WordPress/6.4; http://site97905025.com"
116.206.245.46 - - [28/Jul/2026:10:01:21 +0200] "POST /xmlrpc.php HTTP/2.0" 200 403 "-" "Jetpack by WordPress.com (Jetpack 12.0; WordPress 6.4)"
213.135.171.195 - - [28/Jul/2026:10:01:23 +0200] "POST /xmlrpc.php HTTP/2.0" 200 403 "-" "WordPress.com; https://wordpress.com"
116.206.245.46 - - [28/Jul/2026:10:01:31 +0200] "POST /xmlrpc.php HTTP/2.0" 200 403 "-" "WordPress.com; https://wordpress.com"
38.74.251.117 - - [28/Jul/2026:10:01:35 +0200] "GET /go-out/simple-mobile/3925.html HTTP/2.0" 302 0 "-" "Mozilla/5.0 (Windows NT 10.0; Win64; x64) AppleWebKit/537.36 (KHTML, like Gecko) Chrome/103.0.5060.66 Safari/537.36"
213.135.171.195 - - [28/Jul/2026:10:01:36 +0200] "POST /xmlrpc.php HTTP/2.0" 200 403 "-" "Jetpack by WordPress.com"
116.206.245.46 - - [28/Jul/2026:10:01:42 +0200] "POST /xmlrpc.php HTTP/2.0" 200 403 "-" "Jetpack by WordPress.com (Jetpack 13.0; WordPress 6.1)"
45.162.133.28 - - [28/Jul/2026:10:01:47 +0200] "GET /go-out/simple-mobile/3925.html HTTP/2.0" 302 0 "-" "Mozilla/5.0 (Windows NT 6.1; WOW64) AppleWebKit/537.36 (KHTML, like Gecko) Chrome/107.0.0.0 Safari/537.36"
213.135.171.195 - - [28/Jul/2026:10:01:50 +0200] "POST /xmlrpc.php HTTP/2.0" 200 403 "-" "Jetpack by WordPress.com"
116.206.245.46 - - [28/Jul/2026:10:01:52 +0200] "POST /xmlrpc.php HTTP/2.0" 200 403 "-" "Jetpack by WordPress.com"
116.206.245.46 - - [28/Jul/2026:10:02:03 +0200] "POST /xmlrpc.php HTTP/2.0" 200 403 "-" "Jetpack by WordPress.com"
213.135.171.195 - - [28/Jul/2026:10:02:04 +0200] "POST /xmlrpc.php HTTP/2.0" 200 403 "-" "Jetpack by WordPress.com"
116.206.245.46 - - [28/Jul/2026:10:02:14 +0200] "POST /xmlrpc.php HTTP/2.0" 200 403 "-" "WordPress.com; https://wordpress.com"
213.135.171.195 - - [28/Jul/2026:10:02:17 +0200] "POST /xmlrpc.php HTTP/2.0" 200 403 "-" "Jetpack by WordPress.com (Jetpack 12.1; WordPress 6.1)"
116.206.245.46 - - [28/Jul/2026:10:02:25 +0200] "POST /xmlrpc.php HTTP/2.0" 200 403 "-" "Jetpack by WordPress.com (Jetpack 13.0; WordPress 6.1)"
213.135.171.195 - - [28/Jul/2026:10:02:32 +0200] "POST /xmlrpc.php HTTP/2.0" 200 403 "-" "Jetpack by WordPress.com (Jetpack 12.1; WordPress 6.3)"
116.206.245.46 - - [28/Jul/2026:10:02:36 +0200] "POST /xmlrpc.php HTTP/2.0" 200 403 "-" "Jetpack/13.0; WordPress/6.4; http://site34173838.com"
213.135.171.195 - - [28/Jul/2026:10:02:46 +0200] "POST /xmlrpc.php HTTP/2.0" 200 403 "-" "Jetpack by WordPress.com (Jetpack 12.0; WordPress 6.2)"
116.206.245.46 - - [28/Jul/2026:10:02:47 +0200] "POST /xmlrpc.php HTTP/2.0" 200 403 "-" "Jetpack by WordPress.com"
116.206.245.46 - - [28/Jul/2026:10:02:58 +0200] "POST /xmlrpc.php HTTP/2.0" 200 403 "-" "Jetpack by WordPress.com"
213.135.171.195 - - [28/Jul/2026:10:02:59 +0200] "POST /xmlrpc.php HTTP/2.0" 200 403 "-" "Jetpack/12.5; WordPress/6.1; http://site28377346.com"
116.206.245.46 - - [28/Jul/2026:10:03:08 +0200] "POST /xmlrpc.php HTTP/2.0" 200 403 "-" "WordPress.com; https://wordpress.com"
213.135.171.195 - - [28/Jul/2026:10:03:12 +0200] "POST /xmlrpc.php HTTP/2.0" 200 403 "-" "Jetpack/13.0; WordPress/6.3; http://site29468328.com"
116.206.245.46 - - [28/Jul/2026:10:03:19 +0200] "POST /xmlrpc.php HTTP/2.0" 200 403 "-" "WordPress.com; https://wordpress.com"
213.135.171.195 - - [28/Jul/2026:10:03:26 +0200] "POST /xmlrpc.php HTTP/2.0" 200 403 "-" "Jetpack by WordPress.com (Jetpack 12.0; WordPress 6.3)"
116.206.245.46 - - [28/Jul/2026:10:03:30 +0200] "POST /xmlrpc.php HTTP/2.0" 200 403 "-" "Jetpack by WordPress.com"
213.135.171.195 - - [28/Jul/2026:10:03:40 +0200] "POST /xmlrpc.php HTTP/2.0" 200 403 "-" "Jetpack/12.0; WordPress/6.3; http://site82908986.com"
116.206.245.46 - - [28/Jul/2026:10:03:40 +0200] "POST /xmlrpc.php HTTP/2.0" 200 403 "-" "Jetpack by WordPress.com (Jetpack 12.5; WordPress 6.1)"
116.206.245.46 - - [28/Jul/2026:10:03:51 +0200] "POST /xmlrpc.php HTTP/2.0" 200 403 "-" "Jetpack/13.0; WordPress/6.2; http://site34533355.com"
17.22.237.225 - - [28/Jul/2026:10:03:51 +0200] "GET /handyspionage/mspy-download-der-spionage-app/ HTTP/2.0" 200 62888 "-" "Mozilla/5.0 (Macintosh; Intel Mac OS X 10_15_7) AppleWebKit/605.1.15 (KHTML, like Gecko) Version/17.4 Safari/605.1.15 (Applebot/0.1; +http://www.apple.com/go/applebot)"
213.135.171.195 - - [28/Jul/2026:10:03:53 +0200] "POST /xmlrpc.php HTTP/2.0" 200 403 "-" "Jetpack by WordPress.com"
116.206.245.46 - - [28/Jul/2026:10:04:01 +0200] "POST /xmlrpc.php HTTP/2.0" 200 403 "-" "WordPress.com; https://wordpress.com"
213.135.171.195 - - [28/Jul/2026:10:04:06 +0200] "POST /xmlrpc.php HTTP/2.0" 200 403 "-" "Jetpack by WordPress.com (Jetpack 12.5; WordPress 6.1)"
116.206.245.46 - - [28/Jul/2026:10:04:12 +0200] "POST /xmlrpc.php HTTP/2.0" 200 403 "-" "Jetpack/12.1; WordPress/6.3; http://site45474460.com"
116.206.245.46 - - [28/Jul/2026:10:04:23 +0200] "POST /xmlrpc.php HTTP/2.0" 200 403 "-" "Jetpack by WordPress.com"
116.206.245.46 - - [28/Jul/2026:10:04:33 +0200] "POST /xmlrpc.php HTTP/2.0" 200 403 "-" "Jetpack by WordPress.com"
116.206.245.46 - - [28/Jul/2026:10:04:44 +0200] "POST /xmlrpc.php HTTP/2.0" 200 403 "-" "Jetpack by WordPress.com"
116.206.245.46 - - [28/Jul/2026:10:04:55 +0200] "POST /xmlrpc.php HTTP/2.0" 200 403 "-" "Jetpack/12.5; WordPress/6.4; http://site63459694.com"
116.206.245.46 - - [28/Jul/2026:10:05:05 +0200] "POST /xmlrpc.php HTTP/2.0" 200 403 "-" "Jetpack by WordPress.com"
116.206.245.46 - - [28/Jul/2026:10:05:16 +0200] "POST /xmlrpc.php HTTP/2.0" 200 403 "-" "Jetpack by WordPress.com"
3.209.100.74 - - [28/Jul/2026:10:05:24 +0200] "GET /?p=2409 HTTP/2.0" 301 0 "-" "Mozilla/5.0 AppleWebKit/605.1.15 (KHTML, like Gecko) Chrome/139.0.0.0 Safari/605.1.15"
3.208.246.237 - - [28/Jul/2026:10:05:25 +0200] "GET /handy/verdienstmoeglichkeiten-mit-dem-handy/ HTTP/2.0" 200 61512 "-" "Mozilla/5.0 AppleWebKit/605.1.15 (KHTML, like Gecko) Chrome/139.0.0.0 Safari/605.1.15"
116.206.245.46 - - [28/Jul/2026:10:05:26 +0200] "POST /xmlrpc.php HTTP/2.0" 200 403 "-" "Jetpack by WordPress.com"
108.129.61.185 - - [28/Jul/2026:10:05:35 +0200] "GET /robots.txt HTTP/1.1" 404 909 "-" "Mozilla/5.0 (Macintosh; Intel Mac OS X 10_15_7) AppleWebKit/537.36 (KHTML, like Gecko) Chrome/111.0.0.0 Safari/537.36"
116.206.245.46 - - [28/Jul/2026:10:05:37 +0200] "POST /xmlrpc.php HTTP/2.0" 200 403 "-" "Jetpack by WordPress.com (Jetpack 12.0; WordPress 6.1)"
108.129.61.185 - - [28/Jul/2026:10:05:38 +0200] "GET / HTTP/1.1" 301 5 "-" "Mozilla/5.0 (Macintosh; Intel Mac OS X 10_15_7) AppleWebKit/537.36 (KHTML, like Gecko) Chrome/111.0.0.0 Safari/537.36"
54.38.193.16 - - [28/Jul/2026:10:06:29 +0200] "GET / HTTP/2.0" 301 0 "-" "Mozilla/5.0 (Windows NT 6.1; rv:8.0) Gecko/20100101 Firefox/8.0"
54.38.193.16 - - [28/Jul/2026:10:06:30 +0200] "GET / HTTP/2.0" 200 87750 "-" "Mozilla/5.0 (Windows NT 6.1; rv:8.0) Gecko/20100101 Firefox/8.0"
196.171.41.189 - - [28/Jul/2026:10:09:07 +0200] "GET /go/2537/domains-zu-best-preisen.html HTTP/1.1" 302 5 "-" "Mozilla/5.0 (Macintosh; Intel Mac OS X 10_12_6) AppleWebKit/537.36 (KHTML, like Gecko) Chrome/97.0.4692.71 Safari/537.36"
187.161.133.147 - - [28/Jul/2026:10:09:57 +0200] "GET /handy/privatsphaere-im-internet-schuetzen/%3C?+%3F%3E%2Fneuigkeiten%2F&php+echo+get_site_url%28%29 HTTP/2.0" 404 897 "-" "Mozilla/5.0 (Windows NT 6.1; Win64; x64) AppleWebKit/537.36 (KHTML, like Gecko) Chrome/84.0.4147.125 Safari/537.36"
2a03:4000:59:e65:94e2:deff:fe0e:57ac - - [28/Jul/2026:10:09:57 +0200] "POST /wp-cron.php?doing_wp_cron=1785226195.9209361076354980468750 HTTP/2.0" 200 20 "https://www.handy-sofort-orten.de/wp-cron.php?doing_wp_cron=1785226195.9209361076354980468750" "WordPress/4.7.8; https://www.handy-sofort-orten.de"
104.164.118.185 - - [28/Jul/2026:10:18:41 +0200] "GET / HTTP/2.0" 200 87750 "-" "Mozilla/5.0 (Macintosh; Intel Mac OS X 10_15_7) AppleWebKit/537.36 (KHTML, like Gecko) Chrome/148.0.0.0 Safari/537.36"
209.99.190.126 - - [28/Jul/2026:10:23:48 +0200] "GET /api/setup-complete HTTP/1.1" 301 5 "-" "Mozilla/5.0 (compatible; SecurityResearch/1.0)"
209.99.190.126 - - [28/Jul/2026:10:23:53 +0200] "GET /api/config HTTP/1.1" 301 5 "-" "Mozilla/5.0 (compatible; SecurityResearch/1.0)"
209.99.190.126 - - [28/Jul/2026:10:23:58 +0200] "GET /api/endpoints HTTP/1.1" 301 5 "-" "Mozilla/5.0 (compatible; SecurityResearch/1.0)"
209.99.190.126 - - [28/Jul/2026:10:24:01 +0200] "GET /api/v1/credentials?includeData=true HTTP/2.0" 301 0 "-" "Mozilla/5.0 (compatible; SecurityResearch/1.0)"
209.99.190.126 - - [28/Jul/2026:10:24:01 +0200] "GET /api/v1/chatflows HTTP/2.0" 301 0 "-" "Mozilla/5.0 (compatible; SecurityResearch/1.0)"
209.99.190.126 - - [28/Jul/2026:10:24:02 +0200] "GET /api/v1/apikey HTTP/2.0" 301 0 "-" "Mozilla/5.0 (compatible; SecurityResearch/1.0)"
209.99.190.126 - - [28/Jul/2026:10:24:02 +0200] "GET /get/config HTTP/2.0" 301 0 "-" "Mozilla/5.0 (compatible; SecurityResearch/1.0)"
209.99.190.126 - - [28/Jul/2026:10:24:02 +0200] "GET /health HTTP/2.0" 301 0 "-" "Mozilla/5.0 (compatible; SecurityResearch/1.0)"
209.99.190.126 - - [28/Jul/2026:10:24:03 +0200] "GET /mcp-rest/test/connection HTTP/2.0" 301 0 "-" "Mozilla/5.0 (compatible; SecurityResearch/1.0)"
209.99.190.126 - - [28/Jul/2026:10:24:03 +0200] "GET /api/v1/auths/ HTTP/2.0" 301 0 "-" "Mozilla/5.0 (compatible; SecurityResearch/1.0)"
81.167.26.57 - - [28/Jul/2026:10:25:11 +0200] "GET /robots.txt HTTP/2.0" 404 897 "-" "Mozilla/5.0 (compatible; MJ12bot/v1.4.8; http://mj12bot.com/)"
46.188.179.118 - - [28/Jul/2026:10:25:11 +0200] "GET /allgemein/weihnachtsgeschenke-ideen-rund-um-handy-und-gps/%3C?+%3F%3E%2Fneuigkeiten%2F&php+echo+get_site_url%28%29 HTTP/2.0" 404 897 "-" "Mozilla/5.0 (Macintosh; Intel Mac OS X 10_15_7) AppleWebKit/537.36 (KHTML, like Gecko) Chrome/92.0.4515.107 Safari/537.36"
81.167.26.57 - - [28/Jul/2026:10:25:14 +0200] "GET /handy/sicherheit-fuer-das-handy-handyversicherungen-und-handytaschen/ HTTP/2.0" 200 63340 "-" "Mozilla/5.0 (compatible; MJ12bot/v1.4.8; http://mj12bot.com/)"
81.167.26.57 - - [28/Jul/2026:10:25:16 +0200] "GET /handy/smartphone-mit-vertrag-beim-tarif-sollten-sie-auf-diese-kostenfallen-achten/ HTTP/2.0" 200 61655 "-" "Mozilla/5.0 (compatible; MJ12bot/v1.4.8; http://mj12bot.com/)"
81.167.26.57 - - [28/Jul/2026:10:25:18 +0200] "GET /handyortung/ortungsverfahren-und-moeglichkeiten/smartphone-app/ HTTP/2.0" 200 84576 "-" "Mozilla/5.0 (compatible; MJ12bot/v1.4.8; http://mj12bot.com/)"
81.167.26.57 - - [28/Jul/2026:10:25:20 +0200] "GET /handyortung/ortungsverfahren-und-moeglichkeiten/smartphone-app/mit-google-das-handy-finden/standort-ueber-google-maps-teilen/ HTTP/2.0" 200 61585 "-" "Mozilla/5.0 (compatible; MJ12bot/v1.4.8; http://mj12bot.com/)"
81.167.26.57 - - [28/Jul/2026:10:25:23 +0200] "GET /handyortung/ortungsverfahren-und-moeglichkeiten/smartphone-app/mit-google-das-handy-finden/standortverlauf-speichern-und-anzeigen/ HTTP/2.0" 200 61547 "-" "Mozilla/5.0 (compatible; MJ12bot/v1.4.8; http://mj12bot.com/)"
81.167.26.57 - - [28/Jul/2026:10:25:25 +0200] "GET /ip-adresse-orten/ HTTP/2.0" 200 62182 "-" "Mozilla/5.0 (compatible; MJ12bot/v1.4.8; http://mj12bot.com/)"
81.167.26.57 - - [28/Jul/2026:10:25:27 +0200] "GET /kontakt/ HTTP/2.0" 200 58990 "-" "Mozilla/5.0 (compatible; MJ12bot/v1.4.8; http://mj12bot.com/)"
81.167.26.57 - - [28/Jul/2026:10:25:29 +0200] "GET /neuigkeiten/ HTTP/2.0" 200 63160 "-" "Mozilla/5.0 (compatible; MJ12bot/v1.4.8; http://mj12bot.com/)"
81.167.26.57 - - [28/Jul/2026:10:25:32 +0200] "GET /smartwatches/ HTTP/2.0" 200 59378 "-" "Mozilla/5.0 (compatible; MJ12bot/v1.4.8; http://mj12bot.com/)"
54.205.156.147 - - [28/Jul/2026:10:29:33 +0200] "GET /?p=1407 HTTP/2.0" 301 0 "-" "Mozilla/5.0 AppleWebKit/605.1.15 (KHTML, like Gecko) Chrome/139.0.0.0 Safari/605.1.15"
54.205.156.147 - - [28/Jul/2026:10:29:33 +0200] "GET /produkte/gps-katzenhalsband/ HTTP/2.0" 200 57778 "-" "Mozilla/5.0 AppleWebKit/605.1.15 (KHTML, like Gecko) Chrome/139.0.0.0 Safari/605.1.15"
17.22.253.45 - - [28/Jul/2026:10:29:34 +0200] "GET /handy/iphone-7-handy-display-reparatur/ HTTP/2.0" 200 61756 "-" "Mozilla/5.0 (Macintosh; Intel Mac OS X 10_15_7) AppleWebKit/605.1.15 (KHTML, like Gecko) Version/17.4 Safari/605.1.15 (Applebot/0.1; +http://www.apple.com/go/applebot)"
137.184.230.10 - - [28/Jul/2026:10:30:15 +0200] "POST /xmlrpc.php HTTP/2.0" 200 403 "-" "Mozilla/5.0 (Windows NT 10.0; WOW64; rv:143.0) Gecko/20100101 Firefox/143.0"
216.73.216.233 - - [28/Jul/2026:10:30:34 +0200] "GET /robots.txt HTTP/2.0" 404 897 "-" "Mozilla/5.0 AppleWebKit/537.36 (KHTML, like Gecko; compatible; ClaudeBot/1.0; +claudebot@anthropic.com)"
216.73.216.233 - - [28/Jul/2026:10:30:34 +0200] "GET /handyortung/feed/ HTTP/2.0" 200 1081 "-" "Mozilla/5.0 AppleWebKit/537.36 (KHTML, like Gecko; compatible; ClaudeBot/1.0; +claudebot@anthropic.com)"
17.246.15.190 - - [28/Jul/2026:10:30:54 +0200] "GET /handy/zeiterfassung-app/feed/ HTTP/2.0" 200 1076 "-" "Mozilla/5.0 (Macintosh; Intel Mac OS X 10_15_7) AppleWebKit/605.1.15 (KHTML, like Gecko) Version/17.4 Safari/605.1.15 (Applebot/0.1; +http://www.apple.com/go/applebot)"
195.3.220.7 - - [28/Jul/2026:10:33:36 +0200] "GET /a.php HTTP/2.0" 404 897 "-" "Mozilla/5.0 (Linux; Android 7.0; SM-G892A Build/NRD90M; wv) AppleWebKit/537.36 (KHTML, like Gecko) Version/4.0 Chrome/60.0.3112.107 Mobile Safari/537.36"
195.3.220.7 - - [28/Jul/2026:10:33:36 +0200] "GET /chosen.php HTTP/2.0" 404 897 "-" "Mozilla/5.0 (Linux; Android 7.0; SM-G892A Build/NRD90M; wv) AppleWebKit/537.36 (KHTML, like Gecko) Version/4.0 Chrome/60.0.3112.107 Mobile Safari/537.36"
195.3.220.7 - - [28/Jul/2026:10:33:36 +0200] "GET /simple.php HTTP/2.0" 404 897 "-" "Mozilla/5.0 (Linux; Android 7.0; SM-G892A Build/NRD90M; wv) AppleWebKit/537.36 (KHTML, like Gecko) Version/4.0 Chrome/60.0.3112.107 Mobile Safari/537.36"
195.3.220.7 - - [28/Jul/2026:10:33:36 +0200] "GET /.tmb/worksec.php HTTP/2.0" 403 892 "-" "Mozilla/5.0 (Linux; Android 7.0; SM-G892A Build/NRD90M; wv) AppleWebKit/537.36 (KHTML, like Gecko) Version/4.0 Chrome/60.0.3112.107 Mobile Safari/537.36"
195.3.220.7 - - [28/Jul/2026:10:33:36 +0200] "GET /wp-content/plugins/fix/up.php HTTP/2.0" 404 897 "-" "Mozilla/5.0 (Linux; Android 7.0; SM-G892A Build/NRD90M; wv) AppleWebKit/537.36 (KHTML, like Gecko) Version/4.0 Chrome/60.0.3112.107 Mobile Safari/537.36"
195.3.220.7 - - [28/Jul/2026:10:33:36 +0200] "GET /wp-content/index.php HTTP/2.0" 200 20 "-" "Mozilla/5.0 (Linux; Android 7.0; SM-G892A Build/NRD90M; wv) AppleWebKit/537.36 (KHTML, like Gecko) Version/4.0 Chrome/60.0.3112.107 Mobile Safari/537.36"
195.3.220.7 - - [28/Jul/2026:10:33:36 +0200] "GET /wp-content/plugins/pwnd/pwnd.php HTTP/2.0" 404 897 "-" "Mozilla/5.0 (Linux; Android 7.0; SM-G892A Build/NRD90M; wv) AppleWebKit/537.36 (KHTML, like Gecko) Version/4.0 Chrome/60.0.3112.107 Mobile Safari/537.36"
195.3.220.7 - - [28/Jul/2026:10:33:37 +0200] "GET /wp-content/plugins/pwnd-1/pwnd.php HTTP/2.0" 404 897 "-" "Mozilla/5.0 (Linux; Android 7.0; SM-G892A Build/NRD90M; wv) AppleWebKit/537.36 (KHTML, like Gecko) Version/4.0 Chrome/60.0.3112.107 Mobile Safari/537.36"
195.3.220.7 - - [28/Jul/2026:10:33:37 +0200] "GET /worksec.php HTTP/2.0" 404 897 "-" "Mozilla/5.0 (Linux; Android 7.0; SM-G892A Build/NRD90M; wv) AppleWebKit/537.36 (KHTML, like Gecko) Version/4.0 Chrome/60.0.3112.107 Mobile Safari/537.36"
195.3.220.7 - - [28/Jul/2026:10:33:37 +0200] "GET /wp-content/worksec.php HTTP/2.0" 404 897 "-" "Mozilla/5.0 (Linux; Android 7.0; SM-G892A Build/NRD90M; wv) AppleWebKit/537.36 (KHTML, like Gecko) Version/4.0 Chrome/60.0.3112.107 Mobile Safari/537.36"
195.3.220.7 - - [28/Jul/2026:10:33:37 +0200] "GET /wp-content/themes/twentynineteen/404.php HTTP/2.0" 404 897 "-" "Mozilla/5.0 (Linux; Android 7.0; SM-G892A Build/NRD90M; wv) AppleWebKit/537.36 (KHTML, like Gecko) Version/4.0 Chrome/60.0.3112.107 Mobile Safari/537.36"
195.3.220.7 - - [28/Jul/2026:10:33:37 +0200] "GET /wp-content/themes/twentytwentyone/404.php HTTP/2.0" 404 897 "-" "Mozilla/5.0 (Linux; Android 7.0; SM-G892A Build/NRD90M; wv) AppleWebKit/537.36 (KHTML, like Gecko) Version/4.0 Chrome/60.0.3112.107 Mobile Safari/537.36"
195.3.220.7 - - [28/Jul/2026:10:33:37 +0200] "GET /wp-content/cache/index.php HTTP/2.0" 404 897 "-" "Mozilla/5.0 (Linux; Android 7.0; SM-G892A Build/NRD90M; wv) AppleWebKit/537.36 (KHTML, like Gecko) Version/4.0 Chrome/60.0.3112.107 Mobile Safari/537.36"
195.3.220.7 - - [28/Jul/2026:10:33:37 +0200] "GET /wp-content/index.php HTTP/2.0" 200 20 "-" "Mozilla/5.0 (Linux; Android 7.0; SM-G892A Build/NRD90M; wv) AppleWebKit/537.36 (KHTML, like Gecko) Version/4.0 Chrome/60.0.3112.107 Mobile Safari/537.36"
195.3.220.7 - - [28/Jul/2026:10:33:38 +0200] "GET /wp-content/languages/index.php HTTP/2.0" 404 897 "-" "Mozilla/5.0 (Linux; Android 7.0; SM-G892A Build/NRD90M; wv) AppleWebKit/537.36 (KHTML, like Gecko) Version/4.0 Chrome/60.0.3112.107 Mobile Safari/537.36"
195.3.220.7 - - [28/Jul/2026:10:33:38 +0200] "GET /wp-content/plugins/index.php HTTP/2.0" 200 20 "-" "Mozilla/5.0 (Linux; Android 7.0; SM-G892A Build/NRD90M; wv) AppleWebKit/537.36 (KHTML, like Gecko) Version/4.0 Chrome/60.0.3112.107 Mobile Safari/537.36"
195.3.220.7 - - [28/Jul/2026:10:33:38 +0200] "GET /wp-content/themes/index.php HTTP/2.0" 200 20 "-" "Mozilla/5.0 (Linux; Android 7.0; SM-G892A Build/NRD90M; wv) AppleWebKit/537.36 (KHTML, like Gecko) Version/4.0 Chrome/60.0.3112.107 Mobile Safari/537.36"
195.3.220.7 - - [28/Jul/2026:10:33:38 +0200] "GET /wp-content/upgrade/index.php HTTP/2.0" 404 897 "-" "Mozilla/5.0 (Linux; Android 7.0; SM-G892A Build/NRD90M; wv) AppleWebKit/537.36 (KHTML, like Gecko) Version/4.0 Chrome/60.0.3112.107 Mobile Safari/537.36"
195.3.220.7 - - [28/Jul/2026:10:33:38 +0200] "GET /wp-content/uploads/index.php HTTP/2.0" 404 897 "-" "Mozilla/5.0 (Linux; Android 7.0; SM-G892A Build/NRD90M; wv) AppleWebKit/537.36 (KHTML, like Gecko) Version/4.0 Chrome/60.0.3112.107 Mobile Safari/537.36"
195.3.220.7 - - [28/Jul/2026:10:33:38 +0200] "GET /wp-admin/index.php HTTP/2.0" 302 0 "-" "Mozilla/5.0 (Linux; Android 7.0; SM-G892A Build/NRD90M; wv) AppleWebKit/537.36 (KHTML, like Gecko) Version/4.0 Chrome/60.0.3112.107 Mobile Safari/537.36"
195.3.220.7 - - [28/Jul/2026:10:33:39 +0200] "GET /login/?redirect=https%3A%2F%2Fhandy-sofort-orten.de%2Fwp-admin%2Findex.php HTTP/2.0" 200 56450 "-" "Mozilla/5.0 (Linux; Android 7.0; SM-G892A Build/NRD90M; wv) AppleWebKit/537.36 (KHTML, like Gecko) Version/4.0 Chrome/60.0.3112.107 Mobile Safari/537.36"
195.3.220.7 - - [28/Jul/2026:10:33:39 +0200] "GET /wp-content/themes/Divi/404.php HTTP/2.0" 404 897 "-" "Mozilla/5.0 (Linux; Android 7.0; SM-G892A Build/NRD90M; wv) AppleWebKit/537.36 (KHTML, like Gecko) Version/4.0 Chrome/60.0.3112.107 Mobile Safari/537.36"
195.3.220.7 - - [28/Jul/2026:10:33:40 +0200] "GET /wp-admin/index.php HTTP/2.0" 302 0 "-" "Mozilla/5.0 (Linux; Android 7.0; SM-G892A Build/NRD90M; wv) AppleWebKit/537.36 (KHTML, like Gecko) Version/4.0 Chrome/60.0.3112.107 Mobile Safari/537.36"
195.3.220.7 - - [28/Jul/2026:10:33:40 +0200] "GET /login/?redirect=https%3A%2F%2Fhandy-sofort-orten.de%2Fwp-admin%2Findex.php HTTP/2.0" 200 56450 "-" "Mozilla/5.0 (Linux; Android 7.0; SM-G892A Build/NRD90M; wv) AppleWebKit/537.36 (KHTML, like Gecko) Version/4.0 Chrome/60.0.3112.107 Mobile Safari/537.36"
195.3.220.7 - - [28/Jul/2026:10:33:40 +0200] "GET /wp-admin/css/index.php HTTP/2.0" 404 897 "-" "Mozilla/5.0 (Linux; Android 7.0; SM-G892A Build/NRD90M; wv) AppleWebKit/537.36 (KHTML, like Gecko) Version/4.0 Chrome/60.0.3112.107 Mobile Safari/537.36"
195.3.220.7 - - [28/Jul/2026:10:33:40 +0200] "GET /wp-admin/images/index.php HTTP/2.0" 404 897 "-" "Mozilla/5.0 (Linux; Android 7.0; SM-G892A Build/NRD90M; wv) AppleWebKit/537.36 (KHTML, like Gecko) Version/4.0 Chrome/60.0.3112.107 Mobile Safari/537.36"
195.3.220.7 - - [28/Jul/2026:10:33:41 +0200] "GET /wp-admin/includes/index.php HTTP/2.0" 404 897 "-" "Mozilla/5.0 (Linux; Android 7.0; SM-G892A Build/NRD90M; wv) AppleWebKit/537.36 (KHTML, like Gecko) Version/4.0 Chrome/60.0.3112.107 Mobile Safari/537.36"
195.3.220.7 - - [28/Jul/2026:10:33:41 +0200] "GET /wp-admin/js/index.php HTTP/2.0" 404 897 "-" "Mozilla/5.0 (Linux; Android 7.0; SM-G892A Build/NRD90M; wv) AppleWebKit/537.36 (KHTML, like Gecko) Version/4.0 Chrome/60.0.3112.107 Mobile Safari/537.36"
195.3.220.7 - - [28/Jul/2026:10:33:41 +0200] "GET /wp-admin/maint/index.php HTTP/2.0" 404 897 "-" "Mozilla/5.0 (Linux; Android 7.0; SM-G892A Build/NRD90M; wv) AppleWebKit/537.36 (KHTML, like Gecko) Version/4.0 Chrome/60.0.3112.107 Mobile Safari/537.36"
195.3.220.7 - - [28/Jul/2026:10:33:41 +0200] "GET /wp-admin/network/index.php HTTP/2.0" 302 0 "-" "Mozilla/5.0 (Linux; Android 7.0; SM-G892A Build/NRD90M; wv) AppleWebKit/537.36 (KHTML, like Gecko) Version/4.0 Chrome/60.0.3112.107 Mobile Safari/537.36"
195.3.220.7 - - [28/Jul/2026:10:33:42 +0200] "GET /login/?redirect=https%3A%2F%2Fhandy-sofort-orten.de%2Fwp-admin%2Fnetwork%2Findex.php HTTP/2.0" 200 56461 "-" "Mozilla/5.0 (Linux; Android 7.0; SM-G892A Build/NRD90M; wv) AppleWebKit/537.36 (KHTML, like Gecko) Version/4.0 Chrome/60.0.3112.107 Mobile Safari/537.36"
195.3.220.7 - - [28/Jul/2026:10:33:42 +0200] "GET /wp-admin/user/index.php HTTP/2.0" 302 0 "-" "Mozilla/5.0 (Linux; Android 7.0; SM-G892A Build/NRD90M; wv) AppleWebKit/537.36 (KHTML, like Gecko) Version/4.0 Chrome/60.0.3112.107 Mobile Safari/537.36"
195.3.220.7 - - [28/Jul/2026:10:33:42 +0200] "GET /login/?redirect=https%3A%2F%2Fhandy-sofort-orten.de%2Fwp-admin%2Fuser%2Findex.php HTTP/2.0" 200 56457 "-" "Mozilla/5.0 (Linux; Android 7.0; SM-G892A Build/NRD90M; wv) AppleWebKit/537.36 (KHTML, like Gecko) Version/4.0 Chrome/60.0.3112.107 Mobile Safari/537.36"
216.73.216.233 - - [28/Jul/2026:10:35:37 +0200] "GET /einsatzbereiche/wifi-alarmanlage-mit-dem-handy-ueberwachen/ HTTP/2.0" 200 61500 "-" "Mozilla/5.0 AppleWebKit/537.36 (KHTML, like Gecko; compatible; ClaudeBot/1.0; +claudebot@anthropic.com)"
198.38.94.5 - - [28/Jul/2026:10:36:00 +0200] "GET /wp-login.php HTTP/2.0" 302 0 "-" "Mozilla/5.0 (Windows NT 10.0; Win64; x64) AppleWebKit/537.36 (KHTML, like Gecko) Chrome/150.0.0.0 Safari/537.36"
198.38.94.5 - - [28/Jul/2026:10:36:00 +0200] "GET /login/?redirect=https%3A%2F%2Fwww.handy-sofort-orten.de%2F HTTP/2.0" 200 56308 "https://handy-sofort-orten.de/" "Mozilla/5.0 (Windows NT 10.0; Win64; x64) AppleWebKit/537.36 (KHTML, like Gecko) Chrome/150.0.0.0 Safari/537.36"
198.38.94.5 - - [28/Jul/2026:10:36:02 +0200] "GET /login/?redirect=https%3A%2F%2Fwww.handy-sofort-orten.de%2F HTTP/2.0" 200 56308 "-" "Mozilla/5.0 (Windows NT 10.0; Win64; x64) AppleWebKit/537.36 (KHTML, like Gecko) Chrome/150.0.0.0 Safari/537.36"
198.38.94.5 - - [28/Jul/2026:10:36:02 +0200] "POST /login/?redirect=https%3A%2F%2Fwww.handy-sofort-orten.de%2F HTTP/2.0" 200 57448 "https://www.handy-sofort-orten.de/login/?redirect=https%3A%2F%2Fwww.handy-sofort-orten.de%2F" "Mozilla/5.0 (Windows NT 10.0; Win64; x64) AppleWebKit/537.36 (KHTML, like Gecko) Chrome/150.0.0.0 Safari/537.36"
2a03:4000:59:e65:94e2:deff:fe0e:57ac - - [28/Jul/2026:10:38:25 +0200] "POST /wp-cron.php?doing_wp_cron=1785227904.3173739910125732421875 HTTP/1.1" 499 0 "http://www.handy-sofort-orten.de/wp-cron.php?doing_wp_cron=1785227904.3173739910125732421875" "WordPress/4.7.8; https://www.handy-sofort-orten.de"
13.207.186.16 - - [28/Jul/2026:10:38:25 +0200] "GET / HTTP/1.1" 301 5 "-" "Go-http-client/1.1"
13.207.186.16 - - [28/Jul/2026:10:38:27 +0200] "GET / HTTP/2.0" 200 87750 "http://handy-sofort-orten.de/" "Go-http-client/2.0"
13.207.186.16 - - [28/Jul/2026:10:38:28 +0200] "GET /wp-includes/css/buttons.css HTTP/1.1" 200 9814 "-" "Go-http-client/1.1"
102.209.223.71 - - [28/Jul/2026:10:40:16 +0200] "GET /category/services/page/4/%3C?+%3F%3E%2Fneuigkeiten%2F&php+echo+get_site_url%28%29 HTTP/2.0" 404 897 "-" "Mozilla/5.0 (Windows NT 6.1) AppleWebKit/537.36 (KHTML, like Gecko) Chrome/97.0.4692.99 Safari/537.36"
187.208.124.113 - - [28/Jul/2026:10:41:39 +0200] "GET /ortung/ortung-mit-trackr/%3C?+%3F%3E%2Fneuigkeiten%2F&php+echo+get_site_url%28%29 HTTP/2.0" 404 897 "-" "Mozilla/5.0 (Windows NT 6.1) AppleWebKit/537.36 (KHTML, like Gecko) Chrome/87.0.4280.88 Safari/537.36"
17.246.15.109 - - [28/Jul/2026:10:43:13 +0200] "GET /search/whatsapp-mitzulesen/feed/rss2/ HTTP/2.0" 200 1242 "-" "Mozilla/5.0 (Macintosh; Intel Mac OS X 10_15_7) AppleWebKit/605.1.15 (KHTML, like Gecko) Version/17.4 Safari/605.1.15 (Applebot/0.1; +http://www.apple.com/go/applebot)"
103.102.158.132 - - [28/Jul/2026:10:45:41 +0200] "GET /handy/handyhuellen-schuetzen-das-handy/%E2%80%9Dhttps:/www.handy-sofort-orten.de/out/handy-cover-individuell.html%E2%80%9D HTTP/2.0" 404 897 "-" "Mozilla/5.0 (Macintosh; Intel Mac OS X 10_14_6) AppleWebKit/537.36 (KHTML, like Gecko) Chrome/81.0.4044.113 Safari/537.36"
