74.249.213.70 - - [28/Jul/2026:21:42:18 +0200] "GET /666.php HTTP/2.0" 404 897 "-" "Mozilla/5.0 (Windows NT 10.0; Win64; x64) AppleWebKit/537.36 (KHTML, like Gecko) Chrome/120.0.0.0 Safari/537.36"
74.249.213.70 - - [28/Jul/2026:21:42:18 +0200] "GET /wp-admin/ HTTP/2.0" 401 1931 "-" "Mozilla/5.0 (Windows NT 10.0; Win64; x64) AppleWebKit/537.36 (KHTML, like Gecko) Chrome/120.0.0.0 Safari/537.36"
74.249.213.70 - - [28/Jul/2026:21:42:18 +0200] "GET /ws54.php HTTP/2.0" 404 897 "-" "Mozilla/5.0 (Windows NT 10.0; Win64; x64) AppleWebKit/537.36 (KHTML, like Gecko) Chrome/120.0.0.0 Safari/537.36"
117.134.199.4 - - [28/Jul/2026:21:42:18 +0200] "POST /xmlrpc.php HTTP/2.0" 200 403 "-" "WordPress.com; https://wordpress.com"
74.249.213.70 - - [28/Jul/2026:21:42:18 +0200] "GET /deepseek_d.php HTTP/2.0" 404 897 "-" "Mozilla/5.0 (Windows NT 10.0; Win64; x64) AppleWebKit/537.36 (KHTML, like Gecko) Chrome/120.0.0.0 Safari/537.36"
74.249.213.70 - - [28/Jul/2026:21:42:18 +0200] "GET /function/function.php HTTP/2.0" 404 897 "-" "Mozilla/5.0 (Windows NT 10.0; Win64; x64) AppleWebKit/537.36 (KHTML, like Gecko) Chrome/120.0.0.0 Safari/537.36"
74.249.213.70 - - [28/Jul/2026:21:42:19 +0200] "GET /nw.php HTTP/2.0" 404 897 "-" "Mozilla/5.0 (Windows NT 10.0; Win64; x64) AppleWebKit/537.36 (KHTML, like Gecko) Chrome/120.0.0.0 Safari/537.36"
74.249.213.70 - - [28/Jul/2026:21:42:19 +0200] "GET /xleet.php HTTP/2.0" 404 897 "-" "Mozilla/5.0 (Windows NT 10.0; Win64; x64) AppleWebKit/537.36 (KHTML, like Gecko) Chrome/120.0.0.0 Safari/537.36"
74.249.213.70 - - [28/Jul/2026:21:42:19 +0200] "GET /wp.php HTTP/2.0" 404 897 "-" "Mozilla/5.0 (Windows NT 10.0; Win64; x64) AppleWebKit/537.36 (KHTML, like Gecko) Chrome/120.0.0.0 Safari/537.36"
74.249.213.70 - - [28/Jul/2026:21:42:19 +0200] "GET /155.php HTTP/2.0" 404 897 "-" "Mozilla/5.0 (Windows NT 10.0; Win64; x64) AppleWebKit/537.36 (KHTML, like Gecko) Chrome/120.0.0.0 Safari/537.36"
74.249.213.70 - - [28/Jul/2026:21:42:19 +0200] "GET /96i.php HTTP/2.0" 404 897 "-" "Mozilla/5.0 (Windows NT 10.0; Win64; x64) AppleWebKit/537.36 (KHTML, like Gecko) Chrome/120.0.0.0 Safari/537.36"
74.249.213.70 - - [28/Jul/2026:21:42:19 +0200] "GET /as.php HTTP/2.0" 404 897 "-" "Mozilla/5.0 (Windows NT 10.0; Win64; x64) AppleWebKit/537.36 (KHTML, like Gecko) Chrome/120.0.0.0 Safari/537.36"
74.249.213.70 - - [28/Jul/2026:21:42:20 +0200] "GET /min.php HTTP/2.0" 404 897 "-" "Mozilla/5.0 (Windows NT 10.0; Win64; x64) AppleWebKit/537.36 (KHTML, like Gecko) Chrome/120.0.0.0 Safari/537.36"
74.249.213.70 - - [28/Jul/2026:21:42:20 +0200] "GET /.well-known/ HTTP/2.0" 403 892 "-" "Mozilla/5.0 (Windows NT 10.0; Win64; x64) AppleWebKit/537.36 (KHTML, like Gecko) Chrome/120.0.0.0 Safari/537.36"
74.249.213.70 - - [28/Jul/2026:21:42:20 +0200] "GET /php8.php HTTP/2.0" 404 897 "-" "Mozilla/5.0 (Windows NT 10.0; Win64; x64) AppleWebKit/537.36 (KHTML, like Gecko) Chrome/120.0.0.0 Safari/537.36"
74.249.213.70 - - [28/Jul/2026:21:42:20 +0200] "GET /wp-content/admin.php HTTP/2.0" 404 897 "-" "Mozilla/5.0 (Windows NT 10.0; Win64; x64) AppleWebKit/537.36 (KHTML, like Gecko) Chrome/120.0.0.0 Safari/537.36"
74.249.213.70 - - [28/Jul/2026:21:42:20 +0200] "GET /222.php HTTP/2.0" 404 897 "-" "Mozilla/5.0 (Windows NT 10.0; Win64; x64) AppleWebKit/537.36 (KHTML, like Gecko) Chrome/120.0.0.0 Safari/537.36"
74.249.213.70 - - [28/Jul/2026:21:42:20 +0200] "GET /wp-content/themes/pridmag/il.php HTTP/2.0" 404 897 "-" "Mozilla/5.0 (Windows NT 10.0; Win64; x64) AppleWebKit/537.36 (KHTML, like Gecko) Chrome/120.0.0.0 Safari/537.36"
74.249.213.70 - - [28/Jul/2026:21:42:21 +0200] "GET /info.php HTTP/2.0" 404 897 "-" "Mozilla/5.0 (Windows NT 10.0; Win64; x64) AppleWebKit/537.36 (KHTML, like Gecko) Chrome/120.0.0.0 Safari/537.36"
74.249.213.70 - - [28/Jul/2026:21:42:21 +0200] "GET /a.php HTTP/2.0" 404 897 "-" "Mozilla/5.0 (Windows NT 10.0; Win64; x64) AppleWebKit/537.36 (KHTML, like Gecko) Chrome/120.0.0.0 Safari/537.36"
74.249.213.70 - - [28/Jul/2026:21:42:21 +0200] "GET /chosen.php HTTP/2.0" 404 897 "-" "Mozilla/5.0 (Windows NT 10.0; Win64; x64) AppleWebKit/537.36 (KHTML, like Gecko) Chrome/120.0.0.0 Safari/537.36"
74.249.213.70 - - [28/Jul/2026:21:42:21 +0200] "GET /wp-content/index.php HTTP/2.0" 200 20 "-" "Mozilla/5.0 (Windows NT 10.0; Win64; x64) AppleWebKit/537.36 (KHTML, like Gecko) Chrome/120.0.0.0 Safari/537.36"
74.249.213.70 - - [28/Jul/2026:21:42:21 +0200] "GET /vx.php HTTP/2.0" 404 897 "-" "Mozilla/5.0 (Windows NT 10.0; Win64; x64) AppleWebKit/537.36 (KHTML, like Gecko) Chrome/120.0.0.0 Safari/537.36"
74.249.213.70 - - [28/Jul/2026:21:42:22 +0200] "GET /admin/controller/extension/ HTTP/2.0" 404 897 "-" "Mozilla/5.0 (Windows NT 10.0; Win64; x64) AppleWebKit/537.36 (KHTML, like Gecko) Chrome/120.0.0.0 Safari/537.36"
74.249.213.70 - - [28/Jul/2026:21:42:22 +0200] "GET /wap.php HTTP/2.0" 404 897 "-" "Mozilla/5.0 (Windows NT 10.0; Win64; x64) AppleWebKit/537.36 (KHTML, like Gecko) Chrome/120.0.0.0 Safari/537.36"
74.249.213.70 - - [28/Jul/2026:21:42:22 +0200] "GET /wp-admin/wp.php HTTP/2.0" 404 897 "-" "Mozilla/5.0 (Windows NT 10.0; Win64; x64) AppleWebKit/537.36 (KHTML, like Gecko) Chrome/120.0.0.0 Safari/537.36"
74.249.213.70 - - [28/Jul/2026:21:42:22 +0200] "GET /bgymj.php HTTP/2.0" 404 897 "-" "Mozilla/5.0 (Windows NT 10.0; Win64; x64) AppleWebKit/537.36 (KHTML, like Gecko) Chrome/120.0.0.0 Safari/537.36"
74.249.213.70 - - [28/Jul/2026:21:42:22 +0200] "GET /aa.php HTTP/2.0" 404 897 "-" "Mozilla/5.0 (Windows NT 10.0; Win64; x64) AppleWebKit/537.36 (KHTML, like Gecko) Chrome/120.0.0.0 Safari/537.36"
74.249.213.70 - - [28/Jul/2026:21:42:23 +0200] "GET /wp-mail.php HTTP/2.0" 403 892 "-" "Mozilla/5.0 (Windows NT 10.0; Win64; x64) AppleWebKit/537.36 (KHTML, like Gecko) Chrome/120.0.0.0 Safari/537.36"
74.249.213.70 - - [28/Jul/2026:21:42:23 +0200] "GET /bolt.php HTTP/2.0" 404 897 "-" "Mozilla/5.0 (Windows NT 10.0; Win64; x64) AppleWebKit/537.36 (KHTML, like Gecko) Chrome/120.0.0.0 Safari/537.36"
74.249.213.70 - - [28/Jul/2026:21:42:23 +0200] "GET /bthil.php HTTP/2.0" 404 897 "-" "Mozilla/5.0 (Windows NT 10.0; Win64; x64) AppleWebKit/537.36 (KHTML, like Gecko) Chrome/120.0.0.0 Safari/537.36"
74.249.213.70 - - [28/Jul/2026:21:42:23 +0200] "GET /cgi-bin/ HTTP/2.0" 404 897 "-" "Mozilla/5.0 (Windows NT 10.0; Win64; x64) AppleWebKit/537.36 (KHTML, like Gecko) Chrome/120.0.0.0 Safari/537.36"
74.249.213.70 - - [28/Jul/2026:21:42:23 +0200] "GET /x.php HTTP/2.0" 404 897 "-" "Mozilla/5.0 (Windows NT 10.0; Win64; x64) AppleWebKit/537.36 (KHTML, like Gecko) Chrome/120.0.0.0 Safari/537.36"
74.249.213.70 - - [28/Jul/2026:21:42:24 +0200] "GET /index/function.php HTTP/2.0" 404 897 "-" "Mozilla/5.0 (Windows NT 10.0; Win64; x64) AppleWebKit/537.36 (KHTML, like Gecko) Chrome/120.0.0.0 Safari/537.36"
74.249.213.70 - - [28/Jul/2026:21:42:24 +0200] "GET /aaa.php HTTP/2.0" 404 897 "-" "Mozilla/5.0 (Windows NT 10.0; Win64; x64) AppleWebKit/537.36 (KHTML, like Gecko) Chrome/120.0.0.0 Safari/537.36"
74.249.213.70 - - [28/Jul/2026:21:42:24 +0200] "GET /abcd.php HTTP/2.0" 404 897 "-" "Mozilla/5.0 (Windows NT 10.0; Win64; x64) AppleWebKit/537.36 (KHTML, like Gecko) Chrome/120.0.0.0 Safari/537.36"
74.249.213.70 - - [28/Jul/2026:21:42:24 +0200] "GET /wp-good.php HTTP/2.0" 404 897 "-" "Mozilla/5.0 (Windows NT 10.0; Win64; x64) AppleWebKit/537.36 (KHTML, like Gecko) Chrome/120.0.0.0 Safari/537.36"
74.249.213.70 - - [28/Jul/2026:21:42:24 +0200] "GET /simple.php HTTP/2.0" 404 897 "-" "Mozilla/5.0 (Windows NT 10.0; Win64; x64) AppleWebKit/537.36 (KHTML, like Gecko) Chrome/120.0.0.0 Safari/537.36"
74.249.213.70 - - [28/Jul/2026:21:42:25 +0200] "GET /edit-tags.php HTTP/2.0" 404 897 "-" "Mozilla/5.0 (Windows NT 10.0; Win64; x64) AppleWebKit/537.36 (KHTML, like Gecko) Chrome/120.0.0.0 Safari/537.36"
74.249.213.70 - - [28/Jul/2026:21:42:25 +0200] "GET /u.php HTTP/2.0" 404 897 "-" "Mozilla/5.0 (Windows NT 10.0; Win64; x64) AppleWebKit/537.36 (KHTML, like Gecko) Chrome/120.0.0.0 Safari/537.36"
74.249.213.70 - - [28/Jul/2026:21:42:25 +0200] "GET /wp-content/themes/admin.php HTTP/2.0" 404 897 "-" "Mozilla/5.0 (Windows NT 10.0; Win64; x64) AppleWebKit/537.36 (KHTML, like Gecko) Chrome/120.0.0.0 Safari/537.36"
74.249.213.70 - - [28/Jul/2026:21:42:25 +0200] "GET /h.php HTTP/2.0" 404 897 "-" "Mozilla/5.0 (Windows NT 10.0; Win64; x64) AppleWebKit/537.36 (KHTML, like Gecko) Chrome/120.0.0.0 Safari/537.36"
74.249.213.70 - - [28/Jul/2026:21:42:25 +0200] "GET /ms-edit.php HTTP/2.0" 404 897 "-" "Mozilla/5.0 (Windows NT 10.0; Win64; x64) AppleWebKit/537.36 (KHTML, like Gecko) Chrome/120.0.0.0 Safari/537.36"
74.249.213.70 - - [28/Jul/2026:21:42:25 +0200] "GET /a7.php HTTP/2.0" 404 897 "-" "Mozilla/5.0 (Windows NT 10.0; Win64; x64) AppleWebKit/537.36 (KHTML, like Gecko) Chrome/120.0.0.0 Safari/537.36"
74.249.213.70 - - [28/Jul/2026:21:42:26 +0200] "GET /manager.php HTTP/2.0" 404 897 "-" "Mozilla/5.0 (Windows NT 10.0; Win64; x64) AppleWebKit/537.36 (KHTML, like Gecko) Chrome/120.0.0.0 Safari/537.36"
74.249.213.70 - - [28/Jul/2026:21:42:26 +0200] "GET /w1.php HTTP/2.0" 404 897 "-" "Mozilla/5.0 (Windows NT 10.0; Win64; x64) AppleWebKit/537.36 (KHTML, like Gecko) Chrome/120.0.0.0 Safari/537.36"
74.249.213.70 - - [28/Jul/2026:21:42:26 +0200] "GET /wp-includes/fonts/ HTTP/2.0" 403 892 "-" "Mozilla/5.0 (Windows NT 10.0; Win64; x64) AppleWebKit/537.36 (KHTML, like Gecko) Chrome/120.0.0.0 Safari/537.36"
13.40.4.166 - - [28/Jul/2026:21:42:26 +0200] "POST /xmlrpc.php HTTP/2.0" 200 403 "-" "WordPress.com; https://wordpress.com"
74.249.213.70 - - [28/Jul/2026:21:42:26 +0200] "GET /wp-login.php HTTP/2.0" 302 0 "-" "Mozilla/5.0 (Windows NT 10.0; Win64; x64) AppleWebKit/537.36 (KHTML, like Gecko) Chrome/120.0.0.0 Safari/537.36"
74.249.213.70 - - [28/Jul/2026:21:42:26 +0200] "GET /default.php HTTP/2.0" 404 897 "-" "Mozilla/5.0 (Windows NT 10.0; Win64; x64) AppleWebKit/537.36 (KHTML, like Gecko) Chrome/120.0.0.0 Safari/537.36"
74.249.213.70 - - [28/Jul/2026:21:42:27 +0200] "GET /i.php HTTP/2.0" 404 897 "-" "Mozilla/5.0 (Windows NT 10.0; Win64; x64) AppleWebKit/537.36 (KHTML, like Gecko) Chrome/120.0.0.0 Safari/537.36"
74.249.213.70 - - [28/Jul/2026:21:42:27 +0200] "GET /wp-content/uploads/ HTTP/2.0" 403 892 "-" "Mozilla/5.0 (Windows NT 10.0; Win64; x64) AppleWebKit/537.36 (KHTML, like Gecko) Chrome/120.0.0.0 Safari/537.36"
74.249.213.70 - - [28/Jul/2026:21:42:27 +0200] "GET /wp-includes/Requests/library/index.php HTTP/2.0" 404 897 "-" "Mozilla/5.0 (Windows NT 10.0; Win64; x64) AppleWebKit/537.36 (KHTML, like Gecko) Chrome/120.0.0.0 Safari/537.36"
74.249.213.70 - - [28/Jul/2026:21:42:27 +0200] "GET /wp-content/themes/index.php HTTP/2.0" 200 20 "-" "Mozilla/5.0 (Windows NT 10.0; Win64; x64) AppleWebKit/537.36 (KHTML, like Gecko) Chrome/120.0.0.0 Safari/537.36"
74.249.213.70 - - [28/Jul/2026:21:42:28 +0200] "GET /gecko-new.php HTTP/2.0" 404 897 "-" "Mozilla/5.0 (Windows NT 10.0; Win64; x64) AppleWebKit/537.36 (KHTML, like Gecko) Chrome/120.0.0.0 Safari/537.36"
74.249.213.70 - - [28/Jul/2026:21:42:28 +0200] "GET /NewFile.php HTTP/2.0" 404 897 "-" "Mozilla/5.0 (Windows NT 10.0; Win64; x64) AppleWebKit/537.36 (KHTML, like Gecko) Chrome/120.0.0.0 Safari/537.36"
74.249.213.70 - - [28/Jul/2026:21:42:28 +0200] "GET /wp-Blogs.php HTTP/2.0" 404 897 "-" "Mozilla/5.0 (Windows NT 10.0; Win64; x64) AppleWebKit/537.36 (KHTML, like Gecko) Chrome/120.0.0.0 Safari/537.36"
74.249.213.70 - - [28/Jul/2026:21:42:28 +0200] "GET /wp-includes/fonts/index.php HTTP/2.0" 404 897 "-" "Mozilla/5.0 (Windows NT 10.0; Win64; x64) AppleWebKit/537.36 (KHTML, like Gecko) Chrome/120.0.0.0 Safari/537.36"
74.249.213.70 - - [28/Jul/2026:21:42:28 +0200] "GET /themes.php HTTP/2.0" 404 897 "-" "Mozilla/5.0 (Windows NT 10.0; Win64; x64) AppleWebKit/537.36 (KHTML, like Gecko) Chrome/120.0.0.0 Safari/537.36"
74.249.213.70 - - [28/Jul/2026:21:42:28 +0200] "GET /cv.php HTTP/2.0" 404 897 "-" "Mozilla/5.0 (Windows NT 10.0; Win64; x64) AppleWebKit/537.36 (KHTML, like Gecko) Chrome/120.0.0.0 Safari/537.36"
74.249.213.70 - - [28/Jul/2026:21:42:29 +0200] "GET /wp-admin/js/ HTTP/2.0" 401 1931 "-" "Mozilla/5.0 (Windows NT 10.0; Win64; x64) AppleWebKit/537.36 (KHTML, like Gecko) Chrome/120.0.0.0 Safari/537.36"
74.249.213.70 - - [28/Jul/2026:21:42:29 +0200] "GET /wp-content/uploads/index.php HTTP/2.0" 404 897 "-" "Mozilla/5.0 (Windows NT 10.0; Win64; x64) AppleWebKit/537.36 (KHTML, like Gecko) Chrome/120.0.0.0 Safari/537.36"
117.134.199.4 - - [28/Jul/2026:21:42:29 +0200] "POST /xmlrpc.php HTTP/2.0" 200 403 "-" "Jetpack/13.0; WordPress/6.4; http://site11587996.com"
74.249.213.70 - - [28/Jul/2026:21:42:29 +0200] "GET /ws83.php HTTP/2.0" 404 897 "-" "Mozilla/5.0 (Windows NT 10.0; Win64; x64) AppleWebKit/537.36 (KHTML, like Gecko) Chrome/120.0.0.0 Safari/537.36"
74.249.213.70 - - [28/Jul/2026:21:42:29 +0200] "GET /atex1.php HTTP/2.0" 404 897 "-" "Mozilla/5.0 (Windows NT 10.0; Win64; x64) AppleWebKit/537.36 (KHTML, like Gecko) Chrome/120.0.0.0 Safari/537.36"
74.249.213.70 - - [28/Jul/2026:21:42:30 +0200] "GET /class-t.api.php HTTP/2.0" 404 897 "-" "Mozilla/5.0 (Windows NT 10.0; Win64; x64) AppleWebKit/537.36 (KHTML, like Gecko) Chrome/120.0.0.0 Safari/537.36"
74.249.213.70 - - [28/Jul/2026:21:42:30 +0200] "GET /w.php HTTP/2.0" 404 897 "-" "Mozilla/5.0 (Windows NT 10.0; Win64; x64) AppleWebKit/537.36 (KHTML, like Gecko) Chrome/120.0.0.0 Safari/537.36"
74.249.213.70 - - [28/Jul/2026:21:42:30 +0200] "GET /archive.php HTTP/2.0" 404 897 "-" "Mozilla/5.0 (Windows NT 10.0; Win64; x64) AppleWebKit/537.36 (KHTML, like Gecko) Chrome/120.0.0.0 Safari/537.36"
74.249.213.70 - - [28/Jul/2026:21:42:30 +0200] "GET /bless.php HTTP/2.0" 404 897 "-" "Mozilla/5.0 (Windows NT 10.0; Win64; x64) AppleWebKit/537.36 (KHTML, like Gecko) Chrome/120.0.0.0 Safari/537.36"
74.249.213.70 - - [28/Jul/2026:21:42:30 +0200] "GET /sagax1.php HTTP/2.0" 404 897 "-" "Mozilla/5.0 (Windows NT 10.0; Win64; x64) AppleWebKit/537.36 (KHTML, like Gecko) Chrome/120.0.0.0 Safari/537.36"
74.249.213.70 - - [28/Jul/2026:21:42:30 +0200] "GET /wpc.php HTTP/2.0" 404 897 "-" "Mozilla/5.0 (Windows NT 10.0; Win64; x64) AppleWebKit/537.36 (KHTML, like Gecko) Chrome/120.0.0.0 Safari/537.36"
74.249.213.70 - - [28/Jul/2026:21:42:31 +0200] "GET /fone1.php HTTP/2.0" 404 897 "-" "Mozilla/5.0 (Windows NT 10.0; Win64; x64) AppleWebKit/537.36 (KHTML, like Gecko) Chrome/120.0.0.0 Safari/537.36"
74.249.213.70 - - [28/Jul/2026:21:42:31 +0200] "GET /ncx.php HTTP/2.0" 404 897 "-" "Mozilla/5.0 (Windows NT 10.0; Win64; x64) AppleWebKit/537.36 (KHTML, like Gecko) Chrome/120.0.0.0 Safari/537.36"
74.249.213.70 - - [28/Jul/2026:21:42:31 +0200] "GET /wp-admin/js/index.php HTTP/2.0" 404 897 "-" "Mozilla/5.0 (Windows NT 10.0; Win64; x64) AppleWebKit/537.36 (KHTML, like Gecko) Chrome/120.0.0.0 Safari/537.36"
74.249.213.70 - - [28/Jul/2026:21:42:31 +0200] "GET /wso.php HTTP/2.0" 404 897 "-" "Mozilla/5.0 (Windows NT 10.0; Win64; x64) AppleWebKit/537.36 (KHTML, like Gecko) Chrome/120.0.0.0 Safari/537.36"
74.249.213.70 - - [28/Jul/2026:21:42:32 +0200] "GET /zup.php73 HTTP/2.0" 404 897 "-" "Mozilla/5.0 (Windows NT 10.0; Win64; x64) AppleWebKit/537.36 (KHTML, like Gecko) Chrome/120.0.0.0 Safari/537.36"
74.249.213.70 - - [28/Jul/2026:21:42:32 +0200] "GET /k.php HTTP/2.0" 404 897 "-" "Mozilla/5.0 (Windows NT 10.0; Win64; x64) AppleWebKit/537.36 (KHTML, like Gecko) Chrome/120.0.0.0 Safari/537.36"
74.249.213.70 - - [28/Jul/2026:21:42:32 +0200] "GET /wp-blink.php HTTP/2.0" 404 897 "-" "Mozilla/5.0 (Windows NT 10.0; Win64; x64) AppleWebKit/537.36 (KHTML, like Gecko) Chrome/120.0.0.0 Safari/537.36"
74.249.213.70 - - [28/Jul/2026:21:42:33 +0200] "GET /randkeyword.PhP7 HTTP/2.0" 404 897 "-" "Mozilla/5.0 (Windows NT 10.0; Win64; x64) AppleWebKit/537.36 (KHTML, like Gecko) Chrome/120.0.0.0 Safari/537.36"
74.249.213.70 - - [28/Jul/2026:21:42:33 +0200] "GET /wp-admin/css/colors/ectoplasm/ HTTP/2.0" 401 1931 "-" "Mozilla/5.0 (Windows NT 10.0; Win64; x64) AppleWebKit/537.36 (KHTML, like Gecko) Chrome/120.0.0.0 Safari/537.36"
74.249.213.70 - - [28/Jul/2026:21:42:33 +0200] "GET /wp-content/ HTTP/2.0" 200 20 "-" "Mozilla/5.0 (Windows NT 10.0; Win64; x64) AppleWebKit/537.36 (KHTML, like Gecko) Chrome/120.0.0.0 Safari/537.36"
74.249.213.70 - - [28/Jul/2026:21:42:33 +0200] "GET /ww5.php HTTP/2.0" 404 897 "-" "Mozilla/5.0 (Windows NT 10.0; Win64; x64) AppleWebKit/537.36 (KHTML, like Gecko) Chrome/120.0.0.0 Safari/537.36"
74.249.213.70 - - [28/Jul/2026:21:42:34 +0200] "GET /2.php HTTP/2.0" 404 897 "-" "Mozilla/5.0 (Windows NT 10.0; Win64; x64) AppleWebKit/537.36 (KHTML, like Gecko) Chrome/120.0.0.0 Safari/537.36"
74.249.213.70 - - [28/Jul/2026:21:42:34 +0200] "GET /wp-admin/classwithtostring.php HTTP/2.0" 404 897 "-" "Mozilla/5.0 (Windows NT 10.0; Win64; x64) AppleWebKit/537.36 (KHTML, like Gecko) Chrome/120.0.0.0 Safari/537.36"
74.249.213.70 - - [28/Jul/2026:21:42:34 +0200] "GET /atomlib.php HTTP/2.0" 404 897 "-" "Mozilla/5.0 (Windows NT 10.0; Win64; x64) AppleWebKit/537.36 (KHTML, like Gecko) Chrome/120.0.0.0 Safari/537.36"
74.249.213.70 - - [28/Jul/2026:21:42:34 +0200] "GET /rip.php HTTP/2.0" 404 897 "-" "Mozilla/5.0 (Windows NT 10.0; Win64; x64) AppleWebKit/537.36 (KHTML, like Gecko) Chrome/120.0.0.0 Safari/537.36"
74.249.213.70 - - [28/Jul/2026:21:42:34 +0200] "GET /p.php HTTP/2.0" 404 897 "-" "Mozilla/5.0 (Windows NT 10.0; Win64; x64) AppleWebKit/537.36 (KHTML, like Gecko) Chrome/120.0.0.0 Safari/537.36"
74.249.213.70 - - [28/Jul/2026:21:42:34 +0200] "GET /php.php HTTP/2.0" 404 897 "-" "Mozilla/5.0 (Windows NT 10.0; Win64; x64) AppleWebKit/537.36 (KHTML, like Gecko) Chrome/120.0.0.0 Safari/537.36"
13.40.4.166 - - [28/Jul/2026:21:42:37 +0200] "POST /xmlrpc.php HTTP/2.0" 200 403 "-" "Jetpack by WordPress.com (Jetpack 12.0; WordPress 6.4)"
117.134.199.4 - - [28/Jul/2026:21:42:40 +0200] "POST /xmlrpc.php HTTP/2.0" 200 403 "-" "WordPress.com; https://wordpress.com"
13.40.4.166 - - [28/Jul/2026:21:42:48 +0200] "POST /xmlrpc.php HTTP/2.0" 200 403 "-" "Jetpack by WordPress.com"
117.134.199.4 - - [28/Jul/2026:21:42:50 +0200] "POST /xmlrpc.php HTTP/2.0" 200 403 "-" "Jetpack by WordPress.com (Jetpack 13.0; WordPress 6.4)"
115.186.176.250 - - [28/Jul/2026:21:42:53 +0200] "POST /xmlrpc.php HTTP/2.0" 200 403 "-" "Mozilla/5.0 (Windows NT 6.2; x86) AppleWebKit/537.36 (KHTML, like Gecko) Edge/81.0.0.0 Safari/537.36"
13.40.4.166 - - [28/Jul/2026:21:42:58 +0200] "POST /xmlrpc.php HTTP/2.0" 200 403 "-" "Jetpack by WordPress.com (Jetpack 12.0; WordPress 6.2)"
117.134.199.4 - - [28/Jul/2026:21:43:01 +0200] "POST /xmlrpc.php HTTP/2.0" 200 403 "-" "Jetpack by WordPress.com (Jetpack 13.0; WordPress 6.1)"
13.40.4.166 - - [28/Jul/2026:21:43:09 +0200] "POST /xmlrpc.php HTTP/2.0" 200 403 "-" "Jetpack by WordPress.com (Jetpack 13.0; WordPress 6.2)"
117.134.199.4 - - [28/Jul/2026:21:43:12 +0200] "POST /xmlrpc.php HTTP/2.0" 200 403 "-" "WordPress.com; https://wordpress.com"
115.186.176.250 - - [28/Jul/2026:21:43:20 +0200] "POST /xmlrpc.php HTTP/2.0" 200 403 "-" "Mozilla/5.0 (Windows NT 6.3; x86) AppleWebKit/537.36 (KHTML, like Gecko) Firefox/92.0.0.0 Safari/537.36"
13.40.4.166 - - [28/Jul/2026:21:43:20 +0200] "POST /xmlrpc.php HTTP/2.0" 200 403 "-" "Jetpack by WordPress.com"
117.134.199.4 - - [28/Jul/2026:21:43:23 +0200] "POST /xmlrpc.php HTTP/2.0" 200 403 "-" "Jetpack by WordPress.com"
13.40.4.166 - - [28/Jul/2026:21:43:31 +0200] "POST /xmlrpc.php HTTP/2.0" 200 403 "-" "Jetpack/12.0; WordPress/6.4; http://site70453882.com"
117.134.199.4 - - [28/Jul/2026:21:43:34 +0200] "POST /xmlrpc.php HTTP/2.0" 200 403 "-" "WordPress.com; https://wordpress.com"
13.40.4.166 - - [28/Jul/2026:21:43:42 +0200] "POST /xmlrpc.php HTTP/2.0" 200 403 "-" "Jetpack/12.0; WordPress/6.2; http://site11897899.com"
115.186.176.250 - - [28/Jul/2026:21:43:44 +0200] "POST /xmlrpc.php HTTP/2.0" 200 403 "-" "Mozilla/5.0 (Linux; Android 10; arm64) AppleWebKit/537.36 (KHTML, like Gecko) Safari/12.0.0.0 Safari/537.36"
117.134.199.4 - - [28/Jul/2026:21:43:44 +0200] "POST /xmlrpc.php HTTP/2.0" 200 403 "-" "Jetpack by WordPress.com (Jetpack 12.1; WordPress 6.2)"
198.38.94.87 - - [28/Jul/2026:21:43:52 +0200] "GET /wp-login.php HTTP/2.0" 302 0 "-" "Mozilla/5.0 (Windows NT 10.0; Win64; x64) AppleWebKit/537.36 (KHTML, like Gecko) Chrome/150.0.0.0 Safari/537.36"
13.40.4.166 - - [28/Jul/2026:21:43:53 +0200] "POST /xmlrpc.php HTTP/2.0" 200 403 "-" "Jetpack by WordPress.com"
198.38.94.87 - - [28/Jul/2026:21:43:53 +0200] "GET /login/?redirect=https%3A%2F%2Fwww.handy-sofort-orten.de%2F HTTP/2.0" 200 56307 "https://handy-sofort-orten.de/" "Mozilla/5.0 (Windows NT 10.0; Win64; x64) AppleWebKit/537.36 (KHTML, like Gecko) Chrome/150.0.0.0 Safari/537.36"
117.134.199.4 - - [28/Jul/2026:21:43:55 +0200] "POST /xmlrpc.php HTTP/2.0" 200 403 "-" "Jetpack by WordPress.com"
198.38.94.87 - - [28/Jul/2026:21:43:55 +0200] "GET /login/?redirect=https%3A%2F%2Fwww.handy-sofort-orten.de%2F HTTP/2.0" 200 56307 "-" "Mozilla/5.0 (Windows NT 10.0; Win64; x64) AppleWebKit/537.36 (KHTML, like Gecko) Chrome/150.0.0.0 Safari/537.36"
198.38.94.87 - - [28/Jul/2026:21:43:56 +0200] "POST /login/?redirect=https%3A%2F%2Fwww.handy-sofort-orten.de%2F HTTP/2.0" 200 57448 "https://www.handy-sofort-orten.de/login/?redirect=https%3A%2F%2Fwww.handy-sofort-orten.de%2F" "Mozilla/5.0 (Windows NT 10.0; Win64; x64) AppleWebKit/537.36 (KHTML, like Gecko) Chrome/150.0.0.0 Safari/537.36"
4.201.104.113 - - [28/Jul/2026:21:44:01 +0200] "GET /inputs.php HTTP/2.0" 404 897 "-" "Mozilla/5.0 (Windows NT 10.0; Win64; x64) AppleWebKit/537.36 (KHTML, like Gecko) Chrome/120.0.0.0 Safari/537.36"
4.201.104.113 - - [28/Jul/2026:21:44:02 +0200] "GET /admin.php HTTP/2.0" 404 897 "-" "Mozilla/5.0 (Windows NT 10.0; Win64; x64) AppleWebKit/537.36 (KHTML, like Gecko) Chrome/120.0.0.0 Safari/537.36"
4.201.104.113 - - [28/Jul/2026:21:44:02 +0200] "GET /goods.php HTTP/2.0" 404 897 "-" "Mozilla/5.0 (Windows NT 10.0; Win64; x64) AppleWebKit/537.36 (KHTML, like Gecko) Chrome/120.0.0.0 Safari/537.36"
4.201.104.113 - - [28/Jul/2026:21:44:03 +0200] "GET /file.php HTTP/2.0" 404 897 "-" "Mozilla/5.0 (Windows NT 10.0; Win64; x64) AppleWebKit/537.36 (KHTML, like Gecko) Chrome/120.0.0.0 Safari/537.36"
4.201.104.113 - - [28/Jul/2026:21:44:03 +0200] "GET /adminfuns.php HTTP/2.0" 404 897 "-" "Mozilla/5.0 (Windows NT 10.0; Win64; x64) AppleWebKit/537.36 (KHTML, like Gecko) Chrome/120.0.0.0 Safari/537.36"
4.201.104.113 - - [28/Jul/2026:21:44:03 +0200] "GET /404.php HTTP/2.0" 404 897 "-" "Mozilla/5.0 (Windows NT 10.0; Win64; x64) AppleWebKit/537.36 (KHTML, like Gecko) Chrome/120.0.0.0 Safari/537.36"
4.201.104.113 - - [28/Jul/2026:21:44:03 +0200] "GET /wk/index.php HTTP/2.0" 404 897 "-" "Mozilla/5.0 (Windows NT 10.0; Win64; x64) AppleWebKit/537.36 (KHTML, like Gecko) Chrome/120.0.0.0 Safari/537.36"
4.201.104.113 - - [28/Jul/2026:21:44:04 +0200] "GET /about.php HTTP/2.0" 404 897 "-" "Mozilla/5.0 (Windows NT 10.0; Win64; x64) AppleWebKit/537.36 (KHTML, like Gecko) Chrome/120.0.0.0 Safari/537.36"
13.40.4.166 - - [28/Jul/2026:21:44:04 +0200] "POST /xmlrpc.php HTTP/2.0" 200 403 "-" "Jetpack by WordPress.com"
4.201.104.113 - - [28/Jul/2026:21:44:04 +0200] "GET /term.php HTTP/2.0" 404 897 "-" "Mozilla/5.0 (Windows NT 10.0; Win64; x64) AppleWebKit/537.36 (KHTML, like Gecko) Chrome/120.0.0.0 Safari/537.36"
4.201.104.113 - - [28/Jul/2026:21:44:04 +0200] "GET /ioxi-o.php HTTP/2.0" 404 897 "-" "Mozilla/5.0 (Windows NT 10.0; Win64; x64) AppleWebKit/537.36 (KHTML, like Gecko) Chrome/120.0.0.0 Safari/537.36"
4.201.104.113 - - [28/Jul/2026:21:44:04 +0200] "GET /1.php HTTP/2.0" 404 897 "-" "Mozilla/5.0 (Windows NT 10.0; Win64; x64) AppleWebKit/537.36 (KHTML, like Gecko) Chrome/120.0.0.0 Safari/537.36"
4.201.104.113 - - [28/Jul/2026:21:44:05 +0200] "GET /alfa.php HTTP/2.0" 404 897 "-" "Mozilla/5.0 (Windows NT 10.0; Win64; x64) AppleWebKit/537.36 (KHTML, like Gecko) Chrome/120.0.0.0 Safari/537.36"
4.201.104.113 - - [28/Jul/2026:21:44:05 +0200] "GET /edit.php HTTP/2.0" 404 897 "-" "Mozilla/5.0 (Windows NT 10.0; Win64; x64) AppleWebKit/537.36 (KHTML, like Gecko) Chrome/120.0.0.0 Safari/537.36"
4.201.104.113 - - [28/Jul/2026:21:44:05 +0200] "GET /elp.php HTTP/2.0" 404 897 "-" "Mozilla/5.0 (Windows NT 10.0; Win64; x64) AppleWebKit/537.36 (KHTML, like Gecko) Chrome/120.0.0.0 Safari/537.36"
4.201.104.113 - - [28/Jul/2026:21:44:05 +0200] "GET /classwithtostring.php HTTP/2.0" 404 897 "-" "Mozilla/5.0 (Windows NT 10.0; Win64; x64) AppleWebKit/537.36 (KHTML, like Gecko) Chrome/120.0.0.0 Safari/537.36"
4.201.104.113 - - [28/Jul/2026:21:44:06 +0200] "GET /666.php HTTP/2.0" 404 897 "-" "Mozilla/5.0 (Windows NT 10.0; Win64; x64) AppleWebKit/537.36 (KHTML, like Gecko) Chrome/120.0.0.0 Safari/537.36"
117.134.199.4 - - [28/Jul/2026:21:44:06 +0200] "POST /xmlrpc.php HTTP/2.0" 200 403 "-" "Jetpack by WordPress.com"
4.201.104.113 - - [28/Jul/2026:21:44:06 +0200] "GET /wp-admin/ HTTP/2.0" 401 1931 "-" "Mozilla/5.0 (Windows NT 10.0; Win64; x64) AppleWebKit/537.36 (KHTML, like Gecko) Chrome/120.0.0.0 Safari/537.36"
4.201.104.113 - - [28/Jul/2026:21:44:06 +0200] "GET /ws54.php HTTP/2.0" 404 897 "-" "Mozilla/5.0 (Windows NT 10.0; Win64; x64) AppleWebKit/537.36 (KHTML, like Gecko) Chrome/120.0.0.0 Safari/537.36"
4.201.104.113 - - [28/Jul/2026:21:44:07 +0200] "GET /deepseek_d.php HTTP/2.0" 404 897 "-" "Mozilla/5.0 (Windows NT 10.0; Win64; x64) AppleWebKit/537.36 (KHTML, like Gecko) Chrome/120.0.0.0 Safari/537.36"
4.201.104.113 - - [28/Jul/2026:21:44:07 +0200] "GET /function/function.php HTTP/2.0" 404 897 "-" "Mozilla/5.0 (Windows NT 10.0; Win64; x64) AppleWebKit/537.36 (KHTML, like Gecko) Chrome/120.0.0.0 Safari/537.36"
4.201.104.113 - - [28/Jul/2026:21:44:07 +0200] "GET /nw.php HTTP/2.0" 404 897 "-" "Mozilla/5.0 (Windows NT 10.0; Win64; x64) AppleWebKit/537.36 (KHTML, like Gecko) Chrome/120.0.0.0 Safari/537.36"
4.201.104.113 - - [28/Jul/2026:21:44:07 +0200] "GET /xleet.php HTTP/2.0" 404 897 "-" "Mozilla/5.0 (Windows NT 10.0; Win64; x64) AppleWebKit/537.36 (KHTML, like Gecko) Chrome/120.0.0.0 Safari/537.36"
4.201.104.113 - - [28/Jul/2026:21:44:08 +0200] "GET /wp.php HTTP/2.0" 404 897 "-" "Mozilla/5.0 (Windows NT 10.0; Win64; x64) AppleWebKit/537.36 (KHTML, like Gecko) Chrome/120.0.0.0 Safari/537.36"
4.201.104.113 - - [28/Jul/2026:21:44:08 +0200] "GET /155.php HTTP/2.0" 404 897 "-" "Mozilla/5.0 (Windows NT 10.0; Win64; x64) AppleWebKit/537.36 (KHTML, like Gecko) Chrome/120.0.0.0 Safari/537.36"
4.201.104.113 - - [28/Jul/2026:21:44:08 +0200] "GET /96i.php HTTP/2.0" 404 897 "-" "Mozilla/5.0 (Windows NT 10.0; Win64; x64) AppleWebKit/537.36 (KHTML, like Gecko) Chrome/120.0.0.0 Safari/537.36"
4.201.104.113 - - [28/Jul/2026:21:44:08 +0200] "GET /as.php HTTP/2.0" 404 897 "-" "Mozilla/5.0 (Windows NT 10.0; Win64; x64) AppleWebKit/537.36 (KHTML, like Gecko) Chrome/120.0.0.0 Safari/537.36"
4.201.104.113 - - [28/Jul/2026:21:44:09 +0200] "GET /min.php HTTP/2.0" 404 897 "-" "Mozilla/5.0 (Windows NT 10.0; Win64; x64) AppleWebKit/537.36 (KHTML, like Gecko) Chrome/120.0.0.0 Safari/537.36"
4.201.104.113 - - [28/Jul/2026:21:44:09 +0200] "GET /.well-known/ HTTP/2.0" 403 892 "-" "Mozilla/5.0 (Windows NT 10.0; Win64; x64) AppleWebKit/537.36 (KHTML, like Gecko) Chrome/120.0.0.0 Safari/537.36"
4.201.104.113 - - [28/Jul/2026:21:44:09 +0200] "GET /php8.php HTTP/2.0" 404 897 "-" "Mozilla/5.0 (Windows NT 10.0; Win64; x64) AppleWebKit/537.36 (KHTML, like Gecko) Chrome/120.0.0.0 Safari/537.36"
4.201.104.113 - - [28/Jul/2026:21:44:09 +0200] "GET /wp-content/admin.php HTTP/2.0" 404 897 "-" "Mozilla/5.0 (Windows NT 10.0; Win64; x64) AppleWebKit/537.36 (KHTML, like Gecko) Chrome/120.0.0.0 Safari/537.36"
4.201.104.113 - - [28/Jul/2026:21:44:10 +0200] "GET /222.php HTTP/2.0" 404 897 "-" "Mozilla/5.0 (Windows NT 10.0; Win64; x64) AppleWebKit/537.36 (KHTML, like Gecko) Chrome/120.0.0.0 Safari/537.36"
4.201.104.113 - - [28/Jul/2026:21:44:10 +0200] "GET /wp-content/themes/pridmag/il.php HTTP/2.0" 404 897 "-" "Mozilla/5.0 (Windows NT 10.0; Win64; x64) AppleWebKit/537.36 (KHTML, like Gecko) Chrome/120.0.0.0 Safari/537.36"
4.201.104.113 - - [28/Jul/2026:21:44:10 +0200] "GET /info.php HTTP/2.0" 404 897 "-" "Mozilla/5.0 (Windows NT 10.0; Win64; x64) AppleWebKit/537.36 (KHTML, like Gecko) Chrome/120.0.0.0 Safari/537.36"
4.201.104.113 - - [28/Jul/2026:21:44:11 +0200] "GET /a.php HTTP/2.0" 404 897 "-" "Mozilla/5.0 (Windows NT 10.0; Win64; x64) AppleWebKit/537.36 (KHTML, like Gecko) Chrome/120.0.0.0 Safari/537.36"
4.201.104.113 - - [28/Jul/2026:21:44:11 +0200] "GET /chosen.php HTTP/2.0" 404 897 "-" "Mozilla/5.0 (Windows NT 10.0; Win64; x64) AppleWebKit/537.36 (KHTML, like Gecko) Chrome/120.0.0.0 Safari/537.36"
4.201.104.113 - - [28/Jul/2026:21:44:11 +0200] "GET /wp-content/index.php HTTP/2.0" 200 20 "-" "Mozilla/5.0 (Windows NT 10.0; Win64; x64) AppleWebKit/537.36 (KHTML, like Gecko) Chrome/120.0.0.0 Safari/537.36"
4.201.104.113 - - [28/Jul/2026:21:44:11 +0200] "GET /vx.php HTTP/2.0" 404 897 "-" "Mozilla/5.0 (Windows NT 10.0; Win64; x64) AppleWebKit/537.36 (KHTML, like Gecko) Chrome/120.0.0.0 Safari/537.36"
4.201.104.113 - - [28/Jul/2026:21:44:12 +0200] "GET /admin/controller/extension/ HTTP/2.0" 404 897 "-" "Mozilla/5.0 (Windows NT 10.0; Win64; x64) AppleWebKit/537.36 (KHTML, like Gecko) Chrome/120.0.0.0 Safari/537.36"
4.201.104.113 - - [28/Jul/2026:21:44:12 +0200] "GET /wap.php HTTP/2.0" 404 897 "-" "Mozilla/5.0 (Windows NT 10.0; Win64; x64) AppleWebKit/537.36 (KHTML, like Gecko) Chrome/120.0.0.0 Safari/537.36"
4.201.104.113 - - [28/Jul/2026:21:44:12 +0200] "GET /wp-admin/wp.php HTTP/2.0" 404 897 "-" "Mozilla/5.0 (Windows NT 10.0; Win64; x64) AppleWebKit/537.36 (KHTML, like Gecko) Chrome/120.0.0.0 Safari/537.36"
4.201.104.113 - - [28/Jul/2026:21:44:12 +0200] "GET /bgymj.php HTTP/2.0" 404 897 "-" "Mozilla/5.0 (Windows NT 10.0; Win64; x64) AppleWebKit/537.36 (KHTML, like Gecko) Chrome/120.0.0.0 Safari/537.36"
4.201.104.113 - - [28/Jul/2026:21:44:13 +0200] "GET /aa.php HTTP/2.0" 404 897 "-" "Mozilla/5.0 (Windows NT 10.0; Win64; x64) AppleWebKit/537.36 (KHTML, like Gecko) Chrome/120.0.0.0 Safari/537.36"
4.201.104.113 - - [28/Jul/2026:21:44:13 +0200] "GET /wp-mail.php HTTP/2.0" 403 892 "-" "Mozilla/5.0 (Windows NT 10.0; Win64; x64) AppleWebKit/537.36 (KHTML, like Gecko) Chrome/120.0.0.0 Safari/537.36"
4.201.104.113 - - [28/Jul/2026:21:44:13 +0200] "GET /bolt.php HTTP/2.0" 404 897 "-" "Mozilla/5.0 (Windows NT 10.0; Win64; x64) AppleWebKit/537.36 (KHTML, like Gecko) Chrome/120.0.0.0 Safari/537.36"
4.201.104.113 - - [28/Jul/2026:21:44:14 +0200] "GET /bthil.php HTTP/2.0" 404 897 "-" "Mozilla/5.0 (Windows NT 10.0; Win64; x64) AppleWebKit/537.36 (KHTML, like Gecko) Chrome/120.0.0.0 Safari/537.36"
4.201.104.113 - - [28/Jul/2026:21:44:14 +0200] "GET /cgi-bin/ HTTP/2.0" 404 897 "-" "Mozilla/5.0 (Windows NT 10.0; Win64; x64) AppleWebKit/537.36 (KHTML, like Gecko) Chrome/120.0.0.0 Safari/537.36"
4.201.104.113 - - [28/Jul/2026:21:44:14 +0200] "GET /x.php HTTP/2.0" 404 897 "-" "Mozilla/5.0 (Windows NT 10.0; Win64; x64) AppleWebKit/537.36 (KHTML, like Gecko) Chrome/120.0.0.0 Safari/537.36"
13.40.4.166 - - [28/Jul/2026:21:44:14 +0200] "POST /xmlrpc.php HTTP/2.0" 200 403 "-" "Jetpack/12.1; WordPress/6.2; http://site89348033.com"
4.201.104.113 - - [28/Jul/2026:21:44:14 +0200] "GET /index/function.php HTTP/2.0" 404 897 "-" "Mozilla/5.0 (Windows NT 10.0; Win64; x64) AppleWebKit/537.36 (KHTML, like Gecko) Chrome/120.0.0.0 Safari/537.36"
4.201.104.113 - - [28/Jul/2026:21:44:15 +0200] "GET /aaa.php HTTP/2.0" 404 897 "-" "Mozilla/5.0 (Windows NT 10.0; Win64; x64) AppleWebKit/537.36 (KHTML, like Gecko) Chrome/120.0.0.0 Safari/537.36"
4.201.104.113 - - [28/Jul/2026:21:44:15 +0200] "GET /abcd.php HTTP/2.0" 404 897 "-" "Mozilla/5.0 (Windows NT 10.0; Win64; x64) AppleWebKit/537.36 (KHTML, like Gecko) Chrome/120.0.0.0 Safari/537.36"
4.201.104.113 - - [28/Jul/2026:21:44:15 +0200] "GET /wp-good.php HTTP/2.0" 404 897 "-" "Mozilla/5.0 (Windows NT 10.0; Win64; x64) AppleWebKit/537.36 (KHTML, like Gecko) Chrome/120.0.0.0 Safari/537.36"
4.201.104.113 - - [28/Jul/2026:21:44:15 +0200] "GET /simple.php HTTP/2.0" 404 897 "-" "Mozilla/5.0 (Windows NT 10.0; Win64; x64) AppleWebKit/537.36 (KHTML, like Gecko) Chrome/120.0.0.0 Safari/537.36"
4.201.104.113 - - [28/Jul/2026:21:44:16 +0200] "GET /edit-tags.php HTTP/2.0" 404 897 "-" "Mozilla/5.0 (Windows NT 10.0; Win64; x64) AppleWebKit/537.36 (KHTML, like Gecko) Chrome/120.0.0.0 Safari/537.36"
115.186.176.250 - - [28/Jul/2026:21:44:16 +0200] "POST /xmlrpc.php HTTP/2.0" 200 403 "-" "Mozilla/5.0 (Windows NT 6.2; x86) AppleWebKit/537.36 (KHTML, like Gecko) Opera/67.0.0.0 Safari/537.36"
4.201.104.113 - - [28/Jul/2026:21:44:16 +0200] "GET /u.php HTTP/2.0" 404 897 "-" "Mozilla/5.0 (Windows NT 10.0; Win64; x64) AppleWebKit/537.36 (KHTML, like Gecko) Chrome/120.0.0.0 Safari/537.36"
4.201.104.113 - - [28/Jul/2026:21:44:16 +0200] "GET /wp-content/themes/admin.php HTTP/2.0" 404 897 "-" "Mozilla/5.0 (Windows NT 10.0; Win64; x64) AppleWebKit/537.36 (KHTML, like Gecko) Chrome/120.0.0.0 Safari/537.36"
4.201.104.113 - - [28/Jul/2026:21:44:16 +0200] "GET /h.php HTTP/2.0" 404 897 "-" "Mozilla/5.0 (Windows NT 10.0; Win64; x64) AppleWebKit/537.36 (KHTML, like Gecko) Chrome/120.0.0.0 Safari/537.36"
117.134.199.4 - - [28/Jul/2026:21:44:17 +0200] "POST /xmlrpc.php HTTP/2.0" 200 403 "-" "Jetpack by WordPress.com"
4.201.104.113 - - [28/Jul/2026:21:44:17 +0200] "GET /ms-edit.php HTTP/2.0" 404 897 "-" "Mozilla/5.0 (Windows NT 10.0; Win64; x64) AppleWebKit/537.36 (KHTML, like Gecko) Chrome/120.0.0.0 Safari/537.36"
4.201.104.113 - - [28/Jul/2026:21:44:17 +0200] "GET /a7.php HTTP/2.0" 404 897 "-" "Mozilla/5.0 (Windows NT 10.0; Win64; x64) AppleWebKit/537.36 (KHTML, like Gecko) Chrome/120.0.0.0 Safari/537.36"
4.201.104.113 - - [28/Jul/2026:21:44:17 +0200] "GET /manager.php HTTP/2.0" 404 897 "-" "Mozilla/5.0 (Windows NT 10.0; Win64; x64) AppleWebKit/537.36 (KHTML, like Gecko) Chrome/120.0.0.0 Safari/537.36"
4.201.104.113 - - [28/Jul/2026:21:44:17 +0200] "GET /w1.php HTTP/2.0" 404 897 "-" "Mozilla/5.0 (Windows NT 10.0; Win64; x64) AppleWebKit/537.36 (KHTML, like Gecko) Chrome/120.0.0.0 Safari/537.36"
4.201.104.113 - - [28/Jul/2026:21:44:18 +0200] "GET /wp-includes/fonts/ HTTP/2.0" 403 892 "-" "Mozilla/5.0 (Windows NT 10.0; Win64; x64) AppleWebKit/537.36 (KHTML, like Gecko) Chrome/120.0.0.0 Safari/537.36"
4.201.104.113 - - [28/Jul/2026:21:44:18 +0200] "GET /wp-login.php HTTP/2.0" 302 0 "-" "Mozilla/5.0 (Windows NT 10.0; Win64; x64) AppleWebKit/537.36 (KHTML, like Gecko) Chrome/120.0.0.0 Safari/537.36"
4.201.104.113 - - [28/Jul/2026:21:44:18 +0200] "GET /default.php HTTP/2.0" 404 897 "-" "Mozilla/5.0 (Windows NT 10.0; Win64; x64) AppleWebKit/537.36 (KHTML, like Gecko) Chrome/120.0.0.0 Safari/537.36"
4.201.104.113 - - [28/Jul/2026:21:44:18 +0200] "GET /i.php HTTP/2.0" 404 897 "-" "Mozilla/5.0 (Windows NT 10.0; Win64; x64) AppleWebKit/537.36 (KHTML, like Gecko) Chrome/120.0.0.0 Safari/537.36"
4.201.104.113 - - [28/Jul/2026:21:44:19 +0200] "GET /wp-content/uploads/ HTTP/2.0" 403 892 "-" "Mozilla/5.0 (Windows NT 10.0; Win64; x64) AppleWebKit/537.36 (KHTML, like Gecko) Chrome/120.0.0.0 Safari/537.36"
4.201.104.113 - - [28/Jul/2026:21:44:19 +0200] "GET /wp-includes/Requests/library/index.php HTTP/2.0" 404 897 "-" "Mozilla/5.0 (Windows NT 10.0; Win64; x64) AppleWebKit/537.36 (KHTML, like Gecko) Chrome/120.0.0.0 Safari/537.36"
4.201.104.113 - - [28/Jul/2026:21:44:19 +0200] "GET /wp-content/themes/index.php HTTP/2.0" 200 20 "-" "Mozilla/5.0 (Windows NT 10.0; Win64; x64) AppleWebKit/537.36 (KHTML, like Gecko) Chrome/120.0.0.0 Safari/537.36"
4.201.104.113 - - [28/Jul/2026:21:44:19 +0200] "GET /gecko-new.php HTTP/2.0" 404 897 "-" "Mozilla/5.0 (Windows NT 10.0; Win64; x64) AppleWebKit/537.36 (KHTML, like Gecko) Chrome/120.0.0.0 Safari/537.36"
4.201.104.113 - - [28/Jul/2026:21:44:20 +0200] "GET /NewFile.php HTTP/2.0" 404 897 "-" "Mozilla/5.0 (Windows NT 10.0; Win64; x64) AppleWebKit/537.36 (KHTML, like Gecko) Chrome/120.0.0.0 Safari/537.36"
4.201.104.113 - - [28/Jul/2026:21:44:20 +0200] "GET /wp-Blogs.php HTTP/2.0" 404 897 "-" "Mozilla/5.0 (Windows NT 10.0; Win64; x64) AppleWebKit/537.36 (KHTML, like Gecko) Chrome/120.0.0.0 Safari/537.36"
4.201.104.113 - - [28/Jul/2026:21:44:20 +0200] "GET /wp-includes/fonts/index.php HTTP/2.0" 404 897 "-" "Mozilla/5.0 (Windows NT 10.0; Win64; x64) AppleWebKit/537.36 (KHTML, like Gecko) Chrome/120.0.0.0 Safari/537.36"
4.201.104.113 - - [28/Jul/2026:21:44:20 +0200] "GET /themes.php HTTP/2.0" 404 897 "-" "Mozilla/5.0 (Windows NT 10.0; Win64; x64) AppleWebKit/537.36 (KHTML, like Gecko) Chrome/120.0.0.0 Safari/537.36"
4.201.104.113 - - [28/Jul/2026:21:44:21 +0200] "GET /cv.php HTTP/2.0" 404 897 "-" "Mozilla/5.0 (Windows NT 10.0; Win64; x64) AppleWebKit/537.36 (KHTML, like Gecko) Chrome/120.0.0.0 Safari/537.36"
4.201.104.113 - - [28/Jul/2026:21:44:21 +0200] "GET /wp-admin/js/ HTTP/2.0" 401 1931 "-" "Mozilla/5.0 (Windows NT 10.0; Win64; x64) AppleWebKit/537.36 (KHTML, like Gecko) Chrome/120.0.0.0 Safari/537.36"
4.201.104.113 - - [28/Jul/2026:21:44:21 +0200] "GET /wp-content/uploads/index.php HTTP/2.0" 404 897 "-" "Mozilla/5.0 (Windows NT 10.0; Win64; x64) AppleWebKit/537.36 (KHTML, like Gecko) Chrome/120.0.0.0 Safari/537.36"
4.201.104.113 - - [28/Jul/2026:21:44:21 +0200] "GET /ws83.php HTTP/2.0" 404 897 "-" "Mozilla/5.0 (Windows NT 10.0; Win64; x64) AppleWebKit/537.36 (KHTML, like Gecko) Chrome/120.0.0.0 Safari/537.36"
4.201.104.113 - - [28/Jul/2026:21:44:22 +0200] "GET /atex1.php HTTP/2.0" 404 897 "-" "Mozilla/5.0 (Windows NT 10.0; Win64; x64) AppleWebKit/537.36 (KHTML, like Gecko) Chrome/120.0.0.0 Safari/537.36"
4.201.104.113 - - [28/Jul/2026:21:44:22 +0200] "GET /class-t.api.php HTTP/2.0" 404 897 "-" "Mozilla/5.0 (Windows NT 10.0; Win64; x64) AppleWebKit/537.36 (KHTML, like Gecko) Chrome/120.0.0.0 Safari/537.36"
4.201.104.113 - - [28/Jul/2026:21:44:22 +0200] "GET /w.php HTTP/2.0" 404 897 "-" "Mozilla/5.0 (Windows NT 10.0; Win64; x64) AppleWebKit/537.36 (KHTML, like Gecko) Chrome/120.0.0.0 Safari/537.36"
4.201.104.113 - - [28/Jul/2026:21:44:22 +0200] "GET /archive.php HTTP/2.0" 404 897 "-" "Mozilla/5.0 (Windows NT 10.0; Win64; x64) AppleWebKit/537.36 (KHTML, like Gecko) Chrome/120.0.0.0 Safari/537.36"
4.201.104.113 - - [28/Jul/2026:21:44:23 +0200] "GET /bless.php HTTP/2.0" 404 897 "-" "Mozilla/5.0 (Windows NT 10.0; Win64; x64) AppleWebKit/537.36 (KHTML, like Gecko) Chrome/120.0.0.0 Safari/537.36"
4.201.104.113 - - [28/Jul/2026:21:44:23 +0200] "GET /sagax1.php HTTP/2.0" 404 897 "-" "Mozilla/5.0 (Windows NT 10.0; Win64; x64) AppleWebKit/537.36 (KHTML, like Gecko) Chrome/120.0.0.0 Safari/537.36"
4.201.104.113 - - [28/Jul/2026:21:44:23 +0200] "GET /wpc.php HTTP/2.0" 404 897 "-" "Mozilla/5.0 (Windows NT 10.0; Win64; x64) AppleWebKit/537.36 (KHTML, like Gecko) Chrome/120.0.0.0 Safari/537.36"
4.201.104.113 - - [28/Jul/2026:21:44:23 +0200] "GET /fone1.php HTTP/2.0" 404 897 "-" "Mozilla/5.0 (Windows NT 10.0; Win64; x64) AppleWebKit/537.36 (KHTML, like Gecko) Chrome/120.0.0.0 Safari/537.36"
4.201.104.113 - - [28/Jul/2026:21:44:24 +0200] "GET /ncx.php HTTP/2.0" 404 897 "-" "Mozilla/5.0 (Windows NT 10.0; Win64; x64) AppleWebKit/537.36 (KHTML, like Gecko) Chrome/120.0.0.0 Safari/537.36"
4.201.104.113 - - [28/Jul/2026:21:44:24 +0200] "GET /wp-admin/js/index.php HTTP/2.0" 404 897 "-" "Mozilla/5.0 (Windows NT 10.0; Win64; x64) AppleWebKit/537.36 (KHTML, like Gecko) Chrome/120.0.0.0 Safari/537.36"
4.201.104.113 - - [28/Jul/2026:21:44:24 +0200] "GET /wso.php HTTP/2.0" 404 897 "-" "Mozilla/5.0 (Windows NT 10.0; Win64; x64) AppleWebKit/537.36 (KHTML, like Gecko) Chrome/120.0.0.0 Safari/537.36"
4.201.104.113 - - [28/Jul/2026:21:44:25 +0200] "GET /zup.php73 HTTP/2.0" 404 897 "-" "Mozilla/5.0 (Windows NT 10.0; Win64; x64) AppleWebKit/537.36 (KHTML, like Gecko) Chrome/120.0.0.0 Safari/537.36"
4.201.104.113 - - [28/Jul/2026:21:44:25 +0200] "GET /k.php HTTP/2.0" 404 897 "-" "Mozilla/5.0 (Windows NT 10.0; Win64; x64) AppleWebKit/537.36 (KHTML, like Gecko) Chrome/120.0.0.0 Safari/537.36"
13.40.4.166 - - [28/Jul/2026:21:44:25 +0200] "POST /xmlrpc.php HTTP/2.0" 200 403 "-" "Jetpack by WordPress.com"
4.201.104.113 - - [28/Jul/2026:21:44:25 +0200] "GET /wp-blink.php HTTP/2.0" 404 897 "-" "Mozilla/5.0 (Windows NT 10.0; Win64; x64) AppleWebKit/537.36 (KHTML, like Gecko) Chrome/120.0.0.0 Safari/537.36"
4.201.104.113 - - [28/Jul/2026:21:44:26 +0200] "GET /randkeyword.PhP7 HTTP/2.0" 404 897 "-" "Mozilla/5.0 (Windows NT 10.0; Win64; x64) AppleWebKit/537.36 (KHTML, like Gecko) Chrome/120.0.0.0 Safari/537.36"
4.201.104.113 - - [28/Jul/2026:21:44:26 +0200] "GET /wp-admin/css/colors/ectoplasm/ HTTP/2.0" 401 1931 "-" "Mozilla/5.0 (Windows NT 10.0; Win64; x64) AppleWebKit/537.36 (KHTML, like Gecko) Chrome/120.0.0.0 Safari/537.36"
4.201.104.113 - - [28/Jul/2026:21:44:26 +0200] "GET /wp-content/ HTTP/2.0" 200 20 "-" "Mozilla/5.0 (Windows NT 10.0; Win64; x64) AppleWebKit/537.36 (KHTML, like Gecko) Chrome/120.0.0.0 Safari/537.36"
4.201.104.113 - - [28/Jul/2026:21:44:26 +0200] "GET /ww5.php HTTP/2.0" 404 897 "-" "Mozilla/5.0 (Windows NT 10.0; Win64; x64) AppleWebKit/537.36 (KHTML, like Gecko) Chrome/120.0.0.0 Safari/537.36"
4.201.104.113 - - [28/Jul/2026:21:44:27 +0200] "GET /2.php HTTP/2.0" 404 897 "-" "Mozilla/5.0 (Windows NT 10.0; Win64; x64) AppleWebKit/537.36 (KHTML, like Gecko) Chrome/120.0.0.0 Safari/537.36"
4.201.104.113 - - [28/Jul/2026:21:44:27 +0200] "GET /wp-admin/classwithtostring.php HTTP/2.0" 404 897 "-" "Mozilla/5.0 (Windows NT 10.0; Win64; x64) AppleWebKit/537.36 (KHTML, like Gecko) Chrome/120.0.0.0 Safari/537.36"
4.201.104.113 - - [28/Jul/2026:21:44:27 +0200] "GET /atomlib.php HTTP/2.0" 404 897 "-" "Mozilla/5.0 (Windows NT 10.0; Win64; x64) AppleWebKit/537.36 (KHTML, like Gecko) Chrome/120.0.0.0 Safari/537.36"
117.134.199.4 - - [28/Jul/2026:21:44:27 +0200] "POST /xmlrpc.php HTTP/2.0" 200 403 "-" "WordPress.com; https://wordpress.com"
4.201.104.113 - - [28/Jul/2026:21:44:27 +0200] "GET /rip.php HTTP/2.0" 404 897 "-" "Mozilla/5.0 (Windows NT 10.0; Win64; x64) AppleWebKit/537.36 (KHTML, like Gecko) Chrome/120.0.0.0 Safari/537.36"
4.201.104.113 - - [28/Jul/2026:21:44:28 +0200] "GET /p.php HTTP/2.0" 404 897 "-" "Mozilla/5.0 (Windows NT 10.0; Win64; x64) AppleWebKit/537.36 (KHTML, like Gecko) Chrome/120.0.0.0 Safari/537.36"
4.201.104.113 - - [28/Jul/2026:21:44:28 +0200] "GET /php.php HTTP/2.0" 404 897 "-" "Mozilla/5.0 (Windows NT 10.0; Win64; x64) AppleWebKit/537.36 (KHTML, like Gecko) Chrome/120.0.0.0 Safari/537.36"
13.40.4.166 - - [28/Jul/2026:21:44:36 +0200] "POST /xmlrpc.php HTTP/2.0" 200 403 "-" "Jetpack by WordPress.com"
117.134.199.4 - - [28/Jul/2026:21:44:38 +0200] "POST /xmlrpc.php HTTP/2.0" 200 403 "-" "Jetpack by WordPress.com"
115.186.176.250 - - [28/Jul/2026:21:44:40 +0200] "POST /xmlrpc.php HTTP/2.0" 200 403 "-" "Mozilla/5.0 (Linux; Android 10; x86) AppleWebKit/537.36 (KHTML, like Gecko) Chrome/112.0.0.0 Safari/537.36"
13.40.4.166 - - [28/Jul/2026:21:44:46 +0200] "POST /xmlrpc.php HTTP/2.0" 200 403 "-" "Jetpack by WordPress.com"
117.134.199.4 - - [28/Jul/2026:21:44:49 +0200] "POST /xmlrpc.php HTTP/2.0" 200 403 "-" "Jetpack by WordPress.com"
13.40.4.166 - - [28/Jul/2026:21:44:57 +0200] "POST /xmlrpc.php HTTP/2.0" 200 403 "-" "Jetpack by WordPress.com (Jetpack 13.0; WordPress 6.4)"
117.134.199.4 - - [28/Jul/2026:21:45:00 +0200] "POST /xmlrpc.php HTTP/2.0" 200 403 "-" "Jetpack/13.0; WordPress/6.3; http://site56356002.com"
13.40.4.166 - - [28/Jul/2026:21:45:08 +0200] "POST /xmlrpc.php HTTP/2.0" 200 403 "-" "Jetpack/12.5; WordPress/6.4; http://site30416170.com"
115.186.176.250 - - [28/Jul/2026:21:45:08 +0200] "POST /xmlrpc.php HTTP/2.0" 200 403 "-" "Mozilla/5.0 (Windows NT 6.2; arm64) AppleWebKit/537.36 (KHTML, like Gecko) Firefox/72.0.0.0 Safari/537.36"
117.134.199.4 - - [28/Jul/2026:21:45:11 +0200] "POST /xmlrpc.php HTTP/2.0" 200 403 "-" "Jetpack/12.0; WordPress/6.2; http://site19995570.com"
13.40.4.166 - - [28/Jul/2026:21:45:18 +0200] "POST /xmlrpc.php HTTP/2.0" 200 403 "-" "WordPress.com; https://wordpress.com"
117.134.199.4 - - [28/Jul/2026:21:45:21 +0200] "POST /xmlrpc.php HTTP/2.0" 200 403 "-" "Jetpack/12.0; WordPress/6.3; http://site30923168.com"
13.40.4.166 - - [28/Jul/2026:21:45:29 +0200] "POST /xmlrpc.php HTTP/2.0" 200 403 "-" "WordPress.com; https://wordpress.com"
117.134.199.4 - - [28/Jul/2026:21:45:32 +0200] "POST /xmlrpc.php HTTP/2.0" 200 403 "-" "Jetpack by WordPress.com"
115.186.176.250 - - [28/Jul/2026:21:45:35 +0200] "POST /xmlrpc.php HTTP/2.0" 200 403 "-" "Mozilla/5.0 (Linux; Android 10; arm64) AppleWebKit/537.36 (KHTML, like Gecko) Opera/64.0.0.0 Safari/537.36"
13.40.4.166 - - [28/Jul/2026:21:45:40 +0200] "POST /xmlrpc.php HTTP/2.0" 200 403 "-" "Jetpack/13.0; WordPress/6.4; http://site53671190.com"
117.134.199.4 - - [28/Jul/2026:21:45:43 +0200] "POST /xmlrpc.php HTTP/2.0" 200 403 "-" "Jetpack/13.0; WordPress/6.2; http://site18082927.com"
13.40.4.166 - - [28/Jul/2026:21:45:50 +0200] "POST /xmlrpc.php HTTP/2.0" 200 403 "-" "Jetpack by WordPress.com"
130.12.180.126 - - [28/Jul/2026:21:45:50 +0200] "GET /.env HTTP/1.1" 403 904 "-" "Mozilla/5.0 (Macintosh; Intel Mac OS X 10_15_7) AppleWebKit/537.36 (KHTML, like Gecko, Yokohama Institute of Information Security https://www.iisec.ac.jp) Chrome/124.0.0.0 Safari/537.36"
130.12.180.126 - - [28/Jul/2026:21:45:51 +0200] "GET /.git/HEAD HTTP/1.1" 403 904 "-" "Mozilla/5.0 (Macintosh; Intel Mac OS X 10_15_7) AppleWebKit/537.36 (KHTML, like Gecko, Yokohama Institute of Information Security https://www.iisec.ac.jp) Chrome/124.0.0.0 Safari/537.36"
130.12.180.126 - - [28/Jul/2026:21:45:52 +0200] "GET /.env.backup HTTP/1.1" 403 904 "-" "Mozilla/5.0 (Macintosh; Intel Mac OS X 10_15_7) AppleWebKit/537.36 (KHTML, like Gecko, Yokohama Institute of Information Security https://www.iisec.ac.jp) Chrome/124.0.0.0 Safari/537.36"
130.12.180.126 - - [28/Jul/2026:21:45:53 +0200] "GET /.env.old HTTP/1.1" 403 904 "-" "Mozilla/5.0 (Macintosh; Intel Mac OS X 10_15_7) AppleWebKit/537.36 (KHTML, like Gecko, Yokohama Institute of Information Security https://www.iisec.ac.jp) Chrome/124.0.0.0 Safari/537.36"
117.134.199.4 - - [28/Jul/2026:21:45:54 +0200] "POST /xmlrpc.php HTTP/2.0" 200 403 "-" "Jetpack by WordPress.com (Jetpack 12.0; WordPress 6.3)"
130.12.180.126 - - [28/Jul/2026:21:45:54 +0200] "GET /.env.save HTTP/1.1" 403 904 "-" "Mozilla/5.0 (Macintosh; Intel Mac OS X 10_15_7) AppleWebKit/537.36 (KHTML, like Gecko, Yokohama Institute of Information Security https://www.iisec.ac.jp) Chrome/124.0.0.0 Safari/537.36"
130.12.180.126 - - [28/Jul/2026:21:45:55 +0200] "GET /.env.bak HTTP/1.1" 403 904 "-" "Mozilla/5.0 (Macintosh; Intel Mac OS X 10_15_7) AppleWebKit/537.36 (KHTML, like Gecko, Yokohama Institute of Information Security https://www.iisec.ac.jp) Chrome/124.0.0.0 Safari/537.36"
130.12.180.126 - - [28/Jul/2026:21:45:56 +0200] "GET /.env.prod HTTP/1.1" 403 904 "-" "Mozilla/5.0 (Macintosh; Intel Mac OS X 10_15_7) AppleWebKit/537.36 (KHTML, like Gecko, Yokohama Institute of Information Security https://www.iisec.ac.jp) Chrome/124.0.0.0 Safari/537.36"
130.12.180.126 - - [28/Jul/2026:21:45:57 +0200] "GET /.env.production HTTP/1.1" 403 904 "-" "Mozilla/5.0 (Macintosh; Intel Mac OS X 10_15_7) AppleWebKit/537.36 (KHTML, like Gecko, Yokohama Institute of Information Security https://www.iisec.ac.jp) Chrome/124.0.0.0 Safari/537.36"
130.12.180.126 - - [28/Jul/2026:21:45:59 +0200] "GET /.env.staging HTTP/1.1" 403 904 "-" "Mozilla/5.0 (Macintosh; Intel Mac OS X 10_15_7) AppleWebKit/537.36 (KHTML, like Gecko, Yokohama Institute of Information Security https://www.iisec.ac.jp) Chrome/124.0.0.0 Safari/537.36"
130.12.180.126 - - [28/Jul/2026:21:46:00 +0200] "GET /.env.local HTTP/1.1" 403 904 "-" "Mozilla/5.0 (Macintosh; Intel Mac OS X 10_15_7) AppleWebKit/537.36 (KHTML, like Gecko, Yokohama Institute of Information Security https://www.iisec.ac.jp) Chrome/124.0.0.0 Safari/537.36"
13.40.4.166 - - [28/Jul/2026:21:46:01 +0200] "POST /xmlrpc.php HTTP/2.0" 200 403 "-" "Jetpack by WordPress.com (Jetpack 13.0; WordPress 6.2)"
130.12.180.126 - - [28/Jul/2026:21:46:01 +0200] "GET /.env.live HTTP/1.1" 403 904 "-" "Mozilla/5.0 (Macintosh; Intel Mac OS X 10_15_7) AppleWebKit/537.36 (KHTML, like Gecko, Yokohama Institute of Information Security https://www.iisec.ac.jp) Chrome/124.0.0.0 Safari/537.36"
130.12.180.126 - - [28/Jul/2026:21:46:02 +0200] "GET /.env.dev HTTP/1.1" 403 904 "-" "Mozilla/5.0 (Macintosh; Intel Mac OS X 10_15_7) AppleWebKit/537.36 (KHTML, like Gecko, Yokohama Institute of Information Security https://www.iisec.ac.jp) Chrome/124.0.0.0 Safari/537.36"
115.186.176.250 - - [28/Jul/2026:21:46:04 +0200] "POST /xmlrpc.php HTTP/2.0" 200 403 "-" "Mozilla/5.0 (Macintosh; Intel Mac OS X 10_15_7; arm64) AppleWebKit/537.36 (KHTML, like Gecko) Safari/10.0.0.0 Safari/537.36"
130.12.180.126 - - [28/Jul/2026:21:46:04 +0200] "GET /.env.stage HTTP/1.1" 403 904 "-" "Mozilla/5.0 (Macintosh; Intel Mac OS X 10_15_7) AppleWebKit/537.36 (KHTML, like Gecko, Yokohama Institute of Information Security https://www.iisec.ac.jp) Chrome/124.0.0.0 Safari/537.36"
117.134.199.4 - - [28/Jul/2026:21:46:05 +0200] "POST /xmlrpc.php HTTP/2.0" 200 403 "-" "Jetpack by WordPress.com"
130.12.180.126 - - [28/Jul/2026:21:46:08 +0200] "GET /config/.env HTTP/1.1" 403 904 "-" "Mozilla/5.0 (Macintosh; Intel Mac OS X 10_15_7) AppleWebKit/537.36 (KHTML, like Gecko, Yokohama Institute of Information Security https://www.iisec.ac.jp) Chrome/124.0.0.0 Safari/537.36"
130.12.180.126 - - [28/Jul/2026:21:46:10 +0200] "GET /app/.env HTTP/1.1" 403 904 "-" "Mozilla/5.0 (Macintosh; Intel Mac OS X 10_15_7) AppleWebKit/537.36 (KHTML, like Gecko, Yokohama Institute of Information Security https://www.iisec.ac.jp) Chrome/124.0.0.0 Safari/537.36"
13.40.4.166 - - [28/Jul/2026:21:46:12 +0200] "POST /xmlrpc.php HTTP/2.0" 200 403 "-" "Jetpack by WordPress.com"
130.12.180.126 - - [28/Jul/2026:21:46:13 +0200] "GET /api/.env HTTP/1.1" 403 904 "-" "Mozilla/5.0 (Macintosh; Intel Mac OS X 10_15_7) AppleWebKit/537.36 (KHTML, like Gecko, Yokohama Institute of Information Security https://www.iisec.ac.jp) Chrome/124.0.0.0 Safari/537.36"
