2a03:4000:59:e65:94e2:deff:fe0e:57ac - - [29/Jul/2026:08:33:10 +0200] "GET /wp-json/arni-tracking/v1/referrers?from=2026-06-30&to=2026-07-29&limit=100 HTTP/2.0" 200 908 "-" "ArNi-CRM/1.0"
2a03:4000:59:e65:94e2:deff:fe0e:57ac - - [29/Jul/2026:08:33:10 +0200] "GET /wp-json/arni-tracking/v1/campaigns?from=2026-06-30&to=2026-07-29&limit=100 HTTP/2.0" 200 78 "-" "ArNi-CRM/1.0"
2a03:4000:59:e65:94e2:deff:fe0e:57ac - - [29/Jul/2026:08:33:11 +0200] "GET /wp-json/arni-tracking/v1/conversions?from=2026-06-30&to=2026-07-29&limit=1000&page=1 HTTP/2.0" 200 45389 "-" "ArNi-CRM/1.0"
2a03:4000:59:e65:94e2:deff:fe0e:57ac - - [29/Jul/2026:08:33:11 +0200] "GET /wp-json/arni-tracking/v1/sessions?from=2026-06-30&to=2026-07-29&limit=500&page=1 HTTP/2.0" 200 177221 "-" "ArNi-CRM/1.0"
40.77.167.6 - - [29/Jul/2026:08:35:15 +0200] "GET /live-cam/rubycastillo-cam-19388543/ HTTP/2.0" 200 25427 "-" "Mozilla/5.0 AppleWebKit/537.36 (KHTML, like Gecko; compatible; bingbot/2.0; +http://www.bing.com/bingbot.htm) Chrome/116.0.1938.76 Safari/537.36"
18.233.235.66 - - [29/Jul/2026:08:35:15 +0200] "GET /wp-content/uploads/2026/06/13904635_1280-1024x768.jpg HTTP/2.0" 200 82117 "-" "Mozilla/5.0 AppleWebKit/537.36 (KHTML, like Gecko; compatible; Amzn-SearchBot/0.1) Chrome/119.0.6045.214 Safari/537.36"
52.167.144.214 - - [29/Jul/2026:08:35:19 +0200] "GET /live-cam/missari054-cam-13397604/ HTTP/2.0" 200 26242 "-" "Mozilla/5.0 AppleWebKit/537.36 (KHTML, like Gecko; compatible; bingbot/2.0; +http://www.bing.com/bingbot.htm) Chrome/116.0.1938.76 Safari/537.36"
44.215.74.155 - - [29/Jul/2026:08:35:24 +0200] "GET /live-cam/kevolino12-cam-11528203/embed/ HTTP/2.0" 200 6947 "-" "Mozilla/5.0 AppleWebKit/537.36 (KHTML, like Gecko; compatible; Amzn-SearchBot/0.1) Chrome/119.0.6045.214 Safari/537.36"
98.88.114.29 - - [29/Jul/2026:08:35:36 +0200] "GET /wp-content/uploads/2026/06/14002573_1280-1024x768.jpg HTTP/2.0" 200 186030 "-" "Mozilla/5.0 AppleWebKit/537.36 (KHTML, like Gecko; compatible; Amzn-SearchBot/0.1) Chrome/119.0.6045.214 Safari/537.36"
98.89.255.185 - - [29/Jul/2026:08:35:45 +0200] "GET /wp-content/uploads/2026/06/13323817_1280-1024x768.jpg HTTP/2.0" 200 148340 "-" "Mozilla/5.0 AppleWebKit/537.36 (KHTML, like Gecko; compatible; Amzn-SearchBot/0.1) Chrome/119.0.6045.214 Safari/537.36"
23.23.97.185 - - [29/Jul/2026:08:35:55 +0200] "GET /wp-content/uploads/2026/06/31297220_640.jpg HTTP/2.0" 200 48041 "-" "Mozilla/5.0 AppleWebKit/537.36 (KHTML, like Gecko; compatible; Amzn-SearchBot/0.1) Chrome/119.0.6045.214 Safari/537.36"
2a02:3030:670:c680:c19e:1b89:ae70:9688 - - [29/Jul/2026:08:36:01 +0200] "GET /2026/05/taschenmuschi-fuer-anfaenger/ HTTP/2.0" 200 24634 "https://duckduckgo.com/" "Mozilla/5.0 (iPhone; CPU iPhone OS 18_6_2 like Mac OS X) AppleWebKit/605.1.15 (KHTML, like Gecko) CriOS/150.0.7871.113 Mobile/15E148 Safari/604.1"
2a02:3030:670:c680:c19e:1b89:ae70:9688 - - [29/Jul/2026:08:36:01 +0200] "GET /wp-content/themes/taschenmuschi-kaufen/assets/vendor/bootstrap/css/bootstrap.min.css?ver=5.3.3 HTTP/2.0" 200 232758 "https://www.taschenmuschi-kaufen.de/2026/05/taschenmuschi-fuer-anfaenger/" "Mozilla/5.0 (iPhone; CPU iPhone OS 18_6_2 like Mac OS X) AppleWebKit/605.1.15 (KHTML, like Gecko) CriOS/150.0.7871.113 Mobile/15E148 Safari/604.1"
2a02:3030:670:c680:c19e:1b89:ae70:9688 - - [29/Jul/2026:08:36:01 +0200] "GET /wp-content/uploads/2026/06/haeufiger-fehler-beim-kauf-einer-taschenmuschi-1024x576.jpg HTTP/2.0" 200 90791 "https://www.taschenmuschi-kaufen.de/2026/05/taschenmuschi-fuer-anfaenger/" "Mozilla/5.0 (iPhone; CPU iPhone OS 18_6_2 like Mac OS X) AppleWebKit/605.1.15 (KHTML, like Gecko) CriOS/150.0.7871.113 Mobile/15E148 Safari/604.1"
2a02:3030:670:c680:c19e:1b89:ae70:9688 - - [29/Jul/2026:08:36:01 +0200] "GET /wp-content/themes/taschenmuschi-kaufen/assets/css/style.css?ver=1783380081 HTTP/2.0" 200 284678 "https://www.taschenmuschi-kaufen.de/2026/05/taschenmuschi-fuer-anfaenger/" "Mozilla/5.0 (iPhone; CPU iPhone OS 18_6_2 like Mac OS X) AppleWebKit/605.1.15 (KHTML, like Gecko) CriOS/150.0.7871.113 Mobile/15E148 Safari/604.1"
2a02:3030:670:c680:c19e:1b89:ae70:9688 - - [29/Jul/2026:08:36:01 +0200] "GET /wp-content/plugins/arni-crm-tracking/assets/js/arni-tracking.js?ver=1.0.1 HTTP/2.0" 200 5674 "https://www.taschenmuschi-kaufen.de/2026/05/taschenmuschi-fuer-anfaenger/" "Mozilla/5.0 (iPhone; CPU iPhone OS 18_6_2 like Mac OS X) AppleWebKit/605.1.15 (KHTML, like Gecko) CriOS/150.0.7871.113 Mobile/15E148 Safari/604.1"
2a02:3030:670:c680:c19e:1b89:ae70:9688 - - [29/Jul/2026:08:36:01 +0200] "GET /wp-content/themes/taschenmuschi-kaufen/assets/js/swipe.js?ver=1781455174 HTTP/2.0" 200 9453 "https://www.taschenmuschi-kaufen.de/2026/05/taschenmuschi-fuer-anfaenger/" "Mozilla/5.0 (iPhone; CPU iPhone OS 18_6_2 like Mac OS X) AppleWebKit/605.1.15 (KHTML, like Gecko) CriOS/150.0.7871.113 Mobile/15E148 Safari/604.1"
2a02:3030:670:c680:c19e:1b89:ae70:9688 - - [29/Jul/2026:08:36:01 +0200] "GET /wp-content/themes/taschenmuschi-kaufen/assets/vendor/bootstrap/js/bootstrap.bundle.min.js?ver=5.3.3 HTTP/2.0" 200 80721 "https://www.taschenmuschi-kaufen.de/2026/05/taschenmuschi-fuer-anfaenger/" "Mozilla/5.0 (iPhone; CPU iPhone OS 18_6_2 like Mac OS X) AppleWebKit/605.1.15 (KHTML, like Gecko) CriOS/150.0.7871.113 Mobile/15E148 Safari/604.1"
2a02:3030:670:c680:c19e:1b89:ae70:9688 - - [29/Jul/2026:08:36:01 +0200] "GET /wp-content/uploads/2026/06/beste-taschenmuschi-fuer-anfaenger-1536x864.jpg HTTP/2.0" 200 181501 "https://www.taschenmuschi-kaufen.de/2026/05/taschenmuschi-fuer-anfaenger/" "Mozilla/5.0 (iPhone; CPU iPhone OS 18_6_2 like Mac OS X) AppleWebKit/605.1.15 (KHTML, like Gecko) CriOS/150.0.7871.113 Mobile/15E148 Safari/604.1"
2a02:3030:670:c680:c19e:1b89:ae70:9688 - - [29/Jul/2026:08:36:01 +0200] "GET /wp-content/themes/taschenmuschi-kaufen/assets/js/main.js?ver=1783378543 HTTP/2.0" 200 36659 "https://www.taschenmuschi-kaufen.de/2026/05/taschenmuschi-fuer-anfaenger/" "Mozilla/5.0 (iPhone; CPU iPhone OS 18_6_2 like Mac OS X) AppleWebKit/605.1.15 (KHTML, like Gecko) CriOS/150.0.7871.113 Mobile/15E148 Safari/604.1"
2a02:3030:670:c680:c19e:1b89:ae70:9688 - - [29/Jul/2026:08:36:01 +0200] "GET /wp-content/themes/taschenmuschi-kaufen/assets/js/tmk-conversion.js?ver=1781455174 HTTP/2.0" 200 2777 "https://www.taschenmuschi-kaufen.de/2026/05/taschenmuschi-fuer-anfaenger/" "Mozilla/5.0 (iPhone; CPU iPhone OS 18_6_2 like Mac OS X) AppleWebKit/605.1.15 (KHTML, like Gecko) CriOS/150.0.7871.113 Mobile/15E148 Safari/604.1"
2a02:3030:670:c680:c19e:1b89:ae70:9688 - - [29/Jul/2026:08:36:02 +0200] "GET /wp-content/uploads/2026/06/taschenmuschi-selber-bauen-1024x576.jpg HTTP/2.0" 200 78189 "https://www.taschenmuschi-kaufen.de/2026/05/taschenmuschi-fuer-anfaenger/" "Mozilla/5.0 (iPhone; CPU iPhone OS 18_6_2 like Mac OS X) AppleWebKit/605.1.15 (KHTML, like Gecko) CriOS/150.0.7871.113 Mobile/15E148 Safari/604.1"
2a02:3030:670:c680:c19e:1b89:ae70:9688 - - [29/Jul/2026:08:36:02 +0200] "GET /wp-includes/js/wp-emoji-release.min.js?ver=7.0.2 HTTP/2.0" 200 22752 "https://www.taschenmuschi-kaufen.de/2026/05/taschenmuschi-fuer-anfaenger/" "Mozilla/5.0 (iPhone; CPU iPhone OS 18_6_2 like Mac OS X) AppleWebKit/605.1.15 (KHTML, like Gecko) CriOS/150.0.7871.113 Mobile/15E148 Safari/604.1"
2a02:3030:670:c680:c19e:1b89:ae70:9688 - - [29/Jul/2026:08:36:02 +0200] "GET /wp-content/uploads/2026/06/haeufiger-fehler-beim-kauf-einer-taschenmuschi-1536x864.jpg HTTP/2.0" 200 164625 "https://www.taschenmuschi-kaufen.de/2026/05/taschenmuschi-fuer-anfaenger/" "Mozilla/5.0 (iPhone; CPU iPhone OS 18_6_2 like Mac OS X) AppleWebKit/605.1.15 (KHTML, like Gecko) CriOS/150.0.7871.113 Mobile/15E148 Safari/604.1"
2a02:3030:670:c680:c19e:1b89:ae70:9688 - - [29/Jul/2026:08:36:02 +0200] "POST /wp-json/arni-tracking/v1/event HTTP/2.0" 200 21 "https://www.taschenmuschi-kaufen.de/2026/05/taschenmuschi-fuer-anfaenger/" "Mozilla/5.0 (iPhone; CPU iPhone OS 18_6_2 like Mac OS X) AppleWebKit/605.1.15 (KHTML, like Gecko) CriOS/150.0.7871.113 Mobile/15E148 Safari/604.1"
2a02:3030:670:c680:c19e:1b89:ae70:9688 - - [29/Jul/2026:08:36:02 +0200] "GET /wp-content/themes/taschenmuschi-kaufen/assets/img/favicon/apple-touch-icon.png?v=1.0.0 HTTP/2.0" 304 0 "-" "Mozilla/5.0 (iPhone; CPU iPhone OS 18_6_2 like Mac OS X) AppleWebKit/605.1.15 (KHTML, like Gecko) CriOS/150.0.7871.113 Mobile/15E148 Safari/604.1"
2a02:3030:670:c680:c19e:1b89:ae70:9688 - - [29/Jul/2026:08:36:02 +0200] "GET /wp-content/themes/taschenmuschi-kaufen/assets/img/favicon/favicon-32x32.png?v=1.0.0 HTTP/2.0" 304 0 "-" "Mozilla/5.0 (iPhone; CPU iPhone OS 18_6_2 like Mac OS X) AppleWebKit/605.1.15 (KHTML, like Gecko) CriOS/150.0.7871.113 Mobile/15E148 Safari/604.1"
34.199.111.130 - - [29/Jul/2026:08:36:05 +0200] "GET /live-cam/classyfoxyramona-cam-11123466/embed/ HTTP/2.0" 200 6977 "-" "Mozilla/5.0 AppleWebKit/537.36 (KHTML, like Gecko; compatible; Amzn-SearchBot/0.1) Chrome/119.0.6045.214 Safari/537.36"
2a02:3030:670:c680:c19e:1b89:ae70:9688 - - [29/Jul/2026:08:36:05 +0200] "POST /wp-json/arni-tracking/v1/event HTTP/2.0" 200 21 "https://www.taschenmuschi-kaufen.de/2026/05/taschenmuschi-fuer-anfaenger/" "Mozilla/5.0 (iPhone; CPU iPhone OS 18_6_2 like Mac OS X) AppleWebKit/605.1.15 (KHTML, like Gecko) CriOS/150.0.7871.113 Mobile/15E148 Safari/604.1"
2a03:4000:59:e65:94e2:deff:fe0e:57ac - - [29/Jul/2026:08:36:10 +0200] "GET /wp-json/arni-tracking/v1/stats?from=2026-07-27&to=2026-07-27 HTTP/2.0" 200 307 "-" "ArNi-CRM/1.0"
2a03:4000:59:e65:94e2:deff:fe0e:57ac - - [29/Jul/2026:08:36:10 +0200] "GET /wp-json/arni-tracking/v1/stats?from=2026-07-28&to=2026-07-28 HTTP/2.0" 200 307 "-" "ArNi-CRM/1.0"
2a03:4000:59:e65:94e2:deff:fe0e:57ac - - [29/Jul/2026:08:36:10 +0200] "GET /wp-json/arni-tracking/v1/stats?from=2026-07-29&to=2026-07-29 HTTP/2.0" 200 299 "-" "ArNi-CRM/1.0"
2a03:4000:59:e65:94e2:deff:fe0e:57ac - - [29/Jul/2026:08:36:11 +0200] "GET /wp-json/arni-tracking/v1/stats?from=2026-06-30&to=2026-07-29 HTTP/2.0" 200 317 "-" "ArNi-CRM/1.0"
2a03:4000:59:e65:94e2:deff:fe0e:57ac - - [29/Jul/2026:08:36:11 +0200] "GET /wp-json/arni-tracking/v1/pages?from=2026-06-30&to=2026-07-29&limit=100 HTTP/2.0" 200 18262 "-" "ArNi-CRM/1.0"
2a03:4000:59:e65:94e2:deff:fe0e:57ac - - [29/Jul/2026:08:36:11 +0200] "GET /wp-json/arni-tracking/v1/referrers?from=2026-06-30&to=2026-07-29&limit=100 HTTP/2.0" 200 908 "-" "ArNi-CRM/1.0"
2a03:4000:59:e65:94e2:deff:fe0e:57ac - - [29/Jul/2026:08:36:11 +0200] "GET /wp-json/arni-tracking/v1/campaigns?from=2026-06-30&to=2026-07-29&limit=100 HTTP/2.0" 200 78 "-" "ArNi-CRM/1.0"
2a03:4000:59:e65:94e2:deff:fe0e:57ac - - [29/Jul/2026:08:36:12 +0200] "GET /wp-json/arni-tracking/v1/conversions?from=2026-06-30&to=2026-07-29&limit=1000&page=1 HTTP/2.0" 200 45389 "-" "ArNi-CRM/1.0"
2a03:4000:59:e65:94e2:deff:fe0e:57ac - - [29/Jul/2026:08:36:12 +0200] "GET /wp-json/arni-tracking/v1/sessions?from=2026-06-30&to=2026-07-29&limit=500&page=1 HTTP/2.0" 200 177315 "-" "ArNi-CRM/1.0"
52.70.37.172 - - [29/Jul/2026:08:36:15 +0200] "GET /wp-content/uploads/2026/07/31368272_640-150x150.jpg HTTP/2.0" 200 5519 "-" "Mozilla/5.0 AppleWebKit/537.36 (KHTML, like Gecko; compatible; Amzn-SearchBot/0.1) Chrome/119.0.6045.214 Safari/537.36"
2a02:3030:670:c680:c19e:1b89:ae70:9688 - - [29/Jul/2026:08:36:19 +0200] "POST /wp-json/arni-tracking/v1/event HTTP/2.0" 200 21 "https://www.taschenmuschi-kaufen.de/2026/05/taschenmuschi-fuer-anfaenger/" "Mozilla/5.0 (iPhone; CPU iPhone OS 18_6_2 like Mac OS X) AppleWebKit/605.1.15 (KHTML, like Gecko) CriOS/150.0.7871.113 Mobile/15E148 Safari/604.1"
2a02:3030:670:c680:c19e:1b89:ae70:9688 - - [29/Jul/2026:08:36:32 +0200] "POST /wp-json/arni-tracking/v1/event HTTP/2.0" 200 21 "https://www.taschenmuschi-kaufen.de/2026/05/taschenmuschi-fuer-anfaenger/" "Mozilla/5.0 (iPhone; CPU iPhone OS 18_6_2 like Mac OS X) AppleWebKit/605.1.15 (KHTML, like Gecko) CriOS/150.0.7871.113 Mobile/15E148 Safari/604.1"
2a02:3030:670:c680:c19e:1b89:ae70:9688 - - [29/Jul/2026:08:36:32 +0200] "GET /wp-content/uploads/2026/06/taschenmuschi-selber-bauen-1536x864.jpg HTTP/2.0" 200 142652 "https://www.taschenmuschi-kaufen.de/2026/05/taschenmuschi-fuer-anfaenger/" "Mozilla/5.0 (iPhone; CPU iPhone OS 18_6_2 like Mac OS X) AppleWebKit/605.1.15 (KHTML, like Gecko) CriOS/150.0.7871.113 Mobile/15E148 Safari/604.1"
2a02:3030:670:c680:c19e:1b89:ae70:9688 - - [29/Jul/2026:08:36:33 +0200] "GET /wp-content/uploads/2026/06/taschenmuschi-richtig-reinigen-1536x864.jpg HTTP/2.0" 200 148159 "https://www.taschenmuschi-kaufen.de/2026/05/taschenmuschi-fuer-anfaenger/" "Mozilla/5.0 (iPhone; CPU iPhone OS 18_6_2 like Mac OS X) AppleWebKit/605.1.15 (KHTML, like Gecko) CriOS/150.0.7871.113 Mobile/15E148 Safari/604.1"
2a02:3030:670:c680:c19e:1b89:ae70:9688 - - [29/Jul/2026:08:36:37 +0200] "POST /wp-json/arni-tracking/v1/event HTTP/2.0" 200 21 "https://www.taschenmuschi-kaufen.de/2026/05/taschenmuschi-fuer-anfaenger/" "Mozilla/5.0 (iPhone; CPU iPhone OS 18_6_2 like Mac OS X) AppleWebKit/605.1.15 (KHTML, like Gecko) CriOS/150.0.7871.113 Mobile/15E148 Safari/604.1"
2a02:3030:670:c680:c19e:1b89:ae70:9688 - - [29/Jul/2026:08:36:40 +0200] "POST /wp-json/arni-tracking/v1/event HTTP/2.0" 200 21 "https://www.taschenmuschi-kaufen.de/2026/05/taschenmuschi-fuer-anfaenger/" "Mozilla/5.0 (iPhone; CPU iPhone OS 18_6_2 like Mac OS X) AppleWebKit/605.1.15 (KHTML, like Gecko) CriOS/150.0.7871.113 Mobile/15E148 Safari/604.1"
3.208.113.39 - - [29/Jul/2026:08:37:05 +0200] "GET /2019/05/schwule-jungs-zum-anbaggern/ HTTP/2.0" 200 21628 "-" "Mozilla/5.0 AppleWebKit/537.36 (KHTML, like Gecko; compatible; Amzn-SearchBot/0.1) Chrome/119.0.6045.214 Safari/537.36"
2a03:4000:59:e65:94e2:deff:fe0e:57ac - - [29/Jul/2026:08:39:09 +0200] "GET /wp-json/arni-tracking/v1/stats?from=2026-07-27&to=2026-07-27 HTTP/2.0" 200 307 "-" "ArNi-CRM/1.0"
2a03:4000:59:e65:94e2:deff:fe0e:57ac - - [29/Jul/2026:08:39:09 +0200] "GET /wp-json/arni-tracking/v1/stats?from=2026-07-28&to=2026-07-28 HTTP/2.0" 200 307 "-" "ArNi-CRM/1.0"
2a03:4000:59:e65:94e2:deff:fe0e:57ac - - [29/Jul/2026:08:39:09 +0200] "GET /wp-json/arni-tracking/v1/stats?from=2026-07-29&to=2026-07-29 HTTP/2.0" 200 301 "-" "ArNi-CRM/1.0"
2a03:4000:59:e65:94e2:deff:fe0e:57ac - - [29/Jul/2026:08:39:10 +0200] "GET /wp-json/arni-tracking/v1/stats?from=2026-06-30&to=2026-07-29 HTTP/2.0" 200 317 "-" "ArNi-CRM/1.0"
2a03:4000:59:e65:94e2:deff:fe0e:57ac - - [29/Jul/2026:08:39:10 +0200] "GET /wp-json/arni-tracking/v1/pages?from=2026-06-30&to=2026-07-29&limit=100 HTTP/2.0" 200 18262 "-" "ArNi-CRM/1.0"
2a03:4000:59:e65:94e2:deff:fe0e:57ac - - [29/Jul/2026:08:39:10 +0200] "GET /wp-json/arni-tracking/v1/referrers?from=2026-06-30&to=2026-07-29&limit=100 HTTP/2.0" 200 908 "-" "ArNi-CRM/1.0"
2a03:4000:59:e65:94e2:deff:fe0e:57ac - - [29/Jul/2026:08:39:10 +0200] "GET /wp-json/arni-tracking/v1/campaigns?from=2026-06-30&to=2026-07-29&limit=100 HTTP/2.0" 200 78 "-" "ArNi-CRM/1.0"
2a03:4000:59:e65:94e2:deff:fe0e:57ac - - [29/Jul/2026:08:39:10 +0200] "GET /wp-json/arni-tracking/v1/conversions?from=2026-06-30&to=2026-07-29&limit=1000&page=1 HTTP/2.0" 200 45389 "-" "ArNi-CRM/1.0"
2a03:4000:59:e65:94e2:deff:fe0e:57ac - - [29/Jul/2026:08:39:11 +0200] "GET /wp-json/arni-tracking/v1/sessions?from=2026-06-30&to=2026-07-29&limit=500&page=1 HTTP/2.0" 200 177562 "-" "ArNi-CRM/1.0"
52.167.144.214 - - [29/Jul/2026:08:40:06 +0200] "GET /live-cam/trixienova-cam-10899071/ HTTP/2.0" 200 25796 "-" "Mozilla/5.0 AppleWebKit/537.36 (KHTML, like Gecko; compatible; bingbot/2.0; +http://www.bing.com/bingbot.htm) Chrome/116.0.1938.76 Safari/537.36"
216.73.216.138 - - [29/Jul/2026:08:42:05 +0200] "GET /?p=214095 HTTP/2.0" 301 0 "-" "Mozilla/5.0 AppleWebKit/537.36 (KHTML, like Gecko; compatible; Claude-SearchBot/1.0; +searchbot@anthropic.com)"
2a03:4000:59:e65:94e2:deff:fe0e:57ac - - [29/Jul/2026:08:42:09 +0200] "GET /wp-json/arni-tracking/v1/stats?from=2026-07-27&to=2026-07-27 HTTP/2.0" 200 307 "-" "ArNi-CRM/1.0"
2a03:4000:59:e65:94e2:deff:fe0e:57ac - - [29/Jul/2026:08:42:09 +0200] "GET /wp-json/arni-tracking/v1/stats?from=2026-07-28&to=2026-07-28 HTTP/2.0" 200 307 "-" "ArNi-CRM/1.0"
2a03:4000:59:e65:94e2:deff:fe0e:57ac - - [29/Jul/2026:08:42:09 +0200] "GET /wp-json/arni-tracking/v1/stats?from=2026-07-29&to=2026-07-29 HTTP/2.0" 200 301 "-" "ArNi-CRM/1.0"
2a03:4000:59:e65:94e2:deff:fe0e:57ac - - [29/Jul/2026:08:42:09 +0200] "GET /wp-json/arni-tracking/v1/stats?from=2026-06-30&to=2026-07-29 HTTP/2.0" 200 317 "-" "ArNi-CRM/1.0"
2a03:4000:59:e65:94e2:deff:fe0e:57ac - - [29/Jul/2026:08:42:10 +0200] "GET /wp-json/arni-tracking/v1/pages?from=2026-06-30&to=2026-07-29&limit=100 HTTP/2.0" 200 18262 "-" "ArNi-CRM/1.0"
2a03:4000:59:e65:94e2:deff:fe0e:57ac - - [29/Jul/2026:08:42:10 +0200] "GET /wp-json/arni-tracking/v1/referrers?from=2026-06-30&to=2026-07-29&limit=100 HTTP/2.0" 200 908 "-" "ArNi-CRM/1.0"
2a03:4000:59:e65:94e2:deff:fe0e:57ac - - [29/Jul/2026:08:42:10 +0200] "GET /wp-json/arni-tracking/v1/campaigns?from=2026-06-30&to=2026-07-29&limit=100 HTTP/2.0" 200 78 "-" "ArNi-CRM/1.0"
2a03:4000:59:e65:94e2:deff:fe0e:57ac - - [29/Jul/2026:08:42:10 +0200] "GET /wp-json/arni-tracking/v1/conversions?from=2026-06-30&to=2026-07-29&limit=1000&page=1 HTTP/2.0" 200 45389 "-" "ArNi-CRM/1.0"
2a03:4000:59:e65:94e2:deff:fe0e:57ac - - [29/Jul/2026:08:42:10 +0200] "GET /wp-json/arni-tracking/v1/sessions?from=2026-06-30&to=2026-07-29&limit=500&page=1 HTTP/2.0" 200 177562 "-" "ArNi-CRM/1.0"
216.73.216.138 - - [29/Jul/2026:08:42:11 +0200] "GET /live-cam/marriedfreaks-cam-11449568/ HTTP/2.0" 200 25592 "https://www.taschenmuschi-kaufen.de/?p=214095" "Mozilla/5.0 AppleWebKit/537.36 (KHTML, like Gecko; compatible; Claude-SearchBot/1.0; +searchbot@anthropic.com)"
216.73.216.138 - - [29/Jul/2026:08:42:14 +0200] "GET /robots.txt HTTP/1.1" 301 169 "-" "Mozilla/5.0 AppleWebKit/537.36 (KHTML, like Gecko; compatible; Claude-SearchBot/1.0; +searchbot@anthropic.com)"
216.73.216.138 - - [29/Jul/2026:08:42:15 +0200] "GET /sitemap.xml HTTP/1.1" 301 169 "-" "Mozilla/5.0 AppleWebKit/537.36 (KHTML, like Gecko; compatible; Claude-SearchBot/1.0; +searchbot@anthropic.com)"
216.73.216.138 - - [29/Jul/2026:08:42:16 +0200] "GET /sitemap.xml HTTP/2.0" 301 0 "http://www.taschenmuschi-kaufen.de/sitemap.xml" "Mozilla/5.0 AppleWebKit/537.36 (KHTML, like Gecko; compatible; Claude-SearchBot/1.0; +searchbot@anthropic.com)"
216.73.216.138 - - [29/Jul/2026:08:42:16 +0200] "GET /wp-sitemap.xml HTTP/2.0" 200 1031 "https://www.taschenmuschi-kaufen.de/sitemap.xml" "Mozilla/5.0 AppleWebKit/537.36 (KHTML, like Gecko; compatible; Claude-SearchBot/1.0; +searchbot@anthropic.com)"
216.73.216.138 - - [29/Jul/2026:08:42:19 +0200] "GET /?p=214885 HTTP/2.0" 301 0 "-" "Mozilla/5.0 AppleWebKit/537.36 (KHTML, like Gecko; compatible; Claude-SearchBot/1.0; +searchbot@anthropic.com)"
162.62.132.25 - - [29/Jul/2026:08:42:20 +0200] "GET /live-cam/ambercrost-cam-11092827/ HTTP/2.0" 200 26092 "-" "Mozilla/5.0 (iPhone; CPU iPhone OS 13_2_3 like Mac OS X) AppleWebKit/605.1.15 (KHTML, like Gecko) Version/13.0.3 Mobile/15E148 Safari/604.1"
216.73.216.138 - - [29/Jul/2026:08:42:23 +0200] "GET /live-cam/ariannakitten-cam-11530824/ HTTP/2.0" 200 25636 "https://www.taschenmuschi-kaufen.de/?p=214885" "Mozilla/5.0 AppleWebKit/537.36 (KHTML, like Gecko; compatible; Claude-SearchBot/1.0; +searchbot@anthropic.com)"
168.144.252.199 - - [29/Jul/2026:08:43:27 +0200] "GET /license.txt HTTP/1.1" 301 169 "-" "python-requests/2.27.1"
168.144.252.199 - - [29/Jul/2026:08:43:29 +0200] "GET /license.txt HTTP/2.0" 200 19903 "-" "python-requests/2.27.1"
52.167.144.214 - - [29/Jul/2026:08:44:35 +0200] "GET /live-cam/fighter1276-cam-5790486/ HTTP/2.0" 200 25594 "-" "Mozilla/5.0 AppleWebKit/537.36 (KHTML, like Gecko; compatible; bingbot/2.0; +http://www.bing.com/bingbot.htm) Chrome/116.0.1938.76 Safari/537.36"
52.167.144.214 - - [29/Jul/2026:08:44:38 +0200] "GET /live-cam/secretlysweet-cam-19128168/ HTTP/2.0" 200 25430 "-" "Mozilla/5.0 AppleWebKit/537.36 (KHTML, like Gecko; compatible; bingbot/2.0; +http://www.bing.com/bingbot.htm) Chrome/116.0.1938.76 Safari/537.36"
2a03:4000:59:e65:94e2:deff:fe0e:57ac - - [29/Jul/2026:08:45:11 +0200] "GET /wp-json/arni-tracking/v1/stats?from=2026-07-27&to=2026-07-27 HTTP/2.0" 200 307 "-" "ArNi-CRM/1.0"
2a03:4000:59:e65:94e2:deff:fe0e:57ac - - [29/Jul/2026:08:45:11 +0200] "GET /wp-json/arni-tracking/v1/stats?from=2026-07-28&to=2026-07-28 HTTP/2.0" 200 307 "-" "ArNi-CRM/1.0"
2a03:4000:59:e65:94e2:deff:fe0e:57ac - - [29/Jul/2026:08:45:12 +0200] "GET /wp-json/arni-tracking/v1/stats?from=2026-07-29&to=2026-07-29 HTTP/2.0" 200 301 "-" "ArNi-CRM/1.0"
2a03:4000:59:e65:94e2:deff:fe0e:57ac - - [29/Jul/2026:08:45:12 +0200] "GET /wp-json/arni-tracking/v1/stats?from=2026-06-30&to=2026-07-29 HTTP/2.0" 200 317 "-" "ArNi-CRM/1.0"
2a03:4000:59:e65:94e2:deff:fe0e:57ac - - [29/Jul/2026:08:45:12 +0200] "GET /wp-json/arni-tracking/v1/pages?from=2026-06-30&to=2026-07-29&limit=100 HTTP/2.0" 200 18262 "-" "ArNi-CRM/1.0"
2a03:4000:59:e65:94e2:deff:fe0e:57ac - - [29/Jul/2026:08:45:13 +0200] "GET /wp-json/arni-tracking/v1/referrers?from=2026-06-30&to=2026-07-29&limit=100 HTTP/2.0" 200 908 "-" "ArNi-CRM/1.0"
2a03:4000:59:e65:94e2:deff:fe0e:57ac - - [29/Jul/2026:08:45:13 +0200] "GET /wp-json/arni-tracking/v1/campaigns?from=2026-06-30&to=2026-07-29&limit=100 HTTP/2.0" 200 78 "-" "ArNi-CRM/1.0"
2a03:4000:59:e65:94e2:deff:fe0e:57ac - - [29/Jul/2026:08:45:13 +0200] "GET /wp-json/arni-tracking/v1/conversions?from=2026-06-30&to=2026-07-29&limit=1000&page=1 HTTP/2.0" 200 45389 "-" "ArNi-CRM/1.0"
2a03:4000:59:e65:94e2:deff:fe0e:57ac - - [29/Jul/2026:08:45:13 +0200] "GET /wp-json/arni-tracking/v1/sessions?from=2026-06-30&to=2026-07-29&limit=500&page=1 HTTP/2.0" 200 177604 "-" "ArNi-CRM/1.0"
40.77.167.224 - - [29/Jul/2026:08:45:32 +0200] "GET /cam/out/texaspatti-cam-3128728 HTTP/2.0" 301 0 "-" "Mozilla/5.0 AppleWebKit/537.36 (KHTML, like Gecko; compatible; bingbot/2.0; +http://www.bing.com/bingbot.htm) Chrome/116.0.1938.76 Safari/537.36"
40.77.167.151 - - [29/Jul/2026:08:45:38 +0200] "GET /cam/out/bellamilk-cam-19279515 HTTP/2.0" 301 0 "-" "Mozilla/5.0 AppleWebKit/537.36 (KHTML, like Gecko; compatible; bingbot/2.0; +http://www.bing.com/bingbot.htm) Chrome/116.0.1938.76 Safari/537.36"
40.77.167.25 - - [29/Jul/2026:08:46:04 +0200] "GET /live-cam/melissaandrade-cam-10905111/ HTTP/2.0" 200 25398 "-" "Mozilla/5.0 AppleWebKit/537.36 (KHTML, like Gecko; compatible; bingbot/2.0; +http://www.bing.com/bingbot.htm) Chrome/116.0.1938.76 Safari/537.36"
40.77.167.151 - - [29/Jul/2026:08:46:26 +0200] "GET /live-cam/goddessy-cam-19333532/ HTTP/2.0" 200 26952 "-" "Mozilla/5.0 AppleWebKit/537.36 (KHTML, like Gecko; compatible; bingbot/2.0; +http://www.bing.com/bingbot.htm) Chrome/116.0.1938.76 Safari/537.36"
2a03:4000:59:e65:94e2:deff:fe0e:57ac - - [29/Jul/2026:08:48:09 +0200] "GET /wp-json/arni-tracking/v1/stats?from=2026-07-27&to=2026-07-27 HTTP/2.0" 200 307 "-" "ArNi-CRM/1.0"
2a03:4000:59:e65:94e2:deff:fe0e:57ac - - [29/Jul/2026:08:48:09 +0200] "GET /wp-json/arni-tracking/v1/stats?from=2026-07-28&to=2026-07-28 HTTP/2.0" 200 307 "-" "ArNi-CRM/1.0"
2a03:4000:59:e65:94e2:deff:fe0e:57ac - - [29/Jul/2026:08:48:09 +0200] "GET /wp-json/arni-tracking/v1/stats?from=2026-07-29&to=2026-07-29 HTTP/2.0" 200 301 "-" "ArNi-CRM/1.0"
2a03:4000:59:e65:94e2:deff:fe0e:57ac - - [29/Jul/2026:08:48:10 +0200] "GET /wp-json/arni-tracking/v1/stats?from=2026-06-30&to=2026-07-29 HTTP/2.0" 200 317 "-" "ArNi-CRM/1.0"
2a03:4000:59:e65:94e2:deff:fe0e:57ac - - [29/Jul/2026:08:48:10 +0200] "GET /wp-json/arni-tracking/v1/pages?from=2026-06-30&to=2026-07-29&limit=100 HTTP/2.0" 200 18262 "-" "ArNi-CRM/1.0"
2a03:4000:59:e65:94e2:deff:fe0e:57ac - - [29/Jul/2026:08:48:10 +0200] "GET /wp-json/arni-tracking/v1/referrers?from=2026-06-30&to=2026-07-29&limit=100 HTTP/2.0" 200 908 "-" "ArNi-CRM/1.0"
2a03:4000:59:e65:94e2:deff:fe0e:57ac - - [29/Jul/2026:08:48:10 +0200] "GET /wp-json/arni-tracking/v1/campaigns?from=2026-06-30&to=2026-07-29&limit=100 HTTP/2.0" 200 78 "-" "ArNi-CRM/1.0"
2a03:4000:59:e65:94e2:deff:fe0e:57ac - - [29/Jul/2026:08:48:11 +0200] "GET /wp-json/arni-tracking/v1/conversions?from=2026-06-30&to=2026-07-29&limit=1000&page=1 HTTP/2.0" 200 45389 "-" "ArNi-CRM/1.0"
2a03:4000:59:e65:94e2:deff:fe0e:57ac - - [29/Jul/2026:08:48:11 +0200] "GET /wp-json/arni-tracking/v1/sessions?from=2026-06-30&to=2026-07-29&limit=500&page=1 HTTP/2.0" 200 177604 "-" "ArNi-CRM/1.0"
62.138.3.40 - - [29/Jul/2026:08:50:08 +0200] "GET /wp-content/uploads/2026/05/31200111_1280-150x150.jpg HTTP/2.0" 200 5670 "https://www.taschenmuschi-kaufen.de/live-cam/angelstone-cam-19147433/" "Mozilla/5.0 (Macintosh; Intel Mac OS X 10.15; rv:103.0) Gecko/20100101 Firefox/103.0"
216.73.216.138 - - [29/Jul/2026:08:50:30 +0200] "GET /cam/out/alexxaboner-cam-11465342 HTTP/2.0" 301 0 "-" "Mozilla/5.0 AppleWebKit/537.36 (KHTML, like Gecko; compatible; Claude-SearchBot/1.0; +searchbot@anthropic.com)"
62.138.3.52 - - [29/Jul/2026:08:50:56 +0200] "GET /wp-content/uploads/2026/05/18660436_1280-150x150.jpg HTTP/2.0" 200 8091 "https://www.taschenmuschi-kaufen.de/live-cam/camilaandjackson-cam-12162541/" "Mozilla/5.0 (Macintosh; Intel Mac OS X 10.15; rv:103.0) Gecko/20100101 Firefox/103.0"
2a03:4000:59:e65:94e2:deff:fe0e:57ac - - [29/Jul/2026:08:51:08 +0200] "GET /wp-json/arni-tracking/v1/stats?from=2026-07-27&to=2026-07-27 HTTP/2.0" 200 307 "-" "ArNi-CRM/1.0"
2a03:4000:59:e65:94e2:deff:fe0e:57ac - - [29/Jul/2026:08:51:08 +0200] "GET /wp-json/arni-tracking/v1/stats?from=2026-07-28&to=2026-07-28 HTTP/2.0" 200 307 "-" "ArNi-CRM/1.0"
2a03:4000:59:e65:94e2:deff:fe0e:57ac - - [29/Jul/2026:08:51:08 +0200] "GET /wp-json/arni-tracking/v1/stats?from=2026-07-29&to=2026-07-29 HTTP/2.0" 200 301 "-" "ArNi-CRM/1.0"
2a03:4000:59:e65:94e2:deff:fe0e:57ac - - [29/Jul/2026:08:51:09 +0200] "GET /wp-json/arni-tracking/v1/stats?from=2026-06-30&to=2026-07-29 HTTP/2.0" 200 317 "-" "ArNi-CRM/1.0"
2a03:4000:59:e65:94e2:deff:fe0e:57ac - - [29/Jul/2026:08:51:09 +0200] "GET /wp-json/arni-tracking/v1/pages?from=2026-06-30&to=2026-07-29&limit=100 HTTP/2.0" 200 18262 "-" "ArNi-CRM/1.0"
2a03:4000:59:e65:94e2:deff:fe0e:57ac - - [29/Jul/2026:08:51:09 +0200] "GET /wp-json/arni-tracking/v1/referrers?from=2026-06-30&to=2026-07-29&limit=100 HTTP/2.0" 200 908 "-" "ArNi-CRM/1.0"
2a03:4000:59:e65:94e2:deff:fe0e:57ac - - [29/Jul/2026:08:51:09 +0200] "GET /wp-json/arni-tracking/v1/campaigns?from=2026-06-30&to=2026-07-29&limit=100 HTTP/2.0" 200 78 "-" "ArNi-CRM/1.0"
2a03:4000:59:e65:94e2:deff:fe0e:57ac - - [29/Jul/2026:08:51:09 +0200] "GET /wp-json/arni-tracking/v1/conversions?from=2026-06-30&to=2026-07-29&limit=1000&page=1 HTTP/2.0" 200 45389 "-" "ArNi-CRM/1.0"
2a03:4000:59:e65:94e2:deff:fe0e:57ac - - [29/Jul/2026:08:51:10 +0200] "GET /wp-json/arni-tracking/v1/sessions?from=2026-06-30&to=2026-07-29&limit=500&page=1 HTTP/2.0" 200 177604 "-" "ArNi-CRM/1.0"
129.226.146.146 - - [29/Jul/2026:08:51:40 +0200] "GET /cam/out/dindinlir-cam-18523508 HTTP/2.0" 301 0 "-" "Mozilla/5.0 (iPhone; CPU iPhone OS 13_2_3 like Mac OS X) AppleWebKit/605.1.15 (KHTML, like Gecko) Version/13.0.3 Mobile/15E148 Safari/604.1"
216.73.216.138 - - [29/Jul/2026:08:52:41 +0200] "GET /cam/out/ariannakitten-cam-11530824 HTTP/2.0" 301 0 "-" "Mozilla/5.0 AppleWebKit/537.36 (KHTML, like Gecko; compatible; Claude-SearchBot/1.0; +searchbot@anthropic.com)"
2a03:4000:59:e65:94e2:deff:fe0e:57ac - - [29/Jul/2026:08:54:09 +0200] "GET /wp-json/arni-tracking/v1/stats?from=2026-07-27&to=2026-07-27 HTTP/2.0" 200 307 "-" "ArNi-CRM/1.0"
2a03:4000:59:e65:94e2:deff:fe0e:57ac - - [29/Jul/2026:08:54:09 +0200] "GET /wp-json/arni-tracking/v1/stats?from=2026-07-28&to=2026-07-28 HTTP/2.0" 200 307 "-" "ArNi-CRM/1.0"
2a03:4000:59:e65:94e2:deff:fe0e:57ac - - [29/Jul/2026:08:54:10 +0200] "GET /wp-json/arni-tracking/v1/stats?from=2026-07-29&to=2026-07-29 HTTP/2.0" 200 301 "-" "ArNi-CRM/1.0"
2a03:4000:59:e65:94e2:deff:fe0e:57ac - - [29/Jul/2026:08:54:10 +0200] "GET /wp-json/arni-tracking/v1/stats?from=2026-06-30&to=2026-07-29 HTTP/2.0" 200 317 "-" "ArNi-CRM/1.0"
2a03:4000:59:e65:94e2:deff:fe0e:57ac - - [29/Jul/2026:08:54:10 +0200] "GET /wp-json/arni-tracking/v1/pages?from=2026-06-30&to=2026-07-29&limit=100 HTTP/2.0" 200 18262 "-" "ArNi-CRM/1.0"
2a03:4000:59:e65:94e2:deff:fe0e:57ac - - [29/Jul/2026:08:54:11 +0200] "GET /wp-json/arni-tracking/v1/referrers?from=2026-06-30&to=2026-07-29&limit=100 HTTP/2.0" 200 908 "-" "ArNi-CRM/1.0"
2a03:4000:59:e65:94e2:deff:fe0e:57ac - - [29/Jul/2026:08:54:11 +0200] "GET /wp-json/arni-tracking/v1/campaigns?from=2026-06-30&to=2026-07-29&limit=100 HTTP/2.0" 200 78 "-" "ArNi-CRM/1.0"
2a03:4000:59:e65:94e2:deff:fe0e:57ac - - [29/Jul/2026:08:54:11 +0200] "GET /wp-json/arni-tracking/v1/conversions?from=2026-06-30&to=2026-07-29&limit=1000&page=1 HTTP/2.0" 200 45389 "-" "ArNi-CRM/1.0"
2a03:4000:59:e65:94e2:deff:fe0e:57ac - - [29/Jul/2026:08:54:11 +0200] "GET /wp-json/arni-tracking/v1/sessions?from=2026-06-30&to=2026-07-29&limit=500&page=1 HTTP/2.0" 200 177601 "-" "ArNi-CRM/1.0"
2a03:4000:59:e65:94e2:deff:fe0e:57ac - - [29/Jul/2026:08:57:09 +0200] "GET /wp-json/arni-tracking/v1/stats?from=2026-07-27&to=2026-07-27 HTTP/2.0" 200 307 "-" "ArNi-CRM/1.0"
2a03:4000:59:e65:94e2:deff:fe0e:57ac - - [29/Jul/2026:08:57:09 +0200] "GET /wp-json/arni-tracking/v1/stats?from=2026-07-28&to=2026-07-28 HTTP/2.0" 200 307 "-" "ArNi-CRM/1.0"
2a03:4000:59:e65:94e2:deff:fe0e:57ac - - [29/Jul/2026:08:57:09 +0200] "GET /wp-json/arni-tracking/v1/stats?from=2026-07-29&to=2026-07-29 HTTP/2.0" 200 301 "-" "ArNi-CRM/1.0"
2a03:4000:59:e65:94e2:deff:fe0e:57ac - - [29/Jul/2026:08:57:10 +0200] "GET /wp-json/arni-tracking/v1/stats?from=2026-06-30&to=2026-07-29 HTTP/2.0" 200 317 "-" "ArNi-CRM/1.0"
2a03:4000:59:e65:94e2:deff:fe0e:57ac - - [29/Jul/2026:08:57:10 +0200] "GET /wp-json/arni-tracking/v1/pages?from=2026-06-30&to=2026-07-29&limit=100 HTTP/2.0" 200 18262 "-" "ArNi-CRM/1.0"
2a03:4000:59:e65:94e2:deff:fe0e:57ac - - [29/Jul/2026:08:57:10 +0200] "GET /wp-json/arni-tracking/v1/referrers?from=2026-06-30&to=2026-07-29&limit=100 HTTP/2.0" 200 908 "-" "ArNi-CRM/1.0"
2a03:4000:59:e65:94e2:deff:fe0e:57ac - - [29/Jul/2026:08:57:10 +0200] "GET /wp-json/arni-tracking/v1/campaigns?from=2026-06-30&to=2026-07-29&limit=100 HTTP/2.0" 200 78 "-" "ArNi-CRM/1.0"
2a03:4000:59:e65:94e2:deff:fe0e:57ac - - [29/Jul/2026:08:57:11 +0200] "GET /wp-json/arni-tracking/v1/conversions?from=2026-06-30&to=2026-07-29&limit=1000&page=1 HTTP/2.0" 200 45389 "-" "ArNi-CRM/1.0"
2a03:4000:59:e65:94e2:deff:fe0e:57ac - - [29/Jul/2026:08:57:11 +0200] "GET /wp-json/arni-tracking/v1/sessions?from=2026-06-30&to=2026-07-29&limit=500&page=1 HTTP/2.0" 200 177601 "-" "ArNi-CRM/1.0"
216.73.216.138 - - [29/Jul/2026:08:58:31 +0200] "GET /cam/out/marriedfreaks-cam-11449568 HTTP/2.0" 301 0 "-" "Mozilla/5.0 AppleWebKit/537.36 (KHTML, like Gecko; compatible; Claude-SearchBot/1.0; +searchbot@anthropic.com)"
2a03:4000:59:e65:94e2:deff:fe0e:57ac - - [29/Jul/2026:09:00:13 +0200] "GET /wp-json/arni-tracking/v1/stats?from=2026-07-27&to=2026-07-27 HTTP/2.0" 200 307 "-" "ArNi-CRM/1.0"
2a03:4000:59:e65:94e2:deff:fe0e:57ac - - [29/Jul/2026:09:00:13 +0200] "GET /wp-json/arni-tracking/v1/stats?from=2026-07-28&to=2026-07-28 HTTP/2.0" 200 307 "-" "ArNi-CRM/1.0"
2a03:4000:59:e65:94e2:deff:fe0e:57ac - - [29/Jul/2026:09:00:13 +0200] "GET /wp-json/arni-tracking/v1/stats?from=2026-07-29&to=2026-07-29 HTTP/2.0" 200 301 "-" "ArNi-CRM/1.0"
2a03:4000:59:e65:94e2:deff:fe0e:57ac - - [29/Jul/2026:09:00:15 +0200] "GET /wp-json/arni-tracking/v1/stats?from=2026-06-30&to=2026-07-29 HTTP/2.0" 200 317 "-" "ArNi-CRM/1.0"
2a03:4000:59:e65:94e2:deff:fe0e:57ac - - [29/Jul/2026:09:00:16 +0200] "GET /wp-json/arni-tracking/v1/pages?from=2026-06-30&to=2026-07-29&limit=100 HTTP/2.0" 200 18262 "-" "ArNi-CRM/1.0"
2a03:4000:59:e65:94e2:deff:fe0e:57ac - - [29/Jul/2026:09:00:16 +0200] "GET /wp-json/arni-tracking/v1/referrers?from=2026-06-30&to=2026-07-29&limit=100 HTTP/2.0" 200 908 "-" "ArNi-CRM/1.0"
2a03:4000:59:e65:94e2:deff:fe0e:57ac - - [29/Jul/2026:09:00:17 +0200] "GET /wp-json/arni-tracking/v1/campaigns?from=2026-06-30&to=2026-07-29&limit=100 HTTP/2.0" 200 78 "-" "ArNi-CRM/1.0"
2a03:4000:59:e65:94e2:deff:fe0e:57ac - - [29/Jul/2026:09:00:17 +0200] "GET /wp-json/arni-tracking/v1/conversions?from=2026-06-30&to=2026-07-29&limit=1000&page=1 HTTP/2.0" 200 45389 "-" "ArNi-CRM/1.0"
2a03:4000:59:e65:94e2:deff:fe0e:57ac - - [29/Jul/2026:09:00:17 +0200] "GET /wp-json/arni-tracking/v1/sessions?from=2026-06-30&to=2026-07-29&limit=500&page=1 HTTP/2.0" 200 177601 "-" "ArNi-CRM/1.0"
62.138.6.15 - - [29/Jul/2026:09:00:43 +0200] "GET /wp-content/uploads/2026/05/f000579_10-150x150.jpg HTTP/2.0" 200 2475 "https://www.taschenmuschi-kaufen.de/produkt/yuira/yuira-the-legend-of-innocent-angel-mari-takasugi/" "Mozilla/5.0 (Macintosh; Intel Mac OS X 10.15; rv:103.0) Gecko/20100101 Firefox/103.0"
216.73.216.138 - - [29/Jul/2026:09:01:23 +0200] "GET /wp-sitemap.xml HTTP/2.0" 200 1031 "-" "Mozilla/5.0 AppleWebKit/537.36 (KHTML, like Gecko; compatible; Claude-SearchBot/1.0; +searchbot@anthropic.com)"
94.31.117.142 - - [29/Jul/2026:09:01:40 +0200] "GET /2026/05/taschenmuschi-selber-bauen/ HTTP/2.0" 200 27626 "https://search.brave.com/" "Mozilla/5.0 (Linux; Android 10; K) AppleWebKit/537.36 (KHTML, like Gecko) Chrome/150.0.0.0 Mobile Safari/537.36"
94.31.117.142 - - [29/Jul/2026:09:01:40 +0200] "GET /wp-content/themes/taschenmuschi-kaufen/assets/vendor/bootstrap/css/bootstrap.min.css?ver=5.3.3 HTTP/2.0" 304 0 "https://www.taschenmuschi-kaufen.de/2026/05/taschenmuschi-selber-bauen/" "Mozilla/5.0 (Linux; Android 10; K) AppleWebKit/537.36 (KHTML, like Gecko) Chrome/150.0.0.0 Mobile Safari/537.36"
94.31.117.142 - - [29/Jul/2026:09:01:40 +0200] "GET /wp-content/uploads/2026/06/haeufiger-fehler-beim-kauf-einer-taschenmuschi-1536x864.jpg HTTP/2.0" 304 0 "https://www.taschenmuschi-kaufen.de/2026/05/taschenmuschi-selber-bauen/" "Mozilla/5.0 (Linux; Android 10; K) AppleWebKit/537.36 (KHTML, like Gecko) Chrome/150.0.0.0 Mobile Safari/537.36"
94.31.117.142 - - [29/Jul/2026:09:01:40 +0200] "GET /wp-content/uploads/2026/06/taschenmuschi-selber-bauen-1536x864.jpg HTTP/2.0" 200 142652 "https://www.taschenmuschi-kaufen.de/2026/05/taschenmuschi-selber-bauen/" "Mozilla/5.0 (Linux; Android 10; K) AppleWebKit/537.36 (KHTML, like Gecko) Chrome/150.0.0.0 Mobile Safari/537.36"
94.31.117.142 - - [29/Jul/2026:09:01:40 +0200] "GET /wp-content/themes/taschenmuschi-kaufen/assets/vendor/bootstrap/js/bootstrap.bundle.min.js?ver=5.3.3 HTTP/2.0" 304 0 "https://www.taschenmuschi-kaufen.de/2026/05/taschenmuschi-selber-bauen/" "Mozilla/5.0 (Linux; Android 10; K) AppleWebKit/537.36 (KHTML, like Gecko) Chrome/150.0.0.0 Mobile Safari/537.36"
94.31.117.142 - - [29/Jul/2026:09:01:40 +0200] "GET /wp-content/plugins/arni-crm-tracking/assets/js/arni-tracking.js?ver=1.0.1 HTTP/2.0" 304 0 "https://www.taschenmuschi-kaufen.de/2026/05/taschenmuschi-selber-bauen/" "Mozilla/5.0 (Linux; Android 10; K) AppleWebKit/537.36 (KHTML, like Gecko) Chrome/150.0.0.0 Mobile Safari/537.36"
94.31.117.142 - - [29/Jul/2026:09:01:40 +0200] "GET /wp-content/themes/taschenmuschi-kaufen/assets/js/swipe.js?ver=1781455174 HTTP/2.0" 200 9453 "https://www.taschenmuschi-kaufen.de/2026/05/taschenmuschi-selber-bauen/" "Mozilla/5.0 (Linux; Android 10; K) AppleWebKit/537.36 (KHTML, like Gecko) Chrome/150.0.0.0 Mobile Safari/537.36"
94.31.117.142 - - [29/Jul/2026:09:01:40 +0200] "GET /wp-content/themes/taschenmuschi-kaufen/assets/js/tmk-conversion.js?ver=1781455174 HTTP/2.0" 304 0 "https://www.taschenmuschi-kaufen.de/2026/05/taschenmuschi-selber-bauen/" "Mozilla/5.0 (Linux; Android 10; K) AppleWebKit/537.36 (KHTML, like Gecko) Chrome/150.0.0.0 Mobile Safari/537.36"
94.31.117.142 - - [29/Jul/2026:09:01:40 +0200] "GET /wp-content/themes/taschenmuschi-kaufen/assets/css/style.css?ver=1783380081 HTTP/2.0" 304 0 "https://www.taschenmuschi-kaufen.de/2026/05/taschenmuschi-selber-bauen/" "Mozilla/5.0 (Linux; Android 10; K) AppleWebKit/537.36 (KHTML, like Gecko) Chrome/150.0.0.0 Mobile Safari/537.36"
94.31.117.142 - - [29/Jul/2026:09:01:40 +0200] "GET /wp-content/themes/taschenmuschi-kaufen/assets/js/main.js?ver=1783378543 HTTP/2.0" 304 0 "https://www.taschenmuschi-kaufen.de/2026/05/taschenmuschi-selber-bauen/" "Mozilla/5.0 (Linux; Android 10; K) AppleWebKit/537.36 (KHTML, like Gecko) Chrome/150.0.0.0 Mobile Safari/537.36"
94.31.117.142 - - [29/Jul/2026:09:01:40 +0200] "POST /wp-json/arni-tracking/v1/event HTTP/2.0" 200 21 "https://www.taschenmuschi-kaufen.de/2026/05/taschenmuschi-selber-bauen/" "Mozilla/5.0 (Linux; Android 10; K) AppleWebKit/537.36 (KHTML, like Gecko) Chrome/150.0.0.0 Mobile Safari/537.36"
94.31.117.142 - - [29/Jul/2026:09:01:40 +0200] "GET /wp-content/themes/taschenmuschi-kaufen/assets/img/favicon/favicon.ico HTTP/2.0" 304 0 "https://www.taschenmuschi-kaufen.de/2026/05/taschenmuschi-selber-bauen/" "Mozilla/5.0 (Linux; Android 10; K) AppleWebKit/537.36 (KHTML, like Gecko) Chrome/150.0.0.0 Mobile Safari/537.36"
94.31.117.142 - - [29/Jul/2026:09:01:43 +0200] "POST /wp-json/arni-tracking/v1/event HTTP/2.0" 200 21 "https://www.taschenmuschi-kaufen.de/2026/05/taschenmuschi-selber-bauen/" "Mozilla/5.0 (Linux; Android 10; K) AppleWebKit/537.36 (KHTML, like Gecko) Chrome/150.0.0.0 Mobile Safari/537.36"
43.166.253.94 - - [29/Jul/2026:09:02:07 +0200] "GET /live-cam/sofiarivas-cam-10734513/embed/ HTTP/2.0" 200 6958 "-" "Mozilla/5.0 (iPhone; CPU iPhone OS 13_2_3 like Mac OS X) AppleWebKit/605.1.15 (KHTML, like Gecko) Version/13.0.3 Mobile/15E148 Safari/604.1"
94.31.117.142 - - [29/Jul/2026:09:02:25 +0200] "POST /wp-json/arni-tracking/v1/event HTTP/2.0" 200 21 "https://www.taschenmuschi-kaufen.de/2026/05/taschenmuschi-selber-bauen/" "Mozilla/5.0 (Linux; Android 10; K) AppleWebKit/537.36 (KHTML, like Gecko) Chrome/150.0.0.0 Mobile Safari/537.36"
2a03:4000:59:e65:94e2:deff:fe0e:57ac - - [29/Jul/2026:09:03:09 +0200] "GET /wp-json/arni-tracking/v1/stats?from=2026-07-27&to=2026-07-27 HTTP/2.0" 200 307 "-" "ArNi-CRM/1.0"
2a03:4000:59:e65:94e2:deff:fe0e:57ac - - [29/Jul/2026:09:03:09 +0200] "GET /wp-json/arni-tracking/v1/stats?from=2026-07-28&to=2026-07-28 HTTP/2.0" 200 307 "-" "ArNi-CRM/1.0"
2a03:4000:59:e65:94e2:deff:fe0e:57ac - - [29/Jul/2026:09:03:09 +0200] "GET /wp-json/arni-tracking/v1/stats?from=2026-07-29&to=2026-07-29 HTTP/2.0" 200 301 "-" "ArNi-CRM/1.0"
2a03:4000:59:e65:94e2:deff:fe0e:57ac - - [29/Jul/2026:09:03:10 +0200] "GET /wp-json/arni-tracking/v1/stats?from=2026-06-30&to=2026-07-29 HTTP/2.0" 200 317 "-" "ArNi-CRM/1.0"
2a03:4000:59:e65:94e2:deff:fe0e:57ac - - [29/Jul/2026:09:03:10 +0200] "GET /wp-json/arni-tracking/v1/pages?from=2026-06-30&to=2026-07-29&limit=100 HTTP/2.0" 200 18262 "-" "ArNi-CRM/1.0"
2a03:4000:59:e65:94e2:deff:fe0e:57ac - - [29/Jul/2026:09:03:10 +0200] "GET /wp-json/arni-tracking/v1/referrers?from=2026-06-30&to=2026-07-29&limit=100 HTTP/2.0" 200 908 "-" "ArNi-CRM/1.0"
2a03:4000:59:e65:94e2:deff:fe0e:57ac - - [29/Jul/2026:09:03:10 +0200] "GET /wp-json/arni-tracking/v1/campaigns?from=2026-06-30&to=2026-07-29&limit=100 HTTP/2.0" 200 78 "-" "ArNi-CRM/1.0"
2a03:4000:59:e65:94e2:deff:fe0e:57ac - - [29/Jul/2026:09:03:11 +0200] "GET /wp-json/arni-tracking/v1/conversions?from=2026-06-30&to=2026-07-29&limit=1000&page=1 HTTP/2.0" 200 45389 "-" "ArNi-CRM/1.0"
2a03:4000:59:e65:94e2:deff:fe0e:57ac - - [29/Jul/2026:09:03:11 +0200] "GET /wp-json/arni-tracking/v1/sessions?from=2026-06-30&to=2026-07-29&limit=500&page=1 HTTP/2.0" 200 177596 "-" "ArNi-CRM/1.0"
103.104.87.50 - - [29/Jul/2026:09:03:32 +0200] "GET /cam/out/lovekiitsune-cam-11250749 HTTP/2.0" 301 0 "https://www.taschenmuschi-kaufen.de/" "Mozilla/5.0 (X11; Linux x86_64) AppleWebKit/537.36 (KHTML, like Gecko) Chrome/129.0.0.0 Safari/537.36"
94.31.117.142 - - [29/Jul/2026:09:03:37 +0200] "POST /wp-json/arni-tracking/v1/event HTTP/2.0" 200 21 "https://www.taschenmuschi-kaufen.de/2026/05/taschenmuschi-selber-bauen/" "Mozilla/5.0 (Linux; Android 10; K) AppleWebKit/537.36 (KHTML, like Gecko) Chrome/150.0.0.0 Mobile Safari/537.36"
94.31.117.142 - - [29/Jul/2026:09:03:59 +0200] "GET /wp-admin/admin-ajax.php?action=tmk_kaufberater&level=erfahren&budget=mittel&oeffnung=vaginal&stim=realistisch&pflege=sehr&diskret=ja HTTP/2.0" 200 1048 "https://www.taschenmuschi-kaufen.de/2026/05/taschenmuschi-selber-bauen/" "Mozilla/5.0 (Linux; Android 10; K) AppleWebKit/537.36 (KHTML, like Gecko) Chrome/150.0.0.0 Mobile Safari/537.36"
94.31.117.142 - - [29/Jul/2026:09:04:00 +0200] "GET /wp-content/uploads/2026/05/f0007761gcfm2nl8afjj-300x212.jpg HTTP/2.0" 200 22635 "https://www.taschenmuschi-kaufen.de/2026/05/taschenmuschi-selber-bauen/" "Mozilla/5.0 (Linux; Android 10; K) AppleWebKit/537.36 (KHTML, like Gecko) Chrome/150.0.0.0 Mobile Safari/537.36"
94.31.117.142 - - [29/Jul/2026:09:04:00 +0200] "GET /wp-content/uploads/2026/05/f000778-300x212.jpg HTTP/2.0" 200 23127 "https://www.taschenmuschi-kaufen.de/2026/05/taschenmuschi-selber-bauen/" "Mozilla/5.0 (Linux; Android 10; K) AppleWebKit/537.36 (KHTML, like Gecko) Chrome/150.0.0.0 Mobile Safari/537.36"
94.31.117.142 - - [29/Jul/2026:09:04:00 +0200] "GET /wp-content/uploads/2026/05/f000724-300x300.jpg HTTP/2.0" 200 22207 "https://www.taschenmuschi-kaufen.de/2026/05/taschenmuschi-selber-bauen/" "Mozilla/5.0 (Linux; Android 10; K) AppleWebKit/537.36 (KHTML, like Gecko) Chrome/150.0.0.0 Mobile Safari/537.36"
94.31.117.142 - - [29/Jul/2026:09:04:08 +0200] "POST /wp-json/arni-tracking/v1/event HTTP/2.0" 200 21 "https://www.taschenmuschi-kaufen.de/2026/05/taschenmuschi-selber-bauen/" "Mozilla/5.0 (Linux; Android 10; K) AppleWebKit/537.36 (KHTML, like Gecko) Chrome/150.0.0.0 Mobile Safari/537.36"
94.31.117.142 - - [29/Jul/2026:09:04:12 +0200] "GET /produkt/onaholes/tamatoys-sleepless-the-hole-maria-mamiya-kaufen/ HTTP/2.0" 200 25385 "https://www.taschenmuschi-kaufen.de/2026/05/taschenmuschi-selber-bauen/" "Mozilla/5.0 (Linux; Android 10; K) AppleWebKit/537.36 (KHTML, like Gecko) Chrome/150.0.0.0 Mobile Safari/537.36"
94.31.117.142 - - [29/Jul/2026:09:04:12 +0200] "GET /wp-content/plugins/affiliate-product-importer/assets/frontend.css?ver=1.0.0 HTTP/2.0" 304 0 "https://www.taschenmuschi-kaufen.de/produkt/onaholes/tamatoys-sleepless-the-hole-maria-mamiya-kaufen/" "Mozilla/5.0 (Linux; Android 10; K) AppleWebKit/537.36 (KHTML, like Gecko) Chrome/150.0.0.0 Mobile Safari/537.36"
94.31.117.142 - - [29/Jul/2026:09:04:12 +0200] "GET /wp-content/uploads/2026/05/f0007761gcfm2nl8afjj.jpg HTTP/2.0" 200 122340 "https://www.taschenmuschi-kaufen.de/produkt/onaholes/tamatoys-sleepless-the-hole-maria-mamiya-kaufen/" "Mozilla/5.0 (Linux; Android 10; K) AppleWebKit/537.36 (KHTML, like Gecko) Chrome/150.0.0.0 Mobile Safari/537.36"
94.31.117.142 - - [29/Jul/2026:09:04:12 +0200] "GET /wp-content/plugins/affiliate-product-importer/assets/frontend.js?ver=1.0.0 HTTP/2.0" 304 0 "https://www.taschenmuschi-kaufen.de/produkt/onaholes/tamatoys-sleepless-the-hole-maria-mamiya-kaufen/" "Mozilla/5.0 (Linux; Android 10; K) AppleWebKit/537.36 (KHTML, like Gecko) Chrome/150.0.0.0 Mobile Safari/537.36"
94.31.117.142 - - [29/Jul/2026:09:04:12 +0200] "GET /wp-content/uploads/2026/05/f000724.jpg HTTP/2.0" 200 179481 "https://www.taschenmuschi-kaufen.de/produkt/onaholes/tamatoys-sleepless-the-hole-maria-mamiya-kaufen/" "Mozilla/5.0 (Linux; Android 10; K) AppleWebKit/537.36 (KHTML, like Gecko) Chrome/150.0.0.0 Mobile Safari/537.36"
94.31.117.142 - - [29/Jul/2026:09:04:12 +0200] "GET /wp-content/uploads/2026/05/f000724-150x150.jpg HTTP/2.0" 200 7301 "https://www.taschenmuschi-kaufen.de/produkt/onaholes/tamatoys-sleepless-the-hole-maria-mamiya-kaufen/" "Mozilla/5.0 (Linux; Android 10; K) AppleWebKit/537.36 (KHTML, like Gecko) Chrome/150.0.0.0 Mobile Safari/537.36"
94.31.117.142 - - [29/Jul/2026:09:04:12 +0200] "GET /wp-content/uploads/2026/05/f000724_3-150x150.jpg HTTP/2.0" 200 7687 "https://www.taschenmuschi-kaufen.de/produkt/onaholes/tamatoys-sleepless-the-hole-maria-mamiya-kaufen/" "Mozilla/5.0 (Linux; Android 10; K) AppleWebKit/537.36 (KHTML, like Gecko) Chrome/150.0.0.0 Mobile Safari/537.36"
94.31.117.142 - - [29/Jul/2026:09:04:12 +0200] "GET /wp-content/uploads/2026/05/f000724_1-150x150.jpg HTTP/2.0" 200 7321 "https://www.taschenmuschi-kaufen.de/produkt/onaholes/tamatoys-sleepless-the-hole-maria-mamiya-kaufen/" "Mozilla/5.0 (Linux; Android 10; K) AppleWebKit/537.36 (KHTML, like Gecko) Chrome/150.0.0.0 Mobile Safari/537.36"
94.31.117.142 - - [29/Jul/2026:09:04:12 +0200] "GET /wp-content/uploads/2026/05/f000724_8-150x150.jpg HTTP/2.0" 200 2091 "https://www.taschenmuschi-kaufen.de/produkt/onaholes/tamatoys-sleepless-the-hole-maria-mamiya-kaufen/" "Mozilla/5.0 (Linux; Android 10; K) AppleWebKit/537.36 (KHTML, like Gecko) Chrome/150.0.0.0 Mobile Safari/537.36"
94.31.117.142 - - [29/Jul/2026:09:04:12 +0200] "GET /wp-content/uploads/2026/05/peaces_01iwwbq1shz6chn-150x150.jpg HTTP/2.0" 304 0 "https://www.taschenmuschi-kaufen.de/produkt/onaholes/tamatoys-sleepless-the-hole-maria-mamiya-kaufen/" "Mozilla/5.0 (Linux; Android 10; K) AppleWebKit/537.36 (KHTML, like Gecko) Chrome/150.0.0.0 Mobile Safari/537.36"
94.31.117.142 - - [29/Jul/2026:09:04:12 +0200] "GET /wp-content/uploads/2026/05/toy_sack_hauptbild-150x150.jpg HTTP/2.0" 304 0 "https://www.taschenmuschi-kaufen.de/produkt/onaholes/tamatoys-sleepless-the-hole-maria-mamiya-kaufen/" "Mozilla/5.0 (Linux; Android 10; K) AppleWebKit/537.36 (KHTML, like Gecko) Chrome/150.0.0.0 Mobile Safari/537.36"
94.31.117.142 - - [29/Jul/2026:09:04:12 +0200] "GET /wp-content/uploads/2026/05/f000724_7-150x150.jpg HTTP/2.0" 200 2829 "https://www.taschenmuschi-kaufen.de/produkt/onaholes/tamatoys-sleepless-the-hole-maria-mamiya-kaufen/" "Mozilla/5.0 (Linux; Android 10; K) AppleWebKit/537.36 (KHTML, like Gecko) Chrome/150.0.0.0 Mobile Safari/537.36"
94.31.117.142 - - [29/Jul/2026:09:04:12 +0200] "POST /wp-json/arni-tracking/v1/event HTTP/2.0" 200 21 "https://www.taschenmuschi-kaufen.de/produkt/onaholes/tamatoys-sleepless-the-hole-maria-mamiya-kaufen/" "Mozilla/5.0 (Linux; Android 10; K) AppleWebKit/537.36 (KHTML, like Gecko) Chrome/150.0.0.0 Mobile Safari/537.36"
94.31.117.142 - - [29/Jul/2026:09:04:15 +0200] "GET /wp-content/uploads/2026/05/f000724_1.jpg HTTP/2.0" 200 108255 "https://www.taschenmuschi-kaufen.de/produkt/onaholes/tamatoys-sleepless-the-hole-maria-mamiya-kaufen/" "Mozilla/5.0 (Linux; Android 10; K) AppleWebKit/537.36 (KHTML, like Gecko) Chrome/150.0.0.0 Mobile Safari/537.36"
94.31.117.142 - - [29/Jul/2026:09:04:15 +0200] "POST /wp-json/arni-tracking/v1/event HTTP/2.0" 200 21 "https://www.taschenmuschi-kaufen.de/produkt/onaholes/tamatoys-sleepless-the-hole-maria-mamiya-kaufen/" "Mozilla/5.0 (Linux; Android 10; K) AppleWebKit/537.36 (KHTML, like Gecko) Chrome/150.0.0.0 Mobile Safari/537.36"
94.31.117.142 - - [29/Jul/2026:09:04:18 +0200] "GET /wp-content/uploads/2026/05/f000724_8.jpg HTTP/2.0" 200 13025 "https://www.taschenmuschi-kaufen.de/produkt/onaholes/tamatoys-sleepless-the-hole-maria-mamiya-kaufen/" "Mozilla/5.0 (Linux; Android 10; K) AppleWebKit/537.36 (KHTML, like Gecko) Chrome/150.0.0.0 Mobile Safari/537.36"
94.31.117.142 - - [29/Jul/2026:09:04:18 +0200] "POST /wp-json/arni-tracking/v1/event HTTP/2.0" 200 21 "https://www.taschenmuschi-kaufen.de/produkt/onaholes/tamatoys-sleepless-the-hole-maria-mamiya-kaufen/" "Mozilla/5.0 (Linux; Android 10; K) AppleWebKit/537.36 (KHTML, like Gecko) Chrome/150.0.0.0 Mobile Safari/537.36"
94.31.117.142 - - [29/Jul/2026:09:04:19 +0200] "GET /wp-content/uploads/2026/05/f000724_5-150x150.jpg HTTP/2.0" 200 8474 "https://www.taschenmuschi-kaufen.de/produkt/onaholes/tamatoys-sleepless-the-hole-maria-mamiya-kaufen/" "Mozilla/5.0 (Linux; Android 10; K) AppleWebKit/537.36 (KHTML, like Gecko) Chrome/150.0.0.0 Mobile Safari/537.36"
94.31.117.142 - - [29/Jul/2026:09:04:20 +0200] "GET /wp-content/uploads/2026/05/f000724_3.jpg HTTP/2.0" 200 125821 "https://www.taschenmuschi-kaufen.de/produkt/onaholes/tamatoys-sleepless-the-hole-maria-mamiya-kaufen/" "Mozilla/5.0 (Linux; Android 10; K) AppleWebKit/537.36 (KHTML, like Gecko) Chrome/150.0.0.0 Mobile Safari/537.36"
94.31.117.142 - - [29/Jul/2026:09:04:20 +0200] "POST /wp-json/arni-tracking/v1/event HTTP/2.0" 200 21 "https://www.taschenmuschi-kaufen.de/produkt/onaholes/tamatoys-sleepless-the-hole-maria-mamiya-kaufen/" "Mozilla/5.0 (Linux; Android 10; K) AppleWebKit/537.36 (KHTML, like Gecko) Chrome/150.0.0.0 Mobile Safari/537.36"
94.31.117.142 - - [29/Jul/2026:09:04:22 +0200] "GET /wp-content/uploads/2026/05/f000724_7.jpg HTTP/2.0" 200 18206 "https://www.taschenmuschi-kaufen.de/produkt/onaholes/tamatoys-sleepless-the-hole-maria-mamiya-kaufen/" "Mozilla/5.0 (Linux; Android 10; K) AppleWebKit/537.36 (KHTML, like Gecko) Chrome/150.0.0.0 Mobile Safari/537.36"
94.31.117.142 - - [29/Jul/2026:09:04:22 +0200] "POST /wp-json/arni-tracking/v1/event HTTP/2.0" 200 21 "https://www.taschenmuschi-kaufen.de/produkt/onaholes/tamatoys-sleepless-the-hole-maria-mamiya-kaufen/" "Mozilla/5.0 (Linux; Android 10; K) AppleWebKit/537.36 (KHTML, like Gecko) Chrome/150.0.0.0 Mobile Safari/537.36"
94.31.117.142 - - [29/Jul/2026:09:04:23 +0200] "GET /wp-content/uploads/2026/05/f000724_2-150x150.jpg HTTP/2.0" 200 11584 "https://www.taschenmuschi-kaufen.de/produkt/onaholes/tamatoys-sleepless-the-hole-maria-mamiya-kaufen/" "Mozilla/5.0 (Linux; Android 10; K) AppleWebKit/537.36 (KHTML, like Gecko) Chrome/150.0.0.0 Mobile Safari/537.36"
94.31.117.142 - - [29/Jul/2026:09:04:24 +0200] "POST /wp-json/arni-tracking/v1/event HTTP/2.0" 200 21 "https://www.taschenmuschi-kaufen.de/produkt/onaholes/tamatoys-sleepless-the-hole-maria-mamiya-kaufen/" "Mozilla/5.0 (Linux; Android 10; K) AppleWebKit/537.36 (KHTML, like Gecko) Chrome/150.0.0.0 Mobile Safari/537.36"
94.31.117.142 - - [29/Jul/2026:09:04:24 +0200] "GET /wp-content/uploads/2026/05/f000724_5.jpg HTTP/2.0" 200 85258 "https://www.taschenmuschi-kaufen.de/produkt/onaholes/tamatoys-sleepless-the-hole-maria-mamiya-kaufen/" "Mozilla/5.0 (Linux; Android 10; K) AppleWebKit/537.36 (KHTML, like Gecko) Chrome/150.0.0.0 Mobile Safari/537.36"
