2a03:4000:59:e65:94e2:deff:fe0e:57ac - - [29/Jul/2026:02:21:11 +0200] "GET /wp-json/arni-tracking/v1/pages?from=2026-06-30&to=2026-07-29&limit=100 HTTP/2.0" 200 18262 "-" "ArNi-CRM/1.0"
2a03:4000:59:e65:94e2:deff:fe0e:57ac - - [29/Jul/2026:02:21:11 +0200] "GET /wp-json/arni-tracking/v1/referrers?from=2026-06-30&to=2026-07-29&limit=100 HTTP/2.0" 200 908 "-" "ArNi-CRM/1.0"
2a03:4000:59:e65:94e2:deff:fe0e:57ac - - [29/Jul/2026:02:21:11 +0200] "GET /wp-json/arni-tracking/v1/campaigns?from=2026-06-30&to=2026-07-29&limit=100 HTTP/2.0" 200 78 "-" "ArNi-CRM/1.0"
2a03:4000:59:e65:94e2:deff:fe0e:57ac - - [29/Jul/2026:02:21:11 +0200] "GET /wp-json/arni-tracking/v1/conversions?from=2026-06-30&to=2026-07-29&limit=1000&page=1 HTTP/2.0" 200 45389 "-" "ArNi-CRM/1.0"
2a03:4000:59:e65:94e2:deff:fe0e:57ac - - [29/Jul/2026:02:21:12 +0200] "GET /wp-json/arni-tracking/v1/sessions?from=2026-06-30&to=2026-07-29&limit=500&page=1 HTTP/2.0" 200 181022 "-" "ArNi-CRM/1.0"
49.51.204.74 - - [29/Jul/2026:02:22:32 +0200] "GET /live-cam/yourrealgirl-cam-11645847/ HTTP/2.0" 200 25944 "-" "Mozilla/5.0 (iPhone; CPU iPhone OS 13_2_3 like Mac OS X) AppleWebKit/605.1.15 (KHTML, like Gecko) Version/13.0.3 Mobile/15E148 Safari/604.1"
2a03:4000:59:e65:94e2:deff:fe0e:57ac - - [29/Jul/2026:02:24:11 +0200] "GET /wp-json/arni-tracking/v1/stats?from=2026-07-27&to=2026-07-27 HTTP/2.0" 200 307 "-" "ArNi-CRM/1.0"
2a03:4000:59:e65:94e2:deff:fe0e:57ac - - [29/Jul/2026:02:24:11 +0200] "GET /wp-json/arni-tracking/v1/stats?from=2026-07-28&to=2026-07-28 HTTP/2.0" 200 307 "-" "ArNi-CRM/1.0"
2a03:4000:59:e65:94e2:deff:fe0e:57ac - - [29/Jul/2026:02:24:11 +0200] "GET /wp-json/arni-tracking/v1/stats?from=2026-07-29&to=2026-07-29 HTTP/2.0" 200 266 "-" "ArNi-CRM/1.0"
2a03:4000:59:e65:94e2:deff:fe0e:57ac - - [29/Jul/2026:02:24:12 +0200] "GET /wp-json/arni-tracking/v1/stats?from=2026-06-30&to=2026-07-29 HTTP/2.0" 200 317 "-" "ArNi-CRM/1.0"
2a03:4000:59:e65:94e2:deff:fe0e:57ac - - [29/Jul/2026:02:24:12 +0200] "GET /wp-json/arni-tracking/v1/pages?from=2026-06-30&to=2026-07-29&limit=100 HTTP/2.0" 200 18262 "-" "ArNi-CRM/1.0"
2a03:4000:59:e65:94e2:deff:fe0e:57ac - - [29/Jul/2026:02:24:12 +0200] "GET /wp-json/arni-tracking/v1/referrers?from=2026-06-30&to=2026-07-29&limit=100 HTTP/2.0" 200 908 "-" "ArNi-CRM/1.0"
2a03:4000:59:e65:94e2:deff:fe0e:57ac - - [29/Jul/2026:02:24:12 +0200] "GET /wp-json/arni-tracking/v1/campaigns?from=2026-06-30&to=2026-07-29&limit=100 HTTP/2.0" 200 78 "-" "ArNi-CRM/1.0"
2a03:4000:59:e65:94e2:deff:fe0e:57ac - - [29/Jul/2026:02:24:12 +0200] "GET /wp-json/arni-tracking/v1/conversions?from=2026-06-30&to=2026-07-29&limit=1000&page=1 HTTP/2.0" 200 45389 "-" "ArNi-CRM/1.0"
2a03:4000:59:e65:94e2:deff:fe0e:57ac - - [29/Jul/2026:02:24:13 +0200] "GET /wp-json/arni-tracking/v1/sessions?from=2026-06-30&to=2026-07-29&limit=500&page=1 HTTP/2.0" 200 181030 "-" "ArNi-CRM/1.0"
40.77.167.57 - - [29/Jul/2026:02:24:57 +0200] "GET /live-cam/badstudent-cam-7834519/ HTTP/2.0" 200 25148 "-" "Mozilla/5.0 AppleWebKit/537.36 (KHTML, like Gecko; compatible; bingbot/2.0; +http://www.bing.com/bingbot.htm) Chrome/116.0.1938.76 Safari/537.36"
52.167.144.214 - - [29/Jul/2026:02:24:59 +0200] "GET /live-cam/karin4fun-cam-19191121/ HTTP/2.0" 200 25593 "-" "Mozilla/5.0 AppleWebKit/537.36 (KHTML, like Gecko; compatible; bingbot/2.0; +http://www.bing.com/bingbot.htm) Chrome/116.0.1938.76 Safari/537.36"
62.138.3.52 - - [29/Jul/2026:02:25:02 +0200] "GET /wp-content/uploads/2026/06/31219308_1280-150x150.jpg HTTP/2.0" 200 5807 "https://www.taschenmuschi-kaufen.de/live-cam/amandatori-cam-19301314/" "Mozilla/5.0 (Macintosh; Intel Mac OS X 10.15; rv:103.0) Gecko/20100101 Firefox/103.0"
62.138.2.214 - - [29/Jul/2026:02:25:10 +0200] "GET /wp-content/uploads/2026/05/20695562_640-4.jpg HTTP/2.0" 200 18054 "https://www.taschenmuschi-kaufen.de/live-cam/angelyxlove-cam-12281502/" "Mozilla/5.0 (Macintosh; Intel Mac OS X 10.15; rv:103.0) Gecko/20100101 Firefox/103.0"
2a03:4000:59:e65:94e2:deff:fe0e:57ac - - [29/Jul/2026:02:27:10 +0200] "GET /wp-json/arni-tracking/v1/stats?from=2026-07-27&to=2026-07-27 HTTP/2.0" 200 307 "-" "ArNi-CRM/1.0"
2a03:4000:59:e65:94e2:deff:fe0e:57ac - - [29/Jul/2026:02:27:11 +0200] "GET /wp-json/arni-tracking/v1/stats?from=2026-07-28&to=2026-07-28 HTTP/2.0" 200 307 "-" "ArNi-CRM/1.0"
2a03:4000:59:e65:94e2:deff:fe0e:57ac - - [29/Jul/2026:02:27:11 +0200] "GET /wp-json/arni-tracking/v1/stats?from=2026-07-29&to=2026-07-29 HTTP/2.0" 200 266 "-" "ArNi-CRM/1.0"
2a03:4000:59:e65:94e2:deff:fe0e:57ac - - [29/Jul/2026:02:27:11 +0200] "GET /wp-json/arni-tracking/v1/stats?from=2026-06-30&to=2026-07-29 HTTP/2.0" 200 317 "-" "ArNi-CRM/1.0"
2a03:4000:59:e65:94e2:deff:fe0e:57ac - - [29/Jul/2026:02:27:11 +0200] "GET /wp-json/arni-tracking/v1/pages?from=2026-06-30&to=2026-07-29&limit=100 HTTP/2.0" 200 18262 "-" "ArNi-CRM/1.0"
2a03:4000:59:e65:94e2:deff:fe0e:57ac - - [29/Jul/2026:02:27:12 +0200] "GET /wp-json/arni-tracking/v1/referrers?from=2026-06-30&to=2026-07-29&limit=100 HTTP/2.0" 200 908 "-" "ArNi-CRM/1.0"
2a03:4000:59:e65:94e2:deff:fe0e:57ac - - [29/Jul/2026:02:27:12 +0200] "GET /wp-json/arni-tracking/v1/campaigns?from=2026-06-30&to=2026-07-29&limit=100 HTTP/2.0" 200 78 "-" "ArNi-CRM/1.0"
2a03:4000:59:e65:94e2:deff:fe0e:57ac - - [29/Jul/2026:02:27:12 +0200] "GET /wp-json/arni-tracking/v1/conversions?from=2026-06-30&to=2026-07-29&limit=1000&page=1 HTTP/2.0" 200 45389 "-" "ArNi-CRM/1.0"
2a03:4000:59:e65:94e2:deff:fe0e:57ac - - [29/Jul/2026:02:27:12 +0200] "GET /wp-json/arni-tracking/v1/sessions?from=2026-06-30&to=2026-07-29&limit=500&page=1 HTTP/2.0" 200 181030 "-" "ArNi-CRM/1.0"
216.73.217.172 - - [29/Jul/2026:02:27:39 +0200] "GET /?p=150348 HTTP/2.0" 301 0 "-" "Mozilla/5.0 AppleWebKit/537.36 (KHTML, like Gecko; compatible; Claude-SearchBot/1.0; +searchbot@anthropic.com)"
216.73.217.172 - - [29/Jul/2026:02:27:44 +0200] "GET /live-cam/sunshine25-cam-9876982/ HTTP/2.0" 200 25347 "https://www.taschenmuschi-kaufen.de/?p=150348" "Mozilla/5.0 AppleWebKit/537.36 (KHTML, like Gecko; compatible; Claude-SearchBot/1.0; +searchbot@anthropic.com)"
216.73.217.172 - - [29/Jul/2026:02:27:45 +0200] "GET /?p=214715 HTTP/2.0" 301 0 "-" "Mozilla/5.0 AppleWebKit/537.36 (KHTML, like Gecko; compatible; Claude-SearchBot/1.0; +searchbot@anthropic.com)"
51.68.111.243 - - [29/Jul/2026:02:27:48 +0200] "GET / HTTP/2.0" 200 23781 "-" "Mozilla/5.0 (compatible; MJ12bot/v2.0.5; http://mj12bot.com/)"
216.73.217.172 - - [29/Jul/2026:02:27:48 +0200] "GET /live-cam/kimberlycarter-cam-11482912/ HTTP/2.0" 200 25634 "https://www.taschenmuschi-kaufen.de/?p=214715" "Mozilla/5.0 AppleWebKit/537.36 (KHTML, like Gecko; compatible; Claude-SearchBot/1.0; +searchbot@anthropic.com)"
216.73.217.172 - - [29/Jul/2026:02:28:58 +0200] "GET /?p=213773 HTTP/2.0" 301 0 "-" "Mozilla/5.0 AppleWebKit/537.36 (KHTML, like Gecko; compatible; Claude-SearchBot/1.0; +searchbot@anthropic.com)"
216.73.217.172 - - [29/Jul/2026:02:29:03 +0200] "GET /live-cam/michel093-cam-11409889/ HTTP/2.0" 200 23810 "https://www.taschenmuschi-kaufen.de/?p=213773" "Mozilla/5.0 AppleWebKit/537.36 (KHTML, like Gecko; compatible; Claude-SearchBot/1.0; +searchbot@anthropic.com)"
216.73.217.172 - - [29/Jul/2026:02:29:05 +0200] "GET /?p=214317 HTTP/2.0" 301 0 "-" "Mozilla/5.0 AppleWebKit/537.36 (KHTML, like Gecko; compatible; Claude-SearchBot/1.0; +searchbot@anthropic.com)"
216.73.217.172 - - [29/Jul/2026:02:29:09 +0200] "GET /live-cam/nikolecox-cam-11461800/ HTTP/2.0" 200 25313 "https://www.taschenmuschi-kaufen.de/?p=214317" "Mozilla/5.0 AppleWebKit/537.36 (KHTML, like Gecko; compatible; Claude-SearchBot/1.0; +searchbot@anthropic.com)"
216.73.217.172 - - [29/Jul/2026:02:29:27 +0200] "GET /?p=214116 HTTP/2.0" 301 0 "-" "Mozilla/5.0 AppleWebKit/537.36 (KHTML, like Gecko; compatible; Claude-SearchBot/1.0; +searchbot@anthropic.com)"
216.73.217.172 - - [29/Jul/2026:02:29:30 +0200] "GET /live-cam/melanystacy-cam-11444890/ HTTP/2.0" 200 25445 "https://www.taschenmuschi-kaufen.de/?p=214116" "Mozilla/5.0 AppleWebKit/537.36 (KHTML, like Gecko; compatible; Claude-SearchBot/1.0; +searchbot@anthropic.com)"
216.73.217.172 - - [29/Jul/2026:02:29:31 +0200] "GET /?p=213674 HTTP/2.0" 301 0 "-" "Mozilla/5.0 AppleWebKit/537.36 (KHTML, like Gecko; compatible; Claude-SearchBot/1.0; +searchbot@anthropic.com)"
216.73.217.172 - - [29/Jul/2026:02:29:33 +0200] "GET /live-cam/pinacolada-cam-11401371/ HTTP/2.0" 200 24687 "https://www.taschenmuschi-kaufen.de/?p=213674" "Mozilla/5.0 AppleWebKit/537.36 (KHTML, like Gecko; compatible; Claude-SearchBot/1.0; +searchbot@anthropic.com)"
40.77.167.159 - - [29/Jul/2026:02:30:00 +0200] "GET /live-cam/yulii-cam-11517649/ HTTP/2.0" 200 23064 "-" "Mozilla/5.0 AppleWebKit/537.36 (KHTML, like Gecko; compatible; bingbot/2.0; +http://www.bing.com/bingbot.htm) Chrome/116.0.1938.76 Safari/537.36"
40.77.167.57 - - [29/Jul/2026:02:30:08 +0200] "GET /live-cam/annasexy-cam-11541855/ HTTP/2.0" 200 24758 "-" "Mozilla/5.0 AppleWebKit/537.36 (KHTML, like Gecko; compatible; bingbot/2.0; +http://www.bing.com/bingbot.htm) Chrome/116.0.1938.76 Safari/537.36"
52.167.144.214 - - [29/Jul/2026:02:30:10 +0200] "GET /live-cam/lilyth-cam-11506551/ HTTP/2.0" 200 25532 "-" "Mozilla/5.0 AppleWebKit/537.36 (KHTML, like Gecko; compatible; bingbot/2.0; +http://www.bing.com/bingbot.htm) Chrome/116.0.1938.76 Safari/537.36"
40.77.167.57 - - [29/Jul/2026:02:30:11 +0200] "GET /live-cam/maximo-cam-19313466/ HTTP/2.0" 200 25765 "-" "Mozilla/5.0 AppleWebKit/537.36 (KHTML, like Gecko; compatible; bingbot/2.0; +http://www.bing.com/bingbot.htm) Chrome/116.0.1938.76 Safari/537.36"
2a03:4000:59:e65:94e2:deff:fe0e:57ac - - [29/Jul/2026:02:30:12 +0200] "GET /wp-json/arni-tracking/v1/stats?from=2026-07-27&to=2026-07-27 HTTP/2.0" 200 307 "-" "ArNi-CRM/1.0"
2a03:4000:59:e65:94e2:deff:fe0e:57ac - - [29/Jul/2026:02:30:12 +0200] "GET /wp-json/arni-tracking/v1/stats?from=2026-07-28&to=2026-07-28 HTTP/2.0" 200 307 "-" "ArNi-CRM/1.0"
2a03:4000:59:e65:94e2:deff:fe0e:57ac - - [29/Jul/2026:02:30:12 +0200] "GET /wp-json/arni-tracking/v1/stats?from=2026-07-29&to=2026-07-29 HTTP/2.0" 200 266 "-" "ArNi-CRM/1.0"
2a03:4000:59:e65:94e2:deff:fe0e:57ac - - [29/Jul/2026:02:30:13 +0200] "GET /wp-json/arni-tracking/v1/stats?from=2026-06-30&to=2026-07-29 HTTP/2.0" 200 317 "-" "ArNi-CRM/1.0"
2a03:4000:59:e65:94e2:deff:fe0e:57ac - - [29/Jul/2026:02:30:13 +0200] "GET /wp-json/arni-tracking/v1/pages?from=2026-06-30&to=2026-07-29&limit=100 HTTP/2.0" 200 18262 "-" "ArNi-CRM/1.0"
2a03:4000:59:e65:94e2:deff:fe0e:57ac - - [29/Jul/2026:02:30:13 +0200] "GET /wp-json/arni-tracking/v1/referrers?from=2026-06-30&to=2026-07-29&limit=100 HTTP/2.0" 200 908 "-" "ArNi-CRM/1.0"
2a03:4000:59:e65:94e2:deff:fe0e:57ac - - [29/Jul/2026:02:30:13 +0200] "GET /wp-json/arni-tracking/v1/campaigns?from=2026-06-30&to=2026-07-29&limit=100 HTTP/2.0" 200 78 "-" "ArNi-CRM/1.0"
2a03:4000:59:e65:94e2:deff:fe0e:57ac - - [29/Jul/2026:02:30:13 +0200] "GET /wp-json/arni-tracking/v1/conversions?from=2026-06-30&to=2026-07-29&limit=1000&page=1 HTTP/2.0" 200 45389 "-" "ArNi-CRM/1.0"
2a03:4000:59:e65:94e2:deff:fe0e:57ac - - [29/Jul/2026:02:30:14 +0200] "GET /wp-json/arni-tracking/v1/sessions?from=2026-06-30&to=2026-07-29&limit=500&page=1 HTTP/2.0" 200 181030 "-" "ArNi-CRM/1.0"
216.73.217.172 - - [29/Jul/2026:02:30:59 +0200] "GET /?p=213226 HTTP/2.0" 301 0 "-" "Mozilla/5.0 AppleWebKit/537.36 (KHTML, like Gecko; compatible; Claude-SearchBot/1.0; +searchbot@anthropic.com)"
216.73.217.172 - - [29/Jul/2026:02:31:03 +0200] "GET /live-cam/ladymaa94-cam-10984292/ HTTP/2.0" 200 24819 "https://www.taschenmuschi-kaufen.de/?p=213226" "Mozilla/5.0 AppleWebKit/537.36 (KHTML, like Gecko; compatible; Claude-SearchBot/1.0; +searchbot@anthropic.com)"
216.73.217.172 - - [29/Jul/2026:02:31:04 +0200] "GET /?p=214218 HTTP/2.0" 301 0 "-" "Mozilla/5.0 AppleWebKit/537.36 (KHTML, like Gecko; compatible; Claude-SearchBot/1.0; +searchbot@anthropic.com)"
216.73.217.172 - - [29/Jul/2026:02:31:08 +0200] "GET /live-cam/darins27-cam-11463875/ HTTP/2.0" 200 24928 "https://www.taschenmuschi-kaufen.de/?p=214218" "Mozilla/5.0 AppleWebKit/537.36 (KHTML, like Gecko; compatible; Claude-SearchBot/1.0; +searchbot@anthropic.com)"
216.73.217.172 - - [29/Jul/2026:02:32:11 +0200] "GET /cam/out/pinacolada-cam-11401371 HTTP/2.0" 301 0 "-" "Mozilla/5.0 AppleWebKit/537.36 (KHTML, like Gecko; compatible; Claude-SearchBot/1.0; +searchbot@anthropic.com)"
216.73.217.172 - - [29/Jul/2026:02:32:16 +0200] "GET /live-cam/kiraaa-cam-11476282/ HTTP/2.0" 200 23874 "-" "Mozilla/5.0 AppleWebKit/537.36 (KHTML, like Gecko; compatible; Claude-SearchBot/1.0; +searchbot@anthropic.com)"
216.73.217.172 - - [29/Jul/2026:02:32:34 +0200] "GET /cam/out/nikolecox-cam-11461800 HTTP/2.0" 301 0 "-" "Mozilla/5.0 AppleWebKit/537.36 (KHTML, like Gecko; compatible; Claude-SearchBot/1.0; +searchbot@anthropic.com)"
216.73.217.172 - - [29/Jul/2026:02:32:34 +0200] "GET /cam/out/michel093-cam-11409889 HTTP/2.0" 301 0 "-" "Mozilla/5.0 AppleWebKit/537.36 (KHTML, like Gecko; compatible; Claude-SearchBot/1.0; +searchbot@anthropic.com)"
2a03:4000:59:e65:94e2:deff:fe0e:57ac - - [29/Jul/2026:02:33:10 +0200] "GET /wp-json/arni-tracking/v1/stats?from=2026-07-27&to=2026-07-27 HTTP/2.0" 200 307 "-" "ArNi-CRM/1.0"
2a03:4000:59:e65:94e2:deff:fe0e:57ac - - [29/Jul/2026:02:33:11 +0200] "GET /wp-json/arni-tracking/v1/stats?from=2026-07-28&to=2026-07-28 HTTP/2.0" 200 307 "-" "ArNi-CRM/1.0"
2a03:4000:59:e65:94e2:deff:fe0e:57ac - - [29/Jul/2026:02:33:11 +0200] "GET /wp-json/arni-tracking/v1/stats?from=2026-07-29&to=2026-07-29 HTTP/2.0" 200 266 "-" "ArNi-CRM/1.0"
2a03:4000:59:e65:94e2:deff:fe0e:57ac - - [29/Jul/2026:02:33:11 +0200] "GET /wp-json/arni-tracking/v1/stats?from=2026-06-30&to=2026-07-29 HTTP/2.0" 200 317 "-" "ArNi-CRM/1.0"
2a03:4000:59:e65:94e2:deff:fe0e:57ac - - [29/Jul/2026:02:33:11 +0200] "GET /wp-json/arni-tracking/v1/pages?from=2026-06-30&to=2026-07-29&limit=100 HTTP/2.0" 200 18262 "-" "ArNi-CRM/1.0"
2a03:4000:59:e65:94e2:deff:fe0e:57ac - - [29/Jul/2026:02:33:11 +0200] "GET /wp-json/arni-tracking/v1/referrers?from=2026-06-30&to=2026-07-29&limit=100 HTTP/2.0" 200 908 "-" "ArNi-CRM/1.0"
2a03:4000:59:e65:94e2:deff:fe0e:57ac - - [29/Jul/2026:02:33:12 +0200] "GET /wp-json/arni-tracking/v1/campaigns?from=2026-06-30&to=2026-07-29&limit=100 HTTP/2.0" 200 78 "-" "ArNi-CRM/1.0"
2a03:4000:59:e65:94e2:deff:fe0e:57ac - - [29/Jul/2026:02:33:12 +0200] "GET /wp-json/arni-tracking/v1/conversions?from=2026-06-30&to=2026-07-29&limit=1000&page=1 HTTP/2.0" 200 45389 "-" "ArNi-CRM/1.0"
2a03:4000:59:e65:94e2:deff:fe0e:57ac - - [29/Jul/2026:02:33:12 +0200] "GET /wp-json/arni-tracking/v1/sessions?from=2026-06-30&to=2026-07-29&limit=500&page=1 HTTP/2.0" 200 181030 "-" "ArNi-CRM/1.0"
150.109.119.38 - - [29/Jul/2026:02:33:23 +0200] "GET /live-cam/calinnagloss-cam-11538935/ HTTP/2.0" 200 25030 "-" "Mozilla/5.0 (iPhone; CPU iPhone OS 13_2_3 like Mac OS X) AppleWebKit/605.1.15 (KHTML, like Gecko) Version/13.0.3 Mobile/15E148 Safari/604.1"
216.244.66.234 - - [29/Jul/2026:02:34:13 +0200] "GET /robots.txt HTTP/1.1" 301 169 "-" "Mozilla/5.0 (compatible; DotBot/1.2; +https://opensiteexplorer.org/dotbot; help@moz.com)"
40.77.167.159 - - [29/Jul/2026:02:34:24 +0200] "GET /live-cam/zurensexy-cam-13503124/ HTTP/2.0" 200 25627 "-" "Mozilla/5.0 AppleWebKit/537.36 (KHTML, like Gecko; compatible; bingbot/2.0; +http://www.bing.com/bingbot.htm) Chrome/116.0.1938.76 Safari/537.36"
40.77.167.57 - - [29/Jul/2026:02:34:26 +0200] "GET /produkt/torso-masturbatoren/naked-factory-fantasy-girl-hannah-torso-korea/ HTTP/2.0" 200 25312 "-" "Mozilla/5.0 AppleWebKit/537.36 (KHTML, like Gecko; compatible; bingbot/2.0; +http://www.bing.com/bingbot.htm) Chrome/116.0.1938.76 Safari/537.36"
40.77.167.57 - - [29/Jul/2026:02:34:29 +0200] "GET /live-cam/aquatata-cam-18617573/ HTTP/2.0" 200 25442 "-" "Mozilla/5.0 AppleWebKit/537.36 (KHTML, like Gecko; compatible; bingbot/2.0; +http://www.bing.com/bingbot.htm) Chrome/116.0.1938.76 Safari/537.36"
40.77.167.57 - - [29/Jul/2026:02:34:31 +0200] "GET /live-cam/celestya-cam-10912869/ HTTP/2.0" 200 24342 "-" "Mozilla/5.0 AppleWebKit/537.36 (KHTML, like Gecko; compatible; bingbot/2.0; +http://www.bing.com/bingbot.htm) Chrome/116.0.1938.76 Safari/537.36"
40.77.167.57 - - [29/Jul/2026:02:34:45 +0200] "GET /live-cam/sarahwilde-cam-10765743/ HTTP/2.0" 200 25945 "-" "Mozilla/5.0 AppleWebKit/537.36 (KHTML, like Gecko; compatible; bingbot/2.0; +http://www.bing.com/bingbot.htm) Chrome/116.0.1938.76 Safari/537.36"
40.77.167.224 - - [29/Jul/2026:02:35:29 +0200] "GET /2019/04/die-besten-erotikportale-finden/ HTTP/2.0" 200 22896 "-" "Mozilla/5.0 AppleWebKit/537.36 (KHTML, like Gecko; compatible; bingbot/2.0; +http://www.bing.com/bingbot.htm) Chrome/116.0.1938.76 Safari/537.36"
40.77.167.224 - - [29/Jul/2026:02:36:05 +0200] "GET /live-cam/irinaferragamo-cam-18928407/ HTTP/2.0" 200 25556 "-" "Mozilla/5.0 AppleWebKit/537.36 (KHTML, like Gecko; compatible; bingbot/2.0; +http://www.bing.com/bingbot.htm) Chrome/116.0.1938.76 Safari/537.36"
2a03:4000:59:e65:94e2:deff:fe0e:57ac - - [29/Jul/2026:02:36:10 +0200] "GET /wp-json/arni-tracking/v1/stats?from=2026-07-27&to=2026-07-27 HTTP/2.0" 200 307 "-" "ArNi-CRM/1.0"
2a03:4000:59:e65:94e2:deff:fe0e:57ac - - [29/Jul/2026:02:36:10 +0200] "GET /wp-json/arni-tracking/v1/stats?from=2026-07-28&to=2026-07-28 HTTP/2.0" 200 307 "-" "ArNi-CRM/1.0"
2a03:4000:59:e65:94e2:deff:fe0e:57ac - - [29/Jul/2026:02:36:10 +0200] "GET /wp-json/arni-tracking/v1/stats?from=2026-07-29&to=2026-07-29 HTTP/2.0" 200 266 "-" "ArNi-CRM/1.0"
2a03:4000:59:e65:94e2:deff:fe0e:57ac - - [29/Jul/2026:02:36:11 +0200] "GET /wp-json/arni-tracking/v1/stats?from=2026-06-30&to=2026-07-29 HTTP/2.0" 200 317 "-" "ArNi-CRM/1.0"
2a03:4000:59:e65:94e2:deff:fe0e:57ac - - [29/Jul/2026:02:36:11 +0200] "GET /wp-json/arni-tracking/v1/pages?from=2026-06-30&to=2026-07-29&limit=100 HTTP/2.0" 200 18262 "-" "ArNi-CRM/1.0"
2a03:4000:59:e65:94e2:deff:fe0e:57ac - - [29/Jul/2026:02:36:11 +0200] "GET /wp-json/arni-tracking/v1/referrers?from=2026-06-30&to=2026-07-29&limit=100 HTTP/2.0" 200 908 "-" "ArNi-CRM/1.0"
2a03:4000:59:e65:94e2:deff:fe0e:57ac - - [29/Jul/2026:02:36:11 +0200] "GET /wp-json/arni-tracking/v1/campaigns?from=2026-06-30&to=2026-07-29&limit=100 HTTP/2.0" 200 78 "-" "ArNi-CRM/1.0"
2a03:4000:59:e65:94e2:deff:fe0e:57ac - - [29/Jul/2026:02:36:11 +0200] "GET /wp-json/arni-tracking/v1/conversions?from=2026-06-30&to=2026-07-29&limit=1000&page=1 HTTP/2.0" 200 45389 "-" "ArNi-CRM/1.0"
2a03:4000:59:e65:94e2:deff:fe0e:57ac - - [29/Jul/2026:02:36:12 +0200] "GET /wp-json/arni-tracking/v1/sessions?from=2026-06-30&to=2026-07-29&limit=500&page=1 HTTP/2.0" 200 180975 "-" "ArNi-CRM/1.0"
216.73.217.172 - - [29/Jul/2026:02:36:27 +0200] "GET /live-cam/susax32-cam-11451124/ HTTP/2.0" 200 24878 "-" "Mozilla/5.0 AppleWebKit/537.36 (KHTML, like Gecko; compatible; Claude-SearchBot/1.0; +searchbot@anthropic.com)"
52.167.144.216 - - [29/Jul/2026:02:36:28 +0200] "GET /live-cam/katarinapetrova-cam-10409149/ HTTP/2.0" 200 25655 "-" "Mozilla/5.0 AppleWebKit/537.36 (KHTML, like Gecko; compatible; bingbot/2.0; +http://www.bing.com/bingbot.htm) Chrome/116.0.1938.76 Safari/537.36"
216.244.66.234 - - [29/Jul/2026:02:36:29 +0200] "GET /profile/aryananew/ HTTP/1.1" 301 169 "-" "Mozilla/5.0 (compatible; DotBot/1.2; +https://opensiteexplorer.org/dotbot; help@moz.com)"
40.77.167.224 - - [29/Jul/2026:02:36:30 +0200] "GET /produkt/vibratoren/anal-vibrator-einsteiger-pleasurelab-anal-vibe/ HTTP/2.0" 200 25367 "-" "Mozilla/5.0 AppleWebKit/537.36 (KHTML, like Gecko; compatible; bingbot/2.0; +http://www.bing.com/bingbot.htm) Chrome/116.0.1938.76 Safari/537.36"
216.73.217.172 - - [29/Jul/2026:02:36:31 +0200] "GET /live-cam/darkfairy-cam-11530343/ HTTP/2.0" 200 24328 "-" "Mozilla/5.0 AppleWebKit/537.36 (KHTML, like Gecko; compatible; Claude-SearchBot/1.0; +searchbot@anthropic.com)"
40.77.167.224 - - [29/Jul/2026:02:36:33 +0200] "GET /live-cam/shybella-cam-9500316/ HTTP/2.0" 200 25089 "-" "Mozilla/5.0 AppleWebKit/537.36 (KHTML, like Gecko; compatible; bingbot/2.0; +http://www.bing.com/bingbot.htm) Chrome/116.0.1938.76 Safari/537.36"
18.205.13.0 - - [29/Jul/2026:02:36:34 +0200] "GET /wp-content/uploads/2026/06/31271565_1280.jpg HTTP/2.0" 200 27086 "-" "Mozilla/5.0 AppleWebKit/537.36 (KHTML, like Gecko; compatible; Amzn-SearchBot/0.1) Chrome/119.0.6045.214 Safari/537.36"
52.167.144.216 - - [29/Jul/2026:02:36:36 +0200] "GET /live-cam/sexy-milf-cam-11091460/ HTTP/2.0" 200 25995 "-" "Mozilla/5.0 AppleWebKit/537.36 (KHTML, like Gecko; compatible; bingbot/2.0; +http://www.bing.com/bingbot.htm) Chrome/116.0.1938.76 Safari/537.36"
216.244.66.234 - - [29/Jul/2026:02:36:42 +0200] "GET /profile/sherilovely/ HTTP/1.1" 301 169 "-" "Mozilla/5.0 (compatible; DotBot/1.2; +https://opensiteexplorer.org/dotbot; help@moz.com)"
98.95.49.54 - - [29/Jul/2026:02:36:44 +0200] "GET /wp-content/uploads/2026/05/16815385_1280-12.jpg HTTP/2.0" 200 83973 "-" "Mozilla/5.0 AppleWebKit/537.36 (KHTML, like Gecko; compatible; Amzn-SearchBot/0.1) Chrome/119.0.6045.214 Safari/537.36"
44.212.207.23 - - [29/Jul/2026:02:36:55 +0200] "GET /live-cam/danisahne82-cam-11471442/embed/ HTTP/2.0" 200 6951 "-" "Mozilla/5.0 AppleWebKit/537.36 (KHTML, like Gecko; compatible; Amzn-SearchBot/0.1) Chrome/119.0.6045.214 Safari/537.36"
216.244.66.234 - - [29/Jul/2026:02:37:01 +0200] "GET /profile/superkris/ HTTP/1.1" 301 169 "-" "Mozilla/5.0 (compatible; DotBot/1.2; +https://opensiteexplorer.org/dotbot; help@moz.com)"
44.213.228.74 - - [29/Jul/2026:02:37:04 +0200] "GET /wp-json/oembed/1.0/embed?format=xml&url=https://www.taschenmuschi-kaufen.de/live-cam/celestedutch-cam-11508999/ HTTP/2.0" 200 2622 "-" "Mozilla/5.0 AppleWebKit/537.36 (KHTML, like Gecko; compatible; Amzn-SearchBot/0.1) Chrome/119.0.6045.214 Safari/537.36"
216.244.66.234 - - [29/Jul/2026:02:37:17 +0200] "GET /profile/linda-kiss/ HTTP/1.1" 301 169 "-" "Mozilla/5.0 (compatible; DotBot/1.2; +https://opensiteexplorer.org/dotbot; help@moz.com)"
216.73.217.172 - - [29/Jul/2026:02:37:20 +0200] "GET /cam/out/melanystacy-cam-11444890 HTTP/2.0" 301 0 "-" "Mozilla/5.0 AppleWebKit/537.36 (KHTML, like Gecko; compatible; Claude-SearchBot/1.0; +searchbot@anthropic.com)"
216.244.66.234 - - [29/Jul/2026:02:37:33 +0200] "GET /profile/black-rosee/ HTTP/1.1" 301 169 "-" "Mozilla/5.0 (compatible; DotBot/1.2; +https://opensiteexplorer.org/dotbot; help@moz.com)"
216.244.66.234 - - [29/Jul/2026:02:37:48 +0200] "GET /profile/larissabell/ HTTP/1.1" 301 169 "-" "Mozilla/5.0 (compatible; DotBot/1.2; +https://opensiteexplorer.org/dotbot; help@moz.com)"
216.73.217.172 - - [29/Jul/2026:02:37:48 +0200] "GET /cam/out/darins27-cam-11463875 HTTP/2.0" 301 0 "-" "Mozilla/5.0 AppleWebKit/537.36 (KHTML, like Gecko; compatible; Claude-SearchBot/1.0; +searchbot@anthropic.com)"
52.167.144.216 - - [29/Jul/2026:02:37:53 +0200] "GET /cam/out/allyconners-cam-9193885 HTTP/2.0" 301 0 "-" "Mozilla/5.0 AppleWebKit/537.36 (KHTML, like Gecko; compatible; bingbot/2.0; +http://www.bing.com/bingbot.htm) Chrome/116.0.1938.76 Safari/537.36"
52.167.144.216 - - [29/Jul/2026:02:37:59 +0200] "GET /live-cam/octaviaxd-cam-11347226/ HTTP/2.0" 200 24040 "-" "Mozilla/5.0 AppleWebKit/537.36 (KHTML, like Gecko; compatible; bingbot/2.0; +http://www.bing.com/bingbot.htm) Chrome/116.0.1938.76 Safari/537.36"
52.167.144.216 - - [29/Jul/2026:02:38:01 +0200] "GET /live-cam/missluna-cam-12634778/ HTTP/2.0" 200 25598 "-" "Mozilla/5.0 AppleWebKit/537.36 (KHTML, like Gecko; compatible; bingbot/2.0; +http://www.bing.com/bingbot.htm) Chrome/116.0.1938.76 Safari/537.36"
216.244.66.234 - - [29/Jul/2026:02:38:03 +0200] "GET /profile/lola-lia/ HTTP/1.1" 301 169 "-" "Mozilla/5.0 (compatible; DotBot/1.2; +https://opensiteexplorer.org/dotbot; help@moz.com)"
40.77.167.25 - - [29/Jul/2026:02:38:10 +0200] "GET /live-cam/wildbangs-cam-7691168/ HTTP/2.0" 200 25313 "-" "Mozilla/5.0 AppleWebKit/537.36 (KHTML, like Gecko; compatible; bingbot/2.0; +http://www.bing.com/bingbot.htm) Chrome/116.0.1938.76 Safari/537.36"
216.244.66.234 - - [29/Jul/2026:02:38:15 +0200] "GET /2015/01/kostenlose-sextreffen-mit-frauen/ HTTP/1.1" 301 169 "-" "Mozilla/5.0 (compatible; DotBot/1.2; +https://opensiteexplorer.org/dotbot; help@moz.com)"
40.77.167.25 - - [29/Jul/2026:02:38:18 +0200] "GET /live-cam/yuedacco-cam-18611476/ HTTP/2.0" 200 27354 "-" "Mozilla/5.0 AppleWebKit/537.36 (KHTML, like Gecko; compatible; bingbot/2.0; +http://www.bing.com/bingbot.htm) Chrome/116.0.1938.76 Safari/537.36"
216.73.217.172 - - [29/Jul/2026:02:38:22 +0200] "GET /live-cam/izziestevens-cam-19318444/ HTTP/2.0" 200 26959 "-" "Mozilla/5.0 AppleWebKit/537.36 (KHTML, like Gecko; compatible; Claude-SearchBot/1.0; +searchbot@anthropic.com)"
2a03:4000:59:e65:94e2:deff:fe0e:57ac - - [29/Jul/2026:02:39:12 +0200] "GET /wp-json/arni-tracking/v1/stats?from=2026-07-27&to=2026-07-27 HTTP/2.0" 200 307 "-" "ArNi-CRM/1.0"
2a03:4000:59:e65:94e2:deff:fe0e:57ac - - [29/Jul/2026:02:39:12 +0200] "GET /wp-json/arni-tracking/v1/stats?from=2026-07-28&to=2026-07-28 HTTP/2.0" 200 307 "-" "ArNi-CRM/1.0"
2a03:4000:59:e65:94e2:deff:fe0e:57ac - - [29/Jul/2026:02:39:12 +0200] "GET /wp-json/arni-tracking/v1/stats?from=2026-07-29&to=2026-07-29 HTTP/2.0" 200 266 "-" "ArNi-CRM/1.0"
2a03:4000:59:e65:94e2:deff:fe0e:57ac - - [29/Jul/2026:02:39:13 +0200] "GET /wp-json/arni-tracking/v1/stats?from=2026-06-30&to=2026-07-29 HTTP/2.0" 200 317 "-" "ArNi-CRM/1.0"
2a03:4000:59:e65:94e2:deff:fe0e:57ac - - [29/Jul/2026:02:39:13 +0200] "GET /wp-json/arni-tracking/v1/pages?from=2026-06-30&to=2026-07-29&limit=100 HTTP/2.0" 200 18262 "-" "ArNi-CRM/1.0"
2a03:4000:59:e65:94e2:deff:fe0e:57ac - - [29/Jul/2026:02:39:13 +0200] "GET /wp-json/arni-tracking/v1/referrers?from=2026-06-30&to=2026-07-29&limit=100 HTTP/2.0" 200 908 "-" "ArNi-CRM/1.0"
2a03:4000:59:e65:94e2:deff:fe0e:57ac - - [29/Jul/2026:02:39:13 +0200] "GET /wp-json/arni-tracking/v1/campaigns?from=2026-06-30&to=2026-07-29&limit=100 HTTP/2.0" 200 78 "-" "ArNi-CRM/1.0"
2a03:4000:59:e65:94e2:deff:fe0e:57ac - - [29/Jul/2026:02:39:13 +0200] "GET /wp-json/arni-tracking/v1/conversions?from=2026-06-30&to=2026-07-29&limit=1000&page=1 HTTP/2.0" 200 45389 "-" "ArNi-CRM/1.0"
2a03:4000:59:e65:94e2:deff:fe0e:57ac - - [29/Jul/2026:02:39:14 +0200] "GET /wp-json/arni-tracking/v1/sessions?from=2026-06-30&to=2026-07-29&limit=500&page=1 HTTP/2.0" 200 180975 "-" "ArNi-CRM/1.0"
216.244.66.234 - - [29/Jul/2026:02:40:31 +0200] "GET /wiki/geburtstag/feed/ HTTP/1.1" 301 169 "-" "Mozilla/5.0 (compatible; DotBot/1.2; +https://opensiteexplorer.org/dotbot; help@moz.com)"
216.73.217.172 - - [29/Jul/2026:02:41:09 +0200] "GET /cam/out/ladymaa94-cam-10984292 HTTP/2.0" 301 0 "-" "Mozilla/5.0 AppleWebKit/537.36 (KHTML, like Gecko; compatible; Claude-SearchBot/1.0; +searchbot@anthropic.com)"
216.73.217.172 - - [29/Jul/2026:02:42:05 +0200] "GET /cam/out/kimberlycarter-cam-11482912 HTTP/2.0" 301 0 "-" "Mozilla/5.0 AppleWebKit/537.36 (KHTML, like Gecko; compatible; Claude-SearchBot/1.0; +searchbot@anthropic.com)"
2a03:4000:59:e65:94e2:deff:fe0e:57ac - - [29/Jul/2026:02:42:13 +0200] "GET /wp-json/arni-tracking/v1/stats?from=2026-07-27&to=2026-07-27 HTTP/2.0" 200 307 "-" "ArNi-CRM/1.0"
2a03:4000:59:e65:94e2:deff:fe0e:57ac - - [29/Jul/2026:02:42:13 +0200] "GET /wp-json/arni-tracking/v1/stats?from=2026-07-28&to=2026-07-28 HTTP/2.0" 200 307 "-" "ArNi-CRM/1.0"
2a03:4000:59:e65:94e2:deff:fe0e:57ac - - [29/Jul/2026:02:42:13 +0200] "GET /wp-json/arni-tracking/v1/stats?from=2026-07-29&to=2026-07-29 HTTP/2.0" 200 266 "-" "ArNi-CRM/1.0"
2a03:4000:59:e65:94e2:deff:fe0e:57ac - - [29/Jul/2026:02:42:14 +0200] "GET /wp-json/arni-tracking/v1/stats?from=2026-06-30&to=2026-07-29 HTTP/2.0" 200 317 "-" "ArNi-CRM/1.0"
2a03:4000:59:e65:94e2:deff:fe0e:57ac - - [29/Jul/2026:02:42:14 +0200] "GET /wp-json/arni-tracking/v1/pages?from=2026-06-30&to=2026-07-29&limit=100 HTTP/2.0" 200 18262 "-" "ArNi-CRM/1.0"
2a03:4000:59:e65:94e2:deff:fe0e:57ac - - [29/Jul/2026:02:42:14 +0200] "GET /wp-json/arni-tracking/v1/referrers?from=2026-06-30&to=2026-07-29&limit=100 HTTP/2.0" 200 908 "-" "ArNi-CRM/1.0"
2a03:4000:59:e65:94e2:deff:fe0e:57ac - - [29/Jul/2026:02:42:14 +0200] "GET /wp-json/arni-tracking/v1/campaigns?from=2026-06-30&to=2026-07-29&limit=100 HTTP/2.0" 200 78 "-" "ArNi-CRM/1.0"
2a03:4000:59:e65:94e2:deff:fe0e:57ac - - [29/Jul/2026:02:42:15 +0200] "GET /wp-json/arni-tracking/v1/conversions?from=2026-06-30&to=2026-07-29&limit=1000&page=1 HTTP/2.0" 200 45389 "-" "ArNi-CRM/1.0"
2a03:4000:59:e65:94e2:deff:fe0e:57ac - - [29/Jul/2026:02:42:15 +0200] "GET /wp-json/arni-tracking/v1/sessions?from=2026-06-30&to=2026-07-29&limit=500&page=1 HTTP/2.0" 200 180975 "-" "ArNi-CRM/1.0"
62.138.2.14 - - [29/Jul/2026:02:42:43 +0200] "GET /wp-content/uploads/2026/06/13492428_1280-150x150.jpg HTTP/2.0" 200 9675 "https://www.taschenmuschi-kaufen.de/live-cam/briannaspade-cam-11198738/" "Mozilla/5.0 (Macintosh; Intel Mac OS X 10.15; rv:103.0) Gecko/20100101 Firefox/103.0"
170.106.180.139 - - [29/Jul/2026:02:42:52 +0200] "GET /live-cam/naughtyslut-cam-19407940/ HTTP/2.0" 200 24562 "-" "Mozilla/5.0 (iPhone; CPU iPhone OS 13_2_3 like Mac OS X) AppleWebKit/605.1.15 (KHTML, like Gecko) Version/13.0.3 Mobile/15E148 Safari/604.1"
47.82.11.212 - - [29/Jul/2026:02:43:00 +0200] "GET /live-cam/dianasanz-cam-11455644/ HTTP/2.0" 200 25472 "https://www.taschenmuschi-kaufen.de/" "Mozilla/5.0 (Macintosh; Intel Mac OS X 10_15_7) AppleWebKit/605.1.15 (KHTML, like Gecko) Version/15.6.1 Safari/605.1.15"
216.73.217.172 - - [29/Jul/2026:02:43:11 +0200] "GET /live-cam/alexacute-cam-11454075/ HTTP/2.0" 200 24467 "-" "Mozilla/5.0 AppleWebKit/537.36 (KHTML, like Gecko; compatible; Claude-SearchBot/1.0; +searchbot@anthropic.com)"
216.73.217.172 - - [29/Jul/2026:02:44:37 +0200] "GET /live-cam/jessevixen-cam-11481914/ HTTP/2.0" 200 25394 "-" "Mozilla/5.0 AppleWebKit/537.36 (KHTML, like Gecko; compatible; Claude-SearchBot/1.0; +searchbot@anthropic.com)"
2a03:4000:59:e65:94e2:deff:fe0e:57ac - - [29/Jul/2026:02:45:13 +0200] "GET /wp-json/arni-tracking/v1/stats?from=2026-07-27&to=2026-07-27 HTTP/2.0" 200 307 "-" "ArNi-CRM/1.0"
2a03:4000:59:e65:94e2:deff:fe0e:57ac - - [29/Jul/2026:02:45:13 +0200] "GET /wp-json/arni-tracking/v1/stats?from=2026-07-28&to=2026-07-28 HTTP/2.0" 200 307 "-" "ArNi-CRM/1.0"
2a03:4000:59:e65:94e2:deff:fe0e:57ac - - [29/Jul/2026:02:45:13 +0200] "GET /wp-json/arni-tracking/v1/stats?from=2026-07-29&to=2026-07-29 HTTP/2.0" 200 267 "-" "ArNi-CRM/1.0"
2a03:4000:59:e65:94e2:deff:fe0e:57ac - - [29/Jul/2026:02:45:13 +0200] "GET /wp-json/arni-tracking/v1/stats?from=2026-06-30&to=2026-07-29 HTTP/2.0" 200 317 "-" "ArNi-CRM/1.0"
2a03:4000:59:e65:94e2:deff:fe0e:57ac - - [29/Jul/2026:02:45:14 +0200] "GET /wp-json/arni-tracking/v1/pages?from=2026-06-30&to=2026-07-29&limit=100 HTTP/2.0" 200 18262 "-" "ArNi-CRM/1.0"
2a03:4000:59:e65:94e2:deff:fe0e:57ac - - [29/Jul/2026:02:45:14 +0200] "GET /wp-json/arni-tracking/v1/referrers?from=2026-06-30&to=2026-07-29&limit=100 HTTP/2.0" 200 908 "-" "ArNi-CRM/1.0"
2a03:4000:59:e65:94e2:deff:fe0e:57ac - - [29/Jul/2026:02:45:14 +0200] "GET /wp-json/arni-tracking/v1/campaigns?from=2026-06-30&to=2026-07-29&limit=100 HTTP/2.0" 200 78 "-" "ArNi-CRM/1.0"
2a03:4000:59:e65:94e2:deff:fe0e:57ac - - [29/Jul/2026:02:45:14 +0200] "GET /wp-json/arni-tracking/v1/conversions?from=2026-06-30&to=2026-07-29&limit=1000&page=1 HTTP/2.0" 200 45389 "-" "ArNi-CRM/1.0"
2a03:4000:59:e65:94e2:deff:fe0e:57ac - - [29/Jul/2026:02:45:14 +0200] "GET /wp-json/arni-tracking/v1/sessions?from=2026-06-30&to=2026-07-29&limit=500&page=1 HTTP/2.0" 200 181033 "-" "ArNi-CRM/1.0"
216.73.217.172 - - [29/Jul/2026:02:45:54 +0200] "GET /live-cam/penelopelopez-cam-11346842/ HTTP/2.0" 200 25807 "-" "Mozilla/5.0 AppleWebKit/537.36 (KHTML, like Gecko; compatible; Claude-SearchBot/1.0; +searchbot@anthropic.com)"
2a03:4000:59:e65:94e2:deff:fe0e:57ac - - [29/Jul/2026:02:48:11 +0200] "GET /wp-json/arni-tracking/v1/stats?from=2026-07-27&to=2026-07-27 HTTP/2.0" 200 307 "-" "ArNi-CRM/1.0"
2a03:4000:59:e65:94e2:deff:fe0e:57ac - - [29/Jul/2026:02:48:11 +0200] "GET /wp-json/arni-tracking/v1/stats?from=2026-07-28&to=2026-07-28 HTTP/2.0" 200 307 "-" "ArNi-CRM/1.0"
2a03:4000:59:e65:94e2:deff:fe0e:57ac - - [29/Jul/2026:02:48:11 +0200] "GET /wp-json/arni-tracking/v1/stats?from=2026-07-29&to=2026-07-29 HTTP/2.0" 200 267 "-" "ArNi-CRM/1.0"
2a03:4000:59:e65:94e2:deff:fe0e:57ac - - [29/Jul/2026:02:48:12 +0200] "GET /wp-json/arni-tracking/v1/stats?from=2026-06-30&to=2026-07-29 HTTP/2.0" 200 317 "-" "ArNi-CRM/1.0"
2a03:4000:59:e65:94e2:deff:fe0e:57ac - - [29/Jul/2026:02:48:12 +0200] "GET /wp-json/arni-tracking/v1/pages?from=2026-06-30&to=2026-07-29&limit=100 HTTP/2.0" 200 18262 "-" "ArNi-CRM/1.0"
2a03:4000:59:e65:94e2:deff:fe0e:57ac - - [29/Jul/2026:02:48:12 +0200] "GET /wp-json/arni-tracking/v1/referrers?from=2026-06-30&to=2026-07-29&limit=100 HTTP/2.0" 200 908 "-" "ArNi-CRM/1.0"
2a03:4000:59:e65:94e2:deff:fe0e:57ac - - [29/Jul/2026:02:48:12 +0200] "GET /wp-json/arni-tracking/v1/campaigns?from=2026-06-30&to=2026-07-29&limit=100 HTTP/2.0" 200 78 "-" "ArNi-CRM/1.0"
2a03:4000:59:e65:94e2:deff:fe0e:57ac - - [29/Jul/2026:02:48:12 +0200] "GET /wp-json/arni-tracking/v1/conversions?from=2026-06-30&to=2026-07-29&limit=1000&page=1 HTTP/2.0" 200 45389 "-" "ArNi-CRM/1.0"
2a03:4000:59:e65:94e2:deff:fe0e:57ac - - [29/Jul/2026:02:48:13 +0200] "GET /wp-json/arni-tracking/v1/sessions?from=2026-06-30&to=2026-07-29&limit=500&page=1 HTTP/2.0" 200 181033 "-" "ArNi-CRM/1.0"
216.73.217.172 - - [29/Jul/2026:02:48:45 +0200] "GET /live-cam/annedavis-cam-11467081/ HTTP/2.0" 200 25268 "-" "Mozilla/5.0 AppleWebKit/537.36 (KHTML, like Gecko; compatible; Claude-SearchBot/1.0; +searchbot@anthropic.com)"
216.73.217.172 - - [29/Jul/2026:02:49:48 +0200] "GET /live-cam/amarasecret-cam-19231145/ HTTP/2.0" 499 0 "-" "Mozilla/5.0 AppleWebKit/537.36 (KHTML, like Gecko; compatible; Claude-SearchBot/1.0; +searchbot@anthropic.com)"
2001:41d0:303:a16d::1 - - [29/Jul/2026:02:50:58 +0200] "GET /live-cam/miamonroe-cam-19399534/ HTTP/2.0" 200 25604 "-" "Mozilla/5.0 (compatible; MJ12bot/v1.4.8; http://mj12bot.com/)"
216.73.217.172 - - [29/Jul/2026:02:51:03 +0200] "GET /live-cam/giaadams-cam-11400392/ HTTP/2.0" 200 25208 "-" "Mozilla/5.0 AppleWebKit/537.36 (KHTML, like Gecko; compatible; Claude-SearchBot/1.0; +searchbot@anthropic.com)"
2001:41d0:303:a16d::1 - - [29/Jul/2026:02:51:06 +0200] "GET /live-cam/viictoria-cam-19399825/ HTTP/2.0" 200 25814 "-" "Mozilla/5.0 (compatible; MJ12bot/v1.4.8; http://mj12bot.com/)"
52.167.144.174 - - [29/Jul/2026:02:51:11 +0200] "GET /cam/out/kim-milf-love-cam-18553680 HTTP/2.0" 301 0 "-" "Mozilla/5.0 AppleWebKit/537.36 (KHTML, like Gecko; compatible; bingbot/2.0; +http://www.bing.com/bingbot.htm) Chrome/116.0.1938.76 Safari/537.36"
2a03:4000:59:e65:94e2:deff:fe0e:57ac - - [29/Jul/2026:02:51:13 +0200] "GET /wp-json/arni-tracking/v1/stats?from=2026-07-27&to=2026-07-27 HTTP/2.0" 200 307 "-" "ArNi-CRM/1.0"
2a03:4000:59:e65:94e2:deff:fe0e:57ac - - [29/Jul/2026:02:51:13 +0200] "GET /wp-json/arni-tracking/v1/stats?from=2026-07-28&to=2026-07-28 HTTP/2.0" 200 307 "-" "ArNi-CRM/1.0"
2a03:4000:59:e65:94e2:deff:fe0e:57ac - - [29/Jul/2026:02:51:14 +0200] "GET /wp-json/arni-tracking/v1/stats?from=2026-07-29&to=2026-07-29 HTTP/2.0" 200 267 "-" "ArNi-CRM/1.0"
2a03:4000:59:e65:94e2:deff:fe0e:57ac - - [29/Jul/2026:02:51:14 +0200] "GET /wp-json/arni-tracking/v1/stats?from=2026-06-30&to=2026-07-29 HTTP/2.0" 200 317 "-" "ArNi-CRM/1.0"
2a03:4000:59:e65:94e2:deff:fe0e:57ac - - [29/Jul/2026:02:51:14 +0200] "GET /wp-json/arni-tracking/v1/pages?from=2026-06-30&to=2026-07-29&limit=100 HTTP/2.0" 200 18262 "-" "ArNi-CRM/1.0"
2a03:4000:59:e65:94e2:deff:fe0e:57ac - - [29/Jul/2026:02:51:15 +0200] "GET /wp-json/arni-tracking/v1/referrers?from=2026-06-30&to=2026-07-29&limit=100 HTTP/2.0" 200 908 "-" "ArNi-CRM/1.0"
2a03:4000:59:e65:94e2:deff:fe0e:57ac - - [29/Jul/2026:02:51:15 +0200] "GET /wp-json/arni-tracking/v1/campaigns?from=2026-06-30&to=2026-07-29&limit=100 HTTP/2.0" 200 78 "-" "ArNi-CRM/1.0"
2a03:4000:59:e65:94e2:deff:fe0e:57ac - - [29/Jul/2026:02:51:15 +0200] "GET /wp-json/arni-tracking/v1/conversions?from=2026-06-30&to=2026-07-29&limit=1000&page=1 HTTP/2.0" 200 45389 "-" "ArNi-CRM/1.0"
2a03:4000:59:e65:94e2:deff:fe0e:57ac - - [29/Jul/2026:02:51:15 +0200] "GET /wp-json/arni-tracking/v1/sessions?from=2026-06-30&to=2026-07-29&limit=500&page=1 HTTP/2.0" 200 181033 "-" "ArNi-CRM/1.0"
52.167.144.221 - - [29/Jul/2026:02:52:03 +0200] "GET /live-cam/vivianwetwood-cam-11316673/ HTTP/2.0" 200 25941 "-" "Mozilla/5.0 AppleWebKit/537.36 (KHTML, like Gecko; compatible; bingbot/2.0; +http://www.bing.com/bingbot.htm) Chrome/116.0.1938.76 Safari/537.36"
52.167.144.180 - - [29/Jul/2026:02:52:13 +0200] "GET /live-cam/evasweet-cam-19102180/ HTTP/2.0" 200 24656 "-" "Mozilla/5.0 AppleWebKit/537.36 (KHTML, like Gecko; compatible; bingbot/2.0; +http://www.bing.com/bingbot.htm) Chrome/116.0.1938.76 Safari/537.36"
216.73.217.172 - - [29/Jul/2026:02:52:27 +0200] "GET /live-cam/allyssecret-cam-18478150/ HTTP/2.0" 200 26192 "-" "Mozilla/5.0 AppleWebKit/537.36 (KHTML, like Gecko; compatible; Claude-SearchBot/1.0; +searchbot@anthropic.com)"
170.106.180.139 - - [29/Jul/2026:02:52:28 +0200] "GET /live-cam/miabrown-cam-11295238/ HTTP/2.0" 200 25670 "-" "Mozilla/5.0 (iPhone; CPU iPhone OS 13_2_3 like Mac OS X) AppleWebKit/605.1.15 (KHTML, like Gecko) Version/13.0.3 Mobile/15E148 Safari/604.1"
216.73.217.172 - - [29/Jul/2026:02:52:32 +0200] "GET /live-cam/dominikabecker-cam-11466161/ HTTP/2.0" 200 25645 "-" "Mozilla/5.0 AppleWebKit/537.36 (KHTML, like Gecko; compatible; Claude-SearchBot/1.0; +searchbot@anthropic.com)"
2a03:4000:59:e65:94e2:deff:fe0e:57ac - - [29/Jul/2026:02:54:11 +0200] "GET /wp-json/arni-tracking/v1/stats?from=2026-07-27&to=2026-07-27 HTTP/2.0" 200 307 "-" "ArNi-CRM/1.0"
2a03:4000:59:e65:94e2:deff:fe0e:57ac - - [29/Jul/2026:02:54:11 +0200] "GET /wp-json/arni-tracking/v1/stats?from=2026-07-28&to=2026-07-28 HTTP/2.0" 200 307 "-" "ArNi-CRM/1.0"
2a03:4000:59:e65:94e2:deff:fe0e:57ac - - [29/Jul/2026:02:54:11 +0200] "GET /wp-json/arni-tracking/v1/stats?from=2026-07-29&to=2026-07-29 HTTP/2.0" 200 267 "-" "ArNi-CRM/1.0"
2a03:4000:59:e65:94e2:deff:fe0e:57ac - - [29/Jul/2026:02:54:12 +0200] "GET /wp-json/arni-tracking/v1/stats?from=2026-06-30&to=2026-07-29 HTTP/2.0" 200 317 "-" "ArNi-CRM/1.0"
2a03:4000:59:e65:94e2:deff:fe0e:57ac - - [29/Jul/2026:02:54:13 +0200] "GET /wp-json/arni-tracking/v1/pages?from=2026-06-30&to=2026-07-29&limit=100 HTTP/2.0" 200 18262 "-" "ArNi-CRM/1.0"
2a03:4000:59:e65:94e2:deff:fe0e:57ac - - [29/Jul/2026:02:54:13 +0200] "GET /wp-json/arni-tracking/v1/referrers?from=2026-06-30&to=2026-07-29&limit=100 HTTP/2.0" 200 908 "-" "ArNi-CRM/1.0"
2a03:4000:59:e65:94e2:deff:fe0e:57ac - - [29/Jul/2026:02:54:13 +0200] "GET /wp-json/arni-tracking/v1/campaigns?from=2026-06-30&to=2026-07-29&limit=100 HTTP/2.0" 200 78 "-" "ArNi-CRM/1.0"
2a03:4000:59:e65:94e2:deff:fe0e:57ac - - [29/Jul/2026:02:54:13 +0200] "GET /wp-json/arni-tracking/v1/conversions?from=2026-06-30&to=2026-07-29&limit=1000&page=1 HTTP/2.0" 200 45389 "-" "ArNi-CRM/1.0"
2a03:4000:59:e65:94e2:deff:fe0e:57ac - - [29/Jul/2026:02:54:13 +0200] "GET /wp-json/arni-tracking/v1/sessions?from=2026-06-30&to=2026-07-29&limit=500&page=1 HTTP/2.0" 200 181243 "-" "ArNi-CRM/1.0"
62.138.3.52 - - [29/Jul/2026:02:56:11 +0200] "GET /wp-content/uploads/2026/05/30919462_640-29-300x300.jpg HTTP/2.0" 200 18252 "https://www.taschenmuschi-kaufen.de/pornodarsteller/lexy-roxx/live-cam/" "Mozilla/5.0 (Macintosh; Intel Mac OS X 10.15; rv:103.0) Gecko/20100101 Firefox/103.0"
216.73.217.172 - - [29/Jul/2026:02:56:16 +0200] "GET /live-cam/hotfunanna-cam-11477119/ HTTP/2.0" 200 25263 "-" "Mozilla/5.0 AppleWebKit/537.36 (KHTML, like Gecko; compatible; Claude-SearchBot/1.0; +searchbot@anthropic.com)"
62.138.6.15 - - [29/Jul/2026:02:56:38 +0200] "GET /wp-content/uploads/2026/05/31212704_640.jpg HTTP/2.0" 200 74666 "https://www.taschenmuschi-kaufen.de/live-cam/superiormistress-cam-19289087/" "Mozilla/5.0 (Macintosh; Intel Mac OS X 10.15; rv:103.0) Gecko/20100101 Firefox/103.0"
216.73.217.172 - - [29/Jul/2026:02:57:04 +0200] "GET /?p=214627 HTTP/2.0" 301 0 "-" "Mozilla/5.0 AppleWebKit/537.36 (KHTML, like Gecko; compatible; Claude-SearchBot/1.0; +searchbot@anthropic.com)"
216.73.217.172 - - [29/Jul/2026:02:57:09 +0200] "GET /live-cam/mamasita-cam-19318792/ HTTP/2.0" 200 25396 "https://www.taschenmuschi-kaufen.de/?p=214627" "Mozilla/5.0 AppleWebKit/537.36 (KHTML, like Gecko; compatible; Claude-SearchBot/1.0; +searchbot@anthropic.com)"
216.73.217.172 - - [29/Jul/2026:02:57:10 +0200] "GET /?p=213714 HTTP/2.0" 301 0 "-" "Mozilla/5.0 AppleWebKit/537.36 (KHTML, like Gecko; compatible; Claude-SearchBot/1.0; +searchbot@anthropic.com)"
2a03:4000:59:e65:94e2:deff:fe0e:57ac - - [29/Jul/2026:02:57:11 +0200] "GET /wp-json/arni-tracking/v1/stats?from=2026-07-27&to=2026-07-27 HTTP/2.0" 200 307 "-" "ArNi-CRM/1.0"
2a03:4000:59:e65:94e2:deff:fe0e:57ac - - [29/Jul/2026:02:57:11 +0200] "GET /wp-json/arni-tracking/v1/stats?from=2026-07-28&to=2026-07-28 HTTP/2.0" 200 307 "-" "ArNi-CRM/1.0"
2a03:4000:59:e65:94e2:deff:fe0e:57ac - - [29/Jul/2026:02:57:11 +0200] "GET /wp-json/arni-tracking/v1/stats?from=2026-07-29&to=2026-07-29 HTTP/2.0" 200 267 "-" "ArNi-CRM/1.0"
2a03:4000:59:e65:94e2:deff:fe0e:57ac - - [29/Jul/2026:02:57:12 +0200] "GET /wp-json/arni-tracking/v1/stats?from=2026-06-30&to=2026-07-29 HTTP/2.0" 200 317 "-" "ArNi-CRM/1.0"
2a03:4000:59:e65:94e2:deff:fe0e:57ac - - [29/Jul/2026:02:57:12 +0200] "GET /wp-json/arni-tracking/v1/pages?from=2026-06-30&to=2026-07-29&limit=100 HTTP/2.0" 200 18262 "-" "ArNi-CRM/1.0"
2a03:4000:59:e65:94e2:deff:fe0e:57ac - - [29/Jul/2026:02:57:13 +0200] "GET /wp-json/arni-tracking/v1/referrers?from=2026-06-30&to=2026-07-29&limit=100 HTTP/2.0" 200 908 "-" "ArNi-CRM/1.0"
2a03:4000:59:e65:94e2:deff:fe0e:57ac - - [29/Jul/2026:02:57:13 +0200] "GET /wp-json/arni-tracking/v1/campaigns?from=2026-06-30&to=2026-07-29&limit=100 HTTP/2.0" 200 78 "-" "ArNi-CRM/1.0"
2a03:4000:59:e65:94e2:deff:fe0e:57ac - - [29/Jul/2026:02:57:13 +0200] "GET /wp-json/arni-tracking/v1/conversions?from=2026-06-30&to=2026-07-29&limit=1000&page=1 HTTP/2.0" 200 45389 "-" "ArNi-CRM/1.0"
2a03:4000:59:e65:94e2:deff:fe0e:57ac - - [29/Jul/2026:02:57:13 +0200] "GET /wp-json/arni-tracking/v1/sessions?from=2026-06-30&to=2026-07-29&limit=500&page=1 HTTP/2.0" 200 181243 "-" "ArNi-CRM/1.0"
216.73.217.172 - - [29/Jul/2026:02:57:15 +0200] "GET /live-cam/nicolleryes-cam-11406451/ HTTP/2.0" 200 25809 "https://www.taschenmuschi-kaufen.de/?p=213714" "Mozilla/5.0 AppleWebKit/537.36 (KHTML, like Gecko; compatible; Claude-SearchBot/1.0; +searchbot@anthropic.com)"
216.73.217.172 - - [29/Jul/2026:02:57:15 +0200] "GET /?p=219639 HTTP/2.0" 301 0 "-" "Mozilla/5.0 AppleWebKit/537.36 (KHTML, like Gecko; compatible; Claude-SearchBot/1.0; +searchbot@anthropic.com)"
216.73.217.172 - - [29/Jul/2026:02:57:18 +0200] "GET /live-cam/katerinefraser-cam-19383193/ HTTP/2.0" 200 26078 "https://www.taschenmuschi-kaufen.de/?p=219639" "Mozilla/5.0 AppleWebKit/537.36 (KHTML, like Gecko; compatible; Claude-SearchBot/1.0; +searchbot@anthropic.com)"
216.73.217.172 - - [29/Jul/2026:02:57:19 +0200] "GET /?p=214880 HTTP/2.0" 301 0 "-" "Mozilla/5.0 AppleWebKit/537.36 (KHTML, like Gecko; compatible; Claude-SearchBot/1.0; +searchbot@anthropic.com)"
216.73.217.172 - - [29/Jul/2026:02:57:20 +0200] "GET /live-cam/darkfairy-cam-11530343/ HTTP/2.0" 200 24328 "https://www.taschenmuschi-kaufen.de/?p=214880" "Mozilla/5.0 AppleWebKit/537.36 (KHTML, like Gecko; compatible; Claude-SearchBot/1.0; +searchbot@anthropic.com)"
216.73.217.172 - - [29/Jul/2026:02:58:03 +0200] "GET /?p=213252 HTTP/2.0" 301 0 "-" "Mozilla/5.0 AppleWebKit/537.36 (KHTML, like Gecko; compatible; Claude-SearchBot/1.0; +searchbot@anthropic.com)"
216.73.217.172 - - [29/Jul/2026:02:58:09 +0200] "GET /live-cam/juyjhg234-cam-11375390/ HTTP/2.0" 200 25404 "https://www.taschenmuschi-kaufen.de/?p=213252" "Mozilla/5.0 AppleWebKit/537.36 (KHTML, like Gecko; compatible; Claude-SearchBot/1.0; +searchbot@anthropic.com)"
216.73.217.172 - - [29/Jul/2026:02:58:10 +0200] "GET /?p=213562 HTTP/2.0" 301 0 "-" "Mozilla/5.0 AppleWebKit/537.36 (KHTML, like Gecko; compatible; Claude-SearchBot/1.0; +searchbot@anthropic.com)"
216.73.217.172 - - [29/Jul/2026:02:58:14 +0200] "GET /live-cam/eniawilliams-cam-11388179/ HTTP/2.0" 200 25576 "https://www.taschenmuschi-kaufen.de/?p=213562" "Mozilla/5.0 AppleWebKit/537.36 (KHTML, like Gecko; compatible; Claude-SearchBot/1.0; +searchbot@anthropic.com)"
216.73.217.172 - - [29/Jul/2026:02:58:15 +0200] "GET /?p=214148 HTTP/2.0" 301 0 "-" "Mozilla/5.0 AppleWebKit/537.36 (KHTML, like Gecko; compatible; Claude-SearchBot/1.0; +searchbot@anthropic.com)"
216.73.217.172 - - [29/Jul/2026:02:58:19 +0200] "GET /live-cam/absoluthore-cam-11444908/ HTTP/2.0" 200 24820 "https://www.taschenmuschi-kaufen.de/?p=214148" "Mozilla/5.0 AppleWebKit/537.36 (KHTML, like Gecko; compatible; Claude-SearchBot/1.0; +searchbot@anthropic.com)"
216.73.217.172 - - [29/Jul/2026:02:58:20 +0200] "GET /?p=213786 HTTP/2.0" 301 0 "-" "Mozilla/5.0 AppleWebKit/537.36 (KHTML, like Gecko; compatible; Claude-SearchBot/1.0; +searchbot@anthropic.com)"
216.73.217.172 - - [29/Jul/2026:02:58:23 +0200] "GET /live-cam/lucydievil32-cam-11430999/ HTTP/2.0" 200 23952 "https://www.taschenmuschi-kaufen.de/?p=213786" "Mozilla/5.0 AppleWebKit/537.36 (KHTML, like Gecko; compatible; Claude-SearchBot/1.0; +searchbot@anthropic.com)"
62.138.18.60 - - [29/Jul/2026:02:58:46 +0200] "GET /wp-content/uploads/2026/05/4582137934084-pt05-150x150.jpg HTTP/2.0" 200 6978 "https://www.taschenmuschi-kaufen.de/produkt/penisringe/uncut-ring-standard-for-daytime-s-d000108/" "Mozilla/5.0 (Macintosh; Intel Mac OS X 10.15; rv:103.0) Gecko/20100101 Firefox/103.0"
216.73.217.172 - - [29/Jul/2026:02:59:15 +0200] "GET /live-cams/frauen/bunt/ HTTP/2.0" 499 0 "-" "Mozilla/5.0 AppleWebKit/537.36 (KHTML, like Gecko; compatible; Claude-SearchBot/1.0; +searchbot@anthropic.com)"
216.73.217.172 - - [29/Jul/2026:02:59:15 +0200] "GET /?p=213998 HTTP/2.0" 301 0 "-" "Mozilla/5.0 AppleWebKit/537.36 (KHTML, like Gecko; compatible; Claude-SearchBot/1.0; +searchbot@anthropic.com)"
216.73.217.172 - - [29/Jul/2026:02:59:19 +0200] "GET /live-cam/labomba-cam-11420751/ HTTP/2.0" 200 26402 "https://www.taschenmuschi-kaufen.de/?p=213998" "Mozilla/5.0 AppleWebKit/537.36 (KHTML, like Gecko; compatible; Claude-SearchBot/1.0; +searchbot@anthropic.com)"
216.73.217.172 - - [29/Jul/2026:02:59:20 +0200] "GET /?p=213108 HTTP/2.0" 301 0 "-" "Mozilla/5.0 AppleWebKit/537.36 (KHTML, like Gecko; compatible; Claude-SearchBot/1.0; +searchbot@anthropic.com)"
216.73.217.172 - - [29/Jul/2026:02:59:23 +0200] "GET /live-cam/rubiakarol-cam-11343924/ HTTP/2.0" 200 25172 "https://www.taschenmuschi-kaufen.de/?p=213108" "Mozilla/5.0 AppleWebKit/537.36 (KHTML, like Gecko; compatible; Claude-SearchBot/1.0; +searchbot@anthropic.com)"
216.73.217.172 - - [29/Jul/2026:02:59:24 +0200] "GET /?p=214218 HTTP/2.0" 301 0 "-" "Mozilla/5.0 AppleWebKit/537.36 (KHTML, like Gecko; compatible; Claude-SearchBot/1.0; +searchbot@anthropic.com)"
216.73.217.172 - - [29/Jul/2026:02:59:24 +0200] "GET /live-cam/darins27-cam-11463875/ HTTP/2.0" 200 24928 "https://www.taschenmuschi-kaufen.de/?p=214218" "Mozilla/5.0 AppleWebKit/537.36 (KHTML, like Gecko; compatible; Claude-SearchBot/1.0; +searchbot@anthropic.com)"
52.167.144.213 - - [29/Jul/2026:02:59:57 +0200] "GET /produkt/onaholes/g-project-goku-tama-hida-virgin-japan-masturbator/ HTTP/2.0" 200 25491 "-" "Mozilla/5.0 AppleWebKit/537.36 (KHTML, like Gecko; compatible; bingbot/2.0; +http://www.bing.com/bingbot.htm) Chrome/116.0.1938.76 Safari/537.36"
2a03:4000:59:e65:94e2:deff:fe0e:57ac - - [29/Jul/2026:03:00:21 +0200] "GET /wp-json/arni-tracking/v1/stats?from=2026-07-27&to=2026-07-27 HTTP/2.0" 200 307 "-" "ArNi-CRM/1.0"
2a03:4000:59:e65:94e2:deff:fe0e:57ac - - [29/Jul/2026:03:00:22 +0200] "GET /wp-json/arni-tracking/v1/stats?from=2026-07-28&to=2026-07-28 HTTP/2.0" 200 307 "-" "ArNi-CRM/1.0"
2a03:4000:59:e65:94e2:deff:fe0e:57ac - - [29/Jul/2026:03:00:22 +0200] "GET /wp-json/arni-tracking/v1/stats?from=2026-07-29&to=2026-07-29 HTTP/2.0" 200 267 "-" "ArNi-CRM/1.0"
2a03:4000:59:e65:94e2:deff:fe0e:57ac - - [29/Jul/2026:03:00:22 +0200] "GET /wp-json/arni-tracking/v1/stats?from=2026-06-30&to=2026-07-29 HTTP/2.0" 200 317 "-" "ArNi-CRM/1.0"
2a03:4000:59:e65:94e2:deff:fe0e:57ac - - [29/Jul/2026:03:00:23 +0200] "GET /wp-json/arni-tracking/v1/pages?from=2026-06-30&to=2026-07-29&limit=100 HTTP/2.0" 200 18262 "-" "ArNi-CRM/1.0"
2a03:4000:59:e65:94e2:deff:fe0e:57ac - - [29/Jul/2026:03:00:23 +0200] "GET /wp-json/arni-tracking/v1/referrers?from=2026-06-30&to=2026-07-29&limit=100 HTTP/2.0" 200 908 "-" "ArNi-CRM/1.0"
2a03:4000:59:e65:94e2:deff:fe0e:57ac - - [29/Jul/2026:03:00:23 +0200] "GET /wp-json/arni-tracking/v1/campaigns?from=2026-06-30&to=2026-07-29&limit=100 HTTP/2.0" 200 78 "-" "ArNi-CRM/1.0"
2a03:4000:59:e65:94e2:deff:fe0e:57ac - - [29/Jul/2026:03:00:23 +0200] "GET /wp-json/arni-tracking/v1/conversions?from=2026-06-30&to=2026-07-29&limit=1000&page=1 HTTP/2.0" 200 45389 "-" "ArNi-CRM/1.0"
2a03:4000:59:e65:94e2:deff:fe0e:57ac - - [29/Jul/2026:03:00:23 +0200] "GET /wp-json/arni-tracking/v1/sessions?from=2026-06-30&to=2026-07-29&limit=500&page=1 HTTP/2.0" 200 181243 "-" "ArNi-CRM/1.0"
216.73.217.172 - - [29/Jul/2026:03:00:29 +0200] "GET /cam/out/labomba-cam-11420751 HTTP/2.0" 301 0 "-" "Mozilla/5.0 AppleWebKit/537.36 (KHTML, like Gecko; compatible; Claude-SearchBot/1.0; +searchbot@anthropic.com)"
216.73.217.172 - - [29/Jul/2026:03:00:30 +0200] "GET /live-cam/absoluthore-cam-11444908/ HTTP/2.0" 200 24820 "-" "Mozilla/5.0 AppleWebKit/537.36 (KHTML, like Gecko; compatible; Claude-SearchBot/1.0; +searchbot@anthropic.com)"
170.106.160.90 - - [29/Jul/2026:03:00:36 +0200] "GET / HTTP/1.1" 301 169 "-" "Mozilla/5.0 (iPhone; CPU iPhone OS 13_2_3 like Mac OS X) AppleWebKit/605.1.15 (KHTML, like Gecko) Version/13.0.3 Mobile/15E148 Safari/604.1"
