2a03:4000:59:e65:94e2:deff:fe0e:57ac - - [29/Jul/2026:06:27:09 +0200] "GET /wp-json/arni-tracking/v1/campaigns?from=2026-06-30&to=2026-07-29&limit=100 HTTP/2.0" 200 78 "-" "ArNi-CRM/1.0"
2a03:4000:59:e65:94e2:deff:fe0e:57ac - - [29/Jul/2026:06:27:10 +0200] "GET /wp-json/arni-tracking/v1/conversions?from=2026-06-30&to=2026-07-29&limit=1000&page=1 HTTP/2.0" 200 45389 "-" "ArNi-CRM/1.0"
2a03:4000:59:e65:94e2:deff:fe0e:57ac - - [29/Jul/2026:06:27:10 +0200] "GET /wp-json/arni-tracking/v1/sessions?from=2026-06-30&to=2026-07-29&limit=500&page=1 HTTP/2.0" 200 178965 "-" "ArNi-CRM/1.0"
2a03:4000:59:e65:94e2:deff:fe0e:57ac - - [29/Jul/2026:06:30:10 +0200] "GET /wp-json/arni-tracking/v1/stats?from=2026-07-27&to=2026-07-27 HTTP/2.0" 200 307 "-" "ArNi-CRM/1.0"
2a03:4000:59:e65:94e2:deff:fe0e:57ac - - [29/Jul/2026:06:30:11 +0200] "GET /wp-json/arni-tracking/v1/stats?from=2026-07-28&to=2026-07-28 HTTP/2.0" 200 307 "-" "ArNi-CRM/1.0"
2a03:4000:59:e65:94e2:deff:fe0e:57ac - - [29/Jul/2026:06:30:11 +0200] "GET /wp-json/arni-tracking/v1/stats?from=2026-07-29&to=2026-07-29 HTTP/2.0" 200 268 "-" "ArNi-CRM/1.0"
2a03:4000:59:e65:94e2:deff:fe0e:57ac - - [29/Jul/2026:06:30:11 +0200] "GET /wp-json/arni-tracking/v1/stats?from=2026-06-30&to=2026-07-29 HTTP/2.0" 200 317 "-" "ArNi-CRM/1.0"
2a03:4000:59:e65:94e2:deff:fe0e:57ac - - [29/Jul/2026:06:30:12 +0200] "GET /wp-json/arni-tracking/v1/pages?from=2026-06-30&to=2026-07-29&limit=100 HTTP/2.0" 200 18262 "-" "ArNi-CRM/1.0"
2a03:4000:59:e65:94e2:deff:fe0e:57ac - - [29/Jul/2026:06:30:12 +0200] "GET /wp-json/arni-tracking/v1/referrers?from=2026-06-30&to=2026-07-29&limit=100 HTTP/2.0" 200 908 "-" "ArNi-CRM/1.0"
2a03:4000:59:e65:94e2:deff:fe0e:57ac - - [29/Jul/2026:06:30:12 +0200] "GET /wp-json/arni-tracking/v1/campaigns?from=2026-06-30&to=2026-07-29&limit=100 HTTP/2.0" 200 78 "-" "ArNi-CRM/1.0"
2a03:4000:59:e65:94e2:deff:fe0e:57ac - - [29/Jul/2026:06:30:12 +0200] "GET /wp-json/arni-tracking/v1/conversions?from=2026-06-30&to=2026-07-29&limit=1000&page=1 HTTP/2.0" 200 45389 "-" "ArNi-CRM/1.0"
2a03:4000:59:e65:94e2:deff:fe0e:57ac - - [29/Jul/2026:06:30:12 +0200] "GET /wp-json/arni-tracking/v1/sessions?from=2026-06-30&to=2026-07-29&limit=500&page=1 HTTP/2.0" 200 178965 "-" "ArNi-CRM/1.0"
62.138.3.40 - - [29/Jul/2026:06:30:45 +0200] "GET /wp-content/uploads/2026/06/31041508_640.jpg HTTP/2.0" 200 131496 "https://www.taschenmuschi-kaufen.de/live-cam/rozyreed-cam-19163317/" "Mozilla/5.0 (Macintosh; Intel Mac OS X 10.15; rv:103.0) Gecko/20100101 Firefox/103.0"
43.128.149.102 - - [29/Jul/2026:06:32:31 +0200] "GET /live-cam/katystefany-cam-14956604/embed/ HTTP/2.0" 200 6952 "-" "Mozilla/5.0 (iPhone; CPU iPhone OS 13_2_3 like Mac OS X) AppleWebKit/605.1.15 (KHTML, like Gecko) Version/13.0.3 Mobile/15E148 Safari/604.1"
52.7.225.39 - - [29/Jul/2026:06:32:35 +0200] "GET /wp-content/uploads/2026/05/31044568_1280-7-1024x768.jpg HTTP/2.0" 200 84399 "-" "Mozilla/5.0 AppleWebKit/537.36 (KHTML, like Gecko; compatible; Amzn-SearchBot/0.1) Chrome/119.0.6045.214 Safari/537.36"
216.73.217.172 - - [29/Jul/2026:06:32:42 +0200] "GET /?p=214880 HTTP/2.0" 301 0 "-" "Mozilla/5.0 AppleWebKit/537.36 (KHTML, like Gecko; compatible; Claude-SearchBot/1.0; +searchbot@anthropic.com)"
98.94.188.12 - - [29/Jul/2026:06:32:44 +0200] "GET /wp-content/uploads/2026/06/13324042_1280-1024x768.jpg HTTP/2.0" 200 96578 "-" "Mozilla/5.0 AppleWebKit/537.36 (KHTML, like Gecko; compatible; Amzn-SearchBot/0.1) Chrome/119.0.6045.214 Safari/537.36"
216.73.217.172 - - [29/Jul/2026:06:32:48 +0200] "GET /live-cam/darkfairy-cam-11530343/ HTTP/2.0" 200 24346 "https://www.taschenmuschi-kaufen.de/?p=214880" "Mozilla/5.0 AppleWebKit/537.36 (KHTML, like Gecko; compatible; Claude-SearchBot/1.0; +searchbot@anthropic.com)"
216.73.217.172 - - [29/Jul/2026:06:32:49 +0200] "GET /wp-sitemap.xml HTTP/2.0" 200 1031 "-" "Mozilla/5.0 AppleWebKit/537.36 (KHTML, like Gecko; compatible; Claude-SearchBot/1.0; +searchbot@anthropic.com)"
52.202.182.148 - - [29/Jul/2026:06:32:54 +0200] "GET /wp-content/uploads/2026/05/28490723_1280-27.jpg HTTP/2.0" 200 38347 "-" "Mozilla/5.0 AppleWebKit/537.36 (KHTML, like Gecko; compatible; Amzn-SearchBot/0.1) Chrome/119.0.6045.214 Safari/537.36"
34.226.171.86 - - [29/Jul/2026:06:33:05 +0200] "GET /wp-content/uploads/2026/07/31367626_1280.jpg HTTP/2.0" 200 48639 "-" "Mozilla/5.0 AppleWebKit/537.36 (KHTML, like Gecko; compatible; Amzn-SearchBot/0.1) Chrome/119.0.6045.214 Safari/537.36"
2a03:4000:59:e65:94e2:deff:fe0e:57ac - - [29/Jul/2026:06:33:09 +0200] "GET /wp-json/arni-tracking/v1/stats?from=2026-07-27&to=2026-07-27 HTTP/2.0" 200 307 "-" "ArNi-CRM/1.0"
2a03:4000:59:e65:94e2:deff:fe0e:57ac - - [29/Jul/2026:06:33:09 +0200] "GET /wp-json/arni-tracking/v1/stats?from=2026-07-28&to=2026-07-28 HTTP/2.0" 200 307 "-" "ArNi-CRM/1.0"
2a03:4000:59:e65:94e2:deff:fe0e:57ac - - [29/Jul/2026:06:33:09 +0200] "GET /wp-json/arni-tracking/v1/stats?from=2026-07-29&to=2026-07-29 HTTP/2.0" 200 268 "-" "ArNi-CRM/1.0"
2a03:4000:59:e65:94e2:deff:fe0e:57ac - - [29/Jul/2026:06:33:10 +0200] "GET /wp-json/arni-tracking/v1/stats?from=2026-06-30&to=2026-07-29 HTTP/2.0" 200 317 "-" "ArNi-CRM/1.0"
2a03:4000:59:e65:94e2:deff:fe0e:57ac - - [29/Jul/2026:06:33:10 +0200] "GET /wp-json/arni-tracking/v1/pages?from=2026-06-30&to=2026-07-29&limit=100 HTTP/2.0" 200 18262 "-" "ArNi-CRM/1.0"
2a03:4000:59:e65:94e2:deff:fe0e:57ac - - [29/Jul/2026:06:33:10 +0200] "GET /wp-json/arni-tracking/v1/referrers?from=2026-06-30&to=2026-07-29&limit=100 HTTP/2.0" 200 908 "-" "ArNi-CRM/1.0"
2a03:4000:59:e65:94e2:deff:fe0e:57ac - - [29/Jul/2026:06:33:10 +0200] "GET /wp-json/arni-tracking/v1/campaigns?from=2026-06-30&to=2026-07-29&limit=100 HTTP/2.0" 200 78 "-" "ArNi-CRM/1.0"
2a03:4000:59:e65:94e2:deff:fe0e:57ac - - [29/Jul/2026:06:33:10 +0200] "GET /wp-json/arni-tracking/v1/conversions?from=2026-06-30&to=2026-07-29&limit=1000&page=1 HTTP/2.0" 200 45389 "-" "ArNi-CRM/1.0"
2a03:4000:59:e65:94e2:deff:fe0e:57ac - - [29/Jul/2026:06:33:11 +0200] "GET /wp-json/arni-tracking/v1/sessions?from=2026-06-30&to=2026-07-29&limit=500&page=1 HTTP/2.0" 200 178993 "-" "ArNi-CRM/1.0"
98.94.164.245 - - [29/Jul/2026:06:33:14 +0200] "GET /live-cam/jasminandalyssa-cam-9573595/embed/ HTTP/2.0" 200 6965 "-" "Mozilla/5.0 AppleWebKit/537.36 (KHTML, like Gecko; compatible; Amzn-SearchBot/0.1) Chrome/119.0.6045.214 Safari/537.36"
107.22.145.162 - - [29/Jul/2026:06:33:24 +0200] "GET /wp-json/oembed/1.0/embed?format=xml&url=https://www.taschenmuschi-kaufen.de/live-cam/blondywowx-cam-11462525/ HTTP/2.0" 200 2612 "-" "Mozilla/5.0 AppleWebKit/537.36 (KHTML, like Gecko; compatible; Amzn-SearchBot/0.1) Chrome/119.0.6045.214 Safari/537.36"
98.88.186.79 - - [29/Jul/2026:06:33:35 +0200] "GET /wp-json/oembed/1.0/embed?format=xml&url=https://www.taschenmuschi-kaufen.de/live-cam/hotsexybigcum-cam-12659428/ HTTP/2.0" 200 2630 "-" "Mozilla/5.0 AppleWebKit/537.36 (KHTML, like Gecko; compatible; Amzn-SearchBot/0.1) Chrome/119.0.6045.214 Safari/537.36"
216.73.217.172 - - [29/Jul/2026:06:33:41 +0200] "GET /?p=214296 HTTP/2.0" 301 0 "-" "Mozilla/5.0 AppleWebKit/537.36 (KHTML, like Gecko; compatible; Claude-SearchBot/1.0; +searchbot@anthropic.com)"
216.73.217.172 - - [29/Jul/2026:06:33:46 +0200] "GET /live-cam/annedavis-cam-11467081/ HTTP/2.0" 200 25273 "https://www.taschenmuschi-kaufen.de/?p=214296" "Mozilla/5.0 AppleWebKit/537.36 (KHTML, like Gecko; compatible; Claude-SearchBot/1.0; +searchbot@anthropic.com)"
216.73.217.172 - - [29/Jul/2026:06:33:47 +0200] "GET /?p=214296 HTTP/2.0" 301 0 "-" "Mozilla/5.0 AppleWebKit/537.36 (KHTML, like Gecko; compatible; Claude-SearchBot/1.0; +searchbot@anthropic.com)"
216.73.217.172 - - [29/Jul/2026:06:33:47 +0200] "GET /live-cam/annedavis-cam-11467081/ HTTP/2.0" 200 25273 "https://www.taschenmuschi-kaufen.de/?p=214296" "Mozilla/5.0 AppleWebKit/537.36 (KHTML, like Gecko; compatible; Claude-SearchBot/1.0; +searchbot@anthropic.com)"
216.73.217.172 - - [29/Jul/2026:06:33:48 +0200] "GET /?p=213536 HTTP/2.0" 301 0 "-" "Mozilla/5.0 AppleWebKit/537.36 (KHTML, like Gecko; compatible; Claude-SearchBot/1.0; +searchbot@anthropic.com)"
216.73.217.172 - - [29/Jul/2026:06:33:51 +0200] "GET /live-cam/giaadams-cam-11400392/ HTTP/2.0" 200 25215 "https://www.taschenmuschi-kaufen.de/?p=213536" "Mozilla/5.0 AppleWebKit/537.36 (KHTML, like Gecko; compatible; Claude-SearchBot/1.0; +searchbot@anthropic.com)"
62.138.3.40 - - [29/Jul/2026:06:34:48 +0200] "GET /wp-content/uploads/2026/06/11095126_640-300x300.jpg HTTP/2.0" 200 25902 "https://www.taschenmuschi-kaufen.de/live-cams/paare/" "Mozilla/5.0 (Macintosh; Intel Mac OS X 10.15; rv:103.0) Gecko/20100101 Firefox/103.0"
201.212.251.106 - - [29/Jul/2026:06:35:05 +0200] "GET /cam/out/kerrysanders-cam-19372010 HTTP/2.0" 301 0 "https://www.taschenmuschi-kaufen.de/" "Mozilla/5.0 (Macintosh; Intel Mac OS X 10_15_7) AppleWebKit/537.36 (KHTML, like Gecko) Chrome/133.0.0.0 Safari/537.36"
2a03:4000:59:e65:94e2:deff:fe0e:57ac - - [29/Jul/2026:06:36:09 +0200] "GET /wp-json/arni-tracking/v1/stats?from=2026-07-27&to=2026-07-27 HTTP/2.0" 200 307 "-" "ArNi-CRM/1.0"
2a03:4000:59:e65:94e2:deff:fe0e:57ac - - [29/Jul/2026:06:36:09 +0200] "GET /wp-json/arni-tracking/v1/stats?from=2026-07-28&to=2026-07-28 HTTP/2.0" 200 307 "-" "ArNi-CRM/1.0"
2a03:4000:59:e65:94e2:deff:fe0e:57ac - - [29/Jul/2026:06:36:09 +0200] "GET /wp-json/arni-tracking/v1/stats?from=2026-07-29&to=2026-07-29 HTTP/2.0" 200 268 "-" "ArNi-CRM/1.0"
2a03:4000:59:e65:94e2:deff:fe0e:57ac - - [29/Jul/2026:06:36:10 +0200] "GET /wp-json/arni-tracking/v1/stats?from=2026-06-30&to=2026-07-29 HTTP/2.0" 200 317 "-" "ArNi-CRM/1.0"
2a03:4000:59:e65:94e2:deff:fe0e:57ac - - [29/Jul/2026:06:36:10 +0200] "GET /wp-json/arni-tracking/v1/pages?from=2026-06-30&to=2026-07-29&limit=100 HTTP/2.0" 200 18262 "-" "ArNi-CRM/1.0"
2a03:4000:59:e65:94e2:deff:fe0e:57ac - - [29/Jul/2026:06:36:10 +0200] "GET /wp-json/arni-tracking/v1/referrers?from=2026-06-30&to=2026-07-29&limit=100 HTTP/2.0" 200 908 "-" "ArNi-CRM/1.0"
2a03:4000:59:e65:94e2:deff:fe0e:57ac - - [29/Jul/2026:06:36:10 +0200] "GET /wp-json/arni-tracking/v1/campaigns?from=2026-06-30&to=2026-07-29&limit=100 HTTP/2.0" 200 78 "-" "ArNi-CRM/1.0"
2a03:4000:59:e65:94e2:deff:fe0e:57ac - - [29/Jul/2026:06:36:10 +0200] "GET /wp-json/arni-tracking/v1/conversions?from=2026-06-30&to=2026-07-29&limit=1000&page=1 HTTP/2.0" 200 45389 "-" "ArNi-CRM/1.0"
2a03:4000:59:e65:94e2:deff:fe0e:57ac - - [29/Jul/2026:06:36:10 +0200] "GET /wp-json/arni-tracking/v1/sessions?from=2026-06-30&to=2026-07-29&limit=500&page=1 HTTP/2.0" 200 179007 "-" "ArNi-CRM/1.0"
216.73.217.172 - - [29/Jul/2026:06:36:26 +0200] "GET /?p=214387 HTTP/2.0" 301 0 "-" "Mozilla/5.0 AppleWebKit/537.36 (KHTML, like Gecko; compatible; Claude-SearchBot/1.0; +searchbot@anthropic.com)"
216.73.217.172 - - [29/Jul/2026:06:36:32 +0200] "GET /live-cam/kiraaa-cam-11476282/ HTTP/2.0" 200 23905 "https://www.taschenmuschi-kaufen.de/?p=214387" "Mozilla/5.0 AppleWebKit/537.36 (KHTML, like Gecko; compatible; Claude-SearchBot/1.0; +searchbot@anthropic.com)"
216.73.217.172 - - [29/Jul/2026:06:36:32 +0200] "GET /?p=220885 HTTP/2.0" 301 0 "-" "Mozilla/5.0 AppleWebKit/537.36 (KHTML, like Gecko; compatible; Claude-SearchBot/1.0; +searchbot@anthropic.com)"
216.73.217.172 - - [29/Jul/2026:06:36:35 +0200] "GET /live-cam/allyssecret-cam-18478150/ HTTP/2.0" 200 26201 "https://www.taschenmuschi-kaufen.de/?p=220885" "Mozilla/5.0 AppleWebKit/537.36 (KHTML, like Gecko; compatible; Claude-SearchBot/1.0; +searchbot@anthropic.com)"
62.138.3.40 - - [29/Jul/2026:06:37:07 +0200] "GET /wp-content/uploads/2026/05/31184383_640-7-300x300.jpg HTTP/2.0" 200 20875 "https://www.taschenmuschi-kaufen.de/live-cam/seimeinvoyeur-cam-3304719/" "Mozilla/5.0 (Macintosh; Intel Mac OS X 10.15; rv:103.0) Gecko/20100101 Firefox/103.0"
216.73.217.172 - - [29/Jul/2026:06:37:58 +0200] "GET /?p=214126 HTTP/2.0" 301 0 "-" "Mozilla/5.0 AppleWebKit/537.36 (KHTML, like Gecko; compatible; Claude-SearchBot/1.0; +searchbot@anthropic.com)"
216.73.217.172 - - [29/Jul/2026:06:38:04 +0200] "GET /live-cam/alexacute-cam-11454075/ HTTP/2.0" 200 24478 "https://www.taschenmuschi-kaufen.de/?p=214126" "Mozilla/5.0 AppleWebKit/537.36 (KHTML, like Gecko; compatible; Claude-SearchBot/1.0; +searchbot@anthropic.com)"
216.73.217.172 - - [29/Jul/2026:06:38:42 +0200] "GET /?p=214105 HTTP/2.0" 301 0 "-" "Mozilla/5.0 AppleWebKit/537.36 (KHTML, like Gecko; compatible; Claude-SearchBot/1.0; +searchbot@anthropic.com)"
216.73.217.172 - - [29/Jul/2026:06:38:47 +0200] "GET /live-cam/susax32-cam-11451124/ HTTP/2.0" 200 24940 "https://www.taschenmuschi-kaufen.de/?p=214105" "Mozilla/5.0 AppleWebKit/537.36 (KHTML, like Gecko; compatible; Claude-SearchBot/1.0; +searchbot@anthropic.com)"
2a03:4000:59:e65:94e2:deff:fe0e:57ac - - [29/Jul/2026:06:39:09 +0200] "GET /wp-json/arni-tracking/v1/stats?from=2026-07-27&to=2026-07-27 HTTP/2.0" 200 307 "-" "ArNi-CRM/1.0"
2a03:4000:59:e65:94e2:deff:fe0e:57ac - - [29/Jul/2026:06:39:09 +0200] "GET /wp-json/arni-tracking/v1/stats?from=2026-07-28&to=2026-07-28 HTTP/2.0" 200 307 "-" "ArNi-CRM/1.0"
2a03:4000:59:e65:94e2:deff:fe0e:57ac - - [29/Jul/2026:06:39:09 +0200] "GET /wp-json/arni-tracking/v1/stats?from=2026-07-29&to=2026-07-29 HTTP/2.0" 200 268 "-" "ArNi-CRM/1.0"
2a03:4000:59:e65:94e2:deff:fe0e:57ac - - [29/Jul/2026:06:39:10 +0200] "GET /wp-json/arni-tracking/v1/stats?from=2026-06-30&to=2026-07-29 HTTP/2.0" 200 317 "-" "ArNi-CRM/1.0"
2a03:4000:59:e65:94e2:deff:fe0e:57ac - - [29/Jul/2026:06:39:10 +0200] "GET /wp-json/arni-tracking/v1/pages?from=2026-06-30&to=2026-07-29&limit=100 HTTP/2.0" 200 18262 "-" "ArNi-CRM/1.0"
2a03:4000:59:e65:94e2:deff:fe0e:57ac - - [29/Jul/2026:06:39:10 +0200] "GET /wp-json/arni-tracking/v1/referrers?from=2026-06-30&to=2026-07-29&limit=100 HTTP/2.0" 200 908 "-" "ArNi-CRM/1.0"
2a03:4000:59:e65:94e2:deff:fe0e:57ac - - [29/Jul/2026:06:39:10 +0200] "GET /wp-json/arni-tracking/v1/campaigns?from=2026-06-30&to=2026-07-29&limit=100 HTTP/2.0" 200 78 "-" "ArNi-CRM/1.0"
2a03:4000:59:e65:94e2:deff:fe0e:57ac - - [29/Jul/2026:06:39:10 +0200] "GET /wp-json/arni-tracking/v1/conversions?from=2026-06-30&to=2026-07-29&limit=1000&page=1 HTTP/2.0" 200 45389 "-" "ArNi-CRM/1.0"
2a03:4000:59:e65:94e2:deff:fe0e:57ac - - [29/Jul/2026:06:39:11 +0200] "GET /wp-json/arni-tracking/v1/sessions?from=2026-06-30&to=2026-07-29&limit=500&page=1 HTTP/2.0" 200 179007 "-" "ArNi-CRM/1.0"
216.73.217.172 - - [29/Jul/2026:06:40:12 +0200] "GET /live-cam/mtf-postop-cam-11452808/ HTTP/2.0" 200 24036 "-" "Mozilla/5.0 AppleWebKit/537.36 (KHTML, like Gecko; compatible; Claude-SearchBot/1.0; +searchbot@anthropic.com)"
216.73.217.172 - - [29/Jul/2026:06:41:02 +0200] "GET /cam/out/kiraaa-cam-11476282 HTTP/2.0" 301 0 "-" "Mozilla/5.0 AppleWebKit/537.36 (KHTML, like Gecko; compatible; Claude-SearchBot/1.0; +searchbot@anthropic.com)"
43.157.175.122 - - [29/Jul/2026:06:41:35 +0200] "GET /live-cam/milliawild-cam-10974202/embed/ HTTP/2.0" 200 6952 "-" "Mozilla/5.0 (iPhone; CPU iPhone OS 13_2_3 like Mac OS X) AppleWebKit/605.1.15 (KHTML, like Gecko) Version/13.0.3 Mobile/15E148 Safari/604.1"
47.79.13.7 - - [29/Jul/2026:06:41:36 +0200] "GET /cam/out/mollybigboobs-cam-19290465 HTTP/2.0" 301 0 "https://www.taschenmuschi-kaufen.de/" "Mozilla/5.0 (Macintosh; Intel Mac OS X 10_15_7) AppleWebKit/537.36 (KHTML, like Gecko) Chrome/135.0.0.0 Safari/537.36"
62.138.6.15 - - [29/Jul/2026:06:41:54 +0200] "GET /wp-content/uploads/2026/05/10887042_1280-150x150.jpg HTTP/2.0" 200 4069 "https://www.taschenmuschi-kaufen.de/live-cam/sensualmary-cam-9536711/" "Mozilla/5.0 (Macintosh; Intel Mac OS X 10.15; rv:103.0) Gecko/20100101 Firefox/103.0"
2a03:4000:59:e65:94e2:deff:fe0e:57ac - - [29/Jul/2026:06:42:10 +0200] "GET /wp-json/arni-tracking/v1/stats?from=2026-07-27&to=2026-07-27 HTTP/2.0" 200 307 "-" "ArNi-CRM/1.0"
2a03:4000:59:e65:94e2:deff:fe0e:57ac - - [29/Jul/2026:06:42:10 +0200] "GET /wp-json/arni-tracking/v1/stats?from=2026-07-28&to=2026-07-28 HTTP/2.0" 200 307 "-" "ArNi-CRM/1.0"
2a03:4000:59:e65:94e2:deff:fe0e:57ac - - [29/Jul/2026:06:42:10 +0200] "GET /wp-json/arni-tracking/v1/stats?from=2026-07-29&to=2026-07-29 HTTP/2.0" 200 268 "-" "ArNi-CRM/1.0"
2a03:4000:59:e65:94e2:deff:fe0e:57ac - - [29/Jul/2026:06:42:10 +0200] "GET /wp-json/arni-tracking/v1/stats?from=2026-06-30&to=2026-07-29 HTTP/2.0" 200 317 "-" "ArNi-CRM/1.0"
2a03:4000:59:e65:94e2:deff:fe0e:57ac - - [29/Jul/2026:06:42:11 +0200] "GET /wp-json/arni-tracking/v1/pages?from=2026-06-30&to=2026-07-29&limit=100 HTTP/2.0" 200 18262 "-" "ArNi-CRM/1.0"
2a03:4000:59:e65:94e2:deff:fe0e:57ac - - [29/Jul/2026:06:42:11 +0200] "GET /wp-json/arni-tracking/v1/referrers?from=2026-06-30&to=2026-07-29&limit=100 HTTP/2.0" 200 908 "-" "ArNi-CRM/1.0"
2a03:4000:59:e65:94e2:deff:fe0e:57ac - - [29/Jul/2026:06:42:11 +0200] "GET /wp-json/arni-tracking/v1/campaigns?from=2026-06-30&to=2026-07-29&limit=100 HTTP/2.0" 200 78 "-" "ArNi-CRM/1.0"
2a03:4000:59:e65:94e2:deff:fe0e:57ac - - [29/Jul/2026:06:42:11 +0200] "GET /wp-json/arni-tracking/v1/conversions?from=2026-06-30&to=2026-07-29&limit=1000&page=1 HTTP/2.0" 200 45389 "-" "ArNi-CRM/1.0"
2a03:4000:59:e65:94e2:deff:fe0e:57ac - - [29/Jul/2026:06:42:11 +0200] "GET /wp-json/arni-tracking/v1/sessions?from=2026-06-30&to=2026-07-29&limit=500&page=1 HTTP/2.0" 200 179019 "-" "ArNi-CRM/1.0"
62.138.3.40 - - [29/Jul/2026:06:43:23 +0200] "GET /wp-content/uploads/2026/05/28964132_1280-150x150.jpg HTTP/2.0" 200 7305 "https://www.taschenmuschi-kaufen.de/live-cam/little-leni-cam-18489199/" "Mozilla/5.0 (Macintosh; Intel Mac OS X 10.15; rv:103.0) Gecko/20100101 Firefox/103.0"
216.73.217.172 - - [29/Jul/2026:06:43:29 +0200] "GET /cam/out/susax32-cam-11451124 HTTP/2.0" 301 0 "-" "Mozilla/5.0 AppleWebKit/537.36 (KHTML, like Gecko; compatible; Claude-SearchBot/1.0; +searchbot@anthropic.com)"
2a03:4000:59:e65:94e2:deff:fe0e:57ac - - [29/Jul/2026:06:45:09 +0200] "GET /wp-json/arni-tracking/v1/stats?from=2026-07-27&to=2026-07-27 HTTP/2.0" 200 307 "-" "ArNi-CRM/1.0"
2a03:4000:59:e65:94e2:deff:fe0e:57ac - - [29/Jul/2026:06:45:09 +0200] "GET /wp-json/arni-tracking/v1/stats?from=2026-07-28&to=2026-07-28 HTTP/2.0" 200 307 "-" "ArNi-CRM/1.0"
2a03:4000:59:e65:94e2:deff:fe0e:57ac - - [29/Jul/2026:06:45:09 +0200] "GET /wp-json/arni-tracking/v1/stats?from=2026-07-29&to=2026-07-29 HTTP/2.0" 200 268 "-" "ArNi-CRM/1.0"
2a03:4000:59:e65:94e2:deff:fe0e:57ac - - [29/Jul/2026:06:45:10 +0200] "GET /wp-json/arni-tracking/v1/stats?from=2026-06-30&to=2026-07-29 HTTP/2.0" 200 317 "-" "ArNi-CRM/1.0"
2a03:4000:59:e65:94e2:deff:fe0e:57ac - - [29/Jul/2026:06:45:10 +0200] "GET /wp-json/arni-tracking/v1/pages?from=2026-06-30&to=2026-07-29&limit=100 HTTP/2.0" 200 18262 "-" "ArNi-CRM/1.0"
2a03:4000:59:e65:94e2:deff:fe0e:57ac - - [29/Jul/2026:06:45:11 +0200] "GET /wp-json/arni-tracking/v1/referrers?from=2026-06-30&to=2026-07-29&limit=100 HTTP/2.0" 200 908 "-" "ArNi-CRM/1.0"
2a03:4000:59:e65:94e2:deff:fe0e:57ac - - [29/Jul/2026:06:45:11 +0200] "GET /wp-json/arni-tracking/v1/campaigns?from=2026-06-30&to=2026-07-29&limit=100 HTTP/2.0" 200 78 "-" "ArNi-CRM/1.0"
2a03:4000:59:e65:94e2:deff:fe0e:57ac - - [29/Jul/2026:06:45:11 +0200] "GET /wp-json/arni-tracking/v1/conversions?from=2026-06-30&to=2026-07-29&limit=1000&page=1 HTTP/2.0" 200 45389 "-" "ArNi-CRM/1.0"
2a03:4000:59:e65:94e2:deff:fe0e:57ac - - [29/Jul/2026:06:45:11 +0200] "GET /wp-json/arni-tracking/v1/sessions?from=2026-06-30&to=2026-07-29&limit=500&page=1 HTTP/2.0" 200 179019 "-" "ArNi-CRM/1.0"
216.73.217.172 - - [29/Jul/2026:06:45:22 +0200] "GET /cam/out/darkfairy-cam-11530343 HTTP/2.0" 301 0 "-" "Mozilla/5.0 AppleWebKit/537.36 (KHTML, like Gecko; compatible; Claude-SearchBot/1.0; +searchbot@anthropic.com)"
52.167.144.199 - - [29/Jul/2026:06:45:38 +0200] "GET /live-cam/likepurplesnow-cam-11082639/ HTTP/2.0" 200 25365 "-" "Mozilla/5.0 AppleWebKit/537.36 (KHTML, like Gecko; compatible; bingbot/2.0; +http://www.bing.com/bingbot.htm) Chrome/116.0.1938.76 Safari/537.36"
40.77.167.55 - - [29/Jul/2026:06:45:39 +0200] "GET /live-cam/deyanstarmodel-cam-11418006/ HTTP/2.0" 200 25813 "-" "Mozilla/5.0 AppleWebKit/537.36 (KHTML, like Gecko; compatible; bingbot/2.0; +http://www.bing.com/bingbot.htm) Chrome/116.0.1938.76 Safari/537.36"
40.77.167.55 - - [29/Jul/2026:06:45:40 +0200] "GET /live-cam/taintedlove-cam-3940827/ HTTP/2.0" 200 25622 "-" "Mozilla/5.0 AppleWebKit/537.36 (KHTML, like Gecko; compatible; bingbot/2.0; +http://www.bing.com/bingbot.htm) Chrome/116.0.1938.76 Safari/537.36"
40.77.167.55 - - [29/Jul/2026:06:45:43 +0200] "GET /live-cam/dianeoconnor-cam-11478635/ HTTP/2.0" 200 25822 "-" "Mozilla/5.0 AppleWebKit/537.36 (KHTML, like Gecko; compatible; bingbot/2.0; +http://www.bing.com/bingbot.htm) Chrome/116.0.1938.76 Safari/537.36"
52.167.144.199 - - [29/Jul/2026:06:45:45 +0200] "GET /live-cam/jessevixen-cam-11481914/ HTTP/2.0" 200 25422 "-" "Mozilla/5.0 AppleWebKit/537.36 (KHTML, like Gecko; compatible; bingbot/2.0; +http://www.bing.com/bingbot.htm) Chrome/116.0.1938.76 Safari/537.36"
40.77.167.22 - - [29/Jul/2026:06:45:45 +0200] "GET /live-cam/aliska-cam-9429195/ HTTP/2.0" 200 26132 "-" "Mozilla/5.0 AppleWebKit/537.36 (KHTML, like Gecko; compatible; bingbot/2.0; +http://www.bing.com/bingbot.htm) Chrome/116.0.1938.76 Safari/537.36"
40.77.167.22 - - [29/Jul/2026:06:45:48 +0200] "GET /live-cam/kandylust-cam-10925465/ HTTP/2.0" 200 27751 "-" "Mozilla/5.0 AppleWebKit/537.36 (KHTML, like Gecko; compatible; bingbot/2.0; +http://www.bing.com/bingbot.htm) Chrome/116.0.1938.76 Safari/537.36"
40.77.167.22 - - [29/Jul/2026:06:45:52 +0200] "GET /live-cam/lenataylor-cam-11524913/ HTTP/2.0" 200 25466 "-" "Mozilla/5.0 AppleWebKit/537.36 (KHTML, like Gecko; compatible; bingbot/2.0; +http://www.bing.com/bingbot.htm) Chrome/116.0.1938.76 Safari/537.36"
216.73.217.172 - - [29/Jul/2026:06:47:01 +0200] "GET /cam/out/sunshine25-cam-9876982 HTTP/2.0" 301 0 "-" "Mozilla/5.0 AppleWebKit/537.36 (KHTML, like Gecko; compatible; Claude-SearchBot/1.0; +searchbot@anthropic.com)"
216.73.217.172 - - [29/Jul/2026:06:47:59 +0200] "GET /live-cam/ryleighrose-cam-10984729/ HTTP/2.0" 200 25575 "-" "Mozilla/5.0 AppleWebKit/537.36 (KHTML, like Gecko; compatible; Claude-SearchBot/1.0; +searchbot@anthropic.com)"
2a03:4000:59:e65:94e2:deff:fe0e:57ac - - [29/Jul/2026:06:48:09 +0200] "GET /wp-json/arni-tracking/v1/stats?from=2026-07-27&to=2026-07-27 HTTP/2.0" 200 307 "-" "ArNi-CRM/1.0"
2a03:4000:59:e65:94e2:deff:fe0e:57ac - - [29/Jul/2026:06:48:09 +0200] "GET /wp-json/arni-tracking/v1/stats?from=2026-07-28&to=2026-07-28 HTTP/2.0" 200 307 "-" "ArNi-CRM/1.0"
2a03:4000:59:e65:94e2:deff:fe0e:57ac - - [29/Jul/2026:06:48:10 +0200] "GET /wp-json/arni-tracking/v1/stats?from=2026-07-29&to=2026-07-29 HTTP/2.0" 200 268 "-" "ArNi-CRM/1.0"
2a03:4000:59:e65:94e2:deff:fe0e:57ac - - [29/Jul/2026:06:48:10 +0200] "GET /wp-json/arni-tracking/v1/stats?from=2026-06-30&to=2026-07-29 HTTP/2.0" 200 317 "-" "ArNi-CRM/1.0"
2a03:4000:59:e65:94e2:deff:fe0e:57ac - - [29/Jul/2026:06:48:10 +0200] "GET /wp-json/arni-tracking/v1/pages?from=2026-06-30&to=2026-07-29&limit=100 HTTP/2.0" 200 18262 "-" "ArNi-CRM/1.0"
2a03:4000:59:e65:94e2:deff:fe0e:57ac - - [29/Jul/2026:06:48:11 +0200] "GET /wp-json/arni-tracking/v1/referrers?from=2026-06-30&to=2026-07-29&limit=100 HTTP/2.0" 200 908 "-" "ArNi-CRM/1.0"
2a03:4000:59:e65:94e2:deff:fe0e:57ac - - [29/Jul/2026:06:48:11 +0200] "GET /wp-json/arni-tracking/v1/campaigns?from=2026-06-30&to=2026-07-29&limit=100 HTTP/2.0" 200 78 "-" "ArNi-CRM/1.0"
2a03:4000:59:e65:94e2:deff:fe0e:57ac - - [29/Jul/2026:06:48:11 +0200] "GET /wp-json/arni-tracking/v1/conversions?from=2026-06-30&to=2026-07-29&limit=1000&page=1 HTTP/2.0" 200 45389 "-" "ArNi-CRM/1.0"
2a03:4000:59:e65:94e2:deff:fe0e:57ac - - [29/Jul/2026:06:48:11 +0200] "GET /wp-json/arni-tracking/v1/sessions?from=2026-06-30&to=2026-07-29&limit=500&page=1 HTTP/2.0" 200 179019 "-" "ArNi-CRM/1.0"
216.73.217.172 - - [29/Jul/2026:06:49:35 +0200] "GET /cam/out/alexacute-cam-11454075 HTTP/2.0" 301 0 "-" "Mozilla/5.0 AppleWebKit/537.36 (KHTML, like Gecko; compatible; Claude-SearchBot/1.0; +searchbot@anthropic.com)"
52.167.144.232 - - [29/Jul/2026:06:49:38 +0200] "GET /live-cam/kattyxlovely-cam-19113410/ HTTP/2.0" 200 25952 "-" "Mozilla/5.0 AppleWebKit/537.36 (KHTML, like Gecko; compatible; bingbot/2.0; +http://www.bing.com/bingbot.htm) Chrome/116.0.1938.76 Safari/537.36"
40.77.167.22 - - [29/Jul/2026:06:49:38 +0200] "GET /wp-content/uploads/2026/05/japanese-real-oppai-rara-anzai-768x982.jpg HTTP/2.0" 200 128779 "-" "Mozilla/5.0 AppleWebKit/537.36 (KHTML, like Gecko; compatible; bingbot/2.0; +http://www.bing.com/bingbot.htm) Chrome/116.0.1938.76 Safari/537.36"
40.77.167.14 - - [29/Jul/2026:06:49:40 +0200] "GET /produkt/masturbatoren/omocha-dreams-spider-meiki-one/ HTTP/2.0" 200 25455 "-" "Mozilla/5.0 AppleWebKit/537.36 (KHTML, like Gecko; compatible; bingbot/2.0; +http://www.bing.com/bingbot.htm) Chrome/116.0.1938.76 Safari/537.36"
40.77.167.22 - - [29/Jul/2026:06:49:44 +0200] "GET /live-cam/pia-praesenz-cam-11496951/ HTTP/2.0" 200 26167 "-" "Mozilla/5.0 AppleWebKit/537.36 (KHTML, like Gecko; compatible; bingbot/2.0; +http://www.bing.com/bingbot.htm) Chrome/116.0.1938.76 Safari/537.36"
40.77.167.22 - - [29/Jul/2026:06:49:48 +0200] "GET /produkt/onaholes/yuira-premium-hole-ex-airi-natsume/ HTTP/2.0" 200 25564 "-" "Mozilla/5.0 AppleWebKit/537.36 (KHTML, like Gecko; compatible; bingbot/2.0; +http://www.bing.com/bingbot.htm) Chrome/116.0.1938.76 Safari/537.36"
52.167.144.232 - - [29/Jul/2026:06:49:48 +0200] "GET /live-cam/diva-lilly-cam-11113619/ HTTP/2.0" 200 25633 "-" "Mozilla/5.0 AppleWebKit/537.36 (KHTML, like Gecko; compatible; bingbot/2.0; +http://www.bing.com/bingbot.htm) Chrome/116.0.1938.76 Safari/537.36"
2a03:4000:59:e65:94e2:deff:fe0e:57ac - - [29/Jul/2026:06:51:09 +0200] "GET /wp-json/arni-tracking/v1/stats?from=2026-07-27&to=2026-07-27 HTTP/2.0" 200 307 "-" "ArNi-CRM/1.0"
2a03:4000:59:e65:94e2:deff:fe0e:57ac - - [29/Jul/2026:06:51:09 +0200] "GET /wp-json/arni-tracking/v1/stats?from=2026-07-28&to=2026-07-28 HTTP/2.0" 200 307 "-" "ArNi-CRM/1.0"
2a03:4000:59:e65:94e2:deff:fe0e:57ac - - [29/Jul/2026:06:51:09 +0200] "GET /wp-json/arni-tracking/v1/stats?from=2026-07-29&to=2026-07-29 HTTP/2.0" 200 268 "-" "ArNi-CRM/1.0"
2a03:4000:59:e65:94e2:deff:fe0e:57ac - - [29/Jul/2026:06:51:09 +0200] "GET /wp-json/arni-tracking/v1/stats?from=2026-06-30&to=2026-07-29 HTTP/2.0" 200 317 "-" "ArNi-CRM/1.0"
2a03:4000:59:e65:94e2:deff:fe0e:57ac - - [29/Jul/2026:06:51:10 +0200] "GET /wp-json/arni-tracking/v1/pages?from=2026-06-30&to=2026-07-29&limit=100 HTTP/2.0" 200 18262 "-" "ArNi-CRM/1.0"
2a03:4000:59:e65:94e2:deff:fe0e:57ac - - [29/Jul/2026:06:51:10 +0200] "GET /wp-json/arni-tracking/v1/referrers?from=2026-06-30&to=2026-07-29&limit=100 HTTP/2.0" 200 908 "-" "ArNi-CRM/1.0"
2a03:4000:59:e65:94e2:deff:fe0e:57ac - - [29/Jul/2026:06:51:10 +0200] "GET /wp-json/arni-tracking/v1/campaigns?from=2026-06-30&to=2026-07-29&limit=100 HTTP/2.0" 200 78 "-" "ArNi-CRM/1.0"
2a03:4000:59:e65:94e2:deff:fe0e:57ac - - [29/Jul/2026:06:51:10 +0200] "GET /wp-json/arni-tracking/v1/conversions?from=2026-06-30&to=2026-07-29&limit=1000&page=1 HTTP/2.0" 200 45389 "-" "ArNi-CRM/1.0"
2a03:4000:59:e65:94e2:deff:fe0e:57ac - - [29/Jul/2026:06:51:10 +0200] "GET /wp-json/arni-tracking/v1/sessions?from=2026-06-30&to=2026-07-29&limit=500&page=1 HTTP/2.0" 200 179019 "-" "ArNi-CRM/1.0"
216.73.217.172 - - [29/Jul/2026:06:51:13 +0200] "GET /cam/out/kimberlycarter-cam-11482912 HTTP/2.0" 301 0 "-" "Mozilla/5.0 AppleWebKit/537.36 (KHTML, like Gecko; compatible; Claude-SearchBot/1.0; +searchbot@anthropic.com)"
43.155.26.193 - - [29/Jul/2026:06:51:47 +0200] "GET / HTTP/1.1" 301 169 "-" "Mozilla/5.0 (iPhone; CPU iPhone OS 13_2_3 like Mac OS X) AppleWebKit/605.1.15 (KHTML, like Gecko) Version/13.0.3 Mobile/15E148 Safari/604.1"
216.73.217.172 - - [29/Jul/2026:06:51:47 +0200] "GET /live-cam/nikimidnight-cam-11342205/ HTTP/2.0" 200 25271 "-" "Mozilla/5.0 AppleWebKit/537.36 (KHTML, like Gecko; compatible; Claude-SearchBot/1.0; +searchbot@anthropic.com)"
43.155.26.193 - - [29/Jul/2026:06:51:55 +0200] "GET / HTTP/2.0" 200 23789 "http://www.taschenmuschi-kaufen.de" "Mozilla/5.0 (iPhone; CPU iPhone OS 13_2_3 like Mac OS X) AppleWebKit/605.1.15 (KHTML, like Gecko) Version/13.0.3 Mobile/15E148 Safari/604.1"
43.130.111.40 - - [29/Jul/2026:06:52:20 +0200] "GET /wp-json/oembed/1.0/embed?url=https%3A%2F%2Fwww.taschenmuschi-kaufen.de%2Flive-cam%2Flisadivine-cam-11342252%2F&format=xml HTTP/2.0" 200 2612 "-" "Mozilla/5.0 (iPhone; CPU iPhone OS 13_2_3 like Mac OS X) AppleWebKit/605.1.15 (KHTML, like Gecko) Version/13.0.3 Mobile/15E148 Safari/604.1"
52.167.144.232 - - [29/Jul/2026:06:52:59 +0200] "GET /live-cam/vivien-molinas-cam-9325789/ HTTP/2.0" 200 25821 "-" "Mozilla/5.0 AppleWebKit/537.36 (KHTML, like Gecko; compatible; bingbot/2.0; +http://www.bing.com/bingbot.htm) Chrome/116.0.1938.76 Safari/537.36"
52.167.144.232 - - [29/Jul/2026:06:53:24 +0200] "GET /cam/out/keisyy-cam-19354870 HTTP/2.0" 301 0 "-" "Mozilla/5.0 AppleWebKit/537.36 (KHTML, like Gecko; compatible; bingbot/2.0; +http://www.bing.com/bingbot.htm) Chrome/116.0.1938.76 Safari/537.36"
216.73.217.172 - - [29/Jul/2026:06:53:42 +0200] "GET /cam/out/penelopelopez-cam-11346842 HTTP/2.0" 301 0 "-" "Mozilla/5.0 AppleWebKit/537.36 (KHTML, like Gecko; compatible; Claude-SearchBot/1.0; +searchbot@anthropic.com)"
2a03:4000:59:e65:94e2:deff:fe0e:57ac - - [29/Jul/2026:06:54:10 +0200] "GET /wp-json/arni-tracking/v1/stats?from=2026-07-27&to=2026-07-27 HTTP/2.0" 200 307 "-" "ArNi-CRM/1.0"
2a03:4000:59:e65:94e2:deff:fe0e:57ac - - [29/Jul/2026:06:54:10 +0200] "GET /wp-json/arni-tracking/v1/stats?from=2026-07-28&to=2026-07-28 HTTP/2.0" 200 307 "-" "ArNi-CRM/1.0"
2a03:4000:59:e65:94e2:deff:fe0e:57ac - - [29/Jul/2026:06:54:11 +0200] "GET /wp-json/arni-tracking/v1/stats?from=2026-07-29&to=2026-07-29 HTTP/2.0" 200 268 "-" "ArNi-CRM/1.0"
2a03:4000:59:e65:94e2:deff:fe0e:57ac - - [29/Jul/2026:06:54:11 +0200] "GET /wp-json/arni-tracking/v1/stats?from=2026-06-30&to=2026-07-29 HTTP/2.0" 200 317 "-" "ArNi-CRM/1.0"
2a03:4000:59:e65:94e2:deff:fe0e:57ac - - [29/Jul/2026:06:54:12 +0200] "GET /wp-json/arni-tracking/v1/pages?from=2026-06-30&to=2026-07-29&limit=100 HTTP/2.0" 200 18262 "-" "ArNi-CRM/1.0"
2a03:4000:59:e65:94e2:deff:fe0e:57ac - - [29/Jul/2026:06:54:12 +0200] "GET /wp-json/arni-tracking/v1/referrers?from=2026-06-30&to=2026-07-29&limit=100 HTTP/2.0" 200 908 "-" "ArNi-CRM/1.0"
2a03:4000:59:e65:94e2:deff:fe0e:57ac - - [29/Jul/2026:06:54:12 +0200] "GET /wp-json/arni-tracking/v1/campaigns?from=2026-06-30&to=2026-07-29&limit=100 HTTP/2.0" 200 78 "-" "ArNi-CRM/1.0"
2a03:4000:59:e65:94e2:deff:fe0e:57ac - - [29/Jul/2026:06:54:12 +0200] "GET /wp-json/arni-tracking/v1/conversions?from=2026-06-30&to=2026-07-29&limit=1000&page=1 HTTP/2.0" 200 45389 "-" "ArNi-CRM/1.0"
2a03:4000:59:e65:94e2:deff:fe0e:57ac - - [29/Jul/2026:06:54:12 +0200] "GET /wp-json/arni-tracking/v1/sessions?from=2026-06-30&to=2026-07-29&limit=500&page=1 HTTP/2.0" 200 178904 "-" "ArNi-CRM/1.0"
52.167.144.232 - - [29/Jul/2026:06:54:13 +0200] "GET /live-cam/goddessalma-cam-11092822/ HTTP/2.0" 200 26076 "-" "Mozilla/5.0 AppleWebKit/537.36 (KHTML, like Gecko; compatible; bingbot/2.0; +http://www.bing.com/bingbot.htm) Chrome/116.0.1938.76 Safari/537.36"
40.77.167.14 - - [29/Jul/2026:06:54:16 +0200] "GET /live-cam/amytyler-cam-11085890/ HTTP/2.0" 200 25740 "-" "Mozilla/5.0 AppleWebKit/537.36 (KHTML, like Gecko; compatible; bingbot/2.0; +http://www.bing.com/bingbot.htm) Chrome/116.0.1938.76 Safari/537.36"
216.73.217.172 - - [29/Jul/2026:06:55:06 +0200] "GET /cam/out/annedavis-cam-11467081 HTTP/2.0" 301 0 "-" "Mozilla/5.0 AppleWebKit/537.36 (KHTML, like Gecko; compatible; Claude-SearchBot/1.0; +searchbot@anthropic.com)"
52.167.144.232 - - [29/Jul/2026:06:56:25 +0200] "GET /cam/out/bbw-nora-cam-11448052 HTTP/2.0" 301 0 "-" "Mozilla/5.0 AppleWebKit/537.36 (KHTML, like Gecko; compatible; bingbot/2.0; +http://www.bing.com/bingbot.htm) Chrome/116.0.1938.76 Safari/537.36"
216.73.217.172 - - [29/Jul/2026:06:56:27 +0200] "GET /cam/out/giaadams-cam-11400392 HTTP/2.0" 301 0 "-" "Mozilla/5.0 AppleWebKit/537.36 (KHTML, like Gecko; compatible; Claude-SearchBot/1.0; +searchbot@anthropic.com)"
62.138.3.40 - - [29/Jul/2026:06:56:55 +0200] "GET /wp-content/uploads/2026/05/15437953_640-300x300.jpg HTTP/2.0" 200 16167 "https://www.taschenmuschi-kaufen.de/live-cams/" "Mozilla/5.0 (Macintosh; Intel Mac OS X 10.15; rv:103.0) Gecko/20100101 Firefox/103.0"
52.167.144.174 - - [29/Jul/2026:06:57:05 +0200] "GET /produkte/marken/n-p-g/ HTTP/2.0" 200 22703 "-" "Mozilla/5.0 AppleWebKit/537.36 (KHTML, like Gecko; compatible; bingbot/2.0; +http://www.bing.com/bingbot.htm) Chrome/116.0.1938.76 Safari/537.36"
2a03:4000:59:e65:94e2:deff:fe0e:57ac - - [29/Jul/2026:06:57:09 +0200] "GET /wp-json/arni-tracking/v1/stats?from=2026-07-27&to=2026-07-27 HTTP/2.0" 200 307 "-" "ArNi-CRM/1.0"
2a03:4000:59:e65:94e2:deff:fe0e:57ac - - [29/Jul/2026:06:57:09 +0200] "GET /wp-json/arni-tracking/v1/stats?from=2026-07-28&to=2026-07-28 HTTP/2.0" 200 307 "-" "ArNi-CRM/1.0"
2a03:4000:59:e65:94e2:deff:fe0e:57ac - - [29/Jul/2026:06:57:09 +0200] "GET /wp-json/arni-tracking/v1/stats?from=2026-07-29&to=2026-07-29 HTTP/2.0" 200 268 "-" "ArNi-CRM/1.0"
2a03:4000:59:e65:94e2:deff:fe0e:57ac - - [29/Jul/2026:06:57:10 +0200] "GET /wp-json/arni-tracking/v1/stats?from=2026-06-30&to=2026-07-29 HTTP/2.0" 200 317 "-" "ArNi-CRM/1.0"
2a03:4000:59:e65:94e2:deff:fe0e:57ac - - [29/Jul/2026:06:57:10 +0200] "GET /wp-json/arni-tracking/v1/pages?from=2026-06-30&to=2026-07-29&limit=100 HTTP/2.0" 200 18262 "-" "ArNi-CRM/1.0"
2a03:4000:59:e65:94e2:deff:fe0e:57ac - - [29/Jul/2026:06:57:10 +0200] "GET /wp-json/arni-tracking/v1/referrers?from=2026-06-30&to=2026-07-29&limit=100 HTTP/2.0" 200 908 "-" "ArNi-CRM/1.0"
2a03:4000:59:e65:94e2:deff:fe0e:57ac - - [29/Jul/2026:06:57:10 +0200] "GET /wp-json/arni-tracking/v1/campaigns?from=2026-06-30&to=2026-07-29&limit=100 HTTP/2.0" 200 78 "-" "ArNi-CRM/1.0"
2a03:4000:59:e65:94e2:deff:fe0e:57ac - - [29/Jul/2026:06:57:10 +0200] "GET /wp-json/arni-tracking/v1/conversions?from=2026-06-30&to=2026-07-29&limit=1000&page=1 HTTP/2.0" 200 45389 "-" "ArNi-CRM/1.0"
2a03:4000:59:e65:94e2:deff:fe0e:57ac - - [29/Jul/2026:06:57:11 +0200] "GET /wp-json/arni-tracking/v1/sessions?from=2026-06-30&to=2026-07-29&limit=500&page=1 HTTP/2.0" 200 178904 "-" "ArNi-CRM/1.0"
40.77.167.14 - - [29/Jul/2026:06:57:13 +0200] "GET /live-cam/geileblondstar-cam-7398959/ HTTP/2.0" 200 25608 "-" "Mozilla/5.0 AppleWebKit/537.36 (KHTML, like Gecko; compatible; bingbot/2.0; +http://www.bing.com/bingbot.htm) Chrome/116.0.1938.76 Safari/537.36"
52.167.144.232 - - [29/Jul/2026:06:57:24 +0200] "GET /live-cam/sorellakobia-cam-19381402/ HTTP/2.0" 200 26248 "-" "Mozilla/5.0 AppleWebKit/537.36 (KHTML, like Gecko; compatible; bingbot/2.0; +http://www.bing.com/bingbot.htm) Chrome/116.0.1938.76 Safari/537.36"
52.167.144.174 - - [29/Jul/2026:06:57:30 +0200] "GET /live-cam/missari054-cam-13397604/ HTTP/2.0" 200 26237 "-" "Mozilla/5.0 AppleWebKit/537.36 (KHTML, like Gecko; compatible; bingbot/2.0; +http://www.bing.com/bingbot.htm) Chrome/116.0.1938.76 Safari/537.36"
216.73.217.172 - - [29/Jul/2026:06:58:09 +0200] "GET /cam/out/allyssecret-cam-18478150 HTTP/2.0" 301 0 "-" "Mozilla/5.0 AppleWebKit/537.36 (KHTML, like Gecko; compatible; Claude-SearchBot/1.0; +searchbot@anthropic.com)"
40.77.167.14 - - [29/Jul/2026:06:58:23 +0200] "GET /live-cam/evadavee-cam-12256823/ HTTP/2.0" 200 25746 "-" "Mozilla/5.0 AppleWebKit/537.36 (KHTML, like Gecko; compatible; bingbot/2.0; +http://www.bing.com/bingbot.htm) Chrome/116.0.1938.76 Safari/537.36"
52.167.144.174 - - [29/Jul/2026:06:58:23 +0200] "GET /live-cam/alpix-cam-10855477/ HTTP/2.0" 200 26025 "-" "Mozilla/5.0 AppleWebKit/537.36 (KHTML, like Gecko; compatible; bingbot/2.0; +http://www.bing.com/bingbot.htm) Chrome/116.0.1938.76 Safari/537.36"
40.77.167.14 - - [29/Jul/2026:06:58:25 +0200] "GET /live-cam/slave-manu-cam-10974472/ HTTP/2.0" 200 24753 "-" "Mozilla/5.0 AppleWebKit/537.36 (KHTML, like Gecko; compatible; bingbot/2.0; +http://www.bing.com/bingbot.htm) Chrome/116.0.1938.76 Safari/537.36"
52.167.144.232 - - [29/Jul/2026:06:58:30 +0200] "GET /live-cam/onetsandtwoboys-cam-11572267/ HTTP/2.0" 200 25831 "-" "Mozilla/5.0 AppleWebKit/537.36 (KHTML, like Gecko; compatible; bingbot/2.0; +http://www.bing.com/bingbot.htm) Chrome/116.0.1938.76 Safari/537.36"
52.167.144.174 - - [29/Jul/2026:06:58:34 +0200] "GET /live-cam/popp-sylvie-cam-6032472/ HTTP/2.0" 200 27714 "-" "Mozilla/5.0 AppleWebKit/537.36 (KHTML, like Gecko; compatible; bingbot/2.0; +http://www.bing.com/bingbot.htm) Chrome/116.0.1938.76 Safari/537.36"
216.244.66.234 - - [29/Jul/2026:06:59:17 +0200] "GET /robots.txt HTTP/1.1" 301 169 "-" "Mozilla/5.0 (compatible; DotBot/1.2; +https://opensiteexplorer.org/dotbot; help@moz.com)"
2a03:4000:59:e65:94e2:deff:fe0e:57ac - - [29/Jul/2026:07:00:13 +0200] "GET /wp-json/arni-tracking/v1/stats?from=2026-07-27&to=2026-07-27 HTTP/2.0" 200 307 "-" "ArNi-CRM/1.0"
2a03:4000:59:e65:94e2:deff:fe0e:57ac - - [29/Jul/2026:07:00:13 +0200] "GET /wp-json/arni-tracking/v1/stats?from=2026-07-28&to=2026-07-28 HTTP/2.0" 200 307 "-" "ArNi-CRM/1.0"
2a03:4000:59:e65:94e2:deff:fe0e:57ac - - [29/Jul/2026:07:00:14 +0200] "GET /wp-json/arni-tracking/v1/stats?from=2026-07-29&to=2026-07-29 HTTP/2.0" 200 268 "-" "ArNi-CRM/1.0"
2a03:4000:59:e65:94e2:deff:fe0e:57ac - - [29/Jul/2026:07:00:14 +0200] "GET /wp-json/arni-tracking/v1/stats?from=2026-06-30&to=2026-07-29 HTTP/2.0" 200 317 "-" "ArNi-CRM/1.0"
2a03:4000:59:e65:94e2:deff:fe0e:57ac - - [29/Jul/2026:07:00:15 +0200] "GET /wp-json/arni-tracking/v1/pages?from=2026-06-30&to=2026-07-29&limit=100 HTTP/2.0" 200 18262 "-" "ArNi-CRM/1.0"
2a03:4000:59:e65:94e2:deff:fe0e:57ac - - [29/Jul/2026:07:00:15 +0200] "GET /wp-json/arni-tracking/v1/referrers?from=2026-06-30&to=2026-07-29&limit=100 HTTP/2.0" 200 908 "-" "ArNi-CRM/1.0"
2a03:4000:59:e65:94e2:deff:fe0e:57ac - - [29/Jul/2026:07:00:15 +0200] "GET /wp-json/arni-tracking/v1/campaigns?from=2026-06-30&to=2026-07-29&limit=100 HTTP/2.0" 200 78 "-" "ArNi-CRM/1.0"
2a03:4000:59:e65:94e2:deff:fe0e:57ac - - [29/Jul/2026:07:00:15 +0200] "GET /wp-json/arni-tracking/v1/conversions?from=2026-06-30&to=2026-07-29&limit=1000&page=1 HTTP/2.0" 200 45389 "-" "ArNi-CRM/1.0"
2a03:4000:59:e65:94e2:deff:fe0e:57ac - - [29/Jul/2026:07:00:15 +0200] "GET /wp-json/arni-tracking/v1/sessions?from=2026-06-30&to=2026-07-29&limit=500&page=1 HTTP/2.0" 200 178904 "-" "ArNi-CRM/1.0"
216.73.217.172 - - [29/Jul/2026:07:01:19 +0200] "GET /live-cam/kategogo-cam-11392383/ HTTP/2.0" 200 25770 "-" "Mozilla/5.0 AppleWebKit/537.36 (KHTML, like Gecko; compatible; Claude-SearchBot/1.0; +searchbot@anthropic.com)"
216.244.66.234 - - [29/Jul/2026:07:01:44 +0200] "GET /profile/candy-bitch/ HTTP/1.1" 301 169 "-" "Mozilla/5.0 (compatible; DotBot/1.2; +https://opensiteexplorer.org/dotbot; help@moz.com)"
216.244.66.234 - - [29/Jul/2026:07:01:48 +0200] "GET /profile/ladyayse/ HTTP/1.1" 301 169 "-" "Mozilla/5.0 (compatible; DotBot/1.2; +https://opensiteexplorer.org/dotbot; help@moz.com)"
216.244.66.234 - - [29/Jul/2026:07:02:01 +0200] "GET /profile/hornyelisa/ HTTP/1.1" 301 169 "-" "Mozilla/5.0 (compatible; DotBot/1.2; +https://opensiteexplorer.org/dotbot; help@moz.com)"
49.51.72.76 - - [29/Jul/2026:07:02:27 +0200] "GET /live-cam/sofiarivas-cam-10734513/ HTTP/2.0" 200 25840 "-" "Mozilla/5.0 (iPhone; CPU iPhone OS 13_2_3 like Mac OS X) AppleWebKit/605.1.15 (KHTML, like Gecko) Version/13.0.3 Mobile/15E148 Safari/604.1"
66.9.176.82 - - [29/Jul/2026:07:02:34 +0200] "GET /cam/out/kianyross-cam-11315824 HTTP/2.0" 301 0 "https://www.taschenmuschi-kaufen.de/" "Mozilla/5.0 (Windows NT 10.0; Win64; x64) AppleWebKit/537.36 (KHTML, like Gecko) Chrome/135.0.0.0 Safari/537.36 Edg/135.0.0.0"
216.244.66.234 - - [29/Jul/2026:07:02:35 +0200] "GET /profile/trixietaylor/ HTTP/1.1" 301 169 "-" "Mozilla/5.0 (compatible; DotBot/1.2; +https://opensiteexplorer.org/dotbot; help@moz.com)"
216.73.217.172 - - [29/Jul/2026:07:02:51 +0200] "GET /live-cam/sweetcreamy-cam-19368148/ HTTP/2.0" 499 0 "-" "Mozilla/5.0 AppleWebKit/537.36 (KHTML, like Gecko; compatible; Claude-SearchBot/1.0; +searchbot@anthropic.com)"
2a03:4000:59:e65:94e2:deff:fe0e:57ac - - [29/Jul/2026:07:03:09 +0200] "GET /wp-json/arni-tracking/v1/stats?from=2026-07-27&to=2026-07-27 HTTP/2.0" 200 307 "-" "ArNi-CRM/1.0"
2a03:4000:59:e65:94e2:deff:fe0e:57ac - - [29/Jul/2026:07:03:09 +0200] "GET /wp-json/arni-tracking/v1/stats?from=2026-07-28&to=2026-07-28 HTTP/2.0" 200 307 "-" "ArNi-CRM/1.0"
2a03:4000:59:e65:94e2:deff:fe0e:57ac - - [29/Jul/2026:07:03:09 +0200] "GET /wp-json/arni-tracking/v1/stats?from=2026-07-29&to=2026-07-29 HTTP/2.0" 200 268 "-" "ArNi-CRM/1.0"
2a03:4000:59:e65:94e2:deff:fe0e:57ac - - [29/Jul/2026:07:03:09 +0200] "GET /wp-json/arni-tracking/v1/stats?from=2026-06-30&to=2026-07-29 HTTP/2.0" 200 317 "-" "ArNi-CRM/1.0"
2a03:4000:59:e65:94e2:deff:fe0e:57ac - - [29/Jul/2026:07:03:10 +0200] "GET /wp-json/arni-tracking/v1/pages?from=2026-06-30&to=2026-07-29&limit=100 HTTP/2.0" 200 18262 "-" "ArNi-CRM/1.0"
2a03:4000:59:e65:94e2:deff:fe0e:57ac - - [29/Jul/2026:07:03:10 +0200] "GET /wp-json/arni-tracking/v1/referrers?from=2026-06-30&to=2026-07-29&limit=100 HTTP/2.0" 200 908 "-" "ArNi-CRM/1.0"
2a03:4000:59:e65:94e2:deff:fe0e:57ac - - [29/Jul/2026:07:03:10 +0200] "GET /wp-json/arni-tracking/v1/campaigns?from=2026-06-30&to=2026-07-29&limit=100 HTTP/2.0" 200 78 "-" "ArNi-CRM/1.0"
2a03:4000:59:e65:94e2:deff:fe0e:57ac - - [29/Jul/2026:07:03:10 +0200] "GET /wp-json/arni-tracking/v1/conversions?from=2026-06-30&to=2026-07-29&limit=1000&page=1 HTTP/2.0" 200 45389 "-" "ArNi-CRM/1.0"
2a03:4000:59:e65:94e2:deff:fe0e:57ac - - [29/Jul/2026:07:03:10 +0200] "GET /wp-json/arni-tracking/v1/sessions?from=2026-06-30&to=2026-07-29&limit=500&page=1 HTTP/2.0" 200 178773 "-" "ArNi-CRM/1.0"
216.73.217.172 - - [29/Jul/2026:07:03:13 +0200] "GET /?p=213615 HTTP/2.0" 301 0 "-" "Mozilla/5.0 AppleWebKit/537.36 (KHTML, like Gecko; compatible; Claude-SearchBot/1.0; +searchbot@anthropic.com)"
216.73.217.172 - - [29/Jul/2026:07:03:18 +0200] "GET /live-cam/paulina-ferrer-cam-11396868/ HTTP/2.0" 200 24983 "https://www.taschenmuschi-kaufen.de/?p=213615" "Mozilla/5.0 AppleWebKit/537.36 (KHTML, like Gecko; compatible; Claude-SearchBot/1.0; +searchbot@anthropic.com)"
216.73.217.172 - - [29/Jul/2026:07:03:18 +0200] "GET /?p=213920 HTTP/2.0" 301 0 "-" "Mozilla/5.0 AppleWebKit/537.36 (KHTML, like Gecko; compatible; Claude-SearchBot/1.0; +searchbot@anthropic.com)"
216.73.217.172 - - [29/Jul/2026:07:03:21 +0200] "GET /live-cam/pretty-girly-cam-11436464/ HTTP/2.0" 200 26839 "https://www.taschenmuschi-kaufen.de/?p=213920" "Mozilla/5.0 AppleWebKit/537.36 (KHTML, like Gecko; compatible; Claude-SearchBot/1.0; +searchbot@anthropic.com)"
216.244.66.234 - - [29/Jul/2026:07:03:44 +0200] "GET /profile/mariestandford/ HTTP/1.1" 301 169 "-" "Mozilla/5.0 (compatible; DotBot/1.2; +https://opensiteexplorer.org/dotbot; help@moz.com)"
62.138.2.214 - - [29/Jul/2026:07:03:59 +0200] "GET /wp-content/uploads/2026/05/15389340_640-6-150x150.jpg HTTP/2.0" 200 8377 "https://www.taschenmuschi-kaufen.de/live-cam/ellena-cam-12164982/" "Mozilla/5.0 (Macintosh; Intel Mac OS X 10.15; rv:103.0) Gecko/20100101 Firefox/103.0"
163.223.35.11 - - [29/Jul/2026:07:04:04 +0200] "GET /cam/out/heissevaronne-cam-19322924 HTTP/2.0" 301 0 "https://www.taschenmuschi-kaufen.de/" "Mozilla/5.0 (Windows NT 10.0; Win64; x64) AppleWebKit/537.36 (KHTML, like Gecko) Chrome/135.0.0.0 Safari/537.36"
52.167.144.174 - - [29/Jul/2026:07:04:09 +0200] "GET /live-cam/charlottesouza-cam-10564400/ HTTP/2.0" 200 25866 "-" "Mozilla/5.0 AppleWebKit/537.36 (KHTML, like Gecko; compatible; bingbot/2.0; +http://www.bing.com/bingbot.htm) Chrome/116.0.1938.76 Safari/537.36"
216.73.217.172 - - [29/Jul/2026:07:04:24 +0200] "GET /?p=219895 HTTP/2.0" 301 0 "-" "Mozilla/5.0 AppleWebKit/537.36 (KHTML, like Gecko; compatible; Claude-SearchBot/1.0; +searchbot@anthropic.com)"
216.73.217.172 - - [29/Jul/2026:07:04:27 +0200] "GET /live-cam/busty-elle-cam-19386448/ HTTP/2.0" 200 25635 "https://www.taschenmuschi-kaufen.de/?p=219895" "Mozilla/5.0 AppleWebKit/537.36 (KHTML, like Gecko; compatible; Claude-SearchBot/1.0; +searchbot@anthropic.com)"
216.73.217.172 - - [29/Jul/2026:07:04:28 +0200] "GET /?p=213733 HTTP/2.0" 301 0 "-" "Mozilla/5.0 AppleWebKit/537.36 (KHTML, like Gecko; compatible; Claude-SearchBot/1.0; +searchbot@anthropic.com)"
216.73.217.172 - - [29/Jul/2026:07:04:31 +0200] "GET /live-cam/laro-oral-cam-11408272/ HTTP/2.0" 200 26975 "https://www.taschenmuschi-kaufen.de/?p=213733" "Mozilla/5.0 AppleWebKit/537.36 (KHTML, like Gecko; compatible; Claude-SearchBot/1.0; +searchbot@anthropic.com)"
52.167.144.174 - - [29/Jul/2026:07:04:43 +0200] "GET /live-cam/akellaxx-cam-10516992/ HTTP/2.0" 200 24788 "-" "Mozilla/5.0 AppleWebKit/537.36 (KHTML, like Gecko; compatible; bingbot/2.0; +http://www.bing.com/bingbot.htm) Chrome/116.0.1938.76 Safari/537.36"
62.138.3.52 - - [29/Jul/2026:07:04:51 +0200] "GET /wp-content/uploads/2026/05/F000593_3-150x150.jpg HTTP/2.0" 200 5769 "https://www.taschenmuschi-kaufen.de/produkt/onaholes/foxy-hole-aya-sazanami-onahole-masturbator-japanisches-premium-toy-omocha-dreams/" "Mozilla/5.0 (Macintosh; Intel Mac OS X 10.15; rv:103.0) Gecko/20100101 Firefox/103.0"
216.73.217.172 - - [29/Jul/2026:07:06:08 +0200] "GET /?p=213170 HTTP/2.0" 301 0 "-" "Mozilla/5.0 AppleWebKit/537.36 (KHTML, like Gecko; compatible; Claude-SearchBot/1.0; +searchbot@anthropic.com)"
2a03:4000:59:e65:94e2:deff:fe0e:57ac - - [29/Jul/2026:07:06:08 +0200] "GET /wp-json/arni-tracking/v1/stats?from=2026-07-27&to=2026-07-27 HTTP/2.0" 200 307 "-" "ArNi-CRM/1.0"
2a03:4000:59:e65:94e2:deff:fe0e:57ac - - [29/Jul/2026:07:06:08 +0200] "GET /wp-json/arni-tracking/v1/stats?from=2026-07-28&to=2026-07-28 HTTP/2.0" 200 307 "-" "ArNi-CRM/1.0"
2a03:4000:59:e65:94e2:deff:fe0e:57ac - - [29/Jul/2026:07:06:08 +0200] "GET /wp-json/arni-tracking/v1/stats?from=2026-07-29&to=2026-07-29 HTTP/2.0" 200 268 "-" "ArNi-CRM/1.0"
2a03:4000:59:e65:94e2:deff:fe0e:57ac - - [29/Jul/2026:07:06:09 +0200] "GET /wp-json/arni-tracking/v1/stats?from=2026-06-30&to=2026-07-29 HTTP/2.0" 200 317 "-" "ArNi-CRM/1.0"
2a03:4000:59:e65:94e2:deff:fe0e:57ac - - [29/Jul/2026:07:06:09 +0200] "GET /wp-json/arni-tracking/v1/pages?from=2026-06-30&to=2026-07-29&limit=100 HTTP/2.0" 200 18262 "-" "ArNi-CRM/1.0"
2a03:4000:59:e65:94e2:deff:fe0e:57ac - - [29/Jul/2026:07:06:09 +0200] "GET /wp-json/arni-tracking/v1/referrers?from=2026-06-30&to=2026-07-29&limit=100 HTTP/2.0" 200 908 "-" "ArNi-CRM/1.0"
2a03:4000:59:e65:94e2:deff:fe0e:57ac - - [29/Jul/2026:07:06:09 +0200] "GET /wp-json/arni-tracking/v1/campaigns?from=2026-06-30&to=2026-07-29&limit=100 HTTP/2.0" 200 78 "-" "ArNi-CRM/1.0"
2a03:4000:59:e65:94e2:deff:fe0e:57ac - - [29/Jul/2026:07:06:09 +0200] "GET /wp-json/arni-tracking/v1/conversions?from=2026-06-30&to=2026-07-29&limit=1000&page=1 HTTP/2.0" 200 45389 "-" "ArNi-CRM/1.0"
2a03:4000:59:e65:94e2:deff:fe0e:57ac - - [29/Jul/2026:07:06:10 +0200] "GET /wp-json/arni-tracking/v1/sessions?from=2026-06-30&to=2026-07-29&limit=500&page=1 HTTP/2.0" 200 178796 "-" "ArNi-CRM/1.0"
216.73.217.172 - - [29/Jul/2026:07:06:13 +0200] "GET /live-cam/penelopelopez-cam-11346842/ HTTP/2.0" 200 25830 "https://www.taschenmuschi-kaufen.de/?p=213170" "Mozilla/5.0 AppleWebKit/537.36 (KHTML, like Gecko; compatible; Claude-SearchBot/1.0; +searchbot@anthropic.com)"
216.73.217.172 - - [29/Jul/2026:07:06:15 +0200] "GET /?p=214078 HTTP/2.0" 301 0 "-" "Mozilla/5.0 AppleWebKit/537.36 (KHTML, like Gecko; compatible; Claude-SearchBot/1.0; +searchbot@anthropic.com)"
216.73.217.172 - - [29/Jul/2026:07:06:18 +0200] "GET /live-cam/lexydevi-cam-11443178/ HTTP/2.0" 200 25425 "https://www.taschenmuschi-kaufen.de/?p=214078" "Mozilla/5.0 AppleWebKit/537.36 (KHTML, like Gecko; compatible; Claude-SearchBot/1.0; +searchbot@anthropic.com)"
62.138.2.214 - - [29/Jul/2026:07:08:05 +0200] "GET /wp-content/uploads/2026/06/30928260_640-300x300.jpg HTTP/2.0" 200 25801 "https://www.taschenmuschi-kaufen.de/live-cams/" "Mozilla/5.0 (Macintosh; Intel Mac OS X 10.15; rv:103.0) Gecko/20100101 Firefox/103.0"
216.73.217.172 - - [29/Jul/2026:07:08:20 +0200] "GET /?p=214592 HTTP/2.0" 301 0 "-" "Mozilla/5.0 AppleWebKit/537.36 (KHTML, like Gecko; compatible; Claude-SearchBot/1.0; +searchbot@anthropic.com)"
216.73.217.172 - - [29/Jul/2026:07:08:25 +0200] "GET /live-cam/luizag-cam-11493831/ HTTP/2.0" 200 23893 "https://www.taschenmuschi-kaufen.de/?p=214592" "Mozilla/5.0 AppleWebKit/537.36 (KHTML, like Gecko; compatible; Claude-SearchBot/1.0; +searchbot@anthropic.com)"
216.73.217.172 - - [29/Jul/2026:07:08:25 +0200] "GET /?p=214772 HTTP/2.0" 301 0 "-" "Mozilla/5.0 AppleWebKit/537.36 (KHTML, like Gecko; compatible; Claude-SearchBot/1.0; +searchbot@anthropic.com)"
216.73.217.172 - - [29/Jul/2026:07:08:29 +0200] "GET /live-cam/ladyexteme-cam-11502446/ HTTP/2.0" 200 23640 "https://www.taschenmuschi-kaufen.de/?p=214772" "Mozilla/5.0 AppleWebKit/537.36 (KHTML, like Gecko; compatible; Claude-SearchBot/1.0; +searchbot@anthropic.com)"
2a03:4000:59:e65:94e2:deff:fe0e:57ac - - [29/Jul/2026:07:09:09 +0200] "GET /wp-json/arni-tracking/v1/stats?from=2026-07-27&to=2026-07-27 HTTP/2.0" 200 307 "-" "ArNi-CRM/1.0"
2a03:4000:59:e65:94e2:deff:fe0e:57ac - - [29/Jul/2026:07:09:09 +0200] "GET /wp-json/arni-tracking/v1/stats?from=2026-07-28&to=2026-07-28 HTTP/2.0" 200 307 "-" "ArNi-CRM/1.0"
2a03:4000:59:e65:94e2:deff:fe0e:57ac - - [29/Jul/2026:07:09:09 +0200] "GET /wp-json/arni-tracking/v1/stats?from=2026-07-29&to=2026-07-29 HTTP/2.0" 200 268 "-" "ArNi-CRM/1.0"
2a03:4000:59:e65:94e2:deff:fe0e:57ac - - [29/Jul/2026:07:09:10 +0200] "GET /wp-json/arni-tracking/v1/stats?from=2026-06-30&to=2026-07-29 HTTP/2.0" 200 317 "-" "ArNi-CRM/1.0"
2a03:4000:59:e65:94e2:deff:fe0e:57ac - - [29/Jul/2026:07:09:10 +0200] "GET /wp-json/arni-tracking/v1/pages?from=2026-06-30&to=2026-07-29&limit=100 HTTP/2.0" 200 18262 "-" "ArNi-CRM/1.0"
