2a03:4000:59:e65:94e2:deff:fe0e:57ac - - [29/Jul/2026:07:42:11 +0200] "GET /wp-json/arni-tracking/v1/stats?from=2026-06-30&to=2026-07-29 HTTP/2.0" 200 317 "-" "ArNi-CRM/1.0"
2a03:4000:59:e65:94e2:deff:fe0e:57ac - - [29/Jul/2026:07:42:11 +0200] "GET /wp-json/arni-tracking/v1/pages?from=2026-06-30&to=2026-07-29&limit=100 HTTP/2.0" 200 18262 "-" "ArNi-CRM/1.0"
2a03:4000:59:e65:94e2:deff:fe0e:57ac - - [29/Jul/2026:07:42:11 +0200] "GET /wp-json/arni-tracking/v1/referrers?from=2026-06-30&to=2026-07-29&limit=100 HTTP/2.0" 200 908 "-" "ArNi-CRM/1.0"
2a03:4000:59:e65:94e2:deff:fe0e:57ac - - [29/Jul/2026:07:42:11 +0200] "GET /wp-json/arni-tracking/v1/campaigns?from=2026-06-30&to=2026-07-29&limit=100 HTTP/2.0" 200 78 "-" "ArNi-CRM/1.0"
2a03:4000:59:e65:94e2:deff:fe0e:57ac - - [29/Jul/2026:07:42:11 +0200] "GET /wp-json/arni-tracking/v1/conversions?from=2026-06-30&to=2026-07-29&limit=1000&page=1 HTTP/2.0" 200 45389 "-" "ArNi-CRM/1.0"
223.123.5.18 - - [29/Jul/2026:07:42:11 +0200] "GET /cam/out/misscurvey-cam-19354750 HTTP/2.0" 301 0 "https://www.taschenmuschi-kaufen.de/" "Mozilla/5.0 (Windows NT 10.0; Win64; x64) AppleWebKit/537.36 (KHTML, like Gecko) Chrome/135.0.0.0 Safari/537.36"
2a03:4000:59:e65:94e2:deff:fe0e:57ac - - [29/Jul/2026:07:42:11 +0200] "GET /wp-json/arni-tracking/v1/sessions?from=2026-06-30&to=2026-07-29&limit=500&page=1 HTTP/2.0" 200 178262 "-" "ArNi-CRM/1.0"
216.73.217.172 - - [29/Jul/2026:07:42:27 +0200] "GET /cam/out/gyatorner-cam-11497108 HTTP/2.0" 301 0 "-" "Mozilla/5.0 AppleWebKit/537.36 (KHTML, like Gecko; compatible; Claude-SearchBot/1.0; +searchbot@anthropic.com)"
216.73.217.172 - - [29/Jul/2026:07:42:27 +0200] "GET /cam/out/lilyth-cam-11506551 HTTP/2.0" 301 0 "-" "Mozilla/5.0 AppleWebKit/537.36 (KHTML, like Gecko; compatible; Claude-SearchBot/1.0; +searchbot@anthropic.com)"
216.73.217.172 - - [29/Jul/2026:07:42:28 +0200] "GET /sitemap.xml HTTP/1.1" 301 169 "-" "Mozilla/5.0 AppleWebKit/537.36 (KHTML, like Gecko; compatible; Claude-SearchBot/1.0; +searchbot@anthropic.com)"
216.73.217.172 - - [29/Jul/2026:07:42:28 +0200] "GET /sitemap.xml HTTP/2.0" 301 0 "http://www.taschenmuschi-kaufen.de/sitemap.xml" "Mozilla/5.0 AppleWebKit/537.36 (KHTML, like Gecko; compatible; Claude-SearchBot/1.0; +searchbot@anthropic.com)"
216.73.217.172 - - [29/Jul/2026:07:42:29 +0200] "GET /wp-sitemap.xml HTTP/2.0" 200 1031 "https://www.taschenmuschi-kaufen.de/sitemap.xml" "Mozilla/5.0 AppleWebKit/537.36 (KHTML, like Gecko; compatible; Claude-SearchBot/1.0; +searchbot@anthropic.com)"
216.244.66.234 - - [29/Jul/2026:07:42:48 +0200] "GET /robots.txt HTTP/1.1" 301 169 "-" "Mozilla/5.0 (compatible; DotBot/1.2; +https://opensiteexplorer.org/dotbot; help@moz.com)"
216.73.217.172 - - [29/Jul/2026:07:43:35 +0200] "GET /cam/out/milliawild-cam-10974202 HTTP/2.0" 301 0 "-" "Mozilla/5.0 AppleWebKit/537.36 (KHTML, like Gecko; compatible; Claude-SearchBot/1.0; +searchbot@anthropic.com)"
216.73.217.172 - - [29/Jul/2026:07:43:36 +0200] "GET /cam/out/stacylong-cam-11532428 HTTP/2.0" 301 0 "-" "Mozilla/5.0 AppleWebKit/537.36 (KHTML, like Gecko; compatible; Claude-SearchBot/1.0; +searchbot@anthropic.com)"
216.73.217.172 - - [29/Jul/2026:07:43:37 +0200] "GET /cam/out/kimlayne-cam-5470858 HTTP/2.0" 301 0 "-" "Mozilla/5.0 AppleWebKit/537.36 (KHTML, like Gecko; compatible; Claude-SearchBot/1.0; +searchbot@anthropic.com)"
62.138.18.60 - - [29/Jul/2026:07:44:21 +0200] "GET /wp-content/uploads/2026/05/30627109_1280-4-150x150.jpg HTTP/2.0" 200 6425 "https://www.taschenmuschi-kaufen.de/live-cam/sexyorchidxl-cam-3778822/" "Mozilla/5.0 (Macintosh; Intel Mac OS X 10.15; rv:103.0) Gecko/20100101 Firefox/103.0"
62.138.2.14 - - [29/Jul/2026:07:44:25 +0200] "GET /wp-content/uploads/2026/05/31005226_1280-10-150x150.jpg HTTP/2.0" 200 6170 "https://www.taschenmuschi-kaufen.de/live-cam/vasilisawise-cam-12528866/" "Mozilla/5.0 (Macintosh; Intel Mac OS X 10.15; rv:103.0) Gecko/20100101 Firefox/103.0"
216.73.217.172 - - [29/Jul/2026:07:44:43 +0200] "GET /live-cam/marriedfreaks-cam-11449568/ HTTP/2.0" 200 25598 "-" "Mozilla/5.0 AppleWebKit/537.36 (KHTML, like Gecko; compatible; Claude-SearchBot/1.0; +searchbot@anthropic.com)"
216.73.217.172 - - [29/Jul/2026:07:44:47 +0200] "GET /live-cam/mella-mueller-cam-11470347/ HTTP/2.0" 200 24308 "-" "Mozilla/5.0 AppleWebKit/537.36 (KHTML, like Gecko; compatible; Claude-SearchBot/1.0; +searchbot@anthropic.com)"
216.73.217.172 - - [29/Jul/2026:07:44:48 +0200] "GET /cam/out/tanyashane-cam-11492917 HTTP/2.0" 301 0 "-" "Mozilla/5.0 AppleWebKit/537.36 (KHTML, like Gecko; compatible; Claude-SearchBot/1.0; +searchbot@anthropic.com)"
216.244.66.234 - - [29/Jul/2026:07:45:01 +0200] "GET /profile/milfnatalie/ HTTP/1.1" 301 169 "-" "Mozilla/5.0 (compatible; DotBot/1.2; +https://opensiteexplorer.org/dotbot; help@moz.com)"
216.244.66.234 - - [29/Jul/2026:07:45:06 +0200] "GET /profile/megancute/ HTTP/1.1" 301 169 "-" "Mozilla/5.0 (compatible; DotBot/1.2; +https://opensiteexplorer.org/dotbot; help@moz.com)"
216.244.66.234 - - [29/Jul/2026:07:45:10 +0200] "GET /wiki/leidenschaftlich-kuessen/ HTTP/1.1" 301 169 "-" "Mozilla/5.0 (compatible; DotBot/1.2; +https://opensiteexplorer.org/dotbot; help@moz.com)"
2a03:4000:59:e65:94e2:deff:fe0e:57ac - - [29/Jul/2026:07:45:10 +0200] "GET /wp-json/arni-tracking/v1/stats?from=2026-07-27&to=2026-07-27 HTTP/2.0" 200 307 "-" "ArNi-CRM/1.0"
2a03:4000:59:e65:94e2:deff:fe0e:57ac - - [29/Jul/2026:07:45:10 +0200] "GET /wp-json/arni-tracking/v1/stats?from=2026-07-28&to=2026-07-28 HTTP/2.0" 200 307 "-" "ArNi-CRM/1.0"
2a03:4000:59:e65:94e2:deff:fe0e:57ac - - [29/Jul/2026:07:45:10 +0200] "GET /wp-json/arni-tracking/v1/stats?from=2026-07-29&to=2026-07-29 HTTP/2.0" 200 268 "-" "ArNi-CRM/1.0"
2a03:4000:59:e65:94e2:deff:fe0e:57ac - - [29/Jul/2026:07:45:11 +0200] "GET /wp-json/arni-tracking/v1/stats?from=2026-06-30&to=2026-07-29 HTTP/2.0" 200 317 "-" "ArNi-CRM/1.0"
2a03:4000:59:e65:94e2:deff:fe0e:57ac - - [29/Jul/2026:07:45:11 +0200] "GET /wp-json/arni-tracking/v1/pages?from=2026-06-30&to=2026-07-29&limit=100 HTTP/2.0" 200 18262 "-" "ArNi-CRM/1.0"
2a03:4000:59:e65:94e2:deff:fe0e:57ac - - [29/Jul/2026:07:45:12 +0200] "GET /wp-json/arni-tracking/v1/referrers?from=2026-06-30&to=2026-07-29&limit=100 HTTP/2.0" 200 908 "-" "ArNi-CRM/1.0"
2a03:4000:59:e65:94e2:deff:fe0e:57ac - - [29/Jul/2026:07:45:12 +0200] "GET /wp-json/arni-tracking/v1/campaigns?from=2026-06-30&to=2026-07-29&limit=100 HTTP/2.0" 200 78 "-" "ArNi-CRM/1.0"
2a03:4000:59:e65:94e2:deff:fe0e:57ac - - [29/Jul/2026:07:45:12 +0200] "GET /wp-json/arni-tracking/v1/conversions?from=2026-06-30&to=2026-07-29&limit=1000&page=1 HTTP/2.0" 200 45389 "-" "ArNi-CRM/1.0"
2a03:4000:59:e65:94e2:deff:fe0e:57ac - - [29/Jul/2026:07:45:12 +0200] "GET /wp-json/arni-tracking/v1/sessions?from=2026-06-30&to=2026-07-29&limit=500&page=1 HTTP/2.0" 200 178276 "-" "ArNi-CRM/1.0"
216.244.66.234 - - [29/Jul/2026:07:45:13 +0200] "GET /wiki/sex-chat/ HTTP/1.1" 301 169 "-" "Mozilla/5.0 (compatible; DotBot/1.2; +https://opensiteexplorer.org/dotbot; help@moz.com)"
216.73.217.172 - - [29/Jul/2026:07:47:16 +0200] "GET /live-cam/miarivas-cam-11381537/ HTTP/2.0" 200 25780 "-" "Mozilla/5.0 AppleWebKit/537.36 (KHTML, like Gecko; compatible; Claude-SearchBot/1.0; +searchbot@anthropic.com)"
216.73.217.172 - - [29/Jul/2026:07:47:17 +0200] "GET /cam/out/jasminsweet-cam-10983424 HTTP/2.0" 301 0 "-" "Mozilla/5.0 AppleWebKit/537.36 (KHTML, like Gecko; compatible; Claude-SearchBot/1.0; +searchbot@anthropic.com)"
216.73.217.172 - - [29/Jul/2026:07:47:18 +0200] "GET /cam/out/ryleighrose-cam-10984729 HTTP/2.0" 301 0 "-" "Mozilla/5.0 AppleWebKit/537.36 (KHTML, like Gecko; compatible; Claude-SearchBot/1.0; +searchbot@anthropic.com)"
216.244.66.234 - - [29/Jul/2026:07:47:26 +0200] "GET /wiki/paerchen-fick/ HTTP/1.1" 301 169 "-" "Mozilla/5.0 (compatible; DotBot/1.2; +https://opensiteexplorer.org/dotbot; help@moz.com)"
2a03:4000:59:e65:94e2:deff:fe0e:57ac - - [29/Jul/2026:07:48:08 +0200] "GET /wp-json/arni-tracking/v1/stats?from=2026-07-27&to=2026-07-27 HTTP/2.0" 200 307 "-" "ArNi-CRM/1.0"
2a03:4000:59:e65:94e2:deff:fe0e:57ac - - [29/Jul/2026:07:48:09 +0200] "GET /wp-json/arni-tracking/v1/stats?from=2026-07-28&to=2026-07-28 HTTP/2.0" 200 307 "-" "ArNi-CRM/1.0"
2a03:4000:59:e65:94e2:deff:fe0e:57ac - - [29/Jul/2026:07:48:09 +0200] "GET /wp-json/arni-tracking/v1/stats?from=2026-07-29&to=2026-07-29 HTTP/2.0" 200 268 "-" "ArNi-CRM/1.0"
2a03:4000:59:e65:94e2:deff:fe0e:57ac - - [29/Jul/2026:07:48:09 +0200] "GET /wp-json/arni-tracking/v1/stats?from=2026-06-30&to=2026-07-29 HTTP/2.0" 200 317 "-" "ArNi-CRM/1.0"
2a03:4000:59:e65:94e2:deff:fe0e:57ac - - [29/Jul/2026:07:48:09 +0200] "GET /wp-json/arni-tracking/v1/pages?from=2026-06-30&to=2026-07-29&limit=100 HTTP/2.0" 200 18262 "-" "ArNi-CRM/1.0"
2a03:4000:59:e65:94e2:deff:fe0e:57ac - - [29/Jul/2026:07:48:09 +0200] "GET /wp-json/arni-tracking/v1/referrers?from=2026-06-30&to=2026-07-29&limit=100 HTTP/2.0" 200 908 "-" "ArNi-CRM/1.0"
2a03:4000:59:e65:94e2:deff:fe0e:57ac - - [29/Jul/2026:07:48:10 +0200] "GET /wp-json/arni-tracking/v1/campaigns?from=2026-06-30&to=2026-07-29&limit=100 HTTP/2.0" 200 78 "-" "ArNi-CRM/1.0"
2a03:4000:59:e65:94e2:deff:fe0e:57ac - - [29/Jul/2026:07:48:10 +0200] "GET /wp-json/arni-tracking/v1/conversions?from=2026-06-30&to=2026-07-29&limit=1000&page=1 HTTP/2.0" 200 45389 "-" "ArNi-CRM/1.0"
2a03:4000:59:e65:94e2:deff:fe0e:57ac - - [29/Jul/2026:07:48:10 +0200] "GET /wp-json/arni-tracking/v1/sessions?from=2026-06-30&to=2026-07-29&limit=500&page=1 HTTP/2.0" 200 178276 "-" "ArNi-CRM/1.0"
216.244.66.234 - - [29/Jul/2026:07:49:05 +0200] "GET /wiki/domina/feed/ HTTP/1.1" 301 169 "-" "Mozilla/5.0 (compatible; DotBot/1.2; +https://opensiteexplorer.org/dotbot; help@moz.com)"
216.244.66.234 - - [29/Jul/2026:07:49:07 +0200] "GET /wiki/medikamente/feed/ HTTP/1.1" 301 169 "-" "Mozilla/5.0 (compatible; DotBot/1.2; +https://opensiteexplorer.org/dotbot; help@moz.com)"
40.77.167.28 - - [29/Jul/2026:07:49:39 +0200] "GET /live-cam/lovekiitsune-cam-11250749/ HTTP/2.0" 200 28012 "-" "Mozilla/5.0 AppleWebKit/537.36 (KHTML, like Gecko; compatible; bingbot/2.0; +http://www.bing.com/bingbot.htm) Chrome/116.0.1938.76 Safari/537.36"
52.167.144.160 - - [29/Jul/2026:07:49:42 +0200] "GET /live-cam/chloepretty-cam-15713924/ HTTP/2.0" 200 25495 "-" "Mozilla/5.0 AppleWebKit/537.36 (KHTML, like Gecko; compatible; bingbot/2.0; +http://www.bing.com/bingbot.htm) Chrome/116.0.1938.76 Safari/537.36"
40.77.167.28 - - [29/Jul/2026:07:49:43 +0200] "GET /live-cam/feuchtes-luder-cam-10720190/ HTTP/2.0" 200 25672 "-" "Mozilla/5.0 AppleWebKit/537.36 (KHTML, like Gecko; compatible; bingbot/2.0; +http://www.bing.com/bingbot.htm) Chrome/116.0.1938.76 Safari/537.36"
52.167.144.160 - - [29/Jul/2026:07:49:45 +0200] "GET /live-cam/aminleey-cam-11423122/ HTTP/2.0" 200 23418 "-" "Mozilla/5.0 AppleWebKit/537.36 (KHTML, like Gecko; compatible; bingbot/2.0; +http://www.bing.com/bingbot.htm) Chrome/116.0.1938.76 Safari/537.36"
216.73.217.172 - - [29/Jul/2026:07:49:51 +0200] "GET /live-cam/tanyashane-cam-11492917/ HTTP/2.0" 200 25764 "-" "Mozilla/5.0 AppleWebKit/537.36 (KHTML, like Gecko; compatible; Claude-SearchBot/1.0; +searchbot@anthropic.com)"
216.73.217.172 - - [29/Jul/2026:07:49:52 +0200] "GET /cam/out/karolghot-cam-11490410 HTTP/2.0" 301 0 "-" "Mozilla/5.0 AppleWebKit/537.36 (KHTML, like Gecko; compatible; Claude-SearchBot/1.0; +searchbot@anthropic.com)"
216.73.217.172 - - [29/Jul/2026:07:49:53 +0200] "GET /cam/out/luizag-cam-11493831 HTTP/2.0" 301 0 "-" "Mozilla/5.0 AppleWebKit/537.36 (KHTML, like Gecko; compatible; Claude-SearchBot/1.0; +searchbot@anthropic.com)"
43.130.102.7 - - [29/Jul/2026:07:50:16 +0200] "GET /live-cam/dindinlir-cam-18523508/ HTTP/2.0" 200 25912 "-" "Mozilla/5.0 (iPhone; CPU iPhone OS 13_2_3 like Mac OS X) AppleWebKit/605.1.15 (KHTML, like Gecko) Version/13.0.3 Mobile/15E148 Safari/604.1"
2a03:4000:59:e65:94e2:deff:fe0e:57ac - - [29/Jul/2026:07:51:08 +0200] "GET /wp-json/arni-tracking/v1/stats?from=2026-07-27&to=2026-07-27 HTTP/2.0" 200 307 "-" "ArNi-CRM/1.0"
2a03:4000:59:e65:94e2:deff:fe0e:57ac - - [29/Jul/2026:07:51:08 +0200] "GET /wp-json/arni-tracking/v1/stats?from=2026-07-28&to=2026-07-28 HTTP/2.0" 200 307 "-" "ArNi-CRM/1.0"
2a03:4000:59:e65:94e2:deff:fe0e:57ac - - [29/Jul/2026:07:51:08 +0200] "GET /wp-json/arni-tracking/v1/stats?from=2026-07-29&to=2026-07-29 HTTP/2.0" 200 268 "-" "ArNi-CRM/1.0"
2a03:4000:59:e65:94e2:deff:fe0e:57ac - - [29/Jul/2026:07:51:09 +0200] "GET /wp-json/arni-tracking/v1/stats?from=2026-06-30&to=2026-07-29 HTTP/2.0" 200 317 "-" "ArNi-CRM/1.0"
2a03:4000:59:e65:94e2:deff:fe0e:57ac - - [29/Jul/2026:07:51:09 +0200] "GET /wp-json/arni-tracking/v1/pages?from=2026-06-30&to=2026-07-29&limit=100 HTTP/2.0" 200 18262 "-" "ArNi-CRM/1.0"
2a03:4000:59:e65:94e2:deff:fe0e:57ac - - [29/Jul/2026:07:51:09 +0200] "GET /wp-json/arni-tracking/v1/referrers?from=2026-06-30&to=2026-07-29&limit=100 HTTP/2.0" 200 908 "-" "ArNi-CRM/1.0"
2a03:4000:59:e65:94e2:deff:fe0e:57ac - - [29/Jul/2026:07:51:09 +0200] "GET /wp-json/arni-tracking/v1/campaigns?from=2026-06-30&to=2026-07-29&limit=100 HTTP/2.0" 200 78 "-" "ArNi-CRM/1.0"
2a03:4000:59:e65:94e2:deff:fe0e:57ac - - [29/Jul/2026:07:51:09 +0200] "GET /wp-json/arni-tracking/v1/conversions?from=2026-06-30&to=2026-07-29&limit=1000&page=1 HTTP/2.0" 200 45389 "-" "ArNi-CRM/1.0"
2a03:4000:59:e65:94e2:deff:fe0e:57ac - - [29/Jul/2026:07:51:10 +0200] "GET /wp-json/arni-tracking/v1/sessions?from=2026-06-30&to=2026-07-29&limit=500&page=1 HTTP/2.0" 200 178271 "-" "ArNi-CRM/1.0"
216.73.217.172 - - [29/Jul/2026:07:51:58 +0200] "GET /live-cam/kimlayne-cam-5470858/ HTTP/2.0" 200 25482 "-" "Mozilla/5.0 AppleWebKit/537.36 (KHTML, like Gecko; compatible; Claude-SearchBot/1.0; +searchbot@anthropic.com)"
216.73.217.172 - - [29/Jul/2026:07:51:59 +0200] "GET /cam/out/nikimidnight-cam-11342205 HTTP/2.0" 301 0 "-" "Mozilla/5.0 AppleWebKit/537.36 (KHTML, like Gecko; compatible; Claude-SearchBot/1.0; +searchbot@anthropic.com)"
216.73.217.172 - - [29/Jul/2026:07:52:00 +0200] "GET /cam/out/valentinadama-cam-11390684 HTTP/2.0" 301 0 "-" "Mozilla/5.0 AppleWebKit/537.36 (KHTML, like Gecko; compatible; Claude-SearchBot/1.0; +searchbot@anthropic.com)"
65.109.162.42 - - [29/Jul/2026:07:52:01 +0200] "GET /wp-content/uploads/2014/10/lexy-award-horizon-small.jpg HTTP/2.0" 404 17656 "-" "Mozilla/5.0 (X11; Ubuntu; Linux x86_64; rv:72.0) Gecko/20100101 Firefox/72.0"
216.73.217.172 - - [29/Jul/2026:07:52:38 +0200] "GET /live-cam/valentinadama-cam-11390684/ HTTP/2.0" 200 25578 "-" "Mozilla/5.0 AppleWebKit/537.36 (KHTML, like Gecko; compatible; Claude-SearchBot/1.0; +searchbot@anthropic.com)"
216.73.217.172 - - [29/Jul/2026:07:52:39 +0200] "GET /live-cam/jasminsweet-cam-10983424/ HTTP/2.0" 200 27908 "-" "Mozilla/5.0 AppleWebKit/537.36 (KHTML, like Gecko; compatible; Claude-SearchBot/1.0; +searchbot@anthropic.com)"
216.73.217.172 - - [29/Jul/2026:07:52:40 +0200] "GET /live-cam/karolghot-cam-11490410/ HTTP/2.0" 200 25340 "-" "Mozilla/5.0 AppleWebKit/537.36 (KHTML, like Gecko; compatible; Claude-SearchBot/1.0; +searchbot@anthropic.com)"
2a03:4000:59:e65:94e2:deff:fe0e:57ac - - [29/Jul/2026:07:54:08 +0200] "GET /wp-json/arni-tracking/v1/stats?from=2026-07-27&to=2026-07-27 HTTP/2.0" 200 307 "-" "ArNi-CRM/1.0"
2a03:4000:59:e65:94e2:deff:fe0e:57ac - - [29/Jul/2026:07:54:09 +0200] "GET /wp-json/arni-tracking/v1/stats?from=2026-07-28&to=2026-07-28 HTTP/2.0" 200 307 "-" "ArNi-CRM/1.0"
2a03:4000:59:e65:94e2:deff:fe0e:57ac - - [29/Jul/2026:07:54:09 +0200] "GET /wp-json/arni-tracking/v1/stats?from=2026-07-29&to=2026-07-29 HTTP/2.0" 200 268 "-" "ArNi-CRM/1.0"
2a03:4000:59:e65:94e2:deff:fe0e:57ac - - [29/Jul/2026:07:54:09 +0200] "GET /wp-json/arni-tracking/v1/stats?from=2026-06-30&to=2026-07-29 HTTP/2.0" 200 317 "-" "ArNi-CRM/1.0"
2a03:4000:59:e65:94e2:deff:fe0e:57ac - - [29/Jul/2026:07:54:09 +0200] "GET /wp-json/arni-tracking/v1/pages?from=2026-06-30&to=2026-07-29&limit=100 HTTP/2.0" 200 18262 "-" "ArNi-CRM/1.0"
2a03:4000:59:e65:94e2:deff:fe0e:57ac - - [29/Jul/2026:07:54:09 +0200] "GET /wp-json/arni-tracking/v1/referrers?from=2026-06-30&to=2026-07-29&limit=100 HTTP/2.0" 200 908 "-" "ArNi-CRM/1.0"
2a03:4000:59:e65:94e2:deff:fe0e:57ac - - [29/Jul/2026:07:54:10 +0200] "GET /wp-json/arni-tracking/v1/campaigns?from=2026-06-30&to=2026-07-29&limit=100 HTTP/2.0" 200 78 "-" "ArNi-CRM/1.0"
2a03:4000:59:e65:94e2:deff:fe0e:57ac - - [29/Jul/2026:07:54:10 +0200] "GET /wp-json/arni-tracking/v1/conversions?from=2026-06-30&to=2026-07-29&limit=1000&page=1 HTTP/2.0" 200 45389 "-" "ArNi-CRM/1.0"
2a03:4000:59:e65:94e2:deff:fe0e:57ac - - [29/Jul/2026:07:54:10 +0200] "GET /wp-json/arni-tracking/v1/sessions?from=2026-06-30&to=2026-07-29&limit=500&page=1 HTTP/2.0" 200 178271 "-" "ArNi-CRM/1.0"
216.73.217.172 - - [29/Jul/2026:07:54:39 +0200] "GET /cam/out/zlatka-cam-11339403 HTTP/2.0" 301 0 "-" "Mozilla/5.0 AppleWebKit/537.36 (KHTML, like Gecko; compatible; Claude-SearchBot/1.0; +searchbot@anthropic.com)"
216.73.217.172 - - [29/Jul/2026:07:54:40 +0200] "GET /cam/out/annachanel-cam-11428626 HTTP/2.0" 301 0 "-" "Mozilla/5.0 AppleWebKit/537.36 (KHTML, like Gecko; compatible; Claude-SearchBot/1.0; +searchbot@anthropic.com)"
216.73.217.172 - - [29/Jul/2026:07:54:41 +0200] "GET /cam/out/ladyexteme-cam-11502446 HTTP/2.0" 301 0 "-" "Mozilla/5.0 AppleWebKit/537.36 (KHTML, like Gecko; compatible; Claude-SearchBot/1.0; +searchbot@anthropic.com)"
216.73.217.172 - - [29/Jul/2026:07:54:52 +0200] "GET /cam/out/kisha-cam-11433107 HTTP/2.0" 301 0 "-" "Mozilla/5.0 AppleWebKit/537.36 (KHTML, like Gecko; compatible; Claude-SearchBot/1.0; +searchbot@anthropic.com)"
62.138.2.214 - - [29/Jul/2026:07:54:53 +0200] "GET /wp-content/uploads/2026/05/img_9260-150x150.jpg HTTP/2.0" 200 5866 "https://www.taschenmuschi-kaufen.de/produkt/sale/toys-sakai-cup-hole-dna-mega-ball/" "Mozilla/5.0 (Macintosh; Intel Mac OS X 10.15; rv:103.0) Gecko/20100101 Firefox/103.0"
216.73.217.172 - - [29/Jul/2026:07:54:54 +0200] "GET /cam/out/penelopelopez-cam-11346842 HTTP/2.0" 301 0 "-" "Mozilla/5.0 AppleWebKit/537.36 (KHTML, like Gecko; compatible; Claude-SearchBot/1.0; +searchbot@anthropic.com)"
216.73.217.172 - - [29/Jul/2026:07:54:59 +0200] "GET /live-cam/ariannakitten-cam-11530824/ HTTP/2.0" 200 25647 "-" "Mozilla/5.0 AppleWebKit/537.36 (KHTML, like Gecko; compatible; Claude-SearchBot/1.0; +searchbot@anthropic.com)"
216.73.217.172 - - [29/Jul/2026:07:56:35 +0200] "GET /cam/out/laro-oral-cam-11408272 HTTP/2.0" 301 0 "-" "Mozilla/5.0 AppleWebKit/537.36 (KHTML, like Gecko; compatible; Claude-SearchBot/1.0; +searchbot@anthropic.com)"
216.73.217.172 - - [29/Jul/2026:07:56:36 +0200] "GET /cam/out/alexxaboner-cam-11465342 HTTP/2.0" 301 0 "-" "Mozilla/5.0 AppleWebKit/537.36 (KHTML, like Gecko; compatible; Claude-SearchBot/1.0; +searchbot@anthropic.com)"
62.138.18.60 - - [29/Jul/2026:07:56:42 +0200] "GET /wp-content/uploads/2026/05/30807302_640-15-300x300.jpg HTTP/2.0" 200 11333 "https://www.taschenmuschi-kaufen.de/live-cams/frauen/schwarz/" "Mozilla/5.0 (Macintosh; Intel Mac OS X 10.15; rv:103.0) Gecko/20100101 Firefox/103.0"
216.73.217.172 - - [29/Jul/2026:07:56:42 +0200] "GET /live-cam/sweetlula-cam-11440126/ HTTP/2.0" 200 25462 "-" "Mozilla/5.0 AppleWebKit/537.36 (KHTML, like Gecko; compatible; Claude-SearchBot/1.0; +searchbot@anthropic.com)"
2a03:4000:59:e65:94e2:deff:fe0e:57ac - - [29/Jul/2026:07:57:09 +0200] "GET /wp-json/arni-tracking/v1/stats?from=2026-07-27&to=2026-07-27 HTTP/2.0" 200 307 "-" "ArNi-CRM/1.0"
2a03:4000:59:e65:94e2:deff:fe0e:57ac - - [29/Jul/2026:07:57:09 +0200] "GET /wp-json/arni-tracking/v1/stats?from=2026-07-28&to=2026-07-28 HTTP/2.0" 200 307 "-" "ArNi-CRM/1.0"
2a03:4000:59:e65:94e2:deff:fe0e:57ac - - [29/Jul/2026:07:57:09 +0200] "GET /wp-json/arni-tracking/v1/stats?from=2026-07-29&to=2026-07-29 HTTP/2.0" 200 268 "-" "ArNi-CRM/1.0"
2a03:4000:59:e65:94e2:deff:fe0e:57ac - - [29/Jul/2026:07:57:10 +0200] "GET /wp-json/arni-tracking/v1/stats?from=2026-06-30&to=2026-07-29 HTTP/2.0" 200 317 "-" "ArNi-CRM/1.0"
2a03:4000:59:e65:94e2:deff:fe0e:57ac - - [29/Jul/2026:07:57:10 +0200] "GET /wp-json/arni-tracking/v1/pages?from=2026-06-30&to=2026-07-29&limit=100 HTTP/2.0" 200 18262 "-" "ArNi-CRM/1.0"
2a03:4000:59:e65:94e2:deff:fe0e:57ac - - [29/Jul/2026:07:57:10 +0200] "GET /wp-json/arni-tracking/v1/referrers?from=2026-06-30&to=2026-07-29&limit=100 HTTP/2.0" 200 908 "-" "ArNi-CRM/1.0"
2a03:4000:59:e65:94e2:deff:fe0e:57ac - - [29/Jul/2026:07:57:10 +0200] "GET /wp-json/arni-tracking/v1/campaigns?from=2026-06-30&to=2026-07-29&limit=100 HTTP/2.0" 200 78 "-" "ArNi-CRM/1.0"
2a03:4000:59:e65:94e2:deff:fe0e:57ac - - [29/Jul/2026:07:57:10 +0200] "GET /wp-json/arni-tracking/v1/conversions?from=2026-06-30&to=2026-07-29&limit=1000&page=1 HTTP/2.0" 200 45389 "-" "ArNi-CRM/1.0"
2a03:4000:59:e65:94e2:deff:fe0e:57ac - - [29/Jul/2026:07:57:11 +0200] "GET /wp-json/arni-tracking/v1/sessions?from=2026-06-30&to=2026-07-29&limit=500&page=1 HTTP/2.0" 200 178271 "-" "ArNi-CRM/1.0"
216.73.217.172 - - [29/Jul/2026:07:57:20 +0200] "GET /live-cam/nicolewane-cam-11382288/ HTTP/2.0" 200 25550 "-" "Mozilla/5.0 AppleWebKit/537.36 (KHTML, like Gecko; compatible; Claude-SearchBot/1.0; +searchbot@anthropic.com)"
216.73.217.172 - - [29/Jul/2026:07:57:21 +0200] "GET /cam/out/pandorarose-cam-11519219 HTTP/2.0" 301 0 "-" "Mozilla/5.0 AppleWebKit/537.36 (KHTML, like Gecko; compatible; Claude-SearchBot/1.0; +searchbot@anthropic.com)"
216.73.217.172 - - [29/Jul/2026:07:57:22 +0200] "GET /cam/out/pretty-girly-cam-11436464 HTTP/2.0" 301 0 "-" "Mozilla/5.0 AppleWebKit/537.36 (KHTML, like Gecko; compatible; Claude-SearchBot/1.0; +searchbot@anthropic.com)"
52.167.144.201 - - [29/Jul/2026:07:58:22 +0200] "GET /cam/out/hotmarie-cam-19387100 HTTP/2.0" 301 0 "-" "Mozilla/5.0 AppleWebKit/537.36 (KHTML, like Gecko; compatible; bingbot/2.0; +http://www.bing.com/bingbot.htm) Chrome/116.0.1938.76 Safari/537.36"
216.73.217.172 - - [29/Jul/2026:07:59:07 +0200] "GET /cam/out/anastasiastone-cam-10996522 HTTP/2.0" 301 0 "-" "Mozilla/5.0 AppleWebKit/537.36 (KHTML, like Gecko; compatible; Claude-SearchBot/1.0; +searchbot@anthropic.com)"
216.73.217.172 - - [29/Jul/2026:07:59:08 +0200] "GET /cam/out/annedavis-cam-11467081 HTTP/2.0" 301 0 "-" "Mozilla/5.0 AppleWebKit/537.36 (KHTML, like Gecko; compatible; Claude-SearchBot/1.0; +searchbot@anthropic.com)"
216.73.217.172 - - [29/Jul/2026:07:59:09 +0200] "GET /cam/out/paulina-ferrer-cam-11396868 HTTP/2.0" 301 0 "-" "Mozilla/5.0 AppleWebKit/537.36 (KHTML, like Gecko; compatible; Claude-SearchBot/1.0; +searchbot@anthropic.com)"
2a03:4000:59:e65:94e2:deff:fe0e:57ac - - [29/Jul/2026:08:00:14 +0200] "GET /wp-json/arni-tracking/v1/stats?from=2026-07-27&to=2026-07-27 HTTP/2.0" 200 307 "-" "ArNi-CRM/1.0"
2a03:4000:59:e65:94e2:deff:fe0e:57ac - - [29/Jul/2026:08:00:14 +0200] "GET /wp-json/arni-tracking/v1/stats?from=2026-07-28&to=2026-07-28 HTTP/2.0" 200 307 "-" "ArNi-CRM/1.0"
2a03:4000:59:e65:94e2:deff:fe0e:57ac - - [29/Jul/2026:08:00:14 +0200] "GET /wp-json/arni-tracking/v1/stats?from=2026-07-29&to=2026-07-29 HTTP/2.0" 200 268 "-" "ArNi-CRM/1.0"
2a03:4000:59:e65:94e2:deff:fe0e:57ac - - [29/Jul/2026:08:00:15 +0200] "GET /wp-json/arni-tracking/v1/stats?from=2026-06-30&to=2026-07-29 HTTP/2.0" 200 317 "-" "ArNi-CRM/1.0"
2a03:4000:59:e65:94e2:deff:fe0e:57ac - - [29/Jul/2026:08:00:16 +0200] "GET /wp-json/arni-tracking/v1/pages?from=2026-06-30&to=2026-07-29&limit=100 HTTP/2.0" 200 18262 "-" "ArNi-CRM/1.0"
2a03:4000:59:e65:94e2:deff:fe0e:57ac - - [29/Jul/2026:08:00:16 +0200] "GET /wp-json/arni-tracking/v1/referrers?from=2026-06-30&to=2026-07-29&limit=100 HTTP/2.0" 200 908 "-" "ArNi-CRM/1.0"
2a03:4000:59:e65:94e2:deff:fe0e:57ac - - [29/Jul/2026:08:00:16 +0200] "GET /wp-json/arni-tracking/v1/campaigns?from=2026-06-30&to=2026-07-29&limit=100 HTTP/2.0" 200 78 "-" "ArNi-CRM/1.0"
2a03:4000:59:e65:94e2:deff:fe0e:57ac - - [29/Jul/2026:08:00:16 +0200] "GET /wp-json/arni-tracking/v1/conversions?from=2026-06-30&to=2026-07-29&limit=1000&page=1 HTTP/2.0" 200 45389 "-" "ArNi-CRM/1.0"
2a03:4000:59:e65:94e2:deff:fe0e:57ac - - [29/Jul/2026:08:00:16 +0200] "GET /wp-json/arni-tracking/v1/sessions?from=2026-06-30&to=2026-07-29&limit=500&page=1 HTTP/2.0" 200 178271 "-" "ArNi-CRM/1.0"
40.77.167.30 - - [29/Jul/2026:08:01:04 +0200] "GET /live-cam/missbathory-cam-8173767/ HTTP/2.0" 404 17635 "-" "Mozilla/5.0 AppleWebKit/537.36 (KHTML, like Gecko; compatible; bingbot/2.0; +http://www.bing.com/bingbot.htm) Chrome/116.0.1938.76 Safari/537.36"
40.77.167.30 - - [29/Jul/2026:08:01:09 +0200] "GET /live-cam/michel093-cam-11409889/ HTTP/2.0" 200 23833 "-" "Mozilla/5.0 AppleWebKit/537.36 (KHTML, like Gecko; compatible; bingbot/2.0; +http://www.bing.com/bingbot.htm) Chrome/116.0.1938.76 Safari/537.36"
52.167.144.201 - - [29/Jul/2026:08:01:09 +0200] "GET /live-cam/mariehardon-cam-9576977/ HTTP/2.0" 200 26159 "-" "Mozilla/5.0 AppleWebKit/537.36 (KHTML, like Gecko; compatible; bingbot/2.0; +http://www.bing.com/bingbot.htm) Chrome/116.0.1938.76 Safari/537.36"
52.167.144.191 - - [29/Jul/2026:08:01:09 +0200] "GET /live-cam/varonesarouse-cam-19218484/ HTTP/2.0" 200 26115 "-" "Mozilla/5.0 AppleWebKit/537.36 (KHTML, like Gecko; compatible; bingbot/2.0; +http://www.bing.com/bingbot.htm) Chrome/116.0.1938.76 Safari/537.36"
52.167.144.201 - - [29/Jul/2026:08:01:11 +0200] "GET /live-cam/robinfox6969-cam-11137263/ HTTP/2.0" 200 27116 "-" "Mozilla/5.0 AppleWebKit/537.36 (KHTML, like Gecko; compatible; bingbot/2.0; +http://www.bing.com/bingbot.htm) Chrome/116.0.1938.76 Safari/537.36"
40.77.167.30 - - [29/Jul/2026:08:01:12 +0200] "GET /live-cam/chubbybubby-cam-10913476/ HTTP/2.0" 200 25815 "-" "Mozilla/5.0 AppleWebKit/537.36 (KHTML, like Gecko; compatible; bingbot/2.0; +http://www.bing.com/bingbot.htm) Chrome/116.0.1938.76 Safari/537.36"
52.167.144.201 - - [29/Jul/2026:08:01:14 +0200] "GET /live-cam/lannarenner-cam-19363819/ HTTP/2.0" 200 25646 "-" "Mozilla/5.0 AppleWebKit/537.36 (KHTML, like Gecko; compatible; bingbot/2.0; +http://www.bing.com/bingbot.htm) Chrome/116.0.1938.76 Safari/537.36"
216.73.217.172 - - [29/Jul/2026:08:01:18 +0200] "GET /cam/out/kategogo-cam-11392383 HTTP/2.0" 301 0 "-" "Mozilla/5.0 AppleWebKit/537.36 (KHTML, like Gecko; compatible; Claude-SearchBot/1.0; +searchbot@anthropic.com)"
52.167.144.219 - - [29/Jul/2026:08:01:19 +0200] "GET /live-cam/keisyy-cam-19354870/ HTTP/2.0" 200 25564 "-" "Mozilla/5.0 AppleWebKit/537.36 (KHTML, like Gecko; compatible; bingbot/2.0; +http://www.bing.com/bingbot.htm) Chrome/116.0.1938.76 Safari/537.36"
216.73.217.172 - - [29/Jul/2026:08:01:21 +0200] "GET /live-cam/alicehottie-cam-11382603/ HTTP/2.0" 200 25408 "-" "Mozilla/5.0 AppleWebKit/537.36 (KHTML, like Gecko; compatible; Claude-SearchBot/1.0; +searchbot@anthropic.com)"
52.167.144.219 - - [29/Jul/2026:08:01:21 +0200] "GET /live-cam/maribelriver-cam-18601476/ HTTP/2.0" 200 25924 "-" "Mozilla/5.0 AppleWebKit/537.36 (KHTML, like Gecko; compatible; bingbot/2.0; +http://www.bing.com/bingbot.htm) Chrome/116.0.1938.76 Safari/537.36"
40.77.167.30 - - [29/Jul/2026:08:01:22 +0200] "GET /live-cam/yamila-cam-19345673/ HTTP/2.0" 200 25646 "-" "Mozilla/5.0 AppleWebKit/537.36 (KHTML, like Gecko; compatible; bingbot/2.0; +http://www.bing.com/bingbot.htm) Chrome/116.0.1938.76 Safari/537.36"
52.167.144.219 - - [29/Jul/2026:08:01:24 +0200] "GET /live-cam/tahiyaa-cam-18394372/ HTTP/2.0" 200 25927 "-" "Mozilla/5.0 AppleWebKit/537.36 (KHTML, like Gecko; compatible; bingbot/2.0; +http://www.bing.com/bingbot.htm) Chrome/116.0.1938.76 Safari/537.36"
52.167.144.201 - - [29/Jul/2026:08:01:28 +0200] "GET /live-cam/diamond008-cam-11138134/ HTTP/2.0" 200 25743 "-" "Mozilla/5.0 AppleWebKit/537.36 (KHTML, like Gecko; compatible; bingbot/2.0; +http://www.bing.com/bingbot.htm) Chrome/116.0.1938.76 Safari/537.36"
43.156.228.27 - - [29/Jul/2026:08:01:56 +0200] "GET /wp-json/oembed/1.0/embed?url=https%3A%2F%2Fwww.taschenmuschi-kaufen.de%2Flive-cam%2Fsofiarivas-cam-10734513%2F&format=xml HTTP/2.0" 200 2612 "-" "Mozilla/5.0 (iPhone; CPU iPhone OS 13_2_3 like Mac OS X) AppleWebKit/605.1.15 (KHTML, like Gecko) Version/13.0.3 Mobile/15E148 Safari/604.1"
216.73.217.172 - - [29/Jul/2026:08:02:10 +0200] "GET /cam/out/atheneasexy-cam-11007118 HTTP/2.0" 301 0 "-" "Mozilla/5.0 AppleWebKit/537.36 (KHTML, like Gecko; compatible; Claude-SearchBot/1.0; +searchbot@anthropic.com)"
216.73.217.172 - - [29/Jul/2026:08:02:11 +0200] "GET /cam/out/cynthiaspade-cam-11348214 HTTP/2.0" 301 0 "-" "Mozilla/5.0 AppleWebKit/537.36 (KHTML, like Gecko; compatible; Claude-SearchBot/1.0; +searchbot@anthropic.com)"
107.20.132.237 - - [29/Jul/2026:08:02:35 +0200] "GET /wp-content/uploads/2026/07/31371422_640-300x300.jpg HTTP/2.0" 200 18698 "-" "Mozilla/5.0 AppleWebKit/537.36 (KHTML, like Gecko; compatible; Amzn-SearchBot/0.1) Chrome/119.0.6045.214 Safari/537.36"
35.175.132.11 - - [29/Jul/2026:08:02:46 +0200] "GET /live-cam/emily19-cam-11513409/embed/ HTTP/2.0" 200 6939 "-" "Mozilla/5.0 AppleWebKit/537.36 (KHTML, like Gecko; compatible; Amzn-SearchBot/0.1) Chrome/119.0.6045.214 Safari/537.36"
34.228.124.71 - - [29/Jul/2026:08:02:57 +0200] "GET /live-cam/urhugecock-cam-19061494/embed/ HTTP/2.0" 200 6949 "-" "Mozilla/5.0 AppleWebKit/537.36 (KHTML, like Gecko; compatible; Amzn-SearchBot/0.1) Chrome/119.0.6045.214 Safari/537.36"
2a03:4000:59:e65:94e2:deff:fe0e:57ac - - [29/Jul/2026:08:03:09 +0200] "GET /wp-json/arni-tracking/v1/stats?from=2026-07-27&to=2026-07-27 HTTP/2.0" 200 307 "-" "ArNi-CRM/1.0"
2a03:4000:59:e65:94e2:deff:fe0e:57ac - - [29/Jul/2026:08:03:10 +0200] "GET /wp-json/arni-tracking/v1/stats?from=2026-07-28&to=2026-07-28 HTTP/2.0" 200 307 "-" "ArNi-CRM/1.0"
2a03:4000:59:e65:94e2:deff:fe0e:57ac - - [29/Jul/2026:08:03:10 +0200] "GET /wp-json/arni-tracking/v1/stats?from=2026-07-29&to=2026-07-29 HTTP/2.0" 200 268 "-" "ArNi-CRM/1.0"
2a03:4000:59:e65:94e2:deff:fe0e:57ac - - [29/Jul/2026:08:03:10 +0200] "GET /wp-json/arni-tracking/v1/stats?from=2026-06-30&to=2026-07-29 HTTP/2.0" 200 317 "-" "ArNi-CRM/1.0"
2a03:4000:59:e65:94e2:deff:fe0e:57ac - - [29/Jul/2026:08:03:11 +0200] "GET /wp-json/arni-tracking/v1/pages?from=2026-06-30&to=2026-07-29&limit=100 HTTP/2.0" 200 18262 "-" "ArNi-CRM/1.0"
2a03:4000:59:e65:94e2:deff:fe0e:57ac - - [29/Jul/2026:08:03:11 +0200] "GET /wp-json/arni-tracking/v1/referrers?from=2026-06-30&to=2026-07-29&limit=100 HTTP/2.0" 200 908 "-" "ArNi-CRM/1.0"
2a03:4000:59:e65:94e2:deff:fe0e:57ac - - [29/Jul/2026:08:03:11 +0200] "GET /wp-json/arni-tracking/v1/campaigns?from=2026-06-30&to=2026-07-29&limit=100 HTTP/2.0" 200 78 "-" "ArNi-CRM/1.0"
2a03:4000:59:e65:94e2:deff:fe0e:57ac - - [29/Jul/2026:08:03:11 +0200] "GET /wp-json/arni-tracking/v1/conversions?from=2026-06-30&to=2026-07-29&limit=1000&page=1 HTTP/2.0" 200 45389 "-" "ArNi-CRM/1.0"
2a03:4000:59:e65:94e2:deff:fe0e:57ac - - [29/Jul/2026:08:03:11 +0200] "GET /wp-json/arni-tracking/v1/sessions?from=2026-06-30&to=2026-07-29&limit=500&page=1 HTTP/2.0" 200 178271 "-" "ArNi-CRM/1.0"
52.20.158.171 - - [29/Jul/2026:08:03:13 +0200] "GET /live-cam/lillywade-cam-11461813/ HTTP/2.0" 200 25466 "-" "Mozilla/5.0 AppleWebKit/537.36 (KHTML, like Gecko; compatible; Amzn-SearchBot/0.1) Chrome/119.0.6045.214 Safari/537.36"
216.73.217.172 - - [29/Jul/2026:08:03:21 +0200] "GET /live-cam/ariannakitten-cam-11530824/ HTTP/2.0" 200 25647 "-" "Mozilla/5.0 AppleWebKit/537.36 (KHTML, like Gecko; compatible; Claude-SearchBot/1.0; +searchbot@anthropic.com)"
62.138.3.52 - - [29/Jul/2026:08:04:42 +0200] "GET /wp-content/uploads/2026/05/12703579_640-31-150x150.jpg HTTP/2.0" 200 4343 "https://www.taschenmuschi-kaufen.de/live-cam/dirty-bya-cam-8821659/" "Mozilla/5.0 (Macintosh; Intel Mac OS X 10.15; rv:103.0) Gecko/20100101 Firefox/103.0"
2a03:4000:59:e65:94e2:deff:fe0e:57ac - - [29/Jul/2026:08:06:09 +0200] "GET /wp-json/arni-tracking/v1/stats?from=2026-07-27&to=2026-07-27 HTTP/2.0" 200 307 "-" "ArNi-CRM/1.0"
2a03:4000:59:e65:94e2:deff:fe0e:57ac - - [29/Jul/2026:08:06:09 +0200] "GET /wp-json/arni-tracking/v1/stats?from=2026-07-28&to=2026-07-28 HTTP/2.0" 200 307 "-" "ArNi-CRM/1.0"
2a03:4000:59:e65:94e2:deff:fe0e:57ac - - [29/Jul/2026:08:06:09 +0200] "GET /wp-json/arni-tracking/v1/stats?from=2026-07-29&to=2026-07-29 HTTP/2.0" 200 268 "-" "ArNi-CRM/1.0"
2a03:4000:59:e65:94e2:deff:fe0e:57ac - - [29/Jul/2026:08:06:09 +0200] "GET /wp-json/arni-tracking/v1/stats?from=2026-06-30&to=2026-07-29 HTTP/2.0" 200 317 "-" "ArNi-CRM/1.0"
2a03:4000:59:e65:94e2:deff:fe0e:57ac - - [29/Jul/2026:08:06:10 +0200] "GET /wp-json/arni-tracking/v1/pages?from=2026-06-30&to=2026-07-29&limit=100 HTTP/2.0" 200 18262 "-" "ArNi-CRM/1.0"
2a03:4000:59:e65:94e2:deff:fe0e:57ac - - [29/Jul/2026:08:06:10 +0200] "GET /wp-json/arni-tracking/v1/referrers?from=2026-06-30&to=2026-07-29&limit=100 HTTP/2.0" 200 908 "-" "ArNi-CRM/1.0"
2a03:4000:59:e65:94e2:deff:fe0e:57ac - - [29/Jul/2026:08:06:10 +0200] "GET /wp-json/arni-tracking/v1/campaigns?from=2026-06-30&to=2026-07-29&limit=100 HTTP/2.0" 200 78 "-" "ArNi-CRM/1.0"
2a03:4000:59:e65:94e2:deff:fe0e:57ac - - [29/Jul/2026:08:06:10 +0200] "GET /wp-json/arni-tracking/v1/conversions?from=2026-06-30&to=2026-07-29&limit=1000&page=1 HTTP/2.0" 200 45389 "-" "ArNi-CRM/1.0"
2a03:4000:59:e65:94e2:deff:fe0e:57ac - - [29/Jul/2026:08:06:10 +0200] "GET /wp-json/arni-tracking/v1/sessions?from=2026-06-30&to=2026-07-29&limit=500&page=1 HTTP/2.0" 200 178271 "-" "ArNi-CRM/1.0"
216.73.217.172 - - [29/Jul/2026:08:07:02 +0200] "GET /cam/out/amarasecret-cam-19231145 HTTP/2.0" 301 0 "-" "Mozilla/5.0 AppleWebKit/537.36 (KHTML, like Gecko; compatible; Claude-SearchBot/1.0; +searchbot@anthropic.com)"
52.167.144.219 - - [29/Jul/2026:08:07:26 +0200] "GET /cam/out/minbaeky-cam-18899626 HTTP/2.0" 301 0 "-" "Mozilla/5.0 AppleWebKit/537.36 (KHTML, like Gecko; compatible; bingbot/2.0; +http://www.bing.com/bingbot.htm) Chrome/116.0.1938.76 Safari/537.36"
52.167.144.219 - - [29/Jul/2026:08:07:31 +0200] "GET /live-cam/isisdevon-cam-10857843/ HTTP/2.0" 200 25333 "-" "Mozilla/5.0 AppleWebKit/537.36 (KHTML, like Gecko; compatible; bingbot/2.0; +http://www.bing.com/bingbot.htm) Chrome/116.0.1938.76 Safari/537.36"
2a03:4000:59:e65:94e2:deff:fe0e:57ac - - [29/Jul/2026:08:09:09 +0200] "GET /wp-json/arni-tracking/v1/stats?from=2026-07-27&to=2026-07-27 HTTP/2.0" 200 307 "-" "ArNi-CRM/1.0"
2a03:4000:59:e65:94e2:deff:fe0e:57ac - - [29/Jul/2026:08:09:09 +0200] "GET /wp-json/arni-tracking/v1/stats?from=2026-07-28&to=2026-07-28 HTTP/2.0" 200 307 "-" "ArNi-CRM/1.0"
2a03:4000:59:e65:94e2:deff:fe0e:57ac - - [29/Jul/2026:08:09:10 +0200] "GET /wp-json/arni-tracking/v1/stats?from=2026-07-29&to=2026-07-29 HTTP/2.0" 200 268 "-" "ArNi-CRM/1.0"
2a03:4000:59:e65:94e2:deff:fe0e:57ac - - [29/Jul/2026:08:09:10 +0200] "GET /wp-json/arni-tracking/v1/stats?from=2026-06-30&to=2026-07-29 HTTP/2.0" 200 317 "-" "ArNi-CRM/1.0"
2a03:4000:59:e65:94e2:deff:fe0e:57ac - - [29/Jul/2026:08:09:10 +0200] "GET /wp-json/arni-tracking/v1/pages?from=2026-06-30&to=2026-07-29&limit=100 HTTP/2.0" 200 18262 "-" "ArNi-CRM/1.0"
2a03:4000:59:e65:94e2:deff:fe0e:57ac - - [29/Jul/2026:08:09:10 +0200] "GET /wp-json/arni-tracking/v1/referrers?from=2026-06-30&to=2026-07-29&limit=100 HTTP/2.0" 200 908 "-" "ArNi-CRM/1.0"
2a03:4000:59:e65:94e2:deff:fe0e:57ac - - [29/Jul/2026:08:09:11 +0200] "GET /wp-json/arni-tracking/v1/campaigns?from=2026-06-30&to=2026-07-29&limit=100 HTTP/2.0" 200 78 "-" "ArNi-CRM/1.0"
2a03:4000:59:e65:94e2:deff:fe0e:57ac - - [29/Jul/2026:08:09:11 +0200] "GET /wp-json/arni-tracking/v1/conversions?from=2026-06-30&to=2026-07-29&limit=1000&page=1 HTTP/2.0" 200 45389 "-" "ArNi-CRM/1.0"
2a03:4000:59:e65:94e2:deff:fe0e:57ac - - [29/Jul/2026:08:09:11 +0200] "GET /wp-json/arni-tracking/v1/sessions?from=2026-06-30&to=2026-07-29&limit=500&page=1 HTTP/2.0" 200 178271 "-" "ArNi-CRM/1.0"
216.73.217.172 - - [29/Jul/2026:08:10:07 +0200] "GET /live-cam/octaviaxd-cam-11347226/ HTTP/2.0" 200 24012 "-" "Mozilla/5.0 AppleWebKit/537.36 (KHTML, like Gecko; compatible; Claude-SearchBot/1.0; +searchbot@anthropic.com)"
43.133.69.37 - - [29/Jul/2026:08:12:08 +0200] "GET /live-cam/tanyashane-cam-11492917/ HTTP/2.0" 200 25713 "-" "Mozilla/5.0 (iPhone; CPU iPhone OS 13_2_3 like Mac OS X) AppleWebKit/605.1.15 (KHTML, like Gecko) Version/13.0.3 Mobile/15E148 Safari/604.1"
2a03:4000:59:e65:94e2:deff:fe0e:57ac - - [29/Jul/2026:08:12:09 +0200] "GET /wp-json/arni-tracking/v1/stats?from=2026-07-27&to=2026-07-27 HTTP/2.0" 200 307 "-" "ArNi-CRM/1.0"
2a03:4000:59:e65:94e2:deff:fe0e:57ac - - [29/Jul/2026:08:12:09 +0200] "GET /wp-json/arni-tracking/v1/stats?from=2026-07-28&to=2026-07-28 HTTP/2.0" 200 307 "-" "ArNi-CRM/1.0"
2a03:4000:59:e65:94e2:deff:fe0e:57ac - - [29/Jul/2026:08:12:09 +0200] "GET /wp-json/arni-tracking/v1/stats?from=2026-07-29&to=2026-07-29 HTTP/2.0" 200 268 "-" "ArNi-CRM/1.0"
2a03:4000:59:e65:94e2:deff:fe0e:57ac - - [29/Jul/2026:08:12:10 +0200] "GET /wp-json/arni-tracking/v1/stats?from=2026-06-30&to=2026-07-29 HTTP/2.0" 200 317 "-" "ArNi-CRM/1.0"
2a03:4000:59:e65:94e2:deff:fe0e:57ac - - [29/Jul/2026:08:12:10 +0200] "GET /wp-json/arni-tracking/v1/pages?from=2026-06-30&to=2026-07-29&limit=100 HTTP/2.0" 200 18262 "-" "ArNi-CRM/1.0"
2a03:4000:59:e65:94e2:deff:fe0e:57ac - - [29/Jul/2026:08:12:10 +0200] "GET /wp-json/arni-tracking/v1/referrers?from=2026-06-30&to=2026-07-29&limit=100 HTTP/2.0" 200 908 "-" "ArNi-CRM/1.0"
2a03:4000:59:e65:94e2:deff:fe0e:57ac - - [29/Jul/2026:08:12:10 +0200] "GET /wp-json/arni-tracking/v1/campaigns?from=2026-06-30&to=2026-07-29&limit=100 HTTP/2.0" 200 78 "-" "ArNi-CRM/1.0"
2a03:4000:59:e65:94e2:deff:fe0e:57ac - - [29/Jul/2026:08:12:10 +0200] "GET /wp-json/arni-tracking/v1/conversions?from=2026-06-30&to=2026-07-29&limit=1000&page=1 HTTP/2.0" 200 45389 "-" "ArNi-CRM/1.0"
2a03:4000:59:e65:94e2:deff:fe0e:57ac - - [29/Jul/2026:08:12:11 +0200] "GET /wp-json/arni-tracking/v1/sessions?from=2026-06-30&to=2026-07-29&limit=500&page=1 HTTP/2.0" 200 178388 "-" "ArNi-CRM/1.0"
216.73.217.172 - - [29/Jul/2026:08:12:50 +0200] "GET /cam/out/petite-angel-cam-11527896 HTTP/2.0" 301 0 "-" "Mozilla/5.0 AppleWebKit/537.36 (KHTML, like Gecko; compatible; Claude-SearchBot/1.0; +searchbot@anthropic.com)"
216.73.217.172 - - [29/Jul/2026:08:12:51 +0200] "GET /cam/out/marieschibert-cam-11592395 HTTP/2.0" 301 0 "-" "Mozilla/5.0 AppleWebKit/537.36 (KHTML, like Gecko; compatible; Claude-SearchBot/1.0; +searchbot@anthropic.com)"
216.73.217.172 - - [29/Jul/2026:08:13:27 +0200] "GET /cam/out/alexacute-cam-11454075 HTTP/2.0" 301 0 "-" "Mozilla/5.0 AppleWebKit/537.36 (KHTML, like Gecko; compatible; Claude-SearchBot/1.0; +searchbot@anthropic.com)"
52.167.144.204 - - [29/Jul/2026:08:13:39 +0200] "GET /live-cam/goddessheartxxx-cam-11565066/ HTTP/2.0" 200 24718 "-" "Mozilla/5.0 AppleWebKit/537.36 (KHTML, like Gecko; compatible; bingbot/2.0; +http://www.bing.com/bingbot.htm) Chrome/116.0.1938.76 Safari/537.36"
52.167.144.204 - - [29/Jul/2026:08:13:41 +0200] "GET /live-cam/gigi-baaang-cam-11123443/ HTTP/2.0" 200 25791 "-" "Mozilla/5.0 AppleWebKit/537.36 (KHTML, like Gecko; compatible; bingbot/2.0; +http://www.bing.com/bingbot.htm) Chrome/116.0.1938.76 Safari/537.36"
52.167.144.174 - - [29/Jul/2026:08:13:42 +0200] "GET /live-cam/sacha-cam-14610764/ HTTP/2.0" 200 27205 "-" "Mozilla/5.0 AppleWebKit/537.36 (KHTML, like Gecko; compatible; bingbot/2.0; +http://www.bing.com/bingbot.htm) Chrome/116.0.1938.76 Safari/537.36"
52.167.144.204 - - [29/Jul/2026:08:13:47 +0200] "GET /live-cam/seductivegab-cam-18999851/ HTTP/2.0" 200 25858 "-" "Mozilla/5.0 AppleWebKit/537.36 (KHTML, like Gecko; compatible; bingbot/2.0; +http://www.bing.com/bingbot.htm) Chrome/116.0.1938.76 Safari/537.36"
52.167.144.204 - - [29/Jul/2026:08:14:33 +0200] "GET /live-cam/lunaflirt-cam-18706555/ HTTP/2.0" 200 26332 "-" "Mozilla/5.0 AppleWebKit/537.36 (KHTML, like Gecko; compatible; bingbot/2.0; +http://www.bing.com/bingbot.htm) Chrome/116.0.1938.76 Safari/537.36"
52.167.144.174 - - [29/Jul/2026:08:14:52 +0200] "GET /live-cam/topdominantts-cam-19091140/ HTTP/2.0" 200 25951 "-" "Mozilla/5.0 AppleWebKit/537.36 (KHTML, like Gecko; compatible; bingbot/2.0; +http://www.bing.com/bingbot.htm) Chrome/116.0.1938.76 Safari/537.36"
52.167.144.204 - - [29/Jul/2026:08:14:57 +0200] "GET /cam/out/bootsica-cam-12432703 HTTP/2.0" 301 0 "-" "Mozilla/5.0 AppleWebKit/537.36 (KHTML, like Gecko; compatible; bingbot/2.0; +http://www.bing.com/bingbot.htm) Chrome/116.0.1938.76 Safari/537.36"
2a03:4000:59:e65:94e2:deff:fe0e:57ac - - [29/Jul/2026:08:15:10 +0200] "GET /wp-json/arni-tracking/v1/stats?from=2026-07-27&to=2026-07-27 HTTP/2.0" 200 307 "-" "ArNi-CRM/1.0"
2a03:4000:59:e65:94e2:deff:fe0e:57ac - - [29/Jul/2026:08:15:10 +0200] "GET /wp-json/arni-tracking/v1/stats?from=2026-07-28&to=2026-07-28 HTTP/2.0" 200 307 "-" "ArNi-CRM/1.0"
2a03:4000:59:e65:94e2:deff:fe0e:57ac - - [29/Jul/2026:08:15:10 +0200] "GET /wp-json/arni-tracking/v1/stats?from=2026-07-29&to=2026-07-29 HTTP/2.0" 200 268 "-" "ArNi-CRM/1.0"
2a03:4000:59:e65:94e2:deff:fe0e:57ac - - [29/Jul/2026:08:15:11 +0200] "GET /wp-json/arni-tracking/v1/stats?from=2026-06-30&to=2026-07-29 HTTP/2.0" 200 317 "-" "ArNi-CRM/1.0"
2a03:4000:59:e65:94e2:deff:fe0e:57ac - - [29/Jul/2026:08:15:11 +0200] "GET /wp-json/arni-tracking/v1/pages?from=2026-06-30&to=2026-07-29&limit=100 HTTP/2.0" 200 18262 "-" "ArNi-CRM/1.0"
2a03:4000:59:e65:94e2:deff:fe0e:57ac - - [29/Jul/2026:08:15:11 +0200] "GET /wp-json/arni-tracking/v1/referrers?from=2026-06-30&to=2026-07-29&limit=100 HTTP/2.0" 200 908 "-" "ArNi-CRM/1.0"
2a03:4000:59:e65:94e2:deff:fe0e:57ac - - [29/Jul/2026:08:15:11 +0200] "GET /wp-json/arni-tracking/v1/campaigns?from=2026-06-30&to=2026-07-29&limit=100 HTTP/2.0" 200 78 "-" "ArNi-CRM/1.0"
2a03:4000:59:e65:94e2:deff:fe0e:57ac - - [29/Jul/2026:08:15:12 +0200] "GET /wp-json/arni-tracking/v1/conversions?from=2026-06-30&to=2026-07-29&limit=1000&page=1 HTTP/2.0" 200 45389 "-" "ArNi-CRM/1.0"
2a03:4000:59:e65:94e2:deff:fe0e:57ac - - [29/Jul/2026:08:15:12 +0200] "GET /wp-json/arni-tracking/v1/sessions?from=2026-06-30&to=2026-07-29&limit=500&page=1 HTTP/2.0" 200 178388 "-" "ArNi-CRM/1.0"
216.73.217.172 - - [29/Jul/2026:08:15:19 +0200] "GET /cam/out/alicehottie-cam-11382603 HTTP/2.0" 301 0 "-" "Mozilla/5.0 AppleWebKit/537.36 (KHTML, like Gecko; compatible; Claude-SearchBot/1.0; +searchbot@anthropic.com)"
216.73.217.172 - - [29/Jul/2026:08:15:20 +0200] "GET /?p=213442 HTTP/2.0" 301 0 "-" "Mozilla/5.0 AppleWebKit/537.36 (KHTML, like Gecko; compatible; Claude-SearchBot/1.0; +searchbot@anthropic.com)"
216.73.217.172 - - [29/Jul/2026:08:15:21 +0200] "GET /live-cam/alicehottie-cam-11382603/ HTTP/2.0" 200 25408 "https://www.taschenmuschi-kaufen.de/?p=213442" "Mozilla/5.0 AppleWebKit/537.36 (KHTML, like Gecko; compatible; Claude-SearchBot/1.0; +searchbot@anthropic.com)"
216.73.217.172 - - [29/Jul/2026:08:15:21 +0200] "GET /?p=214860 HTTP/2.0" 301 0 "-" "Mozilla/5.0 AppleWebKit/537.36 (KHTML, like Gecko; compatible; Claude-SearchBot/1.0; +searchbot@anthropic.com)"
216.73.217.172 - - [29/Jul/2026:08:15:25 +0200] "GET /live-cam/petite-angel-cam-11527896/ HTTP/2.0" 200 24307 "https://www.taschenmuschi-kaufen.de/?p=214860" "Mozilla/5.0 AppleWebKit/537.36 (KHTML, like Gecko; compatible; Claude-SearchBot/1.0; +searchbot@anthropic.com)"
62.138.2.214 - - [29/Jul/2026:08:15:58 +0200] "GET /wp-content/uploads/2026/05/15142481_640.jpg HTTP/2.0" 200 62543 "https://www.taschenmuschi-kaufen.de/live-cams/frauen/blond/" "Mozilla/5.0 (Macintosh; Intel Mac OS X 10.15; rv:103.0) Gecko/20100101 Firefox/103.0"
40.77.167.74 - - [29/Jul/2026:08:16:58 +0200] "GET /cam/out/rosie-june-cam-16048465 HTTP/2.0" 301 0 "-" "Mozilla/5.0 AppleWebKit/537.36 (KHTML, like Gecko; compatible; bingbot/2.0; +http://www.bing.com/bingbot.htm) Chrome/116.0.1938.76 Safari/537.36"
216.73.217.172 - - [29/Jul/2026:08:17:21 +0200] "GET /live-cam/milanahotx-cam-11375288/ HTTP/2.0" 200 25514 "-" "Mozilla/5.0 AppleWebKit/537.36 (KHTML, like Gecko; compatible; Claude-SearchBot/1.0; +searchbot@anthropic.com)"
216.73.217.172 - - [29/Jul/2026:08:18:05 +0200] "GET /?p=214472 HTTP/2.0" 301 0 "-" "Mozilla/5.0 AppleWebKit/537.36 (KHTML, like Gecko; compatible; Claude-SearchBot/1.0; +searchbot@anthropic.com)"
2a03:4000:59:e65:94e2:deff:fe0e:57ac - - [29/Jul/2026:08:18:08 +0200] "GET /wp-json/arni-tracking/v1/stats?from=2026-07-27&to=2026-07-27 HTTP/2.0" 200 307 "-" "ArNi-CRM/1.0"
2a03:4000:59:e65:94e2:deff:fe0e:57ac - - [29/Jul/2026:08:18:09 +0200] "GET /wp-json/arni-tracking/v1/stats?from=2026-07-28&to=2026-07-28 HTTP/2.0" 200 307 "-" "ArNi-CRM/1.0"
2a03:4000:59:e65:94e2:deff:fe0e:57ac - - [29/Jul/2026:08:18:09 +0200] "GET /wp-json/arni-tracking/v1/stats?from=2026-07-29&to=2026-07-29 HTTP/2.0" 200 268 "-" "ArNi-CRM/1.0"
2a03:4000:59:e65:94e2:deff:fe0e:57ac - - [29/Jul/2026:08:18:09 +0200] "GET /wp-json/arni-tracking/v1/stats?from=2026-06-30&to=2026-07-29 HTTP/2.0" 200 317 "-" "ArNi-CRM/1.0"
2a03:4000:59:e65:94e2:deff:fe0e:57ac - - [29/Jul/2026:08:18:09 +0200] "GET /wp-json/arni-tracking/v1/pages?from=2026-06-30&to=2026-07-29&limit=100 HTTP/2.0" 200 18262 "-" "ArNi-CRM/1.0"
2a03:4000:59:e65:94e2:deff:fe0e:57ac - - [29/Jul/2026:08:18:10 +0200] "GET /wp-json/arni-tracking/v1/referrers?from=2026-06-30&to=2026-07-29&limit=100 HTTP/2.0" 200 908 "-" "ArNi-CRM/1.0"
2a03:4000:59:e65:94e2:deff:fe0e:57ac - - [29/Jul/2026:08:18:10 +0200] "GET /wp-json/arni-tracking/v1/campaigns?from=2026-06-30&to=2026-07-29&limit=100 HTTP/2.0" 200 78 "-" "ArNi-CRM/1.0"
2a03:4000:59:e65:94e2:deff:fe0e:57ac - - [29/Jul/2026:08:18:10 +0200] "GET /wp-json/arni-tracking/v1/conversions?from=2026-06-30&to=2026-07-29&limit=1000&page=1 HTTP/2.0" 200 45389 "-" "ArNi-CRM/1.0"
2a03:4000:59:e65:94e2:deff:fe0e:57ac - - [29/Jul/2026:08:18:10 +0200] "GET /wp-json/arni-tracking/v1/sessions?from=2026-06-30&to=2026-07-29&limit=500&page=1 HTTP/2.0" 200 178388 "-" "ArNi-CRM/1.0"
216.73.217.172 - - [29/Jul/2026:08:18:11 +0200] "GET /live-cam/marieschibert-cam-11592395/ HTTP/2.0" 200 25457 "https://www.taschenmuschi-kaufen.de/?p=214472" "Mozilla/5.0 AppleWebKit/537.36 (KHTML, like Gecko; compatible; Claude-SearchBot/1.0; +searchbot@anthropic.com)"
2a03:4000:59:e65:94e2:deff:fe0e:57ac - - [29/Jul/2026:08:21:09 +0200] "GET /wp-json/arni-tracking/v1/stats?from=2026-07-27&to=2026-07-27 HTTP/2.0" 200 307 "-" "ArNi-CRM/1.0"
2a03:4000:59:e65:94e2:deff:fe0e:57ac - - [29/Jul/2026:08:21:09 +0200] "GET /wp-json/arni-tracking/v1/stats?from=2026-07-28&to=2026-07-28 HTTP/2.0" 200 307 "-" "ArNi-CRM/1.0"
2a03:4000:59:e65:94e2:deff:fe0e:57ac - - [29/Jul/2026:08:21:09 +0200] "GET /wp-json/arni-tracking/v1/stats?from=2026-07-29&to=2026-07-29 HTTP/2.0" 200 268 "-" "ArNi-CRM/1.0"
2a03:4000:59:e65:94e2:deff:fe0e:57ac - - [29/Jul/2026:08:21:10 +0200] "GET /wp-json/arni-tracking/v1/stats?from=2026-06-30&to=2026-07-29 HTTP/2.0" 200 317 "-" "ArNi-CRM/1.0"
2a03:4000:59:e65:94e2:deff:fe0e:57ac - - [29/Jul/2026:08:21:10 +0200] "GET /wp-json/arni-tracking/v1/pages?from=2026-06-30&to=2026-07-29&limit=100 HTTP/2.0" 200 18262 "-" "ArNi-CRM/1.0"
2a03:4000:59:e65:94e2:deff:fe0e:57ac - - [29/Jul/2026:08:21:10 +0200] "GET /wp-json/arni-tracking/v1/referrers?from=2026-06-30&to=2026-07-29&limit=100 HTTP/2.0" 200 908 "-" "ArNi-CRM/1.0"
2a03:4000:59:e65:94e2:deff:fe0e:57ac - - [29/Jul/2026:08:21:10 +0200] "GET /wp-json/arni-tracking/v1/campaigns?from=2026-06-30&to=2026-07-29&limit=100 HTTP/2.0" 200 78 "-" "ArNi-CRM/1.0"
2a03:4000:59:e65:94e2:deff:fe0e:57ac - - [29/Jul/2026:08:21:10 +0200] "GET /wp-json/arni-tracking/v1/conversions?from=2026-06-30&to=2026-07-29&limit=1000&page=1 HTTP/2.0" 200 45389 "-" "ArNi-CRM/1.0"
2a03:4000:59:e65:94e2:deff:fe0e:57ac - - [29/Jul/2026:08:21:11 +0200] "GET /wp-json/arni-tracking/v1/sessions?from=2026-06-30&to=2026-07-29&limit=500&page=1 HTTP/2.0" 200 178388 "-" "ArNi-CRM/1.0"
47.79.13.90 - - [29/Jul/2026:08:21:20 +0200] "GET /cam/out/lmuller9876-cam-11513058 HTTP/2.0" 301 0 "https://www.taschenmuschi-kaufen.de/" "Mozilla/5.0 (Macintosh; Intel Mac OS X 10_15_7) AppleWebKit/537.36 (KHTML, like Gecko) Chrome/135.0.0.0 Safari/537.36"
216.73.217.172 - - [29/Jul/2026:08:21:28 +0200] "GET /live-cam/arielheart-cam-11352607/ HTTP/2.0" 200 25536 "-" "Mozilla/5.0 AppleWebKit/537.36 (KHTML, like Gecko; compatible; Claude-SearchBot/1.0; +searchbot@anthropic.com)"
216.73.217.172 - - [29/Jul/2026:08:21:29 +0200] "GET /?p=215080 HTTP/2.0" 301 0 "-" "Mozilla/5.0 AppleWebKit/537.36 (KHTML, like Gecko; compatible; Claude-SearchBot/1.0; +searchbot@anthropic.com)"
216.73.217.172 - - [29/Jul/2026:08:21:32 +0200] "GET /live-cam/doublelovexxx-cam-9535634/ HTTP/2.0" 200 25673 "https://www.taschenmuschi-kaufen.de/?p=215080" "Mozilla/5.0 AppleWebKit/537.36 (KHTML, like Gecko; compatible; Claude-SearchBot/1.0; +searchbot@anthropic.com)"
43.152.72.244 - - [29/Jul/2026:08:22:09 +0200] "GET /live-cam/kissella-cam-11302162/ HTTP/2.0" 200 25654 "-" "Mozilla/5.0 (iPhone; CPU iPhone OS 13_2_3 like Mac OS X) AppleWebKit/605.1.15 (KHTML, like Gecko) Version/13.0.3 Mobile/15E148 Safari/604.1"
96.62.228.109 - - [29/Jul/2026:08:22:18 +0200] "GET /sa.json HTTP/1.1" 301 169 "-" "Mozilla/5.0 (Windows NT 10.0; Win64; x64) AppleWebKit/537.36 (KHTML, like Gecko) Chrome/131.0.0.0 Safari/537.36 Edg/131.0.0.0"
96.62.228.109 - - [29/Jul/2026:08:22:19 +0200] "GET /.aws/credentials HTTP/1.1" 301 169 "-" "Mozilla/5.0 (Windows NT 10.0; Win64; x64) AppleWebKit/537.36 (KHTML, like Gecko) Chrome/131.0.0.0 Safari/537.36 Edg/131.0.0.0"
96.62.228.109 - - [29/Jul/2026:08:22:20 +0200] "GET /.pypirc HTTP/1.1" 301 169 "-" "Mozilla/5.0 (iPad; CPU OS 18_1 like Mac OS X) AppleWebKit/605.1.15 (KHTML, like Gecko) Version/18.1 Mobile/15E148 Safari/604.1"
96.62.228.109 - - [29/Jul/2026:08:22:20 +0200] "GET /application.yml HTTP/1.1" 301 169 "-" "Mozilla/5.0 (Macintosh; Intel Mac OS X 10_15_7) AppleWebKit/537.36 (KHTML, like Gecko) Chrome/130.0.0.0 Safari/537.36"
96.62.228.109 - - [29/Jul/2026:08:22:20 +0200] "GET /app/.env HTTP/1.1" 301 169 "-" "Mozilla/5.0 (Windows NT 10.0; Win64; x64) AppleWebKit/537.36 (KHTML, like Gecko) Chrome/131.0.0.0 Safari/537.36"
96.62.228.109 - - [29/Jul/2026:08:22:20 +0200] "GET /admin/.env HTTP/1.1" 301 169 "-" "Mozilla/5.0 (Macintosh; Intel Mac OS X 10_15_7) AppleWebKit/537.36 (KHTML, like Gecko) Chrome/131.0.0.0 Safari/537.36"
