2a03:4000:59:e65:94e2:deff:fe0e:57ac - - [29/Jul/2026:07:09:10 +0200] "GET /wp-json/arni-tracking/v1/referrers?from=2026-06-30&to=2026-07-29&limit=100 HTTP/2.0" 200 908 "-" "ArNi-CRM/1.0"
2a03:4000:59:e65:94e2:deff:fe0e:57ac - - [29/Jul/2026:07:09:10 +0200] "GET /wp-json/arni-tracking/v1/campaigns?from=2026-06-30&to=2026-07-29&limit=100 HTTP/2.0" 200 78 "-" "ArNi-CRM/1.0"
2a03:4000:59:e65:94e2:deff:fe0e:57ac - - [29/Jul/2026:07:09:11 +0200] "GET /wp-json/arni-tracking/v1/conversions?from=2026-06-30&to=2026-07-29&limit=1000&page=1 HTTP/2.0" 200 45389 "-" "ArNi-CRM/1.0"
2a03:4000:59:e65:94e2:deff:fe0e:57ac - - [29/Jul/2026:07:09:11 +0200] "GET /wp-json/arni-tracking/v1/sessions?from=2026-06-30&to=2026-07-29&limit=500&page=1 HTTP/2.0" 200 178796 "-" "ArNi-CRM/1.0"
216.73.217.172 - - [29/Jul/2026:07:09:41 +0200] "GET /?p=214376 HTTP/2.0" 301 0 "-" "Mozilla/5.0 AppleWebKit/537.36 (KHTML, like Gecko; compatible; Claude-SearchBot/1.0; +searchbot@anthropic.com)"
216.73.217.172 - - [29/Jul/2026:07:09:46 +0200] "GET /live-cam/hotfunanna-cam-11477119/ HTTP/2.0" 200 25286 "https://www.taschenmuschi-kaufen.de/?p=214376" "Mozilla/5.0 AppleWebKit/537.36 (KHTML, like Gecko; compatible; Claude-SearchBot/1.0; +searchbot@anthropic.com)"
216.73.217.172 - - [29/Jul/2026:07:09:46 +0200] "GET /?p=213072 HTTP/2.0" 301 0 "-" "Mozilla/5.0 AppleWebKit/537.36 (KHTML, like Gecko; compatible; Claude-SearchBot/1.0; +searchbot@anthropic.com)"
216.73.217.172 - - [29/Jul/2026:07:09:49 +0200] "GET /live-cam/zlatka-cam-11339403/ HTTP/2.0" 200 27107 "https://www.taschenmuschi-kaufen.de/?p=213072" "Mozilla/5.0 AppleWebKit/537.36 (KHTML, like Gecko; compatible; Claude-SearchBot/1.0; +searchbot@anthropic.com)"
216.73.217.172 - - [29/Jul/2026:07:11:39 +0200] "GET /?p=214090 HTTP/2.0" 301 0 "-" "Mozilla/5.0 AppleWebKit/537.36 (KHTML, like Gecko; compatible; Claude-SearchBot/1.0; +searchbot@anthropic.com)"
216.73.217.172 - - [29/Jul/2026:07:11:44 +0200] "GET /live-cam/annachanel-cam-11428626/ HTTP/2.0" 200 24207 "https://www.taschenmuschi-kaufen.de/?p=214090" "Mozilla/5.0 AppleWebKit/537.36 (KHTML, like Gecko; compatible; Claude-SearchBot/1.0; +searchbot@anthropic.com)"
216.73.217.172 - - [29/Jul/2026:07:11:46 +0200] "GET /?p=215104 HTTP/2.0" 301 0 "-" "Mozilla/5.0 AppleWebKit/537.36 (KHTML, like Gecko; compatible; Claude-SearchBot/1.0; +searchbot@anthropic.com)"
216.73.217.172 - - [29/Jul/2026:07:11:49 +0200] "GET /live-cam/izziestevens-cam-19318444/ HTTP/2.0" 200 26980 "https://www.taschenmuschi-kaufen.de/?p=215104" "Mozilla/5.0 AppleWebKit/537.36 (KHTML, like Gecko; compatible; Claude-SearchBot/1.0; +searchbot@anthropic.com)"
2a03:4000:59:e65:94e2:deff:fe0e:57ac - - [29/Jul/2026:07:12:09 +0200] "GET /wp-json/arni-tracking/v1/stats?from=2026-07-27&to=2026-07-27 HTTP/2.0" 200 307 "-" "ArNi-CRM/1.0"
2a03:4000:59:e65:94e2:deff:fe0e:57ac - - [29/Jul/2026:07:12:09 +0200] "GET /wp-json/arni-tracking/v1/stats?from=2026-07-28&to=2026-07-28 HTTP/2.0" 200 307 "-" "ArNi-CRM/1.0"
2a03:4000:59:e65:94e2:deff:fe0e:57ac - - [29/Jul/2026:07:12:09 +0200] "GET /wp-json/arni-tracking/v1/stats?from=2026-07-29&to=2026-07-29 HTTP/2.0" 200 268 "-" "ArNi-CRM/1.0"
2a03:4000:59:e65:94e2:deff:fe0e:57ac - - [29/Jul/2026:07:12:10 +0200] "GET /wp-json/arni-tracking/v1/stats?from=2026-06-30&to=2026-07-29 HTTP/2.0" 200 317 "-" "ArNi-CRM/1.0"
2a03:4000:59:e65:94e2:deff:fe0e:57ac - - [29/Jul/2026:07:12:10 +0200] "GET /wp-json/arni-tracking/v1/pages?from=2026-06-30&to=2026-07-29&limit=100 HTTP/2.0" 200 18262 "-" "ArNi-CRM/1.0"
2a03:4000:59:e65:94e2:deff:fe0e:57ac - - [29/Jul/2026:07:12:10 +0200] "GET /wp-json/arni-tracking/v1/referrers?from=2026-06-30&to=2026-07-29&limit=100 HTTP/2.0" 200 908 "-" "ArNi-CRM/1.0"
2a03:4000:59:e65:94e2:deff:fe0e:57ac - - [29/Jul/2026:07:12:10 +0200] "GET /wp-json/arni-tracking/v1/campaigns?from=2026-06-30&to=2026-07-29&limit=100 HTTP/2.0" 200 78 "-" "ArNi-CRM/1.0"
2a03:4000:59:e65:94e2:deff:fe0e:57ac - - [29/Jul/2026:07:12:10 +0200] "GET /wp-json/arni-tracking/v1/conversions?from=2026-06-30&to=2026-07-29&limit=1000&page=1 HTTP/2.0" 200 45389 "-" "ArNi-CRM/1.0"
2a03:4000:59:e65:94e2:deff:fe0e:57ac - - [29/Jul/2026:07:12:11 +0200] "GET /wp-json/arni-tracking/v1/sessions?from=2026-06-30&to=2026-07-29&limit=500&page=1 HTTP/2.0" 200 178796 "-" "ArNi-CRM/1.0"
62.138.2.14 - - [29/Jul/2026:07:12:44 +0200] "GET /wp-content/uploads/2026/05/30980135_640-150x150.jpg HTTP/2.0" 200 5036 "https://www.taschenmuschi-kaufen.de/live-cam/lulipop-cam-11804482/" "Mozilla/5.0 (Macintosh; Intel Mac OS X 10.15; rv:103.0) Gecko/20100101 Firefox/103.0"
216.73.217.172 - - [29/Jul/2026:07:13:29 +0200] "GET /?p=214605 HTTP/2.0" 301 0 "-" "Mozilla/5.0 AppleWebKit/537.36 (KHTML, like Gecko; compatible; Claude-SearchBot/1.0; +searchbot@anthropic.com)"
216.73.217.172 - - [29/Jul/2026:07:13:35 +0200] "GET /live-cam/ariyah-cam-19321102/ HTTP/2.0" 200 26090 "https://www.taschenmuschi-kaufen.de/?p=214605" "Mozilla/5.0 AppleWebKit/537.36 (KHTML, like Gecko; compatible; Claude-SearchBot/1.0; +searchbot@anthropic.com)"
216.73.217.172 - - [29/Jul/2026:07:13:36 +0200] "GET /?p=213268 HTTP/2.0" 301 0 "-" "Mozilla/5.0 AppleWebKit/537.36 (KHTML, like Gecko; compatible; Claude-SearchBot/1.0; +searchbot@anthropic.com)"
216.73.217.172 - - [29/Jul/2026:07:13:40 +0200] "GET /live-cam/lanarose-cam-11375476/ HTTP/2.0" 200 25799 "https://www.taschenmuschi-kaufen.de/?p=213268" "Mozilla/5.0 AppleWebKit/537.36 (KHTML, like Gecko; compatible; Claude-SearchBot/1.0; +searchbot@anthropic.com)"
216.73.217.172 - - [29/Jul/2026:07:13:56 +0200] "GET /?p=214114 HTTP/2.0" 301 0 "-" "Mozilla/5.0 AppleWebKit/537.36 (KHTML, like Gecko; compatible; Claude-SearchBot/1.0; +searchbot@anthropic.com)"
216.73.217.172 - - [29/Jul/2026:07:13:58 +0200] "GET /live-cam/mtf-postop-cam-11452808/ HTTP/2.0" 200 24079 "https://www.taschenmuschi-kaufen.de/?p=214114" "Mozilla/5.0 AppleWebKit/537.36 (KHTML, like Gecko; compatible; Claude-SearchBot/1.0; +searchbot@anthropic.com)"
216.73.217.172 - - [29/Jul/2026:07:13:59 +0200] "GET /?p=213187 HTTP/2.0" 301 0 "-" "Mozilla/5.0 AppleWebKit/537.36 (KHTML, like Gecko; compatible; Claude-SearchBot/1.0; +searchbot@anthropic.com)"
216.73.217.172 - - [29/Jul/2026:07:14:03 +0200] "GET /live-cam/cynthiaspade-cam-11348214/ HTTP/2.0" 200 25741 "https://www.taschenmuschi-kaufen.de/?p=213187" "Mozilla/5.0 AppleWebKit/537.36 (KHTML, like Gecko; compatible; Claude-SearchBot/1.0; +searchbot@anthropic.com)"
43.153.12.58 - - [29/Jul/2026:07:14:30 +0200] "GET /live-cam/amarasecret-cam-19231145/ HTTP/2.0" 200 25864 "-" "Mozilla/5.0 (iPhone; CPU iPhone OS 13_2_3 like Mac OS X) AppleWebKit/605.1.15 (KHTML, like Gecko) Version/13.0.3 Mobile/15E148 Safari/604.1"
146.70.52.101 - - [29/Jul/2026:07:14:35 +0200] "GET /2026/05/taschenmuschi-selber-bauen/ HTTP/2.0" 200 27641 "https://duckduckgo.com/" "Mozilla/5.0 (Linux; Android 10; K) AppleWebKit/537.36 (KHTML, like Gecko) Chrome/150.0.0.0 Mobile Safari/537.36"
146.70.52.101 - - [29/Jul/2026:07:14:36 +0200] "GET /wp-content/uploads/2026/06/haeufiger-fehler-beim-kauf-einer-taschenmuschi-1024x576.jpg HTTP/2.0" 200 90791 "https://www.taschenmuschi-kaufen.de/2026/05/taschenmuschi-selber-bauen/" "Mozilla/5.0 (Linux; Android 10; K) AppleWebKit/537.36 (KHTML, like Gecko) Chrome/150.0.0.0 Mobile Safari/537.36"
146.70.52.101 - - [29/Jul/2026:07:14:36 +0200] "GET /wp-content/themes/taschenmuschi-kaufen/assets/vendor/bootstrap/js/bootstrap.bundle.min.js?ver=5.3.3 HTTP/2.0" 200 80721 "https://www.taschenmuschi-kaufen.de/2026/05/taschenmuschi-selber-bauen/" "Mozilla/5.0 (Linux; Android 10; K) AppleWebKit/537.36 (KHTML, like Gecko) Chrome/150.0.0.0 Mobile Safari/537.36"
146.70.52.101 - - [29/Jul/2026:07:14:36 +0200] "GET /wp-content/themes/taschenmuschi-kaufen/assets/js/tmk-conversion.js?ver=1781455174 HTTP/2.0" 200 2777 "https://www.taschenmuschi-kaufen.de/2026/05/taschenmuschi-selber-bauen/" "Mozilla/5.0 (Linux; Android 10; K) AppleWebKit/537.36 (KHTML, like Gecko) Chrome/150.0.0.0 Mobile Safari/537.36"
146.70.52.101 - - [29/Jul/2026:07:14:36 +0200] "GET /wp-content/themes/taschenmuschi-kaufen/assets/js/swipe.js?ver=1781455174 HTTP/2.0" 200 9453 "https://www.taschenmuschi-kaufen.de/2026/05/taschenmuschi-selber-bauen/" "Mozilla/5.0 (Linux; Android 10; K) AppleWebKit/537.36 (KHTML, like Gecko) Chrome/150.0.0.0 Mobile Safari/537.36"
146.70.52.101 - - [29/Jul/2026:07:14:36 +0200] "GET /wp-content/uploads/2026/06/taschenmuschi-selber-bauen-1024x576.jpg HTTP/2.0" 200 78189 "https://www.taschenmuschi-kaufen.de/2026/05/taschenmuschi-selber-bauen/" "Mozilla/5.0 (Linux; Android 10; K) AppleWebKit/537.36 (KHTML, like Gecko) Chrome/150.0.0.0 Mobile Safari/537.36"
146.70.52.101 - - [29/Jul/2026:07:14:36 +0200] "GET /wp-content/plugins/arni-crm-tracking/assets/js/arni-tracking.js?ver=1.0.1 HTTP/2.0" 200 5674 "https://www.taschenmuschi-kaufen.de/2026/05/taschenmuschi-selber-bauen/" "Mozilla/5.0 (Linux; Android 10; K) AppleWebKit/537.36 (KHTML, like Gecko) Chrome/150.0.0.0 Mobile Safari/537.36"
146.70.52.101 - - [29/Jul/2026:07:14:36 +0200] "GET /wp-content/uploads/2026/06/taschenmuschi-selber-bauen-1536x864.jpg HTTP/2.0" 200 142652 "https://www.taschenmuschi-kaufen.de/2026/05/taschenmuschi-selber-bauen/" "Mozilla/5.0 (Linux; Android 10; K) AppleWebKit/537.36 (KHTML, like Gecko) Chrome/150.0.0.0 Mobile Safari/537.36"
146.70.52.101 - - [29/Jul/2026:07:14:36 +0200] "GET /wp-content/themes/taschenmuschi-kaufen/assets/vendor/bootstrap/css/bootstrap.min.css?ver=5.3.3 HTTP/2.0" 200 232758 "https://www.taschenmuschi-kaufen.de/2026/05/taschenmuschi-selber-bauen/" "Mozilla/5.0 (Linux; Android 10; K) AppleWebKit/537.36 (KHTML, like Gecko) Chrome/150.0.0.0 Mobile Safari/537.36"
146.70.52.101 - - [29/Jul/2026:07:14:36 +0200] "GET /wp-content/themes/taschenmuschi-kaufen/assets/js/main.js?ver=1783378543 HTTP/2.0" 200 36659 "https://www.taschenmuschi-kaufen.de/2026/05/taschenmuschi-selber-bauen/" "Mozilla/5.0 (Linux; Android 10; K) AppleWebKit/537.36 (KHTML, like Gecko) Chrome/150.0.0.0 Mobile Safari/537.36"
146.70.52.101 - - [29/Jul/2026:07:14:36 +0200] "GET /wp-content/uploads/2026/06/haeufiger-fehler-beim-kauf-einer-taschenmuschi-1536x864.jpg HTTP/2.0" 200 164625 "https://www.taschenmuschi-kaufen.de/2026/05/taschenmuschi-selber-bauen/" "Mozilla/5.0 (Linux; Android 10; K) AppleWebKit/537.36 (KHTML, like Gecko) Chrome/150.0.0.0 Mobile Safari/537.36"
146.70.52.101 - - [29/Jul/2026:07:14:36 +0200] "GET /wp-content/themes/taschenmuschi-kaufen/assets/css/style.css?ver=1783380081 HTTP/2.0" 200 284678 "https://www.taschenmuschi-kaufen.de/2026/05/taschenmuschi-selber-bauen/" "Mozilla/5.0 (Linux; Android 10; K) AppleWebKit/537.36 (KHTML, like Gecko) Chrome/150.0.0.0 Mobile Safari/537.36"
146.70.52.101 - - [29/Jul/2026:07:14:36 +0200] "POST /wp-json/arni-tracking/v1/event HTTP/2.0" 200 21 "https://www.taschenmuschi-kaufen.de/2026/05/taschenmuschi-selber-bauen/" "Mozilla/5.0 (Linux; Android 10; K) AppleWebKit/537.36 (KHTML, like Gecko) Chrome/150.0.0.0 Mobile Safari/537.36"
146.70.52.101 - - [29/Jul/2026:07:14:36 +0200] "GET /wp-content/themes/taschenmuschi-kaufen/assets/img/favicon/favicon-16x16.png?v=1.0.0 HTTP/2.0" 200 1451 "https://www.taschenmuschi-kaufen.de/2026/05/taschenmuschi-selber-bauen/" "Mozilla/5.0 (Linux; Android 10; K) AppleWebKit/537.36 (KHTML, like Gecko) Chrome/150.0.0.0 Mobile Safari/537.36"
146.70.52.101 - - [29/Jul/2026:07:14:36 +0200] "GET /wp-content/themes/taschenmuschi-kaufen/assets/img/favicon/favicon.ico HTTP/2.0" 200 14760 "https://www.taschenmuschi-kaufen.de/2026/05/taschenmuschi-selber-bauen/" "Mozilla/5.0 (Linux; Android 10; K) AppleWebKit/537.36 (KHTML, like Gecko) Chrome/150.0.0.0 Mobile Safari/537.36"
146.70.52.101 - - [29/Jul/2026:07:14:36 +0200] "GET /wp-content/themes/taschenmuschi-kaufen/assets/img/favicon/favicon.svg?v=1.0.0 HTTP/2.0" 200 225 "https://www.taschenmuschi-kaufen.de/2026/05/taschenmuschi-selber-bauen/" "Mozilla/5.0 (Linux; Android 10; K) AppleWebKit/537.36 (KHTML, like Gecko) Chrome/150.0.0.0 Mobile Safari/537.36"
146.70.52.101 - - [29/Jul/2026:07:14:36 +0200] "GET /wp-content/themes/taschenmuschi-kaufen/assets/img/favicon/favicon-32x32.png?v=1.0.0 HTTP/2.0" 200 2402 "https://www.taschenmuschi-kaufen.de/2026/05/taschenmuschi-selber-bauen/" "Mozilla/5.0 (Linux; Android 10; K) AppleWebKit/537.36 (KHTML, like Gecko) Chrome/150.0.0.0 Mobile Safari/537.36"
146.70.52.101 - - [29/Jul/2026:07:14:37 +0200] "GET /wp-content/themes/taschenmuschi-kaufen/assets/img/favicon/apple-touch-icon.png?v=1.0.0 HTTP/2.0" 200 9170 "-" "DuckDuckGo/5 (com.duckduckgo.mobile.android; Android API 36)"
146.70.52.101 - - [29/Jul/2026:07:14:37 +0200] "POST /wp-json/arni-tracking/v1/event HTTP/2.0" 200 21 "https://www.taschenmuschi-kaufen.de/2026/05/taschenmuschi-selber-bauen/" "Mozilla/5.0 (Linux; Android 10; K) AppleWebKit/537.36 (KHTML, like Gecko) Chrome/150.0.0.0 Mobile Safari/537.36"
146.70.52.101 - - [29/Jul/2026:07:14:47 +0200] "POST /wp-json/arni-tracking/v1/event HTTP/2.0" 200 21 "https://www.taschenmuschi-kaufen.de/2026/05/taschenmuschi-selber-bauen/" "Mozilla/5.0 (Linux; Android 10; K) AppleWebKit/537.36 (KHTML, like Gecko) Chrome/150.0.0.0 Mobile Safari/537.36"
146.70.52.101 - - [29/Jul/2026:07:14:50 +0200] "POST /wp-json/arni-tracking/v1/event HTTP/2.0" 200 21 "https://www.taschenmuschi-kaufen.de/2026/05/taschenmuschi-selber-bauen/" "Mozilla/5.0 (Linux; Android 10; K) AppleWebKit/537.36 (KHTML, like Gecko) Chrome/150.0.0.0 Mobile Safari/537.36"
146.70.52.101 - - [29/Jul/2026:07:14:50 +0200] "GET /wp-content/uploads/2026/06/taschenmuschi-richtig-reinigen-1536x864.jpg HTTP/2.0" 200 148159 "https://www.taschenmuschi-kaufen.de/2026/05/taschenmuschi-selber-bauen/" "Mozilla/5.0 (Linux; Android 10; K) AppleWebKit/537.36 (KHTML, like Gecko) Chrome/150.0.0.0 Mobile Safari/537.36"
146.70.52.101 - - [29/Jul/2026:07:14:51 +0200] "GET /wp-content/uploads/2026/06/taschenmuschi-richtig-benutzen-1536x864.jpg HTTP/2.0" 200 121769 "https://www.taschenmuschi-kaufen.de/2026/05/taschenmuschi-selber-bauen/" "Mozilla/5.0 (Linux; Android 10; K) AppleWebKit/537.36 (KHTML, like Gecko) Chrome/150.0.0.0 Mobile Safari/537.36"
146.70.52.101 - - [29/Jul/2026:07:14:53 +0200] "POST /wp-json/arni-tracking/v1/event HTTP/2.0" 200 21 "https://www.taschenmuschi-kaufen.de/2026/05/taschenmuschi-selber-bauen/" "Mozilla/5.0 (Linux; Android 10; K) AppleWebKit/537.36 (KHTML, like Gecko) Chrome/150.0.0.0 Mobile Safari/537.36"
146.70.52.101 - - [29/Jul/2026:07:14:53 +0200] "GET /2026/05/tpe-oder-silikon/ HTTP/2.0" 200 24587 "https://www.taschenmuschi-kaufen.de/2026/05/taschenmuschi-selber-bauen/" "Mozilla/5.0 (Linux; Android 16; 2312DRA50G Build/BP2A.250605.031.A3; wv) AppleWebKit/537.36 (KHTML, like Gecko) Version/4.0 Chrome/150.0.7871.181 Mobile Safari/537.36"
146.70.52.101 - - [29/Jul/2026:07:15:06 +0200] "POST /wp-json/arni-tracking/v1/event HTTP/2.0" 200 21 "https://www.taschenmuschi-kaufen.de/2026/05/taschenmuschi-selber-bauen/" "Mozilla/5.0 (Linux; Android 10; K) AppleWebKit/537.36 (KHTML, like Gecko) Chrome/150.0.0.0 Mobile Safari/537.36"
146.70.52.101 - - [29/Jul/2026:07:15:06 +0200] "GET /produkte/sale/ HTTP/2.0" 499 0 "https://www.taschenmuschi-kaufen.de/2026/05/taschenmuschi-selber-bauen/" "Mozilla/5.0 (Linux; Android 16; 2312DRA50G Build/BP2A.250605.031.A3; wv) AppleWebKit/537.36 (KHTML, like Gecko) Version/4.0 Chrome/150.0.7871.181 Mobile Safari/537.36"
2a03:4000:59:e65:94e2:deff:fe0e:57ac - - [29/Jul/2026:07:15:10 +0200] "GET /wp-json/arni-tracking/v1/stats?from=2026-07-27&to=2026-07-27 HTTP/2.0" 200 307 "-" "ArNi-CRM/1.0"
2a03:4000:59:e65:94e2:deff:fe0e:57ac - - [29/Jul/2026:07:15:10 +0200] "GET /wp-json/arni-tracking/v1/stats?from=2026-07-28&to=2026-07-28 HTTP/2.0" 200 307 "-" "ArNi-CRM/1.0"
2a03:4000:59:e65:94e2:deff:fe0e:57ac - - [29/Jul/2026:07:15:10 +0200] "GET /wp-json/arni-tracking/v1/stats?from=2026-07-29&to=2026-07-29 HTTP/2.0" 200 268 "-" "ArNi-CRM/1.0"
2a03:4000:59:e65:94e2:deff:fe0e:57ac - - [29/Jul/2026:07:15:10 +0200] "GET /wp-json/arni-tracking/v1/stats?from=2026-06-30&to=2026-07-29 HTTP/2.0" 200 317 "-" "ArNi-CRM/1.0"
2a03:4000:59:e65:94e2:deff:fe0e:57ac - - [29/Jul/2026:07:15:10 +0200] "GET /wp-json/arni-tracking/v1/pages?from=2026-06-30&to=2026-07-29&limit=100 HTTP/2.0" 200 18262 "-" "ArNi-CRM/1.0"
2a03:4000:59:e65:94e2:deff:fe0e:57ac - - [29/Jul/2026:07:15:11 +0200] "GET /wp-json/arni-tracking/v1/referrers?from=2026-06-30&to=2026-07-29&limit=100 HTTP/2.0" 200 908 "-" "ArNi-CRM/1.0"
2a03:4000:59:e65:94e2:deff:fe0e:57ac - - [29/Jul/2026:07:15:11 +0200] "GET /wp-json/arni-tracking/v1/campaigns?from=2026-06-30&to=2026-07-29&limit=100 HTTP/2.0" 200 78 "-" "ArNi-CRM/1.0"
2a03:4000:59:e65:94e2:deff:fe0e:57ac - - [29/Jul/2026:07:15:11 +0200] "GET /wp-json/arni-tracking/v1/conversions?from=2026-06-30&to=2026-07-29&limit=1000&page=1 HTTP/2.0" 200 45389 "-" "ArNi-CRM/1.0"
2a03:4000:59:e65:94e2:deff:fe0e:57ac - - [29/Jul/2026:07:15:11 +0200] "GET /wp-json/arni-tracking/v1/sessions?from=2026-06-30&to=2026-07-29&limit=500&page=1 HTTP/2.0" 200 179282 "-" "ArNi-CRM/1.0"
216.73.216.86 - - [29/Jul/2026:07:15:31 +0200] "GET /robots.txt HTTP/1.1" 301 169 "-" "Mozilla/5.0 AppleWebKit/537.36 (KHTML, like Gecko; compatible; ClaudeBot/1.0; +claudebot@anthropic.com)"
216.73.217.172 - - [29/Jul/2026:07:15:36 +0200] "GET /cam/out/absoluthore-cam-11444908 HTTP/2.0" 301 0 "-" "Mozilla/5.0 AppleWebKit/537.36 (KHTML, like Gecko; compatible; Claude-SearchBot/1.0; +searchbot@anthropic.com)"
216.73.217.172 - - [29/Jul/2026:07:15:37 +0200] "GET /cam/out/mtf-postop-cam-11452808 HTTP/2.0" 301 0 "-" "Mozilla/5.0 AppleWebKit/537.36 (KHTML, like Gecko; compatible; Claude-SearchBot/1.0; +searchbot@anthropic.com)"
216.73.217.172 - - [29/Jul/2026:07:16:30 +0200] "GET /cam/out/ariyah-cam-19321102 HTTP/2.0" 301 0 "-" "Mozilla/5.0 AppleWebKit/537.36 (KHTML, like Gecko; compatible; Claude-SearchBot/1.0; +searchbot@anthropic.com)"
2a03:4000:59:e65:94e2:deff:fe0e:57ac - - [29/Jul/2026:07:18:08 +0200] "GET /wp-json/arni-tracking/v1/stats?from=2026-07-27&to=2026-07-27 HTTP/2.0" 200 307 "-" "ArNi-CRM/1.0"
2a03:4000:59:e65:94e2:deff:fe0e:57ac - - [29/Jul/2026:07:18:08 +0200] "GET /wp-json/arni-tracking/v1/stats?from=2026-07-28&to=2026-07-28 HTTP/2.0" 200 307 "-" "ArNi-CRM/1.0"
2a03:4000:59:e65:94e2:deff:fe0e:57ac - - [29/Jul/2026:07:18:08 +0200] "GET /wp-json/arni-tracking/v1/stats?from=2026-07-29&to=2026-07-29 HTTP/2.0" 200 268 "-" "ArNi-CRM/1.0"
2a03:4000:59:e65:94e2:deff:fe0e:57ac - - [29/Jul/2026:07:18:09 +0200] "GET /wp-json/arni-tracking/v1/stats?from=2026-06-30&to=2026-07-29 HTTP/2.0" 200 317 "-" "ArNi-CRM/1.0"
2a03:4000:59:e65:94e2:deff:fe0e:57ac - - [29/Jul/2026:07:18:09 +0200] "GET /wp-json/arni-tracking/v1/pages?from=2026-06-30&to=2026-07-29&limit=100 HTTP/2.0" 200 18262 "-" "ArNi-CRM/1.0"
2a03:4000:59:e65:94e2:deff:fe0e:57ac - - [29/Jul/2026:07:18:09 +0200] "GET /wp-json/arni-tracking/v1/referrers?from=2026-06-30&to=2026-07-29&limit=100 HTTP/2.0" 200 908 "-" "ArNi-CRM/1.0"
2a03:4000:59:e65:94e2:deff:fe0e:57ac - - [29/Jul/2026:07:18:09 +0200] "GET /wp-json/arni-tracking/v1/campaigns?from=2026-06-30&to=2026-07-29&limit=100 HTTP/2.0" 200 78 "-" "ArNi-CRM/1.0"
2a03:4000:59:e65:94e2:deff:fe0e:57ac - - [29/Jul/2026:07:18:09 +0200] "GET /wp-json/arni-tracking/v1/conversions?from=2026-06-30&to=2026-07-29&limit=1000&page=1 HTTP/2.0" 200 45389 "-" "ArNi-CRM/1.0"
2a03:4000:59:e65:94e2:deff:fe0e:57ac - - [29/Jul/2026:07:18:10 +0200] "GET /wp-json/arni-tracking/v1/sessions?from=2026-06-30&to=2026-07-29&limit=500&page=1 HTTP/2.0" 200 179282 "-" "ArNi-CRM/1.0"
216.73.217.172 - - [29/Jul/2026:07:18:22 +0200] "GET /cam/out/lanarose-cam-11375476 HTTP/2.0" 301 0 "-" "Mozilla/5.0 AppleWebKit/537.36 (KHTML, like Gecko; compatible; Claude-SearchBot/1.0; +searchbot@anthropic.com)"
62.138.3.52 - - [29/Jul/2026:07:18:27 +0200] "GET /wp-content/uploads/2026/05/20783343_1280-150x150.jpg HTTP/2.0" 200 4324 "https://www.taschenmuschi-kaufen.de/live-cam/sexygina18-cam-11366973/" "Mozilla/5.0 (Macintosh; Intel Mac OS X 10.15; rv:103.0) Gecko/20100101 Firefox/103.0"
34.224.135.86 - - [29/Jul/2026:07:19:46 +0200] "GET /wp-content/uploads/2026/06/18160117_1280-1024x768.jpg HTTP/2.0" 200 118130 "-" "Mozilla/5.0 AppleWebKit/537.36 (KHTML, like Gecko; compatible; Amzn-SearchBot/0.1) Chrome/119.0.6045.214 Safari/537.36"
52.167.144.221 - - [29/Jul/2026:07:20:58 +0200] "GET /2026/05/taschenmuschi-fuer-anfaenger/ HTTP/2.0" 200 24622 "-" "Mozilla/5.0 AppleWebKit/537.36 (KHTML, like Gecko; compatible; bingbot/2.0; +http://www.bing.com/bingbot.htm) Chrome/116.0.1938.76 Safari/537.36"
2a03:4000:59:e65:94e2:deff:fe0e:57ac - - [29/Jul/2026:07:21:09 +0200] "GET /wp-json/arni-tracking/v1/stats?from=2026-07-27&to=2026-07-27 HTTP/2.0" 200 307 "-" "ArNi-CRM/1.0"
2a03:4000:59:e65:94e2:deff:fe0e:57ac - - [29/Jul/2026:07:21:09 +0200] "GET /wp-json/arni-tracking/v1/stats?from=2026-07-28&to=2026-07-28 HTTP/2.0" 200 307 "-" "ArNi-CRM/1.0"
2a03:4000:59:e65:94e2:deff:fe0e:57ac - - [29/Jul/2026:07:21:09 +0200] "GET /wp-json/arni-tracking/v1/stats?from=2026-07-29&to=2026-07-29 HTTP/2.0" 200 268 "-" "ArNi-CRM/1.0"
2a03:4000:59:e65:94e2:deff:fe0e:57ac - - [29/Jul/2026:07:21:10 +0200] "GET /wp-json/arni-tracking/v1/stats?from=2026-06-30&to=2026-07-29 HTTP/2.0" 200 317 "-" "ArNi-CRM/1.0"
2a03:4000:59:e65:94e2:deff:fe0e:57ac - - [29/Jul/2026:07:21:10 +0200] "GET /wp-json/arni-tracking/v1/pages?from=2026-06-30&to=2026-07-29&limit=100 HTTP/2.0" 200 18262 "-" "ArNi-CRM/1.0"
2a03:4000:59:e65:94e2:deff:fe0e:57ac - - [29/Jul/2026:07:21:10 +0200] "GET /wp-json/arni-tracking/v1/referrers?from=2026-06-30&to=2026-07-29&limit=100 HTTP/2.0" 200 908 "-" "ArNi-CRM/1.0"
2a03:4000:59:e65:94e2:deff:fe0e:57ac - - [29/Jul/2026:07:21:10 +0200] "GET /wp-json/arni-tracking/v1/campaigns?from=2026-06-30&to=2026-07-29&limit=100 HTTP/2.0" 200 78 "-" "ArNi-CRM/1.0"
2a03:4000:59:e65:94e2:deff:fe0e:57ac - - [29/Jul/2026:07:21:11 +0200] "GET /wp-json/arni-tracking/v1/conversions?from=2026-06-30&to=2026-07-29&limit=1000&page=1 HTTP/2.0" 200 45389 "-" "ArNi-CRM/1.0"
2a03:4000:59:e65:94e2:deff:fe0e:57ac - - [29/Jul/2026:07:21:11 +0200] "GET /wp-json/arni-tracking/v1/sessions?from=2026-06-30&to=2026-07-29&limit=500&page=1 HTTP/2.0" 200 179282 "-" "ArNi-CRM/1.0"
101.33.81.73 - - [29/Jul/2026:07:21:30 +0200] "GET /wp-json/oembed/1.0/embed?url=https%3A%2F%2Fwww.taschenmuschi-kaufen.de%2Flive-cam%2Fmichel093-cam-11409889%2F HTTP/2.0" 200 2416 "-" "Mozilla/5.0 (iPhone; CPU iPhone OS 13_2_3 like Mac OS X) AppleWebKit/605.1.15 (KHTML, like Gecko) Version/13.0.3 Mobile/15E148 Safari/604.1"
216.73.217.172 - - [29/Jul/2026:07:22:28 +0200] "GET /cam/out/lexydevi-cam-11443178 HTTP/2.0" 301 0 "-" "Mozilla/5.0 AppleWebKit/537.36 (KHTML, like Gecko; compatible; Claude-SearchBot/1.0; +searchbot@anthropic.com)"
216.73.217.172 - - [29/Jul/2026:07:22:48 +0200] "GET /live-cam/lysandrablaze-cam-19143141/ HTTP/2.0" 200 25772 "-" "Mozilla/5.0 AppleWebKit/537.36 (KHTML, like Gecko; compatible; Claude-SearchBot/1.0; +searchbot@anthropic.com)"
216.73.217.172 - - [29/Jul/2026:07:22:55 +0200] "GET /live-cam/lexydevi-cam-11443178/ HTTP/2.0" 200 25425 "-" "Mozilla/5.0 AppleWebKit/537.36 (KHTML, like Gecko; compatible; Claude-SearchBot/1.0; +searchbot@anthropic.com)"
216.73.217.172 - - [29/Jul/2026:07:24:07 +0200] "GET /cam/out/izziestevens-cam-19318444 HTTP/2.0" 301 0 "-" "Mozilla/5.0 AppleWebKit/537.36 (KHTML, like Gecko; compatible; Claude-SearchBot/1.0; +searchbot@anthropic.com)"
2a03:4000:59:e65:94e2:deff:fe0e:57ac - - [29/Jul/2026:07:24:08 +0200] "GET /wp-json/arni-tracking/v1/stats?from=2026-07-27&to=2026-07-27 HTTP/2.0" 200 307 "-" "ArNi-CRM/1.0"
2a03:4000:59:e65:94e2:deff:fe0e:57ac - - [29/Jul/2026:07:24:09 +0200] "GET /wp-json/arni-tracking/v1/stats?from=2026-07-28&to=2026-07-28 HTTP/2.0" 200 307 "-" "ArNi-CRM/1.0"
2a03:4000:59:e65:94e2:deff:fe0e:57ac - - [29/Jul/2026:07:24:09 +0200] "GET /wp-json/arni-tracking/v1/stats?from=2026-07-29&to=2026-07-29 HTTP/2.0" 200 268 "-" "ArNi-CRM/1.0"
2a03:4000:59:e65:94e2:deff:fe0e:57ac - - [29/Jul/2026:07:24:09 +0200] "GET /wp-json/arni-tracking/v1/stats?from=2026-06-30&to=2026-07-29 HTTP/2.0" 200 317 "-" "ArNi-CRM/1.0"
2a03:4000:59:e65:94e2:deff:fe0e:57ac - - [29/Jul/2026:07:24:09 +0200] "GET /wp-json/arni-tracking/v1/pages?from=2026-06-30&to=2026-07-29&limit=100 HTTP/2.0" 200 18262 "-" "ArNi-CRM/1.0"
2a03:4000:59:e65:94e2:deff:fe0e:57ac - - [29/Jul/2026:07:24:10 +0200] "GET /wp-json/arni-tracking/v1/referrers?from=2026-06-30&to=2026-07-29&limit=100 HTTP/2.0" 200 908 "-" "ArNi-CRM/1.0"
2a03:4000:59:e65:94e2:deff:fe0e:57ac - - [29/Jul/2026:07:24:10 +0200] "GET /wp-json/arni-tracking/v1/campaigns?from=2026-06-30&to=2026-07-29&limit=100 HTTP/2.0" 200 78 "-" "ArNi-CRM/1.0"
2a03:4000:59:e65:94e2:deff:fe0e:57ac - - [29/Jul/2026:07:24:10 +0200] "GET /wp-json/arni-tracking/v1/conversions?from=2026-06-30&to=2026-07-29&limit=1000&page=1 HTTP/2.0" 200 45389 "-" "ArNi-CRM/1.0"
2a03:4000:59:e65:94e2:deff:fe0e:57ac - - [29/Jul/2026:07:24:10 +0200] "GET /wp-json/arni-tracking/v1/sessions?from=2026-06-30&to=2026-07-29&limit=500&page=1 HTTP/2.0" 200 179282 "-" "ArNi-CRM/1.0"
41.139.193.133 - - [29/Jul/2026:07:24:41 +0200] "GET /cam/out/chloemakris-cam-18586181 HTTP/2.0" 301 0 "https://www.taschenmuschi-kaufen.de/" "Mozilla/5.0 (Windows NT 10.0; Win64; x64) AppleWebKit/537.36 (KHTML, like Gecko) Chrome/135.0.0.0 Safari/537.36"
190.99.71.178 - - [29/Jul/2026:07:24:49 +0200] "GET /cam/out/elissx-cam-19092991 HTTP/2.0" 301 0 "https://www.taschenmuschi-kaufen.de/" "Mozilla/5.0 (Windows NT 10.0; Win64; x64) AppleWebKit/537.36 (KHTML, like Gecko) Chrome/135.0.0.0 Safari/537.36"
52.167.144.221 - - [29/Jul/2026:07:25:01 +0200] "GET /live-cam/patriciamad-cam-10626708/ HTTP/2.0" 200 24723 "-" "Mozilla/5.0 AppleWebKit/537.36 (KHTML, like Gecko; compatible; bingbot/2.0; +http://www.bing.com/bingbot.htm) Chrome/116.0.1938.76 Safari/537.36"
52.167.144.158 - - [29/Jul/2026:07:25:06 +0200] "GET /live-cam/pandorawish-cam-9942723/ HTTP/2.0" 200 24514 "-" "Mozilla/5.0 AppleWebKit/537.36 (KHTML, like Gecko; compatible; bingbot/2.0; +http://www.bing.com/bingbot.htm) Chrome/116.0.1938.76 Safari/537.36"
216.73.217.172 - - [29/Jul/2026:07:25:32 +0200] "GET /live-cam/ebonyshy-cam-19071654/ HTTP/2.0" 200 26116 "-" "Mozilla/5.0 AppleWebKit/537.36 (KHTML, like Gecko; compatible; Claude-SearchBot/1.0; +searchbot@anthropic.com)"
2a03:4000:59:e65:94e2:deff:fe0e:57ac - - [29/Jul/2026:07:27:09 +0200] "GET /wp-json/arni-tracking/v1/stats?from=2026-07-27&to=2026-07-27 HTTP/2.0" 200 307 "-" "ArNi-CRM/1.0"
2a03:4000:59:e65:94e2:deff:fe0e:57ac - - [29/Jul/2026:07:27:09 +0200] "GET /wp-json/arni-tracking/v1/stats?from=2026-07-28&to=2026-07-28 HTTP/2.0" 200 307 "-" "ArNi-CRM/1.0"
2a03:4000:59:e65:94e2:deff:fe0e:57ac - - [29/Jul/2026:07:27:09 +0200] "GET /wp-json/arni-tracking/v1/stats?from=2026-07-29&to=2026-07-29 HTTP/2.0" 200 268 "-" "ArNi-CRM/1.0"
2a03:4000:59:e65:94e2:deff:fe0e:57ac - - [29/Jul/2026:07:27:10 +0200] "GET /wp-json/arni-tracking/v1/stats?from=2026-06-30&to=2026-07-29 HTTP/2.0" 200 317 "-" "ArNi-CRM/1.0"
2a03:4000:59:e65:94e2:deff:fe0e:57ac - - [29/Jul/2026:07:27:10 +0200] "GET /wp-json/arni-tracking/v1/pages?from=2026-06-30&to=2026-07-29&limit=100 HTTP/2.0" 200 18262 "-" "ArNi-CRM/1.0"
2a03:4000:59:e65:94e2:deff:fe0e:57ac - - [29/Jul/2026:07:27:10 +0200] "GET /wp-json/arni-tracking/v1/referrers?from=2026-06-30&to=2026-07-29&limit=100 HTTP/2.0" 200 908 "-" "ArNi-CRM/1.0"
2a03:4000:59:e65:94e2:deff:fe0e:57ac - - [29/Jul/2026:07:27:10 +0200] "GET /wp-json/arni-tracking/v1/campaigns?from=2026-06-30&to=2026-07-29&limit=100 HTTP/2.0" 200 78 "-" "ArNi-CRM/1.0"
2a03:4000:59:e65:94e2:deff:fe0e:57ac - - [29/Jul/2026:07:27:10 +0200] "GET /wp-json/arni-tracking/v1/conversions?from=2026-06-30&to=2026-07-29&limit=1000&page=1 HTTP/2.0" 200 45389 "-" "ArNi-CRM/1.0"
2a03:4000:59:e65:94e2:deff:fe0e:57ac - - [29/Jul/2026:07:27:11 +0200] "GET /wp-json/arni-tracking/v1/sessions?from=2026-06-30&to=2026-07-29&limit=500&page=1 HTTP/2.0" 200 179171 "-" "ArNi-CRM/1.0"
17.22.253.82 - - [29/Jul/2026:07:27:23 +0200] "GET /live-cams/ HTTP/2.0" 499 0 "-" "Mozilla/5.0 (Macintosh; Intel Mac OS X 10_15_7) AppleWebKit/605.1.15 (KHTML, like Gecko) Version/17.4 Safari/605.1.15 (Applebot/0.1; +http://www.apple.com/go/applebot)"
52.167.144.158 - - [29/Jul/2026:07:28:25 +0200] "GET /produkt/masturbatoren/vorze-a10-piston-sa-inner-sleeve-steel-beta/ HTTP/2.0" 200 25612 "-" "Mozilla/5.0 AppleWebKit/537.36 (KHTML, like Gecko; compatible; bingbot/2.0; +http://www.bing.com/bingbot.htm) Chrome/116.0.1938.76 Safari/537.36"
52.167.144.158 - - [29/Jul/2026:07:28:28 +0200] "GET /live-cam/hotchloe-cam-10106582/ HTTP/2.0" 200 25601 "-" "Mozilla/5.0 AppleWebKit/537.36 (KHTML, like Gecko; compatible; bingbot/2.0; +http://www.bing.com/bingbot.htm) Chrome/116.0.1938.76 Safari/537.36"
52.167.144.217 - - [29/Jul/2026:07:28:28 +0200] "GET /live-cam/leiahschwarz-cam-11483651/ HTTP/2.0" 200 27230 "-" "Mozilla/5.0 AppleWebKit/537.36 (KHTML, like Gecko; compatible; bingbot/2.0; +http://www.bing.com/bingbot.htm) Chrome/116.0.1938.76 Safari/537.36"
52.167.144.158 - - [29/Jul/2026:07:28:59 +0200] "GET /wp-content/uploads/2026/05/sujiman_virgo_03-150x150.jpg HTTP/2.0" 200 3117 "-" "Mozilla/5.0 AppleWebKit/537.36 (KHTML, like Gecko; compatible; bingbot/2.0; +http://www.bing.com/bingbot.htm) Chrome/116.0.1938.76 Safari/537.36"
216.73.217.172 - - [29/Jul/2026:07:29:05 +0200] "GET /cam/out/busty-elle-cam-19386448 HTTP/2.0" 301 0 "-" "Mozilla/5.0 AppleWebKit/537.36 (KHTML, like Gecko; compatible; Claude-SearchBot/1.0; +searchbot@anthropic.com)"
2a03:4000:59:e65:94e2:deff:fe0e:57ac - - [29/Jul/2026:07:30:10 +0200] "GET /wp-json/arni-tracking/v1/stats?from=2026-07-27&to=2026-07-27 HTTP/2.0" 200 307 "-" "ArNi-CRM/1.0"
2a03:4000:59:e65:94e2:deff:fe0e:57ac - - [29/Jul/2026:07:30:10 +0200] "GET /wp-json/arni-tracking/v1/stats?from=2026-07-28&to=2026-07-28 HTTP/2.0" 200 307 "-" "ArNi-CRM/1.0"
2a03:4000:59:e65:94e2:deff:fe0e:57ac - - [29/Jul/2026:07:30:11 +0200] "GET /wp-json/arni-tracking/v1/stats?from=2026-07-29&to=2026-07-29 HTTP/2.0" 200 268 "-" "ArNi-CRM/1.0"
2a03:4000:59:e65:94e2:deff:fe0e:57ac - - [29/Jul/2026:07:30:11 +0200] "GET /wp-json/arni-tracking/v1/stats?from=2026-06-30&to=2026-07-29 HTTP/2.0" 200 317 "-" "ArNi-CRM/1.0"
2a03:4000:59:e65:94e2:deff:fe0e:57ac - - [29/Jul/2026:07:30:11 +0200] "GET /wp-json/arni-tracking/v1/pages?from=2026-06-30&to=2026-07-29&limit=100 HTTP/2.0" 200 18262 "-" "ArNi-CRM/1.0"
2a03:4000:59:e65:94e2:deff:fe0e:57ac - - [29/Jul/2026:07:30:12 +0200] "GET /wp-json/arni-tracking/v1/referrers?from=2026-06-30&to=2026-07-29&limit=100 HTTP/2.0" 200 908 "-" "ArNi-CRM/1.0"
2a03:4000:59:e65:94e2:deff:fe0e:57ac - - [29/Jul/2026:07:30:12 +0200] "GET /wp-json/arni-tracking/v1/campaigns?from=2026-06-30&to=2026-07-29&limit=100 HTTP/2.0" 200 78 "-" "ArNi-CRM/1.0"
2a03:4000:59:e65:94e2:deff:fe0e:57ac - - [29/Jul/2026:07:30:12 +0200] "GET /wp-json/arni-tracking/v1/conversions?from=2026-06-30&to=2026-07-29&limit=1000&page=1 HTTP/2.0" 200 45389 "-" "ArNi-CRM/1.0"
2a03:4000:59:e65:94e2:deff:fe0e:57ac - - [29/Jul/2026:07:30:12 +0200] "GET /wp-json/arni-tracking/v1/sessions?from=2026-06-30&to=2026-07-29&limit=500&page=1 HTTP/2.0" 200 179171 "-" "ArNi-CRM/1.0"
216.73.217.172 - - [29/Jul/2026:07:30:40 +0200] "GET /live-cam/laro-oral-cam-11408272/ HTTP/2.0" 200 26975 "-" "Mozilla/5.0 AppleWebKit/537.36 (KHTML, like Gecko; compatible; Claude-SearchBot/1.0; +searchbot@anthropic.com)"
216.73.217.172 - - [29/Jul/2026:07:31:39 +0200] "GET /cam/out/hotfunanna-cam-11477119 HTTP/2.0" 301 0 "-" "Mozilla/5.0 AppleWebKit/537.36 (KHTML, like Gecko; compatible; Claude-SearchBot/1.0; +searchbot@anthropic.com)"
216.73.217.172 - - [29/Jul/2026:07:32:31 +0200] "GET /live-cam/doublelovexxx-cam-9535634/ HTTP/2.0" 200 25743 "-" "Mozilla/5.0 AppleWebKit/537.36 (KHTML, like Gecko; compatible; Claude-SearchBot/1.0; +searchbot@anthropic.com)"
170.106.11.6 - - [29/Jul/2026:07:32:35 +0200] "GET /live-cam/nikkystclair-cam-14420273/ HTTP/2.0" 200 25872 "-" "Mozilla/5.0 (iPhone; CPU iPhone OS 13_2_3 like Mac OS X) AppleWebKit/605.1.15 (KHTML, like Gecko) Version/13.0.3 Mobile/15E148 Safari/604.1"
40.77.167.36 - - [29/Jul/2026:07:32:44 +0200] "GET /wp-sitemap.xml HTTP/2.0" 200 1031 "-" "Mozilla/5.0 AppleWebKit/537.36 (KHTML, like Gecko; compatible; bingbot/2.0; +http://www.bing.com/bingbot.htm) Chrome/116.0.1938.76 Safari/537.36"
40.77.167.235 - - [29/Jul/2026:07:33:04 +0200] "GET /live-cam/victoriacute-cam-14101884/ HTTP/2.0" 200 26081 "-" "Mozilla/5.0 AppleWebKit/537.36 (KHTML, like Gecko; compatible; bingbot/2.0; +http://www.bing.com/bingbot.htm) Chrome/116.0.1938.76 Safari/537.36"
2a03:4000:59:e65:94e2:deff:fe0e:57ac - - [29/Jul/2026:07:33:10 +0200] "GET /wp-json/arni-tracking/v1/stats?from=2026-07-27&to=2026-07-27 HTTP/2.0" 200 307 "-" "ArNi-CRM/1.0"
2a03:4000:59:e65:94e2:deff:fe0e:57ac - - [29/Jul/2026:07:33:10 +0200] "GET /wp-json/arni-tracking/v1/stats?from=2026-07-28&to=2026-07-28 HTTP/2.0" 200 307 "-" "ArNi-CRM/1.0"
2a03:4000:59:e65:94e2:deff:fe0e:57ac - - [29/Jul/2026:07:33:10 +0200] "GET /wp-json/arni-tracking/v1/stats?from=2026-07-29&to=2026-07-29 HTTP/2.0" 200 268 "-" "ArNi-CRM/1.0"
2a03:4000:59:e65:94e2:deff:fe0e:57ac - - [29/Jul/2026:07:33:10 +0200] "GET /wp-json/arni-tracking/v1/stats?from=2026-06-30&to=2026-07-29 HTTP/2.0" 200 317 "-" "ArNi-CRM/1.0"
2a03:4000:59:e65:94e2:deff:fe0e:57ac - - [29/Jul/2026:07:33:11 +0200] "GET /wp-json/arni-tracking/v1/pages?from=2026-06-30&to=2026-07-29&limit=100 HTTP/2.0" 200 18262 "-" "ArNi-CRM/1.0"
2a03:4000:59:e65:94e2:deff:fe0e:57ac - - [29/Jul/2026:07:33:11 +0200] "GET /wp-json/arni-tracking/v1/referrers?from=2026-06-30&to=2026-07-29&limit=100 HTTP/2.0" 200 908 "-" "ArNi-CRM/1.0"
2a03:4000:59:e65:94e2:deff:fe0e:57ac - - [29/Jul/2026:07:33:11 +0200] "GET /wp-json/arni-tracking/v1/campaigns?from=2026-06-30&to=2026-07-29&limit=100 HTTP/2.0" 200 78 "-" "ArNi-CRM/1.0"
2a03:4000:59:e65:94e2:deff:fe0e:57ac - - [29/Jul/2026:07:33:11 +0200] "GET /wp-json/arni-tracking/v1/conversions?from=2026-06-30&to=2026-07-29&limit=1000&page=1 HTTP/2.0" 200 45389 "-" "ArNi-CRM/1.0"
2a03:4000:59:e65:94e2:deff:fe0e:57ac - - [29/Jul/2026:07:33:11 +0200] "GET /wp-json/arni-tracking/v1/sessions?from=2026-06-30&to=2026-07-29&limit=500&page=1 HTTP/2.0" 200 178980 "-" "ArNi-CRM/1.0"
52.167.144.217 - - [29/Jul/2026:07:33:11 +0200] "GET /live-cam/nicolelopez0801-cam-19001203/ HTTP/2.0" 200 27079 "-" "Mozilla/5.0 AppleWebKit/537.36 (KHTML, like Gecko; compatible; bingbot/2.0; +http://www.bing.com/bingbot.htm) Chrome/116.0.1938.76 Safari/537.36"
40.77.167.36 - - [29/Jul/2026:07:33:13 +0200] "GET /live-cam/newgirl-cam-18474875/ HTTP/2.0" 200 25716 "-" "Mozilla/5.0 AppleWebKit/537.36 (KHTML, like Gecko; compatible; bingbot/2.0; +http://www.bing.com/bingbot.htm) Chrome/116.0.1938.76 Safari/537.36"
62.138.18.60 - - [29/Jul/2026:07:33:14 +0200] "GET /live-cam/kisamodel-cam-19005100/ HTTP/2.0" 200 25610 "https://www.taschenmuschi-kaufen.de/live-cam/kisamodel-cam-19005100/" "Mozilla/5.0 (Macintosh; Intel Mac OS X 10.15; rv:103.0) Gecko/20100101 Firefox/103.0"
40.77.167.235 - - [29/Jul/2026:07:33:17 +0200] "GET /live-cam/evagentle-cam-18865538/ HTTP/2.0" 200 25788 "-" "Mozilla/5.0 AppleWebKit/537.36 (KHTML, like Gecko; compatible; bingbot/2.0; +http://www.bing.com/bingbot.htm) Chrome/116.0.1938.76 Safari/537.36"
216.73.217.172 - - [29/Jul/2026:07:33:46 +0200] "GET /?p=213624 HTTP/2.0" 301 0 "-" "Mozilla/5.0 AppleWebKit/537.36 (KHTML, like Gecko; compatible; Claude-SearchBot/1.0; +searchbot@anthropic.com)"
216.73.217.172 - - [29/Jul/2026:07:33:49 +0200] "GET /live-cam/kategogo-cam-11392383/ HTTP/2.0" 200 25795 "https://www.taschenmuschi-kaufen.de/?p=213624" "Mozilla/5.0 AppleWebKit/537.36 (KHTML, like Gecko; compatible; Claude-SearchBot/1.0; +searchbot@anthropic.com)"
216.73.217.172 - - [29/Jul/2026:07:33:50 +0200] "GET /?p=213200 HTTP/2.0" 301 0 "-" "Mozilla/5.0 AppleWebKit/537.36 (KHTML, like Gecko; compatible; Claude-SearchBot/1.0; +searchbot@anthropic.com)"
216.73.217.172 - - [29/Jul/2026:07:33:52 +0200] "GET /live-cam/jasminsweet-cam-10983424/ HTTP/2.0" 200 27908 "https://www.taschenmuschi-kaufen.de/?p=213200" "Mozilla/5.0 AppleWebKit/537.36 (KHTML, like Gecko; compatible; Claude-SearchBot/1.0; +searchbot@anthropic.com)"
216.73.217.172 - - [29/Jul/2026:07:33:54 +0200] "GET /wp-sitemap.xml HTTP/2.0" 200 1031 "-" "Mozilla/5.0 AppleWebKit/537.36 (KHTML, like Gecko; compatible; Claude-SearchBot/1.0; +searchbot@anthropic.com)"
40.77.167.36 - - [29/Jul/2026:07:33:56 +0200] "GET /live-cam/pamelapino-cam-13931165/ HTTP/2.0" 200 25652 "-" "Mozilla/5.0 AppleWebKit/537.36 (KHTML, like Gecko; compatible; bingbot/2.0; +http://www.bing.com/bingbot.htm) Chrome/116.0.1938.76 Safari/537.36"
201.221.172.4 - - [29/Jul/2026:07:34:02 +0200] "GET /cam/out/monelive-cam-1415774 HTTP/2.0" 301 0 "https://www.taschenmuschi-kaufen.de/" "Mozilla/5.0 (Macintosh; Intel Mac OS X 10_15_7) AppleWebKit/605.1.15 (KHTML, like Gecko) Version/18.3.1 Safari/605.1.15"
40.77.167.235 - - [29/Jul/2026:07:34:19 +0200] "GET /live-cam/mimisweet-cam-4795720/ HTTP/2.0" 200 25453 "-" "Mozilla/5.0 AppleWebKit/537.36 (KHTML, like Gecko; compatible; bingbot/2.0; +http://www.bing.com/bingbot.htm) Chrome/116.0.1938.76 Safari/537.36"
216.73.217.172 - - [29/Jul/2026:07:34:34 +0200] "GET /?p=214942 HTTP/2.0" 301 0 "-" "Mozilla/5.0 AppleWebKit/537.36 (KHTML, like Gecko; compatible; Claude-SearchBot/1.0; +searchbot@anthropic.com)"
216.73.217.172 - - [29/Jul/2026:07:34:37 +0200] "GET /live-cam/lilyth-cam-11506551/ HTTP/2.0" 200 25559 "https://www.taschenmuschi-kaufen.de/?p=214942" "Mozilla/5.0 AppleWebKit/537.36 (KHTML, like Gecko; compatible; Claude-SearchBot/1.0; +searchbot@anthropic.com)"
216.73.217.172 - - [29/Jul/2026:07:34:38 +0200] "GET /?p=213876 HTTP/2.0" 301 0 "-" "Mozilla/5.0 AppleWebKit/537.36 (KHTML, like Gecko; compatible; Claude-SearchBot/1.0; +searchbot@anthropic.com)"
216.73.217.172 - - [29/Jul/2026:07:34:41 +0200] "GET /live-cam/kisha-cam-11433107/ HTTP/2.0" 200 25081 "https://www.taschenmuschi-kaufen.de/?p=213876" "Mozilla/5.0 AppleWebKit/537.36 (KHTML, like Gecko; compatible; Claude-SearchBot/1.0; +searchbot@anthropic.com)"
216.73.217.172 - - [29/Jul/2026:07:34:42 +0200] "GET /?p=214545 HTTP/2.0" 301 0 "-" "Mozilla/5.0 AppleWebKit/537.36 (KHTML, like Gecko; compatible; Claude-SearchBot/1.0; +searchbot@anthropic.com)"
216.73.217.172 - - [29/Jul/2026:07:34:45 +0200] "GET /live-cam/pandorarose-cam-11519219/ HTTP/2.0" 200 27475 "https://www.taschenmuschi-kaufen.de/?p=214545" "Mozilla/5.0 AppleWebKit/537.36 (KHTML, like Gecko; compatible; Claude-SearchBot/1.0; +searchbot@anthropic.com)"
216.73.217.172 - - [29/Jul/2026:07:35:40 +0200] "GET /?p=213299 HTTP/2.0" 301 0 "-" "Mozilla/5.0 AppleWebKit/537.36 (KHTML, like Gecko; compatible; Claude-SearchBot/1.0; +searchbot@anthropic.com)"
216.73.217.172 - - [29/Jul/2026:07:35:46 +0200] "GET /live-cam/atheneasexy-cam-11007118/ HTTP/2.0" 200 26440 "https://www.taschenmuschi-kaufen.de/?p=213299" "Mozilla/5.0 AppleWebKit/537.36 (KHTML, like Gecko; compatible; Claude-SearchBot/1.0; +searchbot@anthropic.com)"
216.73.217.172 - - [29/Jul/2026:07:35:46 +0200] "GET /?p=215006 HTTP/2.0" 301 0 "-" "Mozilla/5.0 AppleWebKit/537.36 (KHTML, like Gecko; compatible; Claude-SearchBot/1.0; +searchbot@anthropic.com)"
216.73.217.172 - - [29/Jul/2026:07:35:50 +0200] "GET /live-cam/tanyashane-cam-11492917/ HTTP/2.0" 200 25764 "https://www.taschenmuschi-kaufen.de/?p=215006" "Mozilla/5.0 AppleWebKit/537.36 (KHTML, like Gecko; compatible; Claude-SearchBot/1.0; +searchbot@anthropic.com)"
216.73.217.172 - - [29/Jul/2026:07:35:51 +0200] "GET /?p=213516 HTTP/2.0" 301 0 "-" "Mozilla/5.0 AppleWebKit/537.36 (KHTML, like Gecko; compatible; Claude-SearchBot/1.0; +searchbot@anthropic.com)"
216.73.217.172 - - [29/Jul/2026:07:35:54 +0200] "GET /live-cam/valentinadama-cam-11390684/ HTTP/2.0" 200 25578 "https://www.taschenmuschi-kaufen.de/?p=213516" "Mozilla/5.0 AppleWebKit/537.36 (KHTML, like Gecko; compatible; Claude-SearchBot/1.0; +searchbot@anthropic.com)"
2a03:4000:59:e65:94e2:deff:fe0e:57ac - - [29/Jul/2026:07:36:10 +0200] "GET /wp-json/arni-tracking/v1/stats?from=2026-07-27&to=2026-07-27 HTTP/2.0" 200 307 "-" "ArNi-CRM/1.0"
2a03:4000:59:e65:94e2:deff:fe0e:57ac - - [29/Jul/2026:07:36:10 +0200] "GET /wp-json/arni-tracking/v1/stats?from=2026-07-28&to=2026-07-28 HTTP/2.0" 200 307 "-" "ArNi-CRM/1.0"
2a03:4000:59:e65:94e2:deff:fe0e:57ac - - [29/Jul/2026:07:36:10 +0200] "GET /wp-json/arni-tracking/v1/stats?from=2026-07-29&to=2026-07-29 HTTP/2.0" 200 268 "-" "ArNi-CRM/1.0"
2a03:4000:59:e65:94e2:deff:fe0e:57ac - - [29/Jul/2026:07:36:11 +0200] "GET /wp-json/arni-tracking/v1/stats?from=2026-06-30&to=2026-07-29 HTTP/2.0" 200 317 "-" "ArNi-CRM/1.0"
2a03:4000:59:e65:94e2:deff:fe0e:57ac - - [29/Jul/2026:07:36:11 +0200] "GET /wp-json/arni-tracking/v1/pages?from=2026-06-30&to=2026-07-29&limit=100 HTTP/2.0" 200 18262 "-" "ArNi-CRM/1.0"
2a03:4000:59:e65:94e2:deff:fe0e:57ac - - [29/Jul/2026:07:36:11 +0200] "GET /wp-json/arni-tracking/v1/referrers?from=2026-06-30&to=2026-07-29&limit=100 HTTP/2.0" 200 908 "-" "ArNi-CRM/1.0"
2a03:4000:59:e65:94e2:deff:fe0e:57ac - - [29/Jul/2026:07:36:11 +0200] "GET /wp-json/arni-tracking/v1/campaigns?from=2026-06-30&to=2026-07-29&limit=100 HTTP/2.0" 200 78 "-" "ArNi-CRM/1.0"
2a03:4000:59:e65:94e2:deff:fe0e:57ac - - [29/Jul/2026:07:36:12 +0200] "GET /wp-json/arni-tracking/v1/conversions?from=2026-06-30&to=2026-07-29&limit=1000&page=1 HTTP/2.0" 200 45389 "-" "ArNi-CRM/1.0"
2a03:4000:59:e65:94e2:deff:fe0e:57ac - - [29/Jul/2026:07:36:12 +0200] "GET /wp-json/arni-tracking/v1/sessions?from=2026-06-30&to=2026-07-29&limit=500&page=1 HTTP/2.0" 200 179082 "-" "ArNi-CRM/1.0"
52.167.144.217 - - [29/Jul/2026:07:37:19 +0200] "GET /live-cam/dawnkitty-cam-11113802/ HTTP/2.0" 200 25647 "-" "Mozilla/5.0 AppleWebKit/537.36 (KHTML, like Gecko; compatible; bingbot/2.0; +http://www.bing.com/bingbot.htm) Chrome/116.0.1938.76 Safari/537.36"
216.73.217.172 - - [29/Jul/2026:07:37:32 +0200] "GET /?p=213052 HTTP/2.0" 301 0 "-" "Mozilla/5.0 AppleWebKit/537.36 (KHTML, like Gecko; compatible; Claude-SearchBot/1.0; +searchbot@anthropic.com)"
216.73.217.172 - - [29/Jul/2026:07:37:36 +0200] "GET /live-cam/nikimidnight-cam-11342205/ HTTP/2.0" 200 25257 "https://www.taschenmuschi-kaufen.de/?p=213052" "Mozilla/5.0 AppleWebKit/537.36 (KHTML, like Gecko; compatible; Claude-SearchBot/1.0; +searchbot@anthropic.com)"
216.73.217.172 - - [29/Jul/2026:07:37:40 +0200] "GET /live-cam/kathischatz-cam-11520522/ HTTP/2.0" 200 23485 "-" "Mozilla/5.0 AppleWebKit/537.36 (KHTML, like Gecko; compatible; Claude-SearchBot/1.0; +searchbot@anthropic.com)"
216.73.217.172 - - [29/Jul/2026:07:37:41 +0200] "GET /?p=213102 HTTP/2.0" 301 0 "-" "Mozilla/5.0 AppleWebKit/537.36 (KHTML, like Gecko; compatible; Claude-SearchBot/1.0; +searchbot@anthropic.com)"
216.73.217.172 - - [29/Jul/2026:07:37:44 +0200] "GET /live-cam/ryleighrose-cam-10984729/ HTTP/2.0" 200 25539 "https://www.taschenmuschi-kaufen.de/?p=213102" "Mozilla/5.0 AppleWebKit/537.36 (KHTML, like Gecko; compatible; Claude-SearchBot/1.0; +searchbot@anthropic.com)"
2a03:4000:59:e65:94e2:deff:fe0e:57ac - - [29/Jul/2026:07:39:10 +0200] "GET /wp-json/arni-tracking/v1/stats?from=2026-07-27&to=2026-07-27 HTTP/2.0" 200 307 "-" "ArNi-CRM/1.0"
2a03:4000:59:e65:94e2:deff:fe0e:57ac - - [29/Jul/2026:07:39:10 +0200] "GET /wp-json/arni-tracking/v1/stats?from=2026-07-28&to=2026-07-28 HTTP/2.0" 200 307 "-" "ArNi-CRM/1.0"
2a03:4000:59:e65:94e2:deff:fe0e:57ac - - [29/Jul/2026:07:39:10 +0200] "GET /wp-json/arni-tracking/v1/stats?from=2026-07-29&to=2026-07-29 HTTP/2.0" 200 268 "-" "ArNi-CRM/1.0"
2a03:4000:59:e65:94e2:deff:fe0e:57ac - - [29/Jul/2026:07:39:11 +0200] "GET /wp-json/arni-tracking/v1/stats?from=2026-06-30&to=2026-07-29 HTTP/2.0" 200 317 "-" "ArNi-CRM/1.0"
2a03:4000:59:e65:94e2:deff:fe0e:57ac - - [29/Jul/2026:07:39:11 +0200] "GET /wp-json/arni-tracking/v1/pages?from=2026-06-30&to=2026-07-29&limit=100 HTTP/2.0" 200 18262 "-" "ArNi-CRM/1.0"
2a03:4000:59:e65:94e2:deff:fe0e:57ac - - [29/Jul/2026:07:39:11 +0200] "GET /wp-json/arni-tracking/v1/referrers?from=2026-06-30&to=2026-07-29&limit=100 HTTP/2.0" 200 908 "-" "ArNi-CRM/1.0"
2a03:4000:59:e65:94e2:deff:fe0e:57ac - - [29/Jul/2026:07:39:11 +0200] "GET /wp-json/arni-tracking/v1/campaigns?from=2026-06-30&to=2026-07-29&limit=100 HTTP/2.0" 200 78 "-" "ArNi-CRM/1.0"
2a03:4000:59:e65:94e2:deff:fe0e:57ac - - [29/Jul/2026:07:39:11 +0200] "GET /wp-json/arni-tracking/v1/conversions?from=2026-06-30&to=2026-07-29&limit=1000&page=1 HTTP/2.0" 200 45389 "-" "ArNi-CRM/1.0"
2a03:4000:59:e65:94e2:deff:fe0e:57ac - - [29/Jul/2026:07:39:12 +0200] "GET /wp-json/arni-tracking/v1/sessions?from=2026-06-30&to=2026-07-29&limit=500&page=1 HTTP/2.0" 200 179082 "-" "ArNi-CRM/1.0"
34.238.12.204 - - [29/Jul/2026:07:40:04 +0200] "GET /?p=214594 HTTP/2.0" 301 0 "-" "Mozilla/5.0 AppleWebKit/537.36 (KHTML, like Gecko; compatible; Amzn-SearchBot/0.1) Chrome/119.0.6045.214 Safari/537.36"
35.168.48.89 - - [29/Jul/2026:07:40:10 +0200] "GET /live-cam/brun3tteella-cam-11493994/ HTTP/2.0" 200 23842 "-" "Mozilla/5.0 AppleWebKit/537.36 (KHTML, like Gecko; compatible; Amzn-SearchBot/0.1) Chrome/119.0.6045.214 Safari/537.36"
139.155.126.16 - - [29/Jul/2026:07:40:28 +0200] "GET / HTTP/1.1" 301 169 "-" "Mozilla/5.0 (iPhone; CPU iPhone OS 13_2_3 like Mac OS X) AppleWebKit/605.1.15 (KHTML, like Gecko) Version/13.0.3 Mobile/15E148 Safari/604.1"
139.155.126.16 - - [29/Jul/2026:07:40:34 +0200] "GET / HTTP/2.0" 200 23819 "http://www.taschenmuschi-kaufen.de" "Mozilla/5.0 (iPhone; CPU iPhone OS 13_2_3 like Mac OS X) AppleWebKit/605.1.15 (KHTML, like Gecko) Version/13.0.3 Mobile/15E148 Safari/604.1"
216.73.217.172 - - [29/Jul/2026:07:40:34 +0200] "GET /?p=214270 HTTP/2.0" 301 0 "-" "Mozilla/5.0 AppleWebKit/537.36 (KHTML, like Gecko; compatible; Claude-SearchBot/1.0; +searchbot@anthropic.com)"
40.77.167.235 - - [29/Jul/2026:07:40:35 +0200] "GET /live-cam/sweetkhloe-cam-9434189/ HTTP/2.0" 200 25335 "-" "Mozilla/5.0 AppleWebKit/537.36 (KHTML, like Gecko; compatible; bingbot/2.0; +http://www.bing.com/bingbot.htm) Chrome/116.0.1938.76 Safari/537.36"
216.73.217.172 - - [29/Jul/2026:07:40:37 +0200] "GET /live-cam/alexxaboner-cam-11465342/ HTTP/2.0" 200 24116 "https://www.taschenmuschi-kaufen.de/?p=214270" "Mozilla/5.0 AppleWebKit/537.36 (KHTML, like Gecko; compatible; Claude-SearchBot/1.0; +searchbot@anthropic.com)"
216.73.217.172 - - [29/Jul/2026:07:40:38 +0200] "GET /?p=214755 HTTP/2.0" 301 0 "-" "Mozilla/5.0 AppleWebKit/537.36 (KHTML, like Gecko; compatible; Claude-SearchBot/1.0; +searchbot@anthropic.com)"
40.77.167.28 - - [29/Jul/2026:07:40:39 +0200] "GET /live-cam/kiinkygirls-cam-10981512/ HTTP/2.0" 200 24280 "-" "Mozilla/5.0 AppleWebKit/537.36 (KHTML, like Gecko; compatible; bingbot/2.0; +http://www.bing.com/bingbot.htm) Chrome/116.0.1938.76 Safari/537.36"
216.73.217.172 - - [29/Jul/2026:07:40:41 +0200] "GET /live-cam/karolghot-cam-11490410/ HTTP/2.0" 200 25340 "https://www.taschenmuschi-kaufen.de/?p=214755" "Mozilla/5.0 AppleWebKit/537.36 (KHTML, like Gecko; compatible; Claude-SearchBot/1.0; +searchbot@anthropic.com)"
216.73.217.172 - - [29/Jul/2026:07:40:41 +0200] "GET /?p=213154 HTTP/2.0" 301 0 "-" "Mozilla/5.0 AppleWebKit/537.36 (KHTML, like Gecko; compatible; Claude-SearchBot/1.0; +searchbot@anthropic.com)"
216.73.217.172 - - [29/Jul/2026:07:40:44 +0200] "GET /live-cam/anastasiastone-cam-10996522/ HTTP/2.0" 200 27168 "https://www.taschenmuschi-kaufen.de/?p=213154" "Mozilla/5.0 AppleWebKit/537.36 (KHTML, like Gecko; compatible; Claude-SearchBot/1.0; +searchbot@anthropic.com)"
62.138.3.52 - - [29/Jul/2026:07:41:04 +0200] "GET /wp-content/uploads/2026/06/30925044_640-300x300.jpg HTTP/2.0" 200 12928 "https://www.taschenmuschi-kaufen.de/live-cams/frauen/schwarz/" "Mozilla/5.0 (Macintosh; Intel Mac OS X 10.15; rv:103.0) Gecko/20100101 Firefox/103.0"
65.108.2.171 - - [29/Jul/2026:07:41:34 +0200] "GET /cam/out/adarajade-cam-19141629 HTTP/2.0" 301 0 "-" "Mozilla/5.0 (compatible; MJ12bot/v1.4.8; http://mj12bot.com/)"
65.108.2.171 - - [29/Jul/2026:07:41:40 +0200] "GET /cam/out/belladonasexy-cam-11551217 HTTP/2.0" 301 0 "-" "Mozilla/5.0 (compatible; MJ12bot/v1.4.8; http://mj12bot.com/)"
43.135.36.201 - - [29/Jul/2026:07:41:42 +0200] "GET /live-cam/carlyrogers-cam-12293049/ HTTP/2.0" 200 26009 "-" "Mozilla/5.0 (iPhone; CPU iPhone OS 13_2_3 like Mac OS X) AppleWebKit/605.1.15 (KHTML, like Gecko) Version/13.0.3 Mobile/15E148 Safari/604.1"
216.73.217.172 - - [29/Jul/2026:07:41:44 +0200] "GET /live-cam/davinagorgeous-cam-11489169/ HTTP/2.0" 200 24857 "-" "Mozilla/5.0 AppleWebKit/537.36 (KHTML, like Gecko; compatible; Claude-SearchBot/1.0; +searchbot@anthropic.com)"
65.108.2.171 - - [29/Jul/2026:07:41:46 +0200] "GET /live-cam/patronela-cam-19112902/ HTTP/2.0" 200 26008 "-" "Mozilla/5.0 (compatible; MJ12bot/v1.4.8; http://mj12bot.com/)"
216.73.217.172 - - [29/Jul/2026:07:41:46 +0200] "GET /live-cam/jaslenehill-cam-11404532/ HTTP/2.0" 200 24557 "-" "Mozilla/5.0 AppleWebKit/537.36 (KHTML, like Gecko; compatible; Claude-SearchBot/1.0; +searchbot@anthropic.com)"
216.73.217.172 - - [29/Jul/2026:07:41:47 +0200] "GET /?p=214493 HTTP/2.0" 301 0 "-" "Mozilla/5.0 AppleWebKit/537.36 (KHTML, like Gecko; compatible; Claude-SearchBot/1.0; +searchbot@anthropic.com)"
216.73.217.172 - - [29/Jul/2026:07:41:50 +0200] "GET /live-cam/rubyvalentine-cam-12298526/ HTTP/2.0" 200 25991 "https://www.taschenmuschi-kaufen.de/?p=214493" "Mozilla/5.0 AppleWebKit/537.36 (KHTML, like Gecko; compatible; Claude-SearchBot/1.0; +searchbot@anthropic.com)"
2a03:4000:59:e65:94e2:deff:fe0e:57ac - - [29/Jul/2026:07:42:10 +0200] "GET /wp-json/arni-tracking/v1/stats?from=2026-07-27&to=2026-07-27 HTTP/2.0" 200 307 "-" "ArNi-CRM/1.0"
2a03:4000:59:e65:94e2:deff:fe0e:57ac - - [29/Jul/2026:07:42:10 +0200] "GET /wp-json/arni-tracking/v1/stats?from=2026-07-28&to=2026-07-28 HTTP/2.0" 200 307 "-" "ArNi-CRM/1.0"
2a03:4000:59:e65:94e2:deff:fe0e:57ac - - [29/Jul/2026:07:42:10 +0200] "GET /wp-json/arni-tracking/v1/stats?from=2026-07-29&to=2026-07-29 HTTP/2.0" 200 268 "-" "ArNi-CRM/1.0"
