161.118.169.38 - - [29/Jul/2026:00:47:34 +0200] "GET /server/.env HTTP/2.0" 301 169 "-" "Mozilla/5.0 (Windows NT 10.0; Win64; x64) AppleWebKit/537.36 (KHTML, like Gecko) Chrome/136.0.0.0 Safari/537.36 (Silvy X Ran; +https://silvyxran.love; +https://silver.inc)"
144.24.123.141 - - [29/Jul/2026:00:47:34 +0200] "GET /credentials.json HTTP/2.0" 404 897 "-" "Mozilla/5.0 (Windows NT 10.0; Win64; x64) AppleWebKit/537.36 (KHTML, like Gecko) Chrome/136.0.0.0 Safari/537.36 (Silvy X Ran; +https://silvyxran.love; +https://silver.inc)"
86.57.172.107 - - [29/Jul/2026:00:47:34 +0200] "GET / HTTP/2.0" 301 169 "-" "monitor-telegram-clone-realtime/1.0"
161.118.169.38 - - [29/Jul/2026:00:47:34 +0200] "GET /client/.env HTTP/2.0" 301 169 "-" "Mozilla/5.0 (Windows NT 10.0; Win64; x64) AppleWebKit/537.36 (KHTML, like Gecko) Chrome/136.0.0.0 Safari/537.36 (Silvy X Ran; +https://silvyxran.love; +https://silver.inc)"
161.118.169.38 - - [29/Jul/2026:00:47:35 +0200] "GET /web/.env HTTP/2.0" 301 169 "-" "Mozilla/5.0 (Windows NT 10.0; Win64; x64) AppleWebKit/537.36 (KHTML, like Gecko) Chrome/136.0.0.0 Safari/537.36 (Silvy X Ran; +https://silvyxran.love; +https://silver.inc)"
161.118.169.38 - - [29/Jul/2026:00:47:35 +0200] "GET /public/.env HTTP/2.0" 301 169 "-" "Mozilla/5.0 (Windows NT 10.0; Win64; x64) AppleWebKit/537.36 (KHTML, like Gecko) Chrome/136.0.0.0 Safari/537.36 (Silvy X Ran; +https://silvyxran.love; +https://silver.inc)"
161.118.169.38 - - [29/Jul/2026:00:47:36 +0200] "GET /private/.env HTTP/2.0" 301 169 "-" "Mozilla/5.0 (Windows NT 10.0; Win64; x64) AppleWebKit/537.36 (KHTML, like Gecko) Chrome/136.0.0.0 Safari/537.36 (Silvy X Ran; +https://silvyxran.love; +https://silver.inc)"
161.118.169.38 - - [29/Jul/2026:00:47:36 +0200] "GET /var/.env HTTP/2.0" 301 169 "-" "Mozilla/5.0 (Windows NT 10.0; Win64; x64) AppleWebKit/537.36 (KHTML, like Gecko) Chrome/136.0.0.0 Safari/537.36 (Silvy X Ran; +https://silvyxran.love; +https://silver.inc)"
161.118.169.38 - - [29/Jul/2026:00:47:37 +0200] "GET /docker-compose.yml HTTP/2.0" 301 169 "-" "Mozilla/5.0 (Windows NT 10.0; Win64; x64) AppleWebKit/537.36 (KHTML, like Gecko) Chrome/136.0.0.0 Safari/537.36 (Silvy X Ran; +https://silvyxran.love; +https://silver.inc)"
78.189.24.202 - - [29/Jul/2026:00:47:37 +0200] "GET /credentials.json HTTP/2.0" 404 897 "-" "Mozilla/5.0 (Windows NT 10.0; Win64; x64) AppleWebKit/537.36 (KHTML, like Gecko) Chrome/136.0.0.0 Safari/537.36 (Silvy X Ran; +https://silvyxran.love; +https://silver.inc)"
161.118.169.38 - - [29/Jul/2026:00:47:37 +0200] "GET /docker-compose.yaml HTTP/2.0" 301 169 "-" "Mozilla/5.0 (Windows NT 10.0; Win64; x64) AppleWebKit/537.36 (KHTML, like Gecko) Chrome/136.0.0.0 Safari/537.36 (Silvy X Ran; +https://silvyxran.love; +https://silver.inc)"
161.118.169.38 - - [29/Jul/2026:00:47:38 +0200] "GET /docker-compose.override.yml HTTP/2.0" 301 169 "-" "Mozilla/5.0 (Windows NT 10.0; Win64; x64) AppleWebKit/537.36 (KHTML, like Gecko) Chrome/136.0.0.0 Safari/537.36 (Silvy X Ran; +https://silvyxran.love; +https://silver.inc)"
144.24.123.141 - - [29/Jul/2026:00:47:38 +0200] "GET /cdp_api_key.json HTTP/2.0" 404 897 "-" "Mozilla/5.0 (Windows NT 10.0; Win64; x64) AppleWebKit/537.36 (KHTML, like Gecko) Chrome/136.0.0.0 Safari/537.36 (Silvy X Ran; +https://silvyxran.love; +https://silver.inc)"
161.118.169.38 - - [29/Jul/2026:00:47:38 +0200] "GET /docker-compose.dev.yml HTTP/2.0" 301 169 "-" "Mozilla/5.0 (Windows NT 10.0; Win64; x64) AppleWebKit/537.36 (KHTML, like Gecko) Chrome/136.0.0.0 Safari/537.36 (Silvy X Ran; +https://silvyxran.love; +https://silver.inc)"
161.118.169.38 - - [29/Jul/2026:00:47:38 +0200] "GET /docker-compose.prod.yml HTTP/2.0" 301 169 "-" "Mozilla/5.0 (Windows NT 10.0; Win64; x64) AppleWebKit/537.36 (KHTML, like Gecko) Chrome/136.0.0.0 Safari/537.36 (Silvy X Ran; +https://silvyxran.love; +https://silver.inc)"
144.24.123.141 - - [29/Jul/2026:00:47:39 +0200] "GET /app.js HTTP/2.0" 404 897 "-" "Mozilla/5.0 (Windows NT 10.0; Win64; x64) AppleWebKit/537.36 (KHTML, like Gecko) Chrome/136.0.0.0 Safari/537.36 (Silvy X Ran; +https://silvyxran.love; +https://silver.inc)"
161.118.169.38 - - [29/Jul/2026:00:47:39 +0200] "GET /config.js HTTP/2.0" 301 169 "-" "Mozilla/5.0 (Windows NT 10.0; Win64; x64) AppleWebKit/537.36 (KHTML, like Gecko) Chrome/136.0.0.0 Safari/537.36 (Silvy X Ran; +https://silvyxran.love; +https://silver.inc)"
144.24.123.141 - - [29/Jul/2026:00:47:40 +0200] "GET /main.js HTTP/2.0" 404 897 "-" "Mozilla/5.0 (Windows NT 10.0; Win64; x64) AppleWebKit/537.36 (KHTML, like Gecko) Chrome/136.0.0.0 Safari/537.36 (Silvy X Ran; +https://silvyxran.love; +https://silver.inc)"
161.118.169.38 - - [29/Jul/2026:00:47:40 +0200] "GET /config.json HTTP/2.0" 301 169 "-" "Mozilla/5.0 (Windows NT 10.0; Win64; x64) AppleWebKit/537.36 (KHTML, like Gecko) Chrome/136.0.0.0 Safari/537.36 (Silvy X Ran; +https://silvyxran.love; +https://silver.inc)"
144.24.123.141 - - [29/Jul/2026:00:47:41 +0200] "GET /index.js HTTP/2.0" 404 897 "-" "Mozilla/5.0 (Windows NT 10.0; Win64; x64) AppleWebKit/537.36 (KHTML, like Gecko) Chrome/136.0.0.0 Safari/537.36 (Silvy X Ran; +https://silvyxran.love; +https://silver.inc)"
161.118.169.38 - - [29/Jul/2026:00:47:41 +0200] "GET /settings.js HTTP/2.0" 301 169 "-" "Mozilla/5.0 (Windows NT 10.0; Win64; x64) AppleWebKit/537.36 (KHTML, like Gecko) Chrome/136.0.0.0 Safari/537.36 (Silvy X Ran; +https://silvyxran.love; +https://silver.inc)"
161.118.169.38 - - [29/Jul/2026:00:47:41 +0200] "GET /settings.json HTTP/2.0" 301 169 "-" "Mozilla/5.0 (Windows NT 10.0; Win64; x64) AppleWebKit/537.36 (KHTML, like Gecko) Chrome/136.0.0.0 Safari/537.36 (Silvy X Ran; +https://silvyxran.love; +https://silver.inc)"
144.24.123.141 - - [29/Jul/2026:00:47:42 +0200] "GET /server.js HTTP/2.0" 404 897 "-" "Mozilla/5.0 (Windows NT 10.0; Win64; x64) AppleWebKit/537.36 (KHTML, like Gecko) Chrome/136.0.0.0 Safari/537.36 (Silvy X Ran; +https://silvyxran.love; +https://silver.inc)"
161.118.169.38 - - [29/Jul/2026:00:47:42 +0200] "GET /secrets.json HTTP/2.0" 301 169 "-" "Mozilla/5.0 (Windows NT 10.0; Win64; x64) AppleWebKit/537.36 (KHTML, like Gecko) Chrome/136.0.0.0 Safari/537.36 (Silvy X Ran; +https://silvyxran.love; +https://silver.inc)"
161.118.169.38 - - [29/Jul/2026:00:47:43 +0200] "GET /credentials.json HTTP/2.0" 301 169 "-" "Mozilla/5.0 (Windows NT 10.0; Win64; x64) AppleWebKit/537.36 (KHTML, like Gecko) Chrome/136.0.0.0 Safari/537.36 (Silvy X Ran; +https://silvyxran.love; +https://silver.inc)"
144.24.123.141 - - [29/Jul/2026:00:47:43 +0200] "GET /bundle.js HTTP/2.0" 404 897 "-" "Mozilla/5.0 (Windows NT 10.0; Win64; x64) AppleWebKit/537.36 (KHTML, like Gecko) Chrome/136.0.0.0 Safari/537.36 (Silvy X Ran; +https://silvyxran.love; +https://silver.inc)"
161.118.169.38 - - [29/Jul/2026:00:47:43 +0200] "GET /cdp_api_key.json HTTP/2.0" 301 169 "-" "Mozilla/5.0 (Windows NT 10.0; Win64; x64) AppleWebKit/537.36 (KHTML, like Gecko) Chrome/136.0.0.0 Safari/537.36 (Silvy X Ran; +https://silvyxran.love; +https://silver.inc)"
161.118.169.38 - - [29/Jul/2026:00:47:44 +0200] "GET /app.js HTTP/2.0" 301 169 "-" "Mozilla/5.0 (Windows NT 10.0; Win64; x64) AppleWebKit/537.36 (KHTML, like Gecko) Chrome/136.0.0.0 Safari/537.36 (Silvy X Ran; +https://silvyxran.love; +https://silver.inc)"
161.118.169.38 - - [29/Jul/2026:00:47:45 +0200] "GET /main.js HTTP/2.0" 301 169 "-" "Mozilla/5.0 (Windows NT 10.0; Win64; x64) AppleWebKit/537.36 (KHTML, like Gecko) Chrome/136.0.0.0 Safari/537.36 (Silvy X Ran; +https://silvyxran.love; +https://silver.inc)"
144.24.123.141 - - [29/Jul/2026:00:47:45 +0200] "GET /app.bundle.js HTTP/2.0" 404 897 "-" "Mozilla/5.0 (Windows NT 10.0; Win64; x64) AppleWebKit/537.36 (KHTML, like Gecko) Chrome/136.0.0.0 Safari/537.36 (Silvy X Ran; +https://silvyxran.love; +https://silver.inc)"
161.118.169.38 - - [29/Jul/2026:00:47:46 +0200] "GET /index.js HTTP/2.0" 301 169 "-" "Mozilla/5.0 (Windows NT 10.0; Win64; x64) AppleWebKit/537.36 (KHTML, like Gecko) Chrome/136.0.0.0 Safari/537.36 (Silvy X Ran; +https://silvyxran.love; +https://silver.inc)"
161.118.169.38 - - [29/Jul/2026:00:47:47 +0200] "GET /server.js HTTP/2.0" 301 169 "-" "Mozilla/5.0 (Windows NT 10.0; Win64; x64) AppleWebKit/537.36 (KHTML, like Gecko) Chrome/136.0.0.0 Safari/537.36 (Silvy X Ran; +https://silvyxran.love; +https://silver.inc)"
144.24.123.141 - - [29/Jul/2026:00:47:47 +0200] "GET /main.bundle.js HTTP/2.0" 404 897 "-" "Mozilla/5.0 (Windows NT 10.0; Win64; x64) AppleWebKit/537.36 (KHTML, like Gecko) Chrome/136.0.0.0 Safari/537.36 (Silvy X Ran; +https://silvyxran.love; +https://silver.inc)"
144.24.123.141 - - [29/Jul/2026:00:47:49 +0200] "GET /vendor.js HTTP/2.0" 404 897 "-" "Mozilla/5.0 (Windows NT 10.0; Win64; x64) AppleWebKit/537.36 (KHTML, like Gecko) Chrome/136.0.0.0 Safari/537.36 (Silvy X Ran; +https://silvyxran.love; +https://silver.inc)"
144.24.123.141 - - [29/Jul/2026:00:47:51 +0200] "GET /chunk.js HTTP/2.0" 404 897 "-" "Mozilla/5.0 (Windows NT 10.0; Win64; x64) AppleWebKit/537.36 (KHTML, like Gecko) Chrome/136.0.0.0 Safari/537.36 (Silvy X Ran; +https://silvyxran.love; +https://silver.inc)"
144.24.123.141 - - [29/Jul/2026:00:47:52 +0200] "GET /static/js/main.js HTTP/2.0" 404 897 "-" "Mozilla/5.0 (Windows NT 10.0; Win64; x64) AppleWebKit/537.36 (KHTML, like Gecko) Chrome/136.0.0.0 Safari/537.36 (Silvy X Ran; +https://silvyxran.love; +https://silver.inc)"
144.24.123.141 - - [29/Jul/2026:00:47:55 +0200] "GET /static/js/app.js HTTP/2.0" 404 897 "-" "Mozilla/5.0 (Windows NT 10.0; Win64; x64) AppleWebKit/537.36 (KHTML, like Gecko) Chrome/136.0.0.0 Safari/537.36 (Silvy X Ran; +https://silvyxran.love; +https://silver.inc)"
144.24.123.141 - - [29/Jul/2026:00:47:57 +0200] "GET /static/js/bundle.js HTTP/2.0" 404 897 "-" "Mozilla/5.0 (Windows NT 10.0; Win64; x64) AppleWebKit/537.36 (KHTML, like Gecko) Chrome/136.0.0.0 Safari/537.36 (Silvy X Ran; +https://silvyxran.love; +https://silver.inc)"
144.24.123.141 - - [29/Jul/2026:00:47:59 +0200] "GET /dist/main.js HTTP/2.0" 404 897 "-" "Mozilla/5.0 (Windows NT 10.0; Win64; x64) AppleWebKit/537.36 (KHTML, like Gecko) Chrome/136.0.0.0 Safari/537.36 (Silvy X Ran; +https://silvyxran.love; +https://silver.inc)"
144.24.123.141 - - [29/Jul/2026:00:48:01 +0200] "GET /dist/app.js HTTP/2.0" 404 897 "-" "Mozilla/5.0 (Windows NT 10.0; Win64; x64) AppleWebKit/537.36 (KHTML, like Gecko) Chrome/136.0.0.0 Safari/537.36 (Silvy X Ran; +https://silvyxran.love; +https://silver.inc)"
144.24.123.141 - - [29/Jul/2026:00:48:03 +0200] "GET /dist/bundle.js HTTP/2.0" 404 897 "-" "Mozilla/5.0 (Windows NT 10.0; Win64; x64) AppleWebKit/537.36 (KHTML, like Gecko) Chrome/136.0.0.0 Safari/537.36 (Silvy X Ran; +https://silvyxran.love; +https://silver.inc)"
144.24.123.141 - - [29/Jul/2026:00:48:05 +0200] "GET /build/static/js/main.js HTTP/2.0" 404 897 "-" "Mozilla/5.0 (Windows NT 10.0; Win64; x64) AppleWebKit/537.36 (KHTML, like Gecko) Chrome/136.0.0.0 Safari/537.36 (Silvy X Ran; +https://silvyxran.love; +https://silver.inc)"
144.24.123.141 - - [29/Jul/2026:00:48:09 +0200] "GET /assets/index.js HTTP/2.0" 404 897 "-" "Mozilla/5.0 (Windows NT 10.0; Win64; x64) AppleWebKit/537.36 (KHTML, like Gecko) Chrome/136.0.0.0 Safari/537.36 (Silvy X Ran; +https://silvyxran.love; +https://silver.inc)"
2a03:4000:59:e65:94e2:deff:fe0e:57ac - - [29/Jul/2026:00:48:10 +0200] "GET /wp-json/arni-tracking/v1/stats?from=2026-06-30&to=2026-06-30 HTTP/2.0" 404 897 "-" "ArNi-CRM/1.0"
2a03:4000:59:e65:94e2:deff:fe0e:57ac - - [29/Jul/2026:00:48:10 +0200] "GET /wp-json/arni-tracking/v1/stats?from=2026-06-30&to=2026-07-29 HTTP/2.0" 404 897 "-" "ArNi-CRM/1.0"
2a03:4000:59:e65:94e2:deff:fe0e:57ac - - [29/Jul/2026:00:48:10 +0200] "GET /wp-json/arni-tracking/v1/pages?from=2026-06-30&to=2026-07-29&limit=100 HTTP/2.0" 404 897 "-" "ArNi-CRM/1.0"
2a03:4000:59:e65:94e2:deff:fe0e:57ac - - [29/Jul/2026:00:48:11 +0200] "GET /wp-json/arni-tracking/v1/referrers?from=2026-06-30&to=2026-07-29&limit=100 HTTP/2.0" 404 897 "-" "ArNi-CRM/1.0"
2a03:4000:59:e65:94e2:deff:fe0e:57ac - - [29/Jul/2026:00:48:11 +0200] "GET /wp-json/arni-tracking/v1/campaigns?from=2026-06-30&to=2026-07-29&limit=100 HTTP/2.0" 404 897 "-" "ArNi-CRM/1.0"
2a03:4000:59:e65:94e2:deff:fe0e:57ac - - [29/Jul/2026:00:48:11 +0200] "GET /wp-json/arni-tracking/v1/conversions?from=2026-06-30&to=2026-07-29&limit=1000&page=1 HTTP/2.0" 404 897 "-" "ArNi-CRM/1.0"
2a03:4000:59:e65:94e2:deff:fe0e:57ac - - [29/Jul/2026:00:48:11 +0200] "GET /wp-json/arni-tracking/v1/sessions?from=2026-06-30&to=2026-07-29&limit=500&page=1 HTTP/2.0" 404 897 "-" "ArNi-CRM/1.0"
144.24.123.141 - - [29/Jul/2026:00:48:11 +0200] "GET /assets/app.js HTTP/2.0" 404 897 "-" "Mozilla/5.0 (Windows NT 10.0; Win64; x64) AppleWebKit/537.36 (KHTML, like Gecko) Chrome/136.0.0.0 Safari/537.36 (Silvy X Ran; +https://silvyxran.love; +https://silver.inc)"
103.196.9.148 - - [29/Jul/2026:00:48:22 +0200] "GET / HTTP/2.0" 301 169 "-" "Mozilla/5.0 (Macintosh; Intel Mac OS X 10_15_7) AppleWebKit/537.36 (KHTML, like Gecko) Chrome/130.0.0.0 Safari/537.36"
104.164.173.240 - - [29/Jul/2026:00:48:23 +0200] "GET / HTTP/2.0" 301 169 "-" "Mozilla/5.0 (X11; Linux x86_64) AppleWebKit/537.36 (KHTML, like Gecko) Chrome/130.0.0.0 Safari/537.36"
2a03:b0c0:1:d0::d83:3001 - - [29/Jul/2026:00:48:25 +0200] "GET / HTTP/2.0" 301 169 "-" "Mozilla/5.0 (l9scan/2.0.66268393a333433616a3a353330333a303037343a363036323; +https://leakix.net)"
2a03:b0c0:1:d0::d83:3001 - - [29/Jul/2026:00:48:25 +0200] "GET / HTTP/2.0" 301 169 "-" "Mozilla/5.0 (l9scan/2.0.73938333a353138363a3a353330333a303037343a363036323; +https://leakix.net)"
103.196.9.148 - - [29/Jul/2026:00:48:27 +0200] "GET / HTTP/2.0" 200 12357 "-" "Mozilla/5.0 (Macintosh; Intel Mac OS X 10_15_7) AppleWebKit/537.36 (KHTML, like Gecko) Chrome/130.0.0.0 Safari/537.36"
104.164.173.240 - - [29/Jul/2026:00:48:27 +0200] "GET / HTTP/2.0" 200 12357 "-" "Mozilla/5.0 (X11; Linux x86_64) AppleWebKit/537.36 (KHTML, like Gecko) Chrome/130.0.0.0 Safari/537.36"
2400:6180:100:d0::8cf:7001 - - [29/Jul/2026:00:48:31 +0200] "GET / HTTP/1.1" 301 169 "-" "Mozilla/5.0 (l9scan/2.0.73938333a353138363a3a353330333a303037343a363036323; +https://leakix.net)"
216.73.216.72 - - [29/Jul/2026:00:48:31 +0200] "GET /robots.txt HTTP/1.1" 301 169 "-" "Mozilla/5.0 AppleWebKit/537.36 (KHTML, like Gecko; compatible; ClaudeBot/1.0; +claudebot@anthropic.com)"
2a03:b0c0:3:d0::12f7:9001 - - [29/Jul/2026:00:48:35 +0200] "GET / HTTP/2.0" 200 12357 "-" "Mozilla/5.0 (l9scan/2.0.66268393a333433616a3a353330333a303037343a363036323; +https://leakix.net)"
164.90.228.79 - - [29/Jul/2026:00:48:35 +0200] "GET / HTTP/2.0" 200 12357 "-" "Mozilla/5.0 (l9scan/2.0.139313e2235313e27363e2237313; +https://leakix.net)"
103.196.9.148 - - [29/Jul/2026:00:48:35 +0200] "GET / HTTP/2.0" 301 169 "-" "Mozilla/5.0 (Macintosh; Intel Mac OS X 10_15_7) AppleWebKit/537.36 (KHTML, like Gecko) Chrome/131.0.0.0 Safari/537.36"
167.71.175.236 - - [29/Jul/2026:00:48:35 +0200] "GET / HTTP/2.0" 301 169 "-" "Mozilla/5.0 (l9scan/2.0.139313e2235313e27363e2237313; +https://leakix.net)"
164.90.228.79 - - [29/Jul/2026:00:48:35 +0200] "GET / HTTP/1.1" 301 169 "-" "Mozilla/5.0 (l9scan/2.0.135313e26353e21323e2430313; +https://leakix.net)"
2604:a880:cad:d0::286:4001 - - [29/Jul/2026:00:48:35 +0200] "GET / HTTP/1.1" 301 169 "-" "Mozilla/5.0 (l9scan/2.0.66268393a333433616a3a353330333a303037343a363036323; +https://leakix.net)"
167.99.182.39 - - [29/Jul/2026:00:48:35 +0200] "GET / HTTP/1.1" 301 169 "-" "Mozilla/5.0 (l9scan/2.0.139313e2235313e27363e2237313; +https://leakix.net)"
167.99.182.39 - - [29/Jul/2026:00:48:35 +0200] "GET / HTTP/1.1" 301 169 "-" "Mozilla/5.0 (l9scan/2.0.135313e26353e21323e2430313; +https://leakix.net)"
164.90.228.79 - - [29/Jul/2026:00:48:36 +0200] "GET / HTTP/1.1" 301 169 "-" "Mozilla/5.0 (l9scan/2.0.139313e2235313e27363e2237313; +https://leakix.net)"
2a03:b0c0:3:d0::12f7:9001 - - [29/Jul/2026:00:48:36 +0200] "GET / HTTP/1.1" 301 169 "-" "Mozilla/5.0 (l9scan/2.0.73938333a353138363a3a353330333a303037343a363036323; +https://leakix.net)"
167.99.182.39 - - [29/Jul/2026:00:48:36 +0200] "GET / HTTP/2.0" 301 169 "-" "Mozilla/5.0 (l9scan/2.0.135313e26353e21323e2430313; +https://leakix.net)"
68.183.9.16 - - [29/Jul/2026:00:48:36 +0200] "GET / HTTP/2.0" 200 12357 "-" "Mozilla/5.0 (l9scan/2.0.135313e26353e21323e2430313; +https://leakix.net)"
164.90.228.79 - - [29/Jul/2026:00:48:36 +0200] "GET /console/ HTTP/2.0" 404 897 "-" "Mozilla/5.0 (l9scan/2.0.139313e2235313e27363e2237313; +https://leakix.net)"
2a03:b0c0:2:d0::1713:9001 - - [29/Jul/2026:00:48:36 +0200] "GET / HTTP/1.1" 301 169 "-" "Mozilla/5.0 (l9scan/2.0.66268393a333433616a3a353330333a303037343a363036323; +https://leakix.net)"
164.90.228.79 - - [29/Jul/2026:00:48:36 +0200] "GET /console/ HTTP/1.1" 301 169 "-" "Mozilla/5.0 (l9scan/2.0.135313e26353e21323e2430313; +https://leakix.net)"
167.99.182.39 - - [29/Jul/2026:00:48:36 +0200] "GET /console/ HTTP/1.1" 301 169 "-" "Mozilla/5.0 (l9scan/2.0.135313e26353e21323e2430313; +https://leakix.net)"
167.71.175.236 - - [29/Jul/2026:00:48:36 +0200] "GET /console/ HTTP/2.0" 301 169 "-" "Mozilla/5.0 (l9scan/2.0.139313e2235313e27363e2237313; +https://leakix.net)"
167.99.182.39 - - [29/Jul/2026:00:48:36 +0200] "GET /console/ HTTP/1.1" 301 169 "-" "Mozilla/5.0 (l9scan/2.0.139313e2235313e27363e2237313; +https://leakix.net)"
164.90.228.79 - - [29/Jul/2026:00:48:37 +0200] "GET /console/ HTTP/1.1" 301 169 "-" "Mozilla/5.0 (l9scan/2.0.139313e2235313e27363e2237313; +https://leakix.net)"
68.183.9.16 - - [29/Jul/2026:00:48:37 +0200] "GET /console/ HTTP/2.0" 404 897 "-" "Mozilla/5.0 (l9scan/2.0.135313e26353e21323e2430313; +https://leakix.net)"
167.99.182.39 - - [29/Jul/2026:00:48:37 +0200] "GET /console/ HTTP/2.0" 301 169 "-" "Mozilla/5.0 (l9scan/2.0.135313e26353e21323e2430313; +https://leakix.net)"
167.71.175.236 - - [29/Jul/2026:00:48:37 +0200] "GET /server HTTP/2.0" 301 169 "-" "Mozilla/5.0 (l9scan/2.0.139313e2235313e27363e2237313; +https://leakix.net)"
167.99.182.39 - - [29/Jul/2026:00:48:37 +0200] "GET /server HTTP/1.1" 301 169 "-" "Mozilla/5.0 (l9scan/2.0.135313e26353e21323e2430313; +https://leakix.net)"
164.90.228.79 - - [29/Jul/2026:00:48:37 +0200] "GET /server HTTP/2.0" 404 897 "-" "Mozilla/5.0 (l9scan/2.0.139313e2235313e27363e2237313; +https://leakix.net)"
167.99.182.39 - - [29/Jul/2026:00:48:37 +0200] "GET /server HTTP/1.1" 301 169 "-" "Mozilla/5.0 (l9scan/2.0.139313e2235313e27363e2237313; +https://leakix.net)"
164.90.228.79 - - [29/Jul/2026:00:48:37 +0200] "GET /server HTTP/1.1" 301 169 "-" "Mozilla/5.0 (l9scan/2.0.135313e26353e21323e2430313; +https://leakix.net)"
167.99.182.39 - - [29/Jul/2026:00:48:37 +0200] "GET /server HTTP/2.0" 301 169 "-" "Mozilla/5.0 (l9scan/2.0.135313e26353e21323e2430313; +https://leakix.net)"
164.90.228.79 - - [29/Jul/2026:00:48:38 +0200] "GET /server HTTP/1.1" 301 169 "-" "Mozilla/5.0 (l9scan/2.0.139313e2235313e27363e2237313; +https://leakix.net)"
68.183.9.16 - - [29/Jul/2026:00:48:38 +0200] "GET /server HTTP/2.0" 404 897 "-" "Mozilla/5.0 (l9scan/2.0.135313e26353e21323e2430313; +https://leakix.net)"
161.118.169.38 - - [29/Jul/2026:00:48:38 +0200] "GET /settings.py HTTP/2.0" 404 897 "-" "Mozilla/5.0 (Windows NT 10.0; Win64; x64) AppleWebKit/537.36 (KHTML, like Gecko) Chrome/136.0.0.0 Safari/537.36 (Silvy X Ran; +https://silvyxran.love; +https://silver.inc)"
164.90.228.79 - - [29/Jul/2026:00:48:38 +0200] "GET /server-status HTTP/2.0" 404 897 "-" "Mozilla/5.0 (l9scan/2.0.139313e2235313e27363e2237313; +https://leakix.net)"
167.71.175.236 - - [29/Jul/2026:00:48:38 +0200] "GET /server-status HTTP/2.0" 301 169 "-" "Mozilla/5.0 (l9scan/2.0.139313e2235313e27363e2237313; +https://leakix.net)"
167.99.182.39 - - [29/Jul/2026:00:48:38 +0200] "GET /server-status HTTP/2.0" 301 169 "-" "Mozilla/5.0 (l9scan/2.0.135313e26353e21323e2430313; +https://leakix.net)"
167.99.182.39 - - [29/Jul/2026:00:48:38 +0200] "GET /server-status HTTP/1.1" 301 169 "-" "Mozilla/5.0 (l9scan/2.0.135313e26353e21323e2430313; +https://leakix.net)"
167.99.182.39 - - [29/Jul/2026:00:48:38 +0200] "GET /server-status HTTP/1.1" 301 169 "-" "Mozilla/5.0 (l9scan/2.0.139313e2235313e27363e2237313; +https://leakix.net)"
164.90.228.79 - - [29/Jul/2026:00:48:38 +0200] "GET /server-status HTTP/1.1" 301 169 "-" "Mozilla/5.0 (l9scan/2.0.135313e26353e21323e2430313; +https://leakix.net)"
164.90.228.79 - - [29/Jul/2026:00:48:39 +0200] "GET /server-status HTTP/1.1" 301 169 "-" "Mozilla/5.0 (l9scan/2.0.139313e2235313e27363e2237313; +https://leakix.net)"
68.183.9.16 - - [29/Jul/2026:00:48:39 +0200] "GET /server-status HTTP/2.0" 404 897 "-" "Mozilla/5.0 (l9scan/2.0.135313e26353e21323e2430313; +https://leakix.net)"
2a03:b0c0:3:d0::fae:a001 - - [29/Jul/2026:00:48:40 +0200] "GET / HTTP/2.0" 200 12357 "-" "Mozilla/5.0 (l9scan/2.0.73938333a353138363a3a353330333a303037343a363036323; +https://leakix.net)"
164.90.228.79 - - [29/Jul/2026:00:48:40 +0200] "GET /about HTTP/2.0" 301 0 "-" "Mozilla/5.0 (l9scan/2.0.139313e2235313e27363e2237313; +https://leakix.net)"
103.196.9.148 - - [29/Jul/2026:00:48:40 +0200] "GET / HTTP/2.0" 200 12357 "-" "Mozilla/5.0 (Macintosh; Intel Mac OS X 10_15_7) AppleWebKit/537.36 (KHTML, like Gecko) Chrome/131.0.0.0 Safari/537.36"
167.71.175.236 - - [29/Jul/2026:00:48:40 +0200] "GET /about HTTP/2.0" 301 169 "-" "Mozilla/5.0 (l9scan/2.0.139313e2235313e27363e2237313; +https://leakix.net)"
167.99.182.39 - - [29/Jul/2026:00:48:40 +0200] "GET /about HTTP/2.0" 301 169 "-" "Mozilla/5.0 (l9scan/2.0.135313e26353e21323e2430313; +https://leakix.net)"
167.99.182.39 - - [29/Jul/2026:00:48:40 +0200] "GET /about HTTP/1.1" 301 169 "-" "Mozilla/5.0 (l9scan/2.0.135313e26353e21323e2430313; +https://leakix.net)"
167.99.182.39 - - [29/Jul/2026:00:48:40 +0200] "GET /about HTTP/1.1" 301 169 "-" "Mozilla/5.0 (l9scan/2.0.139313e2235313e27363e2237313; +https://leakix.net)"
164.90.228.79 - - [29/Jul/2026:00:48:40 +0200] "GET /about HTTP/1.1" 301 169 "-" "Mozilla/5.0 (l9scan/2.0.135313e26353e21323e2430313; +https://leakix.net)"
164.90.228.79 - - [29/Jul/2026:00:48:41 +0200] "GET /about HTTP/1.1" 301 169 "-" "Mozilla/5.0 (l9scan/2.0.139313e2235313e27363e2237313; +https://leakix.net)"
167.71.175.236 - - [29/Jul/2026:00:48:41 +0200] "GET /login.action HTTP/2.0" 301 169 "-" "Mozilla/5.0 (l9scan/2.0.139313e2235313e27363e2237313; +https://leakix.net)"
68.183.9.16 - - [29/Jul/2026:00:48:41 +0200] "GET /about HTTP/2.0" 301 0 "-" "Mozilla/5.0 (l9scan/2.0.135313e26353e21323e2430313; +https://leakix.net)"
164.90.228.79 - - [29/Jul/2026:00:48:41 +0200] "GET /login.action HTTP/2.0" 404 897 "-" "Mozilla/5.0 (l9scan/2.0.139313e2235313e27363e2237313; +https://leakix.net)"
164.90.228.79 - - [29/Jul/2026:00:48:41 +0200] "GET /login.action HTTP/1.1" 301 169 "-" "Mozilla/5.0 (l9scan/2.0.135313e26353e21323e2430313; +https://leakix.net)"
167.99.182.39 - - [29/Jul/2026:00:48:41 +0200] "GET /login.action HTTP/1.1" 301 169 "-" "Mozilla/5.0 (l9scan/2.0.135313e26353e21323e2430313; +https://leakix.net)"
167.99.182.39 - - [29/Jul/2026:00:48:41 +0200] "GET /login.action HTTP/1.1" 301 169 "-" "Mozilla/5.0 (l9scan/2.0.139313e2235313e27363e2237313; +https://leakix.net)"
167.99.182.39 - - [29/Jul/2026:00:48:41 +0200] "GET /login.action HTTP/2.0" 301 169 "-" "Mozilla/5.0 (l9scan/2.0.135313e26353e21323e2430313; +https://leakix.net)"
164.90.228.79 - - [29/Jul/2026:00:48:42 +0200] "GET /login.action HTTP/1.1" 301 169 "-" "Mozilla/5.0 (l9scan/2.0.139313e2235313e27363e2237313; +https://leakix.net)"
68.183.9.16 - - [29/Jul/2026:00:48:42 +0200] "GET /login.action HTTP/2.0" 404 897 "-" "Mozilla/5.0 (l9scan/2.0.135313e26353e21323e2430313; +https://leakix.net)"
167.71.175.236 - - [29/Jul/2026:00:48:42 +0200] "GET / HTTP/2.0" 301 169 "-" "Mozilla/5.0 (l9scan/2.0.139313e2235313e27363e2237313; +https://leakix.net)"
164.90.228.79 - - [29/Jul/2026:00:48:42 +0200] "GET / HTTP/2.0" 200 12357 "-" "Mozilla/5.0 (l9scan/2.0.139313e2235313e27363e2237313; +https://leakix.net)"
167.71.175.236 - - [29/Jul/2026:00:48:42 +0200] "GET /___proxy_subdomain_whm/login HTTP/2.0" 301 169 "-" "Mozilla/5.0 (l9scan/2.0.139313e2235313e27363e2237313; +https://leakix.net)"
164.90.228.79 - - [29/Jul/2026:00:48:42 +0200] "GET /___proxy_subdomain_whm/login HTTP/2.0" 404 897 "-" "Mozilla/5.0 (l9scan/2.0.139313e2235313e27363e2237313; +https://leakix.net)"
167.99.182.39 - - [29/Jul/2026:00:48:42 +0200] "GET / HTTP/2.0" 301 169 "-" "Mozilla/5.0 (l9scan/2.0.135313e26353e21323e2430313; +https://leakix.net)"
167.71.175.236 - - [29/Jul/2026:00:48:42 +0200] "GET /___proxy_subdomain_cpanel HTTP/2.0" 301 169 "-" "Mozilla/5.0 (l9scan/2.0.139313e2235313e27363e2237313; +https://leakix.net)"
167.99.182.39 - - [29/Jul/2026:00:48:42 +0200] "GET / HTTP/1.1" 301 169 "-" "Mozilla/5.0 (l9scan/2.0.135313e26353e21323e2430313; +https://leakix.net)"
167.99.182.39 - - [29/Jul/2026:00:48:42 +0200] "GET / HTTP/1.1" 301 169 "-" "Mozilla/5.0 (l9scan/2.0.139313e2235313e27363e2237313; +https://leakix.net)"
167.71.175.236 - - [29/Jul/2026:00:48:42 +0200] "GET /v2/_catalog HTTP/2.0" 301 169 "-" "Mozilla/5.0 (l9scan/2.0.139313e2235313e27363e2237313; +https://leakix.net)"
167.99.182.39 - - [29/Jul/2026:00:48:42 +0200] "GET /___proxy_subdomain_whm/login HTTP/2.0" 301 169 "-" "Mozilla/5.0 (l9scan/2.0.135313e26353e21323e2430313; +https://leakix.net)"
167.99.182.39 - - [29/Jul/2026:00:48:42 +0200] "GET /___proxy_subdomain_whm/login HTTP/1.1" 301 169 "-" "Mozilla/5.0 (l9scan/2.0.135313e26353e21323e2430313; +https://leakix.net)"
167.99.182.39 - - [29/Jul/2026:00:48:42 +0200] "GET /___proxy_subdomain_whm/login HTTP/1.1" 301 169 "-" "Mozilla/5.0 (l9scan/2.0.139313e2235313e27363e2237313; +https://leakix.net)"
167.99.182.39 - - [29/Jul/2026:00:48:42 +0200] "GET /___proxy_subdomain_cpanel HTTP/1.1" 301 169 "-" "Mozilla/5.0 (l9scan/2.0.135313e26353e21323e2430313; +https://leakix.net)"
167.99.182.39 - - [29/Jul/2026:00:48:42 +0200] "GET /___proxy_subdomain_cpanel HTTP/2.0" 301 169 "-" "Mozilla/5.0 (l9scan/2.0.135313e26353e21323e2430313; +https://leakix.net)"
164.90.228.79 - - [29/Jul/2026:00:48:43 +0200] "GET / HTTP/1.1" 301 169 "-" "Mozilla/5.0 (l9scan/2.0.135313e26353e21323e2430313; +https://leakix.net)"
167.99.182.39 - - [29/Jul/2026:00:48:43 +0200] "GET /v2/_catalog HTTP/1.1" 301 169 "-" "Mozilla/5.0 (l9scan/2.0.135313e26353e21323e2430313; +https://leakix.net)"
167.99.182.39 - - [29/Jul/2026:00:48:43 +0200] "GET /___proxy_subdomain_cpanel HTTP/1.1" 301 169 "-" "Mozilla/5.0 (l9scan/2.0.139313e2235313e27363e2237313; +https://leakix.net)"
167.99.182.39 - - [29/Jul/2026:00:48:43 +0200] "GET /v2/_catalog HTTP/2.0" 301 169 "-" "Mozilla/5.0 (l9scan/2.0.135313e26353e21323e2430313; +https://leakix.net)"
164.90.228.79 - - [29/Jul/2026:00:48:43 +0200] "GET / HTTP/1.1" 301 169 "-" "Mozilla/5.0 (l9scan/2.0.139313e2235313e27363e2237313; +https://leakix.net)"
164.90.228.79 - - [29/Jul/2026:00:48:43 +0200] "GET /___proxy_subdomain_cpanel HTTP/2.0" 404 897 "-" "Mozilla/5.0 (l9scan/2.0.139313e2235313e27363e2237313; +https://leakix.net)"
164.90.228.79 - - [29/Jul/2026:00:48:43 +0200] "GET /___proxy_subdomain_whm/login HTTP/1.1" 301 169 "-" "Mozilla/5.0 (l9scan/2.0.135313e26353e21323e2430313; +https://leakix.net)"
167.99.182.39 - - [29/Jul/2026:00:48:43 +0200] "GET /v2/_catalog HTTP/1.1" 301 169 "-" "Mozilla/5.0 (l9scan/2.0.139313e2235313e27363e2237313; +https://leakix.net)"
164.90.228.79 - - [29/Jul/2026:00:48:43 +0200] "GET /___proxy_subdomain_whm/login HTTP/1.1" 301 169 "-" "Mozilla/5.0 (l9scan/2.0.139313e2235313e27363e2237313; +https://leakix.net)"
164.90.228.79 - - [29/Jul/2026:00:48:43 +0200] "GET /___proxy_subdomain_cpanel HTTP/1.1" 301 169 "-" "Mozilla/5.0 (l9scan/2.0.135313e26353e21323e2430313; +https://leakix.net)"
164.90.228.79 - - [29/Jul/2026:00:48:43 +0200] "GET /___proxy_subdomain_cpanel HTTP/1.1" 301 169 "-" "Mozilla/5.0 (l9scan/2.0.139313e2235313e27363e2237313; +https://leakix.net)"
164.90.228.79 - - [29/Jul/2026:00:48:43 +0200] "GET /v2/_catalog HTTP/1.1" 301 169 "-" "Mozilla/5.0 (l9scan/2.0.135313e26353e21323e2430313; +https://leakix.net)"
164.90.228.79 - - [29/Jul/2026:00:48:43 +0200] "GET /v2/_catalog HTTP/2.0" 404 897 "-" "Mozilla/5.0 (l9scan/2.0.139313e2235313e27363e2237313; +https://leakix.net)"
164.90.228.79 - - [29/Jul/2026:00:48:43 +0200] "GET /v2/_catalog HTTP/1.1" 301 169 "-" "Mozilla/5.0 (l9scan/2.0.139313e2235313e27363e2237313; +https://leakix.net)"
68.183.9.16 - - [29/Jul/2026:00:48:43 +0200] "GET / HTTP/2.0" 200 12357 "-" "Mozilla/5.0 (l9scan/2.0.135313e26353e21323e2430313; +https://leakix.net)"
68.183.9.16 - - [29/Jul/2026:00:48:43 +0200] "GET /___proxy_subdomain_whm/login HTTP/2.0" 404 897 "-" "Mozilla/5.0 (l9scan/2.0.135313e26353e21323e2430313; +https://leakix.net)"
167.99.182.39 - - [29/Jul/2026:00:48:44 +0200] "GET /.DS_Store HTTP/2.0" 301 169 "-" "Mozilla/5.0 (l9scan/2.0.135313e26353e21323e2430313; +https://leakix.net)"
68.183.9.16 - - [29/Jul/2026:00:48:44 +0200] "GET /___proxy_subdomain_cpanel HTTP/2.0" 404 897 "-" "Mozilla/5.0 (l9scan/2.0.135313e26353e21323e2430313; +https://leakix.net)"
167.99.182.39 - - [29/Jul/2026:00:48:44 +0200] "GET /.DS_Store HTTP/1.1" 301 169 "-" "Mozilla/5.0 (l9scan/2.0.135313e26353e21323e2430313; +https://leakix.net)"
167.71.175.236 - - [29/Jul/2026:00:48:44 +0200] "GET /.DS_Store HTTP/2.0" 301 169 "-" "Mozilla/5.0 (l9scan/2.0.139313e2235313e27363e2237313; +https://leakix.net)"
167.99.182.39 - - [29/Jul/2026:00:48:44 +0200] "GET /.DS_Store HTTP/1.1" 301 169 "-" "Mozilla/5.0 (l9scan/2.0.139313e2235313e27363e2237313; +https://leakix.net)"
68.183.9.16 - - [29/Jul/2026:00:48:44 +0200] "GET /v2/_catalog HTTP/2.0" 404 897 "-" "Mozilla/5.0 (l9scan/2.0.135313e26353e21323e2430313; +https://leakix.net)"
164.90.228.79 - - [29/Jul/2026:00:48:44 +0200] "GET /.DS_Store HTTP/1.1" 301 169 "-" "Mozilla/5.0 (l9scan/2.0.135313e26353e21323e2430313; +https://leakix.net)"
164.90.228.79 - - [29/Jul/2026:00:48:44 +0200] "GET /.DS_Store HTTP/1.1" 301 169 "-" "Mozilla/5.0 (l9scan/2.0.139313e2235313e27363e2237313; +https://leakix.net)"
164.90.228.79 - - [29/Jul/2026:00:48:44 +0200] "GET /.DS_Store HTTP/2.0" 403 892 "-" "Mozilla/5.0 (l9scan/2.0.139313e2235313e27363e2237313; +https://leakix.net)"
167.71.175.236 - - [29/Jul/2026:00:48:44 +0200] "GET /.env HTTP/2.0" 301 169 "-" "Mozilla/5.0 (l9scan/2.0.139313e2235313e27363e2237313; +https://leakix.net)"
167.99.182.39 - - [29/Jul/2026:00:48:45 +0200] "GET /.env HTTP/1.1" 301 169 "-" "Mozilla/5.0 (l9scan/2.0.135313e26353e21323e2430313; +https://leakix.net)"
167.99.182.39 - - [29/Jul/2026:00:48:45 +0200] "GET /.env HTTP/2.0" 301 169 "-" "Mozilla/5.0 (l9scan/2.0.135313e26353e21323e2430313; +https://leakix.net)"
167.99.182.39 - - [29/Jul/2026:00:48:45 +0200] "GET /.env HTTP/1.1" 301 169 "-" "Mozilla/5.0 (l9scan/2.0.139313e2235313e27363e2237313; +https://leakix.net)"
164.90.228.79 - - [29/Jul/2026:00:48:45 +0200] "GET /.env HTTP/2.0" 403 892 "-" "Mozilla/5.0 (l9scan/2.0.139313e2235313e27363e2237313; +https://leakix.net)"
68.183.9.16 - - [29/Jul/2026:00:48:45 +0200] "GET /.DS_Store HTTP/2.0" 403 892 "-" "Mozilla/5.0 (l9scan/2.0.135313e26353e21323e2430313; +https://leakix.net)"
164.90.228.79 - - [29/Jul/2026:00:48:45 +0200] "GET /.env HTTP/1.1" 301 169 "-" "Mozilla/5.0 (l9scan/2.0.135313e26353e21323e2430313; +https://leakix.net)"
164.90.228.79 - - [29/Jul/2026:00:48:45 +0200] "GET /.env HTTP/1.1" 301 169 "-" "Mozilla/5.0 (l9scan/2.0.139313e2235313e27363e2237313; +https://leakix.net)"
68.183.9.16 - - [29/Jul/2026:00:48:46 +0200] "GET /.env HTTP/2.0" 403 892 "-" "Mozilla/5.0 (l9scan/2.0.135313e26353e21323e2430313; +https://leakix.net)"
167.71.175.236 - - [29/Jul/2026:00:48:46 +0200] "GET /ecp/Current/exporttool/microsoft.exchange.ediscovery.exporttool.application HTTP/2.0" 301 169 "-" "Mozilla/5.0 (l9scan/2.0.139313e2235313e27363e2237313; +https://leakix.net)"
167.99.182.39 - - [29/Jul/2026:00:48:47 +0200] "GET /ecp/Current/exporttool/microsoft.exchange.ediscovery.exporttool.application HTTP/1.1" 301 169 "-" "Mozilla/5.0 (l9scan/2.0.135313e26353e21323e2430313; +https://leakix.net)"
167.99.182.39 - - [29/Jul/2026:00:48:47 +0200] "GET /ecp/Current/exporttool/microsoft.exchange.ediscovery.exporttool.application HTTP/2.0" 301 169 "-" "Mozilla/5.0 (l9scan/2.0.135313e26353e21323e2430313; +https://leakix.net)"
167.99.182.39 - - [29/Jul/2026:00:48:47 +0200] "GET /ecp/Current/exporttool/microsoft.exchange.ediscovery.exporttool.application HTTP/1.1" 301 169 "-" "Mozilla/5.0 (l9scan/2.0.139313e2235313e27363e2237313; +https://leakix.net)"
164.90.228.79 - - [29/Jul/2026:00:48:47 +0200] "GET /ecp/Current/exporttool/microsoft.exchange.ediscovery.exporttool.application HTTP/1.1" 301 169 "-" "Mozilla/5.0 (l9scan/2.0.135313e26353e21323e2430313; +https://leakix.net)"
164.90.228.79 - - [29/Jul/2026:00:48:47 +0200] "GET /ecp/Current/exporttool/microsoft.exchange.ediscovery.exporttool.application HTTP/1.1" 301 169 "-" "Mozilla/5.0 (l9scan/2.0.139313e2235313e27363e2237313; +https://leakix.net)"
164.90.228.79 - - [29/Jul/2026:00:48:47 +0200] "GET /ecp/Current/exporttool/microsoft.exchange.ediscovery.exporttool.application HTTP/2.0" 404 897 "-" "Mozilla/5.0 (l9scan/2.0.139313e2235313e27363e2237313; +https://leakix.net)"
68.183.9.16 - - [29/Jul/2026:00:48:48 +0200] "GET /ecp/Current/exporttool/microsoft.exchange.ediscovery.exporttool.application HTTP/2.0" 404 897 "-" "Mozilla/5.0 (l9scan/2.0.135313e26353e21323e2430313; +https://leakix.net)"
167.71.175.236 - - [29/Jul/2026:00:48:49 +0200] "GET /.git/config HTTP/2.0" 301 169 "-" "Mozilla/5.0 (l9scan/2.0.139313e2235313e27363e2237313; +https://leakix.net)"
167.99.182.39 - - [29/Jul/2026:00:48:49 +0200] "GET /.git/config HTTP/1.1" 301 169 "-" "Mozilla/5.0 (l9scan/2.0.135313e26353e21323e2430313; +https://leakix.net)"
167.99.182.39 - - [29/Jul/2026:00:48:49 +0200] "GET /.git/config HTTP/1.1" 301 169 "-" "Mozilla/5.0 (l9scan/2.0.139313e2235313e27363e2237313; +https://leakix.net)"
167.99.182.39 - - [29/Jul/2026:00:48:49 +0200] "GET /.git/config HTTP/2.0" 301 169 "-" "Mozilla/5.0 (l9scan/2.0.135313e26353e21323e2430313; +https://leakix.net)"
164.90.228.79 - - [29/Jul/2026:00:48:49 +0200] "GET /.git/config HTTP/2.0" 403 892 "-" "Mozilla/5.0 (l9scan/2.0.139313e2235313e27363e2237313; +https://leakix.net)"
164.90.228.79 - - [29/Jul/2026:00:48:49 +0200] "GET /.git/config HTTP/1.1" 301 169 "-" "Mozilla/5.0 (l9scan/2.0.135313e26353e21323e2430313; +https://leakix.net)"
164.90.228.79 - - [29/Jul/2026:00:48:49 +0200] "GET /.git/config HTTP/1.1" 301 169 "-" "Mozilla/5.0 (l9scan/2.0.139313e2235313e27363e2237313; +https://leakix.net)"
167.71.175.236 - - [29/Jul/2026:00:48:49 +0200] "POST /graphql HTTP/2.0" 301 169 "-" "Mozilla/5.0 (l9scan/2.0.139313e2235313e27363e2237313; +https://leakix.net)"
167.71.175.236 - - [29/Jul/2026:00:48:49 +0200] "POST /api HTTP/2.0" 301 169 "-" "Mozilla/5.0 (l9scan/2.0.139313e2235313e27363e2237313; +https://leakix.net)"
167.71.175.236 - - [29/Jul/2026:00:48:50 +0200] "POST /api/graphql HTTP/2.0" 301 169 "-" "Mozilla/5.0 (l9scan/2.0.139313e2235313e27363e2237313; +https://leakix.net)"
167.99.182.39 - - [29/Jul/2026:00:48:50 +0200] "POST /graphql HTTP/2.0" 301 169 "-" "Mozilla/5.0 (l9scan/2.0.135313e26353e21323e2430313; +https://leakix.net)"
167.99.182.39 - - [29/Jul/2026:00:48:50 +0200] "POST /graphql HTTP/1.1" 301 169 "-" "Mozilla/5.0 (l9scan/2.0.135313e26353e21323e2430313; +https://leakix.net)"
167.99.182.39 - - [29/Jul/2026:00:48:50 +0200] "POST /graphql HTTP/1.1" 301 169 "-" "Mozilla/5.0 (l9scan/2.0.139313e2235313e27363e2237313; +https://leakix.net)"
167.99.182.39 - - [29/Jul/2026:00:48:50 +0200] "POST /api HTTP/1.1" 301 169 "-" "Mozilla/5.0 (l9scan/2.0.135313e26353e21323e2430313; +https://leakix.net)"
167.99.182.39 - - [29/Jul/2026:00:48:50 +0200] "POST /api HTTP/2.0" 301 169 "-" "Mozilla/5.0 (l9scan/2.0.135313e26353e21323e2430313; +https://leakix.net)"
167.71.175.236 - - [29/Jul/2026:00:48:50 +0200] "POST /graphql/api HTTP/2.0" 301 169 "-" "Mozilla/5.0 (l9scan/2.0.139313e2235313e27363e2237313; +https://leakix.net)"
167.99.182.39 - - [29/Jul/2026:00:48:50 +0200] "POST /api HTTP/1.1" 301 169 "-" "Mozilla/5.0 (l9scan/2.0.139313e2235313e27363e2237313; +https://leakix.net)"
167.99.182.39 - - [29/Jul/2026:00:48:50 +0200] "POST /api/graphql HTTP/1.1" 301 169 "-" "Mozilla/5.0 (l9scan/2.0.135313e26353e21323e2430313; +https://leakix.net)"
164.90.228.79 - - [29/Jul/2026:00:48:50 +0200] "POST /graphql HTTP/1.1" 301 169 "-" "Mozilla/5.0 (l9scan/2.0.135313e26353e21323e2430313; +https://leakix.net)"
167.99.182.39 - - [29/Jul/2026:00:48:50 +0200] "POST /api/graphql HTTP/2.0" 301 169 "-" "Mozilla/5.0 (l9scan/2.0.135313e26353e21323e2430313; +https://leakix.net)"
164.90.228.79 - - [29/Jul/2026:00:48:50 +0200] "POST /graphql HTTP/1.1" 301 169 "-" "Mozilla/5.0 (l9scan/2.0.139313e2235313e27363e2237313; +https://leakix.net)"
167.71.175.236 - - [29/Jul/2026:00:48:50 +0200] "POST /api/gql HTTP/2.0" 301 169 "-" "Mozilla/5.0 (l9scan/2.0.139313e2235313e27363e2237313; +https://leakix.net)"
164.90.228.79 - - [29/Jul/2026:00:48:50 +0200] "POST /api HTTP/1.1" 301 169 "-" "Mozilla/5.0 (l9scan/2.0.135313e26353e21323e2430313; +https://leakix.net)"
164.90.228.79 - - [29/Jul/2026:00:48:50 +0200] "POST /graphql HTTP/2.0" 404 897 "-" "Mozilla/5.0 (l9scan/2.0.139313e2235313e27363e2237313; +https://leakix.net)"
167.99.182.39 - - [29/Jul/2026:00:48:50 +0200] "POST /api/graphql HTTP/1.1" 301 169 "-" "Mozilla/5.0 (l9scan/2.0.139313e2235313e27363e2237313; +https://leakix.net)"
164.90.228.79 - - [29/Jul/2026:00:48:50 +0200] "POST /api HTTP/1.1" 301 169 "-" "Mozilla/5.0 (l9scan/2.0.139313e2235313e27363e2237313; +https://leakix.net)"
167.99.182.39 - - [29/Jul/2026:00:48:50 +0200] "POST /graphql/api HTTP/1.1" 301 169 "-" "Mozilla/5.0 (l9scan/2.0.135313e26353e21323e2430313; +https://leakix.net)"
164.90.228.79 - - [29/Jul/2026:00:48:50 +0200] "POST /api/graphql HTTP/1.1" 301 169 "-" "Mozilla/5.0 (l9scan/2.0.135313e26353e21323e2430313; +https://leakix.net)"
167.99.182.39 - - [29/Jul/2026:00:48:50 +0200] "POST /graphql/api HTTP/2.0" 301 169 "-" "Mozilla/5.0 (l9scan/2.0.135313e26353e21323e2430313; +https://leakix.net)"
164.90.228.79 - - [29/Jul/2026:00:48:50 +0200] "POST /api/graphql HTTP/1.1" 301 169 "-" "Mozilla/5.0 (l9scan/2.0.139313e2235313e27363e2237313; +https://leakix.net)"
164.90.228.79 - - [29/Jul/2026:00:48:50 +0200] "POST /api HTTP/2.0" 301 169 "-" "Mozilla/5.0 (l9scan/2.0.139313e2235313e27363e2237313; +https://leakix.net)"
164.90.228.79 - - [29/Jul/2026:00:48:50 +0200] "POST /graphql/api HTTP/1.1" 301 169 "-" "Mozilla/5.0 (l9scan/2.0.135313e26353e21323e2430313; +https://leakix.net)"
68.183.9.16 - - [29/Jul/2026:00:48:50 +0200] "GET /.git/config HTTP/2.0" 403 892 "-" "Mozilla/5.0 (l9scan/2.0.135313e26353e21323e2430313; +https://leakix.net)"
167.99.182.39 - - [29/Jul/2026:00:48:50 +0200] "POST /graphql/api HTTP/1.1" 301 169 "-" "Mozilla/5.0 (l9scan/2.0.139313e2235313e27363e2237313; +https://leakix.net)"
164.90.228.79 - - [29/Jul/2026:00:48:50 +0200] "POST /graphql/api HTTP/1.1" 301 169 "-" "Mozilla/5.0 (l9scan/2.0.139313e2235313e27363e2237313; +https://leakix.net)"
164.90.228.79 - - [29/Jul/2026:00:48:50 +0200] "POST /api/gql HTTP/1.1" 301 169 "-" "Mozilla/5.0 (l9scan/2.0.135313e26353e21323e2430313; +https://leakix.net)"
167.99.182.39 - - [29/Jul/2026:00:48:50 +0200] "POST /api/gql HTTP/1.1" 301 169 "-" "Mozilla/5.0 (l9scan/2.0.135313e26353e21323e2430313; +https://leakix.net)"
164.90.228.79 - - [29/Jul/2026:00:48:50 +0200] "POST /api/gql HTTP/1.1" 301 169 "-" "Mozilla/5.0 (l9scan/2.0.139313e2235313e27363e2237313; +https://leakix.net)"
167.99.182.39 - - [29/Jul/2026:00:48:50 +0200] "POST /api/gql HTTP/2.0" 301 169 "-" "Mozilla/5.0 (l9scan/2.0.135313e26353e21323e2430313; +https://leakix.net)"
164.90.228.79 - - [29/Jul/2026:00:48:50 +0200] "POST /api/graphql HTTP/2.0" 404 897 "-" "Mozilla/5.0 (l9scan/2.0.139313e2235313e27363e2237313; +https://leakix.net)"
164.90.228.79 - - [29/Jul/2026:00:48:50 +0200] "POST /graphql/api HTTP/2.0" 404 897 "-" "Mozilla/5.0 (l9scan/2.0.139313e2235313e27363e2237313; +https://leakix.net)"
164.90.228.79 - - [29/Jul/2026:00:48:51 +0200] "POST /api/gql HTTP/2.0" 404 897 "-" "Mozilla/5.0 (l9scan/2.0.139313e2235313e27363e2237313; +https://leakix.net)"
167.71.175.236 - - [29/Jul/2026:00:48:51 +0200] "GET /s/139313e2235313e27363e2237313/_/;/META-INF/maven/com.atlassian.jira/jira-webapp-dist/pom.properties HTTP/2.0" 301 169 "-" "Mozilla/5.0 (l9scan/2.0.139313e2235313e27363e2237313; +https://leakix.net)"
167.99.182.39 - - [29/Jul/2026:00:48:51 +0200] "POST /api/gql HTTP/1.1" 301 169 "-" "Mozilla/5.0 (l9scan/2.0.139313e2235313e27363e2237313; +https://leakix.net)"
167.99.182.39 - - [29/Jul/2026:00:48:51 +0200] "GET /s/135313e26353e21323e2430313/_/;/META-INF/maven/com.atlassian.jira/jira-webapp-dist/pom.properties HTTP/1.1" 301 169 "-" "Mozilla/5.0 (l9scan/2.0.135313e26353e21323e2430313; +https://leakix.net)"
167.99.182.39 - - [29/Jul/2026:00:48:51 +0200] "GET /s/135313e26353e21323e2430313/_/;/META-INF/maven/com.atlassian.jira/jira-webapp-dist/pom.properties HTTP/2.0" 301 169 "-" "Mozilla/5.0 (l9scan/2.0.135313e26353e21323e2430313; +https://leakix.net)"
167.99.182.39 - - [29/Jul/2026:00:48:51 +0200] "GET /s/139313e2235313e27363e2237313/_/;/META-INF/maven/com.atlassian.jira/jira-webapp-dist/pom.properties HTTP/1.1" 301 169 "-" "Mozilla/5.0 (l9scan/2.0.139313e2235313e27363e2237313; +https://leakix.net)"
164.90.228.79 - - [29/Jul/2026:00:48:51 +0200] "GET /s/135313e26353e21323e2430313/_/;/META-INF/maven/com.atlassian.jira/jira-webapp-dist/pom.properties HTTP/1.1" 301 169 "-" "Mozilla/5.0 (l9scan/2.0.135313e26353e21323e2430313; +https://leakix.net)"
68.183.9.16 - - [29/Jul/2026:00:48:51 +0200] "POST /graphql HTTP/2.0" 404 897 "-" "Mozilla/5.0 (l9scan/2.0.135313e26353e21323e2430313; +https://leakix.net)"
164.90.228.79 - - [29/Jul/2026:00:48:51 +0200] "GET /s/139313e2235313e27363e2237313/_/;/META-INF/maven/com.atlassian.jira/jira-webapp-dist/pom.properties HTTP/2.0" 404 897 "-" "Mozilla/5.0 (l9scan/2.0.139313e2235313e27363e2237313; +https://leakix.net)"
167.71.175.236 - - [29/Jul/2026:00:48:51 +0200] "GET /config.json HTTP/2.0" 301 169 "-" "Mozilla/5.0 (l9scan/2.0.139313e2235313e27363e2237313; +https://leakix.net)"
164.90.228.79 - - [29/Jul/2026:00:48:52 +0200] "GET /s/139313e2235313e27363e2237313/_/;/META-INF/maven/com.atlassian.jira/jira-webapp-dist/pom.properties HTTP/1.1" 301 169 "-" "Mozilla/5.0 (l9scan/2.0.139313e2235313e27363e2237313; +https://leakix.net)"
68.183.9.16 - - [29/Jul/2026:00:48:52 +0200] "POST /api HTTP/2.0" 301 169 "-" "Mozilla/5.0 (l9scan/2.0.135313e26353e21323e2430313; +https://leakix.net)"
167.99.182.39 - - [29/Jul/2026:00:48:52 +0200] "GET /config.json HTTP/2.0" 301 169 "-" "Mozilla/5.0 (l9scan/2.0.135313e26353e21323e2430313; +https://leakix.net)"
167.99.182.39 - - [29/Jul/2026:00:48:52 +0200] "GET /config.json HTTP/1.1" 301 169 "-" "Mozilla/5.0 (l9scan/2.0.135313e26353e21323e2430313; +https://leakix.net)"
167.99.182.39 - - [29/Jul/2026:00:48:52 +0200] "GET /config.json HTTP/1.1" 301 169 "-" "Mozilla/5.0 (l9scan/2.0.139313e2235313e27363e2237313; +https://leakix.net)"
68.183.9.16 - - [29/Jul/2026:00:48:52 +0200] "POST /api/graphql HTTP/2.0" 404 897 "-" "Mozilla/5.0 (l9scan/2.0.135313e26353e21323e2430313; +https://leakix.net)"
164.90.228.79 - - [29/Jul/2026:00:48:52 +0200] "GET /config.json HTTP/1.1" 301 169 "-" "Mozilla/5.0 (l9scan/2.0.135313e26353e21323e2430313; +https://leakix.net)"
164.90.228.79 - - [29/Jul/2026:00:48:52 +0200] "GET /config.json HTTP/2.0" 404 897 "-" "Mozilla/5.0 (l9scan/2.0.139313e2235313e27363e2237313; +https://leakix.net)"
164.90.228.79 - - [29/Jul/2026:00:48:52 +0200] "GET /config.json HTTP/1.1" 301 169 "-" "Mozilla/5.0 (l9scan/2.0.139313e2235313e27363e2237313; +https://leakix.net)"
68.183.9.16 - - [29/Jul/2026:00:48:53 +0200] "POST /graphql/api HTTP/2.0" 404 897 "-" "Mozilla/5.0 (l9scan/2.0.135313e26353e21323e2430313; +https://leakix.net)"
68.183.9.16 - - [29/Jul/2026:00:48:53 +0200] "POST /api/gql HTTP/2.0" 404 897 "-" "Mozilla/5.0 (l9scan/2.0.135313e26353e21323e2430313; +https://leakix.net)"
167.71.175.236 - - [29/Jul/2026:00:48:53 +0200] "GET /telescope/requests HTTP/2.0" 301 169 "-" "Mozilla/5.0 (l9scan/2.0.139313e2235313e27363e2237313; +https://leakix.net)"
68.183.9.16 - - [29/Jul/2026:00:48:54 +0200] "GET /s/135313e26353e21323e2430313/_/;/META-INF/maven/com.atlassian.jira/jira-webapp-dist/pom.properties HTTP/2.0" 404 897 "-" "Mozilla/5.0 (l9scan/2.0.135313e26353e21323e2430313; +https://leakix.net)"
167.99.182.39 - - [29/Jul/2026:00:48:54 +0200] "GET /telescope/requests HTTP/2.0" 301 169 "-" "Mozilla/5.0 (l9scan/2.0.135313e26353e21323e2430313; +https://leakix.net)"
167.99.182.39 - - [29/Jul/2026:00:48:54 +0200] "GET /telescope/requests HTTP/1.1" 301 169 "-" "Mozilla/5.0 (l9scan/2.0.135313e26353e21323e2430313; +https://leakix.net)"
167.71.175.236 - - [29/Jul/2026:00:48:54 +0200] "GET /info.php HTTP/2.0" 301 169 "-" "Mozilla/5.0 (l9scan/2.0.139313e2235313e27363e2237313; +https://leakix.net)"
167.99.182.39 - - [29/Jul/2026:00:48:54 +0200] "GET /info.php HTTP/2.0" 301 169 "-" "Mozilla/5.0 (l9scan/2.0.135313e26353e21323e2430313; +https://leakix.net)"
167.99.182.39 - - [29/Jul/2026:00:48:54 +0200] "GET /info.php HTTP/1.1" 301 169 "-" "Mozilla/5.0 (l9scan/2.0.135313e26353e21323e2430313; +https://leakix.net)"
167.99.182.39 - - [29/Jul/2026:00:48:54 +0200] "GET /telescope/requests HTTP/1.1" 301 169 "-" "Mozilla/5.0 (l9scan/2.0.139313e2235313e27363e2237313; +https://leakix.net)"
164.90.228.79 - - [29/Jul/2026:00:48:54 +0200] "GET /telescope/requests HTTP/1.1" 301 169 "-" "Mozilla/5.0 (l9scan/2.0.135313e26353e21323e2430313; +https://leakix.net)"
164.90.228.79 - - [29/Jul/2026:00:48:54 +0200] "GET /info.php HTTP/1.1" 301 169 "-" "Mozilla/5.0 (l9scan/2.0.135313e26353e21323e2430313; +https://leakix.net)"
164.90.228.79 - - [29/Jul/2026:00:48:54 +0200] "GET /telescope/requests HTTP/2.0" 404 897 "-" "Mozilla/5.0 (l9scan/2.0.139313e2235313e27363e2237313; +https://leakix.net)"
164.90.228.79 - - [29/Jul/2026:00:48:54 +0200] "GET /info.php HTTP/2.0" 404 897 "-" "Mozilla/5.0 (l9scan/2.0.139313e2235313e27363e2237313; +https://leakix.net)"
164.90.228.79 - - [29/Jul/2026:00:48:54 +0200] "GET /telescope/requests HTTP/1.1" 301 169 "-" "Mozilla/5.0 (l9scan/2.0.139313e2235313e27363e2237313; +https://leakix.net)"
164.90.228.79 - - [29/Jul/2026:00:48:54 +0200] "GET /info.php HTTP/1.1" 301 169 "-" "Mozilla/5.0 (l9scan/2.0.139313e2235313e27363e2237313; +https://leakix.net)"
68.183.9.16 - - [29/Jul/2026:00:48:54 +0200] "GET /config.json HTTP/2.0" 404 897 "-" "Mozilla/5.0 (l9scan/2.0.135313e26353e21323e2430313; +https://leakix.net)"
167.99.182.39 - - [29/Jul/2026:00:48:54 +0200] "GET /info.php HTTP/1.1" 301 169 "-" "Mozilla/5.0 (l9scan/2.0.139313e2235313e27363e2237313; +https://leakix.net)"
167.71.175.236 - - [29/Jul/2026:00:48:55 +0200] "GET /.well-known/security.txt HTTP/2.0" 301 169 "-" "Mozilla/5.0 (l9scan/2.0.139313e2235313e27363e2237313; +https://leakix.net)"
167.99.182.39 - - [29/Jul/2026:00:48:55 +0200] "GET /.well-known/security.txt HTTP/2.0" 301 169 "-" "Mozilla/5.0 (l9scan/2.0.135313e26353e21323e2430313; +https://leakix.net)"
167.99.182.39 - - [29/Jul/2026:00:48:55 +0200] "GET /.well-known/security.txt HTTP/1.1" 301 169 "-" "Mozilla/5.0 (l9scan/2.0.135313e26353e21323e2430313; +https://leakix.net)"
164.90.228.79 - - [29/Jul/2026:00:48:55 +0200] "GET /.well-known/security.txt HTTP/1.1" 301 169 "-" "Mozilla/5.0 (l9scan/2.0.135313e26353e21323e2430313; +https://leakix.net)"
164.90.228.79 - - [29/Jul/2026:00:48:55 +0200] "GET /.well-known/security.txt HTTP/2.0" 403 892 "-" "Mozilla/5.0 (l9scan/2.0.139313e2235313e27363e2237313; +https://leakix.net)"
164.90.228.79 - - [29/Jul/2026:00:48:55 +0200] "GET /.well-known/security.txt HTTP/1.1" 301 169 "-" "Mozilla/5.0 (l9scan/2.0.139313e2235313e27363e2237313; +https://leakix.net)"
167.99.182.39 - - [29/Jul/2026:00:48:55 +0200] "GET /.well-known/security.txt HTTP/1.1" 301 169 "-" "Mozilla/5.0 (l9scan/2.0.139313e2235313e27363e2237313; +https://leakix.net)"
167.71.175.236 - - [29/Jul/2026:00:48:56 +0200] "GET /actuator/env HTTP/2.0" 301 169 "-" "Mozilla/5.0 (l9scan/2.0.139313e2235313e27363e2237313; +https://leakix.net)"
167.99.182.39 - - [29/Jul/2026:00:48:56 +0200] "GET /actuator/env HTTP/2.0" 301 169 "-" "Mozilla/5.0 (l9scan/2.0.135313e26353e21323e2430313; +https://leakix.net)"
167.99.182.39 - - [29/Jul/2026:00:48:56 +0200] "GET /actuator/env HTTP/1.1" 301 169 "-" "Mozilla/5.0 (l9scan/2.0.135313e26353e21323e2430313; +https://leakix.net)"
164.90.228.79 - - [29/Jul/2026:00:48:56 +0200] "GET /actuator/env HTTP/1.1" 301 169 "-" "Mozilla/5.0 (l9scan/2.0.135313e26353e21323e2430313; +https://leakix.net)"
68.183.9.16 - - [29/Jul/2026:00:48:56 +0200] "GET /telescope/requests HTTP/2.0" 404 897 "-" "Mozilla/5.0 (l9scan/2.0.135313e26353e21323e2430313; +https://leakix.net)"
164.90.228.79 - - [29/Jul/2026:00:48:56 +0200] "GET /actuator/env HTTP/2.0" 404 897 "-" "Mozilla/5.0 (l9scan/2.0.139313e2235313e27363e2237313; +https://leakix.net)"
167.99.182.39 - - [29/Jul/2026:00:48:56 +0200] "GET /actuator/env HTTP/1.1" 301 169 "-" "Mozilla/5.0 (l9scan/2.0.139313e2235313e27363e2237313; +https://leakix.net)"
164.90.228.79 - - [29/Jul/2026:00:48:56 +0200] "GET /actuator/env HTTP/1.1" 301 169 "-" "Mozilla/5.0 (l9scan/2.0.139313e2235313e27363e2237313; +https://leakix.net)"
167.71.175.236 - - [29/Jul/2026:00:48:57 +0200] "GET /trace.axd HTTP/2.0" 301 169 "-" "Mozilla/5.0 (l9scan/2.0.139313e2235313e27363e2237313; +https://leakix.net)"
68.183.9.16 - - [29/Jul/2026:00:48:57 +0200] "GET /info.php HTTP/2.0" 404 897 "-" "Mozilla/5.0 (l9scan/2.0.135313e26353e21323e2430313; +https://leakix.net)"
167.99.182.39 - - [29/Jul/2026:00:48:57 +0200] "GET /trace.axd HTTP/2.0" 301 169 "-" "Mozilla/5.0 (l9scan/2.0.135313e26353e21323e2430313; +https://leakix.net)"
167.99.182.39 - - [29/Jul/2026:00:48:57 +0200] "GET /trace.axd HTTP/1.1" 301 169 "-" "Mozilla/5.0 (l9scan/2.0.135313e26353e21323e2430313; +https://leakix.net)"
164.90.228.79 - - [29/Jul/2026:00:48:57 +0200] "GET /trace.axd HTTP/1.1" 301 169 "-" "Mozilla/5.0 (l9scan/2.0.135313e26353e21323e2430313; +https://leakix.net)"
